[INFO] fetching crate wai-bindgen-gen-js 0.2.3...
[INFO] testing wai-bindgen-gen-js-0.2.3 against 1.75.0 for beta-1.76-1
[INFO] extracting crate wai-bindgen-gen-js 0.2.3 into /workspace/builds/worker-5-tc1/source
[INFO] validating manifest of crates.io crate wai-bindgen-gen-js 0.2.3 on toolchain 1.75.0
[INFO] running `Command { std: CARGO_HOME="/workspace/cargo-home" RUSTUP_HOME="/workspace/rustup-home" "/workspace/cargo-home/bin/cargo" "+1.75.0" "metadata" "--manifest-path" "Cargo.toml" "--no-deps", kill_on_drop: false }`
[INFO] started tweaking crates.io crate wai-bindgen-gen-js 0.2.3
[INFO] finished tweaking crates.io crate wai-bindgen-gen-js 0.2.3
[INFO] tweaked toml for crates.io crate wai-bindgen-gen-js 0.2.3 written to /workspace/builds/worker-5-tc1/source/Cargo.toml
[INFO] running `Command { std: CARGO_HOME="/workspace/cargo-home" RUSTUP_HOME="/workspace/rustup-home" "/workspace/cargo-home/bin/cargo" "+1.75.0" "generate-lockfile" "--manifest-path" "Cargo.toml", kill_on_drop: false }`
[INFO] [stderr]     Blocking waiting for file lock on package cache
[INFO] [stderr]     Updating crates.io index
[INFO] running `Command { std: CARGO_HOME="/workspace/cargo-home" RUSTUP_HOME="/workspace/rustup-home" "/workspace/cargo-home/bin/cargo" "+1.75.0" "fetch" "--manifest-path" "Cargo.toml", kill_on_drop: false }`
[INFO] [stderr]     Blocking waiting for file lock on package cache
[INFO] [stderr]  Downloading crates ...
[INFO] [stderr]   Downloaded wai-bindgen-gen-core v0.2.3
[INFO] [stderr]   Downloaded wai-parser v0.2.3
[INFO] running `Command { std: "docker" "create" "-v" "/var/lib/crater-agent-workspace/builds/worker-5-tc1/target:/opt/rustwide/target:rw,Z" "-v" "/var/lib/crater-agent-workspace/builds/worker-5-tc1/source:/opt/rustwide/workdir:ro,Z" "-v" "/var/lib/crater-agent-workspace/cargo-home:/opt/rustwide/cargo-home:ro,Z" "-v" "/var/lib/crater-agent-workspace/rustup-home:/opt/rustwide/rustup-home:ro,Z" "-e" "SOURCE_DIR=/opt/rustwide/workdir" "-e" "CARGO_TARGET_DIR=/opt/rustwide/target" "-e" "CARGO_HOME=/opt/rustwide/cargo-home" "-e" "RUSTUP_HOME=/opt/rustwide/rustup-home" "-w" "/opt/rustwide/workdir" "-m" "1610612736" "--user" "0:0" "--network" "none" "ghcr.io/rust-lang/crates-build-env/linux@sha256:2788e3201cd34a07e3172128adcd8b3090168a8e3bcc40d7c032b9dda1df7d1c" "/opt/rustwide/cargo-home/bin/cargo" "+1.75.0" "metadata" "--no-deps" "--format-version=1", kill_on_drop: false }`
[INFO] [stdout] 02b0679a93c09e5bbcb1465b42f2ebad44f54f81f76e454815c06a4cda6f8c78
[INFO] running `Command { std: "docker" "start" "-a" "02b0679a93c09e5bbcb1465b42f2ebad44f54f81f76e454815c06a4cda6f8c78", kill_on_drop: false }`
[INFO] running `Command { std: "docker" "inspect" "02b0679a93c09e5bbcb1465b42f2ebad44f54f81f76e454815c06a4cda6f8c78", kill_on_drop: false }`
[INFO] running `Command { std: "docker" "rm" "-f" "02b0679a93c09e5bbcb1465b42f2ebad44f54f81f76e454815c06a4cda6f8c78", kill_on_drop: false }`
[INFO] [stdout] 02b0679a93c09e5bbcb1465b42f2ebad44f54f81f76e454815c06a4cda6f8c78
[INFO] running `Command { std: "docker" "create" "-v" "/var/lib/crater-agent-workspace/builds/worker-5-tc1/target:/opt/rustwide/target:rw,Z" "-v" "/var/lib/crater-agent-workspace/builds/worker-5-tc1/source:/opt/rustwide/workdir:ro,Z" "-v" "/var/lib/crater-agent-workspace/cargo-home:/opt/rustwide/cargo-home:ro,Z" "-v" "/var/lib/crater-agent-workspace/rustup-home:/opt/rustwide/rustup-home:ro,Z" "-e" "SOURCE_DIR=/opt/rustwide/workdir" "-e" "CARGO_TARGET_DIR=/opt/rustwide/target" "-e" "CARGO_INCREMENTAL=0" "-e" "RUST_BACKTRACE=full" "-e" "RUSTFLAGS=--cap-lints=warn" "-e" "RUSTDOCFLAGS=--cap-lints=warn" "-e" "CARGO_HOME=/opt/rustwide/cargo-home" "-e" "RUSTUP_HOME=/opt/rustwide/rustup-home" "-w" "/opt/rustwide/workdir" "-m" "1610612736" "--user" "0:0" "--network" "none" "ghcr.io/rust-lang/crates-build-env/linux@sha256:2788e3201cd34a07e3172128adcd8b3090168a8e3bcc40d7c032b9dda1df7d1c" "/opt/rustwide/cargo-home/bin/cargo" "+1.75.0" "build" "--frozen" "--message-format=json", kill_on_drop: false }`
[INFO] [stdout] 8ab43bdf0809d4b0a7b425b1ec1c95f3234bdd833475844b1beba625f3be9982
[INFO] running `Command { std: "docker" "start" "-a" "8ab43bdf0809d4b0a7b425b1ec1c95f3234bdd833475844b1beba625f3be9982", kill_on_drop: false }`
[INFO] [stderr]    Compiling anyhow v1.0.79
[INFO] [stderr]    Compiling pulldown-cmark v0.8.0
[INFO] [stderr]    Compiling unicode-xid v0.2.4
[INFO] [stderr]    Compiling id-arena v2.2.1
[INFO] [stderr]    Compiling wai-bindgen-gen-js v0.2.3 (/opt/rustwide/workdir)
[INFO] [stderr]    Compiling heck v0.3.3
[INFO] [stderr]    Compiling wai-parser v0.2.3
[INFO] [stderr]    Compiling wai-bindgen-gen-core v0.2.3
[INFO] [stdout] warning: calls to `std::mem::drop` with a value that implements `Copy` does nothing
[INFO] [stdout]    --> src/lib.rs:595:9
[INFO] [stdout]     |
[INFO] [stdout] 595 |         drop((iface, _id, name, ty, docs));
[INFO] [stdout]     |         ^^^^^----------------------------^
[INFO] [stdout]     |              |
[INFO] [stdout]     |              argument has type `(&wai_bindgen_gen_core::wai_parser::Interface, id_arena::Id<TypeDef>, &str, &wai_bindgen_gen_core::wai_parser::Type, &wai_bindgen_gen_core::wai_parser::Docs)`
[INFO] [stdout]     |
[INFO] [stdout]     = note: use `let _ = ...` to ignore the expression or result
[INFO] [stdout]     = note: `#[warn(dropping_copy_types)]` on by default
[INFO] [stdout] 
[INFO] [stdout] 
[INFO] [stdout] warning: 1 warning emitted
[INFO] [stdout] 
[INFO] [stdout] 
[INFO] [stderr]     Finished dev [unoptimized + debuginfo] target(s) in 3.22s
[INFO] running `Command { std: "docker" "inspect" "8ab43bdf0809d4b0a7b425b1ec1c95f3234bdd833475844b1beba625f3be9982", kill_on_drop: false }`
[INFO] running `Command { std: "docker" "rm" "-f" "8ab43bdf0809d4b0a7b425b1ec1c95f3234bdd833475844b1beba625f3be9982", kill_on_drop: false }`
[INFO] [stdout] 8ab43bdf0809d4b0a7b425b1ec1c95f3234bdd833475844b1beba625f3be9982
[INFO] running `Command { std: "docker" "create" "-v" "/var/lib/crater-agent-workspace/builds/worker-5-tc1/target:/opt/rustwide/target:rw,Z" "-v" "/var/lib/crater-agent-workspace/builds/worker-5-tc1/source:/opt/rustwide/workdir:ro,Z" "-v" "/var/lib/crater-agent-workspace/cargo-home:/opt/rustwide/cargo-home:ro,Z" "-v" "/var/lib/crater-agent-workspace/rustup-home:/opt/rustwide/rustup-home:ro,Z" "-e" "SOURCE_DIR=/opt/rustwide/workdir" "-e" "CARGO_TARGET_DIR=/opt/rustwide/target" "-e" "CARGO_INCREMENTAL=0" "-e" "RUST_BACKTRACE=full" "-e" "RUSTFLAGS=--cap-lints=warn" "-e" "RUSTDOCFLAGS=--cap-lints=warn" "-e" "CARGO_HOME=/opt/rustwide/cargo-home" "-e" "RUSTUP_HOME=/opt/rustwide/rustup-home" "-w" "/opt/rustwide/workdir" "-m" "1610612736" "--user" "0:0" "--network" "none" "ghcr.io/rust-lang/crates-build-env/linux@sha256:2788e3201cd34a07e3172128adcd8b3090168a8e3bcc40d7c032b9dda1df7d1c" "/opt/rustwide/cargo-home/bin/cargo" "+1.75.0" "test" "--frozen" "--no-run" "--message-format=json", kill_on_drop: false }`
[INFO] [stdout] 17eaeed2396b2085dcf6f294ec2fbab7f47e10bad86cd96a3d071b4bedbadd55
[INFO] running `Command { std: "docker" "start" "-a" "17eaeed2396b2085dcf6f294ec2fbab7f47e10bad86cd96a3d071b4bedbadd55", kill_on_drop: false }`
[INFO] [stderr]    Compiling wai-bindgen-gen-js v0.2.3 (/opt/rustwide/workdir)
[INFO] [stdout] warning: calls to `std::mem::drop` with a value that implements `Copy` does nothing
[INFO] [stdout]    --> src/lib.rs:595:9
[INFO] [stdout]     |
[INFO] [stdout] 595 |         drop((iface, _id, name, ty, docs));
[INFO] [stdout]     |         ^^^^^----------------------------^
[INFO] [stdout]     |              |
[INFO] [stdout]     |              argument has type `(&wai_bindgen_gen_core::wai_parser::Interface, id_arena::Id<TypeDef>, &str, &wai_bindgen_gen_core::wai_parser::Type, &wai_bindgen_gen_core::wai_parser::Docs)`
[INFO] [stdout]     |
[INFO] [stdout]     = note: use `let _ = ...` to ignore the expression or result
[INFO] [stdout]     = note: `#[warn(dropping_copy_types)]` on by default
[INFO] [stdout] 
[INFO] [stdout] 
[INFO] [stdout] warning: 1 warning emitted
[INFO] [stdout] 
[INFO] [stdout] 
[INFO] [stdout] error[E0433]: failed to resolve: use of undeclared crate or module `test_helpers`
[INFO] [stdout]  --> tests/codegen.rs:5:5
[INFO] [stdout]   |
[INFO] [stdout] 5 |     test_helpers::codegen_js_export!(
[INFO] [stdout]   |     ^^^^^^^^^^^^ use of undeclared crate or module `test_helpers`
[INFO] [stdout] 
[INFO] [stdout] 
[INFO] [stdout] error[E0433]: failed to resolve: use of undeclared crate or module `test_helpers`
[INFO] [stdout]   --> tests/codegen.rs:12:5
[INFO] [stdout]    |
[INFO] [stdout] 12 |     test_helpers::codegen_js_import!(
[INFO] [stdout]    |     ^^^^^^^^^^^^ use of undeclared crate or module `test_helpers`
[INFO] [stdout] 
[INFO] [stdout] 
[INFO] [stdout] error[E0433]: failed to resolve: use of undeclared crate or module `test_helpers`
[INFO] [stdout]  --> tests/runtime.rs:7:1
[INFO] [stdout]   |
[INFO] [stdout] 7 | test_helpers::runtime_tests!("ts");
[INFO] [stdout]   | ^^^^^^^^^^^^ use of undeclared crate or module `test_helpers`
[INFO] [stdout] 
[INFO] [stdout] 
[INFO] [stdout] error: aborting due to 2 previous errors
[INFO] [stdout] 
[INFO] [stdout] 
[INFO] [stdout] For more information about this error, try `rustc --explain E0433`.
[INFO] [stdout] 
[INFO] [stderr] error: could not compile `wai-bindgen-gen-js` (test "codegen") due to 3 previous errors
[INFO] [stderr] warning: build failed, waiting for other jobs to finish...
[INFO] [stdout] error: aborting due to previous error
[INFO] [stdout] 
[INFO] [stdout] 
[INFO] [stdout] For more information about this error, try `rustc --explain E0433`.
[INFO] [stdout] 
[INFO] [stderr] error: could not compile `wai-bindgen-gen-js` (test "runtime") due to 2 previous errors
[INFO] running `Command { std: "docker" "inspect" "17eaeed2396b2085dcf6f294ec2fbab7f47e10bad86cd96a3d071b4bedbadd55", kill_on_drop: false }`
[INFO] running `Command { std: "docker" "rm" "-f" "17eaeed2396b2085dcf6f294ec2fbab7f47e10bad86cd96a3d071b4bedbadd55", kill_on_drop: false }`
[INFO] [stdout] 17eaeed2396b2085dcf6f294ec2fbab7f47e10bad86cd96a3d071b4bedbadd55
[INFO] testing wai-bindgen-gen-js-0.2.3 against beta-2023-12-22 for beta-1.76-1
[INFO] extracting crate wai-bindgen-gen-js 0.2.3 into /workspace/builds/worker-5-tc2/source
[INFO] validating manifest of crates.io crate wai-bindgen-gen-js 0.2.3 on toolchain beta-2023-12-22
[INFO] running `Command { std: CARGO_HOME="/workspace/cargo-home" RUSTUP_HOME="/workspace/rustup-home" "/workspace/cargo-home/bin/cargo" "+beta-2023-12-22" "metadata" "--manifest-path" "Cargo.toml" "--no-deps", kill_on_drop: false }`
[INFO] started tweaking crates.io crate wai-bindgen-gen-js 0.2.3
[INFO] finished tweaking crates.io crate wai-bindgen-gen-js 0.2.3
[INFO] tweaked toml for crates.io crate wai-bindgen-gen-js 0.2.3 written to /workspace/builds/worker-5-tc2/source/Cargo.toml
[INFO] running `Command { std: CARGO_HOME="/workspace/cargo-home" RUSTUP_HOME="/workspace/rustup-home" "/workspace/cargo-home/bin/cargo" "+beta-2023-12-22" "generate-lockfile" "--manifest-path" "Cargo.toml", kill_on_drop: false }`
[INFO] [stderr]     Updating crates.io index
[INFO] running `Command { std: CARGO_HOME="/workspace/cargo-home" RUSTUP_HOME="/workspace/rustup-home" "/workspace/cargo-home/bin/cargo" "+beta-2023-12-22" "fetch" "--manifest-path" "Cargo.toml", kill_on_drop: false }`
[INFO] running `Command { std: "docker" "create" "-v" "/var/lib/crater-agent-workspace/builds/worker-5-tc2/target:/opt/rustwide/target:rw,Z" "-v" "/var/lib/crater-agent-workspace/builds/worker-5-tc2/source:/opt/rustwide/workdir:ro,Z" "-v" "/var/lib/crater-agent-workspace/cargo-home:/opt/rustwide/cargo-home:ro,Z" "-v" "/var/lib/crater-agent-workspace/rustup-home:/opt/rustwide/rustup-home:ro,Z" "-e" "SOURCE_DIR=/opt/rustwide/workdir" "-e" "CARGO_TARGET_DIR=/opt/rustwide/target" "-e" "CARGO_HOME=/opt/rustwide/cargo-home" "-e" "RUSTUP_HOME=/opt/rustwide/rustup-home" "-w" "/opt/rustwide/workdir" "-m" "1610612736" "--user" "0:0" "--network" "none" "ghcr.io/rust-lang/crates-build-env/linux@sha256:2788e3201cd34a07e3172128adcd8b3090168a8e3bcc40d7c032b9dda1df7d1c" "/opt/rustwide/cargo-home/bin/cargo" "+beta-2023-12-22" "metadata" "--no-deps" "--format-version=1", kill_on_drop: false }`
[INFO] [stdout] 7fe46c586435c9222299fe72b50adde8946b93dd74b0820828ad9358f437993c
[INFO] running `Command { std: "docker" "start" "-a" "7fe46c586435c9222299fe72b50adde8946b93dd74b0820828ad9358f437993c", kill_on_drop: false }`
[INFO] running `Command { std: "docker" "inspect" "7fe46c586435c9222299fe72b50adde8946b93dd74b0820828ad9358f437993c", kill_on_drop: false }`
[INFO] running `Command { std: "docker" "rm" "-f" "7fe46c586435c9222299fe72b50adde8946b93dd74b0820828ad9358f437993c", kill_on_drop: false }`
[INFO] [stdout] 7fe46c586435c9222299fe72b50adde8946b93dd74b0820828ad9358f437993c
[INFO] running `Command { std: "docker" "create" "-v" "/var/lib/crater-agent-workspace/builds/worker-5-tc2/target:/opt/rustwide/target:rw,Z" "-v" "/var/lib/crater-agent-workspace/builds/worker-5-tc2/source:/opt/rustwide/workdir:ro,Z" "-v" "/var/lib/crater-agent-workspace/cargo-home:/opt/rustwide/cargo-home:ro,Z" "-v" "/var/lib/crater-agent-workspace/rustup-home:/opt/rustwide/rustup-home:ro,Z" "-e" "SOURCE_DIR=/opt/rustwide/workdir" "-e" "CARGO_TARGET_DIR=/opt/rustwide/target" "-e" "CARGO_INCREMENTAL=0" "-e" "RUST_BACKTRACE=full" "-e" "RUSTFLAGS=--cap-lints=warn" "-e" "RUSTDOCFLAGS=--cap-lints=warn" "-e" "CARGO_HOME=/opt/rustwide/cargo-home" "-e" "RUSTUP_HOME=/opt/rustwide/rustup-home" "-w" "/opt/rustwide/workdir" "-m" "1610612736" "--user" "0:0" "--network" "none" "ghcr.io/rust-lang/crates-build-env/linux@sha256:2788e3201cd34a07e3172128adcd8b3090168a8e3bcc40d7c032b9dda1df7d1c" "/opt/rustwide/cargo-home/bin/cargo" "+beta-2023-12-22" "build" "--frozen" "--message-format=json", kill_on_drop: false }`
[INFO] [stdout] 28bf32bc4ece1dfeb4822a63f00aef99aed270651c8db78f740f35988223b912
[INFO] running `Command { std: "docker" "start" "-a" "28bf32bc4ece1dfeb4822a63f00aef99aed270651c8db78f740f35988223b912", kill_on_drop: false }`
[INFO] [stderr]    Compiling pulldown-cmark v0.8.0
[INFO] [stderr]    Compiling anyhow v1.0.79
[INFO] [stderr]    Compiling unicode-xid v0.2.4
[INFO] [stderr]    Compiling id-arena v2.2.1
[INFO] [stderr]    Compiling wai-bindgen-gen-js v0.2.3 (/opt/rustwide/workdir)
[INFO] [stderr]    Compiling heck v0.3.3
[INFO] [stderr]    Compiling wai-parser v0.2.3
[INFO] [stderr]    Compiling wai-bindgen-gen-core v0.2.3
[INFO] [stdout] warning: calls to `std::mem::drop` with a value that implements `Copy` does nothing
[INFO] [stdout]    --> src/lib.rs:595:9
[INFO] [stdout]     |
[INFO] [stdout] 595 |         drop((iface, _id, name, ty, docs));
[INFO] [stdout]     |         ^^^^^----------------------------^
[INFO] [stdout]     |              |
[INFO] [stdout]     |              argument has type `(&wai_bindgen_gen_core::wai_parser::Interface, id_arena::Id<TypeDef>, &str, &wai_bindgen_gen_core::wai_parser::Type, &wai_bindgen_gen_core::wai_parser::Docs)`
[INFO] [stdout]     |
[INFO] [stdout]     = note: use `let _ = ...` to ignore the expression or result
[INFO] [stdout]     = note: `#[warn(dropping_copy_types)]` on by default
[INFO] [stdout] 
[INFO] [stdout] 
[INFO] [stdout] warning: 1 warning emitted
[INFO] [stdout] 
[INFO] [stdout] 
[INFO] [stderr]     Finished dev [unoptimized + debuginfo] target(s) in 2.04s
[INFO] running `Command { std: "docker" "inspect" "28bf32bc4ece1dfeb4822a63f00aef99aed270651c8db78f740f35988223b912", kill_on_drop: false }`
[INFO] running `Command { std: "docker" "rm" "-f" "28bf32bc4ece1dfeb4822a63f00aef99aed270651c8db78f740f35988223b912", kill_on_drop: false }`
[INFO] [stdout] 28bf32bc4ece1dfeb4822a63f00aef99aed270651c8db78f740f35988223b912
[INFO] running `Command { std: "docker" "create" "-v" "/var/lib/crater-agent-workspace/builds/worker-5-tc2/target:/opt/rustwide/target:rw,Z" "-v" "/var/lib/crater-agent-workspace/builds/worker-5-tc2/source:/opt/rustwide/workdir:ro,Z" "-v" "/var/lib/crater-agent-workspace/cargo-home:/opt/rustwide/cargo-home:ro,Z" "-v" "/var/lib/crater-agent-workspace/rustup-home:/opt/rustwide/rustup-home:ro,Z" "-e" "SOURCE_DIR=/opt/rustwide/workdir" "-e" "CARGO_TARGET_DIR=/opt/rustwide/target" "-e" "CARGO_INCREMENTAL=0" "-e" "RUST_BACKTRACE=full" "-e" "RUSTFLAGS=--cap-lints=warn" "-e" "RUSTDOCFLAGS=--cap-lints=warn" "-e" "CARGO_HOME=/opt/rustwide/cargo-home" "-e" "RUSTUP_HOME=/opt/rustwide/rustup-home" "-w" "/opt/rustwide/workdir" "-m" "1610612736" "--user" "0:0" "--network" "none" "ghcr.io/rust-lang/crates-build-env/linux@sha256:2788e3201cd34a07e3172128adcd8b3090168a8e3bcc40d7c032b9dda1df7d1c" "/opt/rustwide/cargo-home/bin/cargo" "+beta-2023-12-22" "test" "--frozen" "--no-run" "--message-format=json", kill_on_drop: false }`
[INFO] [stdout] 3df8722a38ad0e47d55c8d7d6181845fe06b50464e5b208f48ca9ecf45161f69
[INFO] running `Command { std: "docker" "start" "-a" "3df8722a38ad0e47d55c8d7d6181845fe06b50464e5b208f48ca9ecf45161f69", kill_on_drop: false }`
[INFO] [stdout] warning: calls to `std::mem::drop` with a value that implements `Copy` does nothing
[INFO] [stdout]    --> src/lib.rs:595:9
[INFO] [stdout]     |
[INFO] [stdout] 595 |         drop((iface, _id, name, ty, docs));
[INFO] [stdout]     |         ^^^^^----------------------------^
[INFO] [stdout]     |              |
[INFO] [stdout]     |              argument has type `(&wai_bindgen_gen_core::wai_parser::Interface, id_arena::Id<TypeDef>, &str, &wai_bindgen_gen_core::wai_parser::Type, &wai_bindgen_gen_core::wai_parser::Docs)`
[INFO] [stdout]     |
[INFO] [stdout]     = note: use `let _ = ...` to ignore the expression or result
[INFO] [stdout]     = note: `#[warn(dropping_copy_types)]` on by default
[INFO] [stdout] 
[INFO] [stdout] 
[INFO] [stderr]    Compiling wai-bindgen-gen-js v0.2.3 (/opt/rustwide/workdir)
[INFO] [stdout] warning: 1 warning emitted
[INFO] [stdout] 
[INFO] [stdout] 
[INFO] [stdout] error[E0433]: failed to resolve: use of undeclared crate or module `test_helpers`
[INFO] [stdout]  --> tests/codegen.rs:5:5
[INFO] [stdout]   |
[INFO] [stdout] 5 |     test_helpers::codegen_js_export!(
[INFO] [stdout]   |     ^^^^^^^^^^^^ use of undeclared crate or module `test_helpers`
[INFO] [stdout] 
[INFO] [stdout] 
[INFO] [stdout] error[E0433]: failed to resolve: use of undeclared crate or module `test_helpers`
[INFO] [stdout]   --> tests/codegen.rs:12:5
[INFO] [stdout]    |
[INFO] [stdout] 12 |     test_helpers::codegen_js_import!(
[INFO] [stdout]    |     ^^^^^^^^^^^^ use of undeclared crate or module `test_helpers`
[INFO] [stdout] 
[INFO] [stdout] 
[INFO] [stdout] error[E0433]: failed to resolve: use of undeclared crate or module `test_helpers`
[INFO] [stdout]  --> tests/runtime.rs:7:1
[INFO] [stdout]   |
[INFO] [stdout] 7 | test_helpers::runtime_tests!("ts");
[INFO] [stdout]   | ^^^^^^^^^^^^ use of undeclared crate or module `test_helpers`
[INFO] [stdout] 
[INFO] [stdout] 
[INFO] [stdout] error: aborting due to 2 previous errors
[INFO] [stdout] 
[INFO] [stdout] 
[INFO] [stdout] For more information about this error, try `rustc --explain E0433`.
[INFO] [stdout] 
[INFO] [stderr] error: could not compile `wai-bindgen-gen-js` (test "codegen") due to 3 previous errors
[INFO] [stderr] warning: build failed, waiting for other jobs to finish...
[INFO] [stderr] error: could not compile `wai-bindgen-gen-js` (test "runtime") due to 2 previous errors
[INFO] [stdout] error: aborting due to 1 previous error
[INFO] [stdout] 
[INFO] [stdout] 
[INFO] [stdout] For more information about this error, try `rustc --explain E0433`.
[INFO] [stdout] 
[INFO] running `Command { std: "docker" "inspect" "3df8722a38ad0e47d55c8d7d6181845fe06b50464e5b208f48ca9ecf45161f69", kill_on_drop: false }`
[INFO] running `Command { std: "docker" "rm" "-f" "3df8722a38ad0e47d55c8d7d6181845fe06b50464e5b208f48ca9ecf45161f69", kill_on_drop: false }`
[INFO] [stdout] 3df8722a38ad0e47d55c8d7d6181845fe06b50464e5b208f48ca9ecf45161f69
