[INFO] fetching crate w5500-sntp 0.4.0...
[INFO] testing w5500-sntp-0.4.0 against 1.75.0 for beta-1.76-1
[INFO] extracting crate w5500-sntp 0.4.0 into /workspace/builds/worker-6-tc1/source
[INFO] validating manifest of crates.io crate w5500-sntp 0.4.0 on toolchain 1.75.0
[INFO] running `Command { std: CARGO_HOME="/workspace/cargo-home" RUSTUP_HOME="/workspace/rustup-home" "/workspace/cargo-home/bin/cargo" "+1.75.0" "metadata" "--manifest-path" "Cargo.toml" "--no-deps", kill_on_drop: false }`
[INFO] started tweaking crates.io crate w5500-sntp 0.4.0
[INFO] finished tweaking crates.io crate w5500-sntp 0.4.0
[INFO] tweaked toml for crates.io crate w5500-sntp 0.4.0 written to /workspace/builds/worker-6-tc1/source/Cargo.toml
[INFO] running `Command { std: CARGO_HOME="/workspace/cargo-home" RUSTUP_HOME="/workspace/rustup-home" "/workspace/cargo-home/bin/cargo" "+1.75.0" "generate-lockfile" "--manifest-path" "Cargo.toml", kill_on_drop: false }`
[INFO] [stderr]     Updating crates.io index
[INFO] running `Command { std: CARGO_HOME="/workspace/cargo-home" RUSTUP_HOME="/workspace/rustup-home" "/workspace/cargo-home/bin/cargo" "+1.75.0" "fetch" "--manifest-path" "Cargo.toml", kill_on_drop: false }`
[INFO] [stderr]  Downloading crates ...
[INFO] [stderr]   Downloaded w5500-hl v0.11.0
[INFO] [stderr]   Downloaded w5500-ll v0.12.0
[INFO] running `Command { std: "docker" "create" "-v" "/var/lib/crater-agent-workspace/builds/worker-6-tc1/target:/opt/rustwide/target:rw,Z" "-v" "/var/lib/crater-agent-workspace/builds/worker-6-tc1/source:/opt/rustwide/workdir:ro,Z" "-v" "/var/lib/crater-agent-workspace/cargo-home:/opt/rustwide/cargo-home:ro,Z" "-v" "/var/lib/crater-agent-workspace/rustup-home:/opt/rustwide/rustup-home:ro,Z" "-e" "SOURCE_DIR=/opt/rustwide/workdir" "-e" "CARGO_TARGET_DIR=/opt/rustwide/target" "-e" "CARGO_HOME=/opt/rustwide/cargo-home" "-e" "RUSTUP_HOME=/opt/rustwide/rustup-home" "-w" "/opt/rustwide/workdir" "-m" "1610612736" "--user" "0:0" "--network" "none" "ghcr.io/rust-lang/crates-build-env/linux@sha256:2788e3201cd34a07e3172128adcd8b3090168a8e3bcc40d7c032b9dda1df7d1c" "/opt/rustwide/cargo-home/bin/cargo" "+1.75.0" "metadata" "--no-deps" "--format-version=1", kill_on_drop: false }`
[INFO] [stdout] dd122095a6069367433e131bd0b8ffd463b51ca412a5d3a5a54446727f563037
[INFO] running `Command { std: "docker" "start" "-a" "dd122095a6069367433e131bd0b8ffd463b51ca412a5d3a5a54446727f563037", kill_on_drop: false }`
[INFO] running `Command { std: "docker" "inspect" "dd122095a6069367433e131bd0b8ffd463b51ca412a5d3a5a54446727f563037", kill_on_drop: false }`
[INFO] running `Command { std: "docker" "rm" "-f" "dd122095a6069367433e131bd0b8ffd463b51ca412a5d3a5a54446727f563037", kill_on_drop: false }`
[INFO] [stdout] dd122095a6069367433e131bd0b8ffd463b51ca412a5d3a5a54446727f563037
[INFO] running `Command { std: "docker" "create" "-v" "/var/lib/crater-agent-workspace/builds/worker-6-tc1/target:/opt/rustwide/target:rw,Z" "-v" "/var/lib/crater-agent-workspace/builds/worker-6-tc1/source:/opt/rustwide/workdir:ro,Z" "-v" "/var/lib/crater-agent-workspace/cargo-home:/opt/rustwide/cargo-home:ro,Z" "-v" "/var/lib/crater-agent-workspace/rustup-home:/opt/rustwide/rustup-home:ro,Z" "-e" "SOURCE_DIR=/opt/rustwide/workdir" "-e" "CARGO_TARGET_DIR=/opt/rustwide/target" "-e" "CARGO_INCREMENTAL=0" "-e" "RUST_BACKTRACE=full" "-e" "RUSTFLAGS=--cap-lints=warn" "-e" "RUSTDOCFLAGS=--cap-lints=warn" "-e" "CARGO_HOME=/opt/rustwide/cargo-home" "-e" "RUSTUP_HOME=/opt/rustwide/rustup-home" "-w" "/opt/rustwide/workdir" "-m" "1610612736" "--user" "0:0" "--network" "none" "ghcr.io/rust-lang/crates-build-env/linux@sha256:2788e3201cd34a07e3172128adcd8b3090168a8e3bcc40d7c032b9dda1df7d1c" "/opt/rustwide/cargo-home/bin/cargo" "+1.75.0" "build" "--frozen" "--message-format=json", kill_on_drop: false }`
[INFO] [stdout] 8052466eb6731c3657ceced97c1a6b72337c40a59a101c8381ca1cda56a7d7ca
[INFO] running `Command { std: "docker" "start" "-a" "8052466eb6731c3657ceced97c1a6b72337c40a59a101c8381ca1cda56a7d7ca", kill_on_drop: false }`
[INFO] [stderr]    Compiling w5500-ll v0.12.0
[INFO] [stderr]    Compiling w5500-hl v0.11.0
[INFO] [stderr]    Compiling w5500-sntp v0.4.0 (/opt/rustwide/workdir)
[INFO] [stderr]     Finished dev [unoptimized + debuginfo] target(s) in 0.64s
[INFO] running `Command { std: "docker" "inspect" "8052466eb6731c3657ceced97c1a6b72337c40a59a101c8381ca1cda56a7d7ca", kill_on_drop: false }`
[INFO] running `Command { std: "docker" "rm" "-f" "8052466eb6731c3657ceced97c1a6b72337c40a59a101c8381ca1cda56a7d7ca", kill_on_drop: false }`
[INFO] [stdout] 8052466eb6731c3657ceced97c1a6b72337c40a59a101c8381ca1cda56a7d7ca
[INFO] running `Command { std: "docker" "create" "-v" "/var/lib/crater-agent-workspace/builds/worker-6-tc1/target:/opt/rustwide/target:rw,Z" "-v" "/var/lib/crater-agent-workspace/builds/worker-6-tc1/source:/opt/rustwide/workdir:ro,Z" "-v" "/var/lib/crater-agent-workspace/cargo-home:/opt/rustwide/cargo-home:ro,Z" "-v" "/var/lib/crater-agent-workspace/rustup-home:/opt/rustwide/rustup-home:ro,Z" "-e" "SOURCE_DIR=/opt/rustwide/workdir" "-e" "CARGO_TARGET_DIR=/opt/rustwide/target" "-e" "CARGO_INCREMENTAL=0" "-e" "RUST_BACKTRACE=full" "-e" "RUSTFLAGS=--cap-lints=warn" "-e" "RUSTDOCFLAGS=--cap-lints=warn" "-e" "CARGO_HOME=/opt/rustwide/cargo-home" "-e" "RUSTUP_HOME=/opt/rustwide/rustup-home" "-w" "/opt/rustwide/workdir" "-m" "1610612736" "--user" "0:0" "--network" "none" "ghcr.io/rust-lang/crates-build-env/linux@sha256:2788e3201cd34a07e3172128adcd8b3090168a8e3bcc40d7c032b9dda1df7d1c" "/opt/rustwide/cargo-home/bin/cargo" "+1.75.0" "test" "--frozen" "--no-run" "--message-format=json", kill_on_drop: false }`
[INFO] [stdout] 535ee689be6f0323bfff4dae1f18d9e024010f532fa0aae90810be6473d4898c
[INFO] running `Command { std: "docker" "start" "-a" "535ee689be6f0323bfff4dae1f18d9e024010f532fa0aae90810be6473d4898c", kill_on_drop: false }`
[INFO] [stderr]    Compiling libc v0.2.151
[INFO] [stderr]    Compiling iana-time-zone v0.1.59
[INFO] [stderr]    Compiling thread_local v1.1.7
[INFO] [stderr]    Compiling log v0.4.20
[INFO] [stderr]    Compiling termcolor v1.1.3
[INFO] [stderr]    Compiling chrono v0.4.31
[INFO] [stderr]    Compiling atty v0.2.14
[INFO] [stderr]    Compiling stderrlog v0.5.4
[INFO] [stderr]    Compiling w5500-sntp v0.4.0 (/opt/rustwide/workdir)
[INFO] [stdout] error[E0432]: unresolved import `w5500_regsim`
[INFO] [stdout]  --> tests/end_to_end.rs:2:5
[INFO] [stdout]   |
[INFO] [stdout] 2 | use w5500_regsim::W5500;
[INFO] [stdout]   |     ^^^^^^^^^^^^ use of undeclared crate or module `w5500_regsim`
[INFO] [stdout] 
[INFO] [stdout] 
[INFO] [stdout] error[E0433]: failed to resolve: use of undeclared crate or module `chrono`
[INFO] [stdout]    --> src/timestamp.rs:131:9
[INFO] [stdout]     |
[INFO] [stdout] 131 |     use chrono::naive::{NaiveDate, NaiveDateTime, NaiveTime};
[INFO] [stdout]     |         ^^^^^^ use of undeclared crate or module `chrono`
[INFO] [stdout] 
[INFO] [stdout] 
[INFO] [stdout] error[E0432]: unresolved import `num_rational`
[INFO] [stdout]   --> src/fixed_point.rs:52:9
[INFO] [stdout]    |
[INFO] [stdout] 52 |     use num_rational::Ratio;
[INFO] [stdout]    |         ^^^^^^^^^^^^ use of undeclared crate or module `num_rational`
[INFO] [stdout] 
[INFO] [stdout] 
[INFO] [stdout] error[E0432]: unresolved import `time`
[INFO] [stdout]    --> src/timestamp.rs:132:9
[INFO] [stdout]     |
[INFO] [stdout] 132 |     use time::PrimitiveDateTime;
[INFO] [stdout]     |         ^^^^ help: a similar path exists: `std::time`
[INFO] [stdout] 
[INFO] [stdout] 
[INFO] [stdout] error[E0433]: failed to resolve: use of undeclared crate or module `time`
[INFO] [stdout]    --> src/timestamp.rs:164:39
[INFO] [stdout]     |
[INFO] [stdout] 164 |         core::assert_eq!(pdt.month(), time::Month::April);
[INFO] [stdout]     |                                       ^^^^ use of undeclared crate or module `time`
[INFO] [stdout] 
[INFO] [stdout] 
[INFO] [stdout] error[E0433]: failed to resolve: use of undeclared crate or module `time`
[INFO] [stdout]    --> src/timestamp.rs:189:13
[INFO] [stdout]     |
[INFO] [stdout] 189 |             time::Date::from_calendar_date(2036, time::Month::February, 7).unwrap();
[INFO] [stdout]     |             ^^^^ use of undeclared crate or module `time`
[INFO] [stdout] 
[INFO] [stdout] 
[INFO] [stdout] error[E0433]: failed to resolve: use of undeclared crate or module `time`
[INFO] [stdout]    --> src/timestamp.rs:189:50
[INFO] [stdout]     |
[INFO] [stdout] 189 |             time::Date::from_calendar_date(2036, time::Month::February, 7).unwrap();
[INFO] [stdout]     |                                                  ^^^^ use of undeclared crate or module `time`
[INFO] [stdout] 
[INFO] [stdout] 
[INFO] [stdout] error: aborting due to previous error
[INFO] [stdout] 
[INFO] [stdout] 
[INFO] [stdout] For more information about this error, try `rustc --explain E0432`.
[INFO] [stdout] 
[INFO] [stdout] error[E0433]: failed to resolve: use of undeclared crate or module `time`
[INFO] [stdout]    --> src/timestamp.rs:190:32
[INFO] [stdout]     |
[INFO] [stdout] 190 |         let time: time::Time = time::Time::from_hms(6, 28, 16).unwrap();
[INFO] [stdout]     |                                ^^^^ use of undeclared crate or module `time`
[INFO] [stdout] 
[INFO] [stdout] 
[INFO] [stderr] error: could not compile `w5500-sntp` (test "end_to_end") due to 2 previous errors
[INFO] [stderr] warning: build failed, waiting for other jobs to finish...
[INFO] [stdout] error[E0599]: no method named `secs` found for struct `Timestamp` in the current scope
[INFO] [stdout]    --> src/timestamp.rs:150:36
[INFO] [stdout]     |
[INFO] [stdout] 8   | pub struct Timestamp {
[INFO] [stdout]     | -------------------- method `secs` not found for this struct
[INFO] [stdout] ...
[INFO] [stdout] 150 |         core::assert_eq!(timestamp.secs(), timestamp_converted.secs());
[INFO] [stdout]     |                                    ^^^^ method not found in `Timestamp`
[INFO] [stdout] 
[INFO] [stdout] 
[INFO] [stdout] error[E0599]: no method named `nanos` found for struct `Timestamp` in the current scope
[INFO] [stdout]    --> src/timestamp.rs:151:41
[INFO] [stdout]     |
[INFO] [stdout] 8   | pub struct Timestamp {
[INFO] [stdout]     | -------------------- method `nanos` not found for this struct
[INFO] [stdout] ...
[INFO] [stdout] 151 |         let nanos_diff: u32 = timestamp.nanos().abs_diff(timestamp_converted.nanos());
[INFO] [stdout]     |                                         ^^^^^ method not found in `Timestamp`
[INFO] [stdout] 
[INFO] [stdout] 
[INFO] [stdout] error[E0433]: failed to resolve: use of undeclared crate or module `time`
[INFO] [stdout]    --> src/timestamp.rs:188:19
[INFO] [stdout]     |
[INFO] [stdout] 188 |         let date: time::Date =
[INFO] [stdout]     |                   ^^^^ use of undeclared crate or module `time`
[INFO] [stdout] 
[INFO] [stdout] 
[INFO] [stdout] error[E0433]: failed to resolve: use of undeclared crate or module `time`
[INFO] [stdout]    --> src/timestamp.rs:190:19
[INFO] [stdout]     |
[INFO] [stdout] 190 |         let time: time::Time = time::Time::from_hms(6, 28, 16).unwrap();
[INFO] [stdout]     |                   ^^^^ use of undeclared crate or module `time`
[INFO] [stdout] 
[INFO] [stdout] 
[INFO] [stdout] error: aborting due to 11 previous errors
[INFO] [stdout] 
[INFO] [stdout] 
[INFO] [stdout] Some errors have detailed explanations: E0432, E0433, E0599.
[INFO] [stdout] 
[INFO] [stdout] For more information about an error, try `rustc --explain E0432`.
[INFO] [stdout] 
[INFO] [stderr] error: could not compile `w5500-sntp` (lib test) due to 12 previous errors
[INFO] running `Command { std: "docker" "inspect" "535ee689be6f0323bfff4dae1f18d9e024010f532fa0aae90810be6473d4898c", kill_on_drop: false }`
[INFO] running `Command { std: "docker" "rm" "-f" "535ee689be6f0323bfff4dae1f18d9e024010f532fa0aae90810be6473d4898c", kill_on_drop: false }`
[INFO] [stdout] 535ee689be6f0323bfff4dae1f18d9e024010f532fa0aae90810be6473d4898c
[INFO] testing w5500-sntp-0.4.0 against beta-2023-12-22 for beta-1.76-1
[INFO] extracting crate w5500-sntp 0.4.0 into /workspace/builds/worker-6-tc2/source
[INFO] validating manifest of crates.io crate w5500-sntp 0.4.0 on toolchain beta-2023-12-22
[INFO] running `Command { std: CARGO_HOME="/workspace/cargo-home" RUSTUP_HOME="/workspace/rustup-home" "/workspace/cargo-home/bin/cargo" "+beta-2023-12-22" "metadata" "--manifest-path" "Cargo.toml" "--no-deps", kill_on_drop: false }`
[INFO] started tweaking crates.io crate w5500-sntp 0.4.0
[INFO] finished tweaking crates.io crate w5500-sntp 0.4.0
[INFO] tweaked toml for crates.io crate w5500-sntp 0.4.0 written to /workspace/builds/worker-6-tc2/source/Cargo.toml
[INFO] running `Command { std: CARGO_HOME="/workspace/cargo-home" RUSTUP_HOME="/workspace/rustup-home" "/workspace/cargo-home/bin/cargo" "+beta-2023-12-22" "generate-lockfile" "--manifest-path" "Cargo.toml", kill_on_drop: false }`
[INFO] [stderr]     Updating crates.io index
[INFO] running `Command { std: CARGO_HOME="/workspace/cargo-home" RUSTUP_HOME="/workspace/rustup-home" "/workspace/cargo-home/bin/cargo" "+beta-2023-12-22" "fetch" "--manifest-path" "Cargo.toml", kill_on_drop: false }`
[INFO] running `Command { std: "docker" "create" "-v" "/var/lib/crater-agent-workspace/builds/worker-6-tc2/target:/opt/rustwide/target:rw,Z" "-v" "/var/lib/crater-agent-workspace/builds/worker-6-tc2/source:/opt/rustwide/workdir:ro,Z" "-v" "/var/lib/crater-agent-workspace/cargo-home:/opt/rustwide/cargo-home:ro,Z" "-v" "/var/lib/crater-agent-workspace/rustup-home:/opt/rustwide/rustup-home:ro,Z" "-e" "SOURCE_DIR=/opt/rustwide/workdir" "-e" "CARGO_TARGET_DIR=/opt/rustwide/target" "-e" "CARGO_HOME=/opt/rustwide/cargo-home" "-e" "RUSTUP_HOME=/opt/rustwide/rustup-home" "-w" "/opt/rustwide/workdir" "-m" "1610612736" "--user" "0:0" "--network" "none" "ghcr.io/rust-lang/crates-build-env/linux@sha256:2788e3201cd34a07e3172128adcd8b3090168a8e3bcc40d7c032b9dda1df7d1c" "/opt/rustwide/cargo-home/bin/cargo" "+beta-2023-12-22" "metadata" "--no-deps" "--format-version=1", kill_on_drop: false }`
[INFO] [stdout] cbc03123cfcfc15741008f2b342d8ca572d65c96fe9b2e2a5af99770eabed08c
[INFO] running `Command { std: "docker" "start" "-a" "cbc03123cfcfc15741008f2b342d8ca572d65c96fe9b2e2a5af99770eabed08c", kill_on_drop: false }`
[INFO] running `Command { std: "docker" "inspect" "cbc03123cfcfc15741008f2b342d8ca572d65c96fe9b2e2a5af99770eabed08c", kill_on_drop: false }`
[INFO] running `Command { std: "docker" "rm" "-f" "cbc03123cfcfc15741008f2b342d8ca572d65c96fe9b2e2a5af99770eabed08c", kill_on_drop: false }`
[INFO] [stdout] cbc03123cfcfc15741008f2b342d8ca572d65c96fe9b2e2a5af99770eabed08c
[INFO] running `Command { std: "docker" "create" "-v" "/var/lib/crater-agent-workspace/builds/worker-6-tc2/target:/opt/rustwide/target:rw,Z" "-v" "/var/lib/crater-agent-workspace/builds/worker-6-tc2/source:/opt/rustwide/workdir:ro,Z" "-v" "/var/lib/crater-agent-workspace/cargo-home:/opt/rustwide/cargo-home:ro,Z" "-v" "/var/lib/crater-agent-workspace/rustup-home:/opt/rustwide/rustup-home:ro,Z" "-e" "SOURCE_DIR=/opt/rustwide/workdir" "-e" "CARGO_TARGET_DIR=/opt/rustwide/target" "-e" "CARGO_INCREMENTAL=0" "-e" "RUST_BACKTRACE=full" "-e" "RUSTFLAGS=--cap-lints=warn" "-e" "RUSTDOCFLAGS=--cap-lints=warn" "-e" "CARGO_HOME=/opt/rustwide/cargo-home" "-e" "RUSTUP_HOME=/opt/rustwide/rustup-home" "-w" "/opt/rustwide/workdir" "-m" "1610612736" "--user" "0:0" "--network" "none" "ghcr.io/rust-lang/crates-build-env/linux@sha256:2788e3201cd34a07e3172128adcd8b3090168a8e3bcc40d7c032b9dda1df7d1c" "/opt/rustwide/cargo-home/bin/cargo" "+beta-2023-12-22" "build" "--frozen" "--message-format=json", kill_on_drop: false }`
[INFO] [stdout] 582c1a0c83e3426c6efcd47ffc56236f69f38563219afad5d2c84f5382d0b8bd
[INFO] running `Command { std: "docker" "start" "-a" "582c1a0c83e3426c6efcd47ffc56236f69f38563219afad5d2c84f5382d0b8bd", kill_on_drop: false }`
[INFO] [stderr]    Compiling w5500-ll v0.12.0
[INFO] [stderr]    Compiling w5500-hl v0.11.0
[INFO] [stderr]    Compiling w5500-sntp v0.4.0 (/opt/rustwide/workdir)
[INFO] [stderr]     Finished dev [unoptimized + debuginfo] target(s) in 0.72s
[INFO] running `Command { std: "docker" "inspect" "582c1a0c83e3426c6efcd47ffc56236f69f38563219afad5d2c84f5382d0b8bd", kill_on_drop: false }`
[INFO] running `Command { std: "docker" "rm" "-f" "582c1a0c83e3426c6efcd47ffc56236f69f38563219afad5d2c84f5382d0b8bd", kill_on_drop: false }`
[INFO] [stdout] 582c1a0c83e3426c6efcd47ffc56236f69f38563219afad5d2c84f5382d0b8bd
[INFO] running `Command { std: "docker" "create" "-v" "/var/lib/crater-agent-workspace/builds/worker-6-tc2/target:/opt/rustwide/target:rw,Z" "-v" "/var/lib/crater-agent-workspace/builds/worker-6-tc2/source:/opt/rustwide/workdir:ro,Z" "-v" "/var/lib/crater-agent-workspace/cargo-home:/opt/rustwide/cargo-home:ro,Z" "-v" "/var/lib/crater-agent-workspace/rustup-home:/opt/rustwide/rustup-home:ro,Z" "-e" "SOURCE_DIR=/opt/rustwide/workdir" "-e" "CARGO_TARGET_DIR=/opt/rustwide/target" "-e" "CARGO_INCREMENTAL=0" "-e" "RUST_BACKTRACE=full" "-e" "RUSTFLAGS=--cap-lints=warn" "-e" "RUSTDOCFLAGS=--cap-lints=warn" "-e" "CARGO_HOME=/opt/rustwide/cargo-home" "-e" "RUSTUP_HOME=/opt/rustwide/rustup-home" "-w" "/opt/rustwide/workdir" "-m" "1610612736" "--user" "0:0" "--network" "none" "ghcr.io/rust-lang/crates-build-env/linux@sha256:2788e3201cd34a07e3172128adcd8b3090168a8e3bcc40d7c032b9dda1df7d1c" "/opt/rustwide/cargo-home/bin/cargo" "+beta-2023-12-22" "test" "--frozen" "--no-run" "--message-format=json", kill_on_drop: false }`
[INFO] [stdout] 08e6e0b11c9e2647083403712a8271f275c1471756db933cce4793d457af2a9e
[INFO] running `Command { std: "docker" "start" "-a" "08e6e0b11c9e2647083403712a8271f275c1471756db933cce4793d457af2a9e", kill_on_drop: false }`
[INFO] [stderr]    Compiling libc v0.2.151
[INFO] [stderr]    Compiling iana-time-zone v0.1.59
[INFO] [stderr]    Compiling log v0.4.20
[INFO] [stderr]    Compiling termcolor v1.1.3
[INFO] [stderr]    Compiling thread_local v1.1.7
[INFO] [stderr]    Compiling chrono v0.4.31
[INFO] [stderr]    Compiling atty v0.2.14
[INFO] [stderr]    Compiling stderrlog v0.5.4
[INFO] [stderr]    Compiling w5500-sntp v0.4.0 (/opt/rustwide/workdir)
[INFO] [stdout] error[E0432]: unresolved import `w5500_regsim`
[INFO] [stdout]  --> tests/end_to_end.rs:2:5
[INFO] [stdout]   |
[INFO] [stdout] 2 | use w5500_regsim::W5500;
[INFO] [stdout]   |     ^^^^^^^^^^^^ use of undeclared crate or module `w5500_regsim`
[INFO] [stdout] 
[INFO] [stdout] 
[INFO] [stdout] error[E0433]: failed to resolve: function `chrono` is not a crate or module
[INFO] [stdout]    --> src/timestamp.rs:131:9
[INFO] [stdout]     |
[INFO] [stdout] 131 |     use chrono::naive::{NaiveDate, NaiveDateTime, NaiveTime};
[INFO] [stdout]     |         ^^^^^^ function `chrono` is not a crate or module
[INFO] [stdout] 
[INFO] [stdout] 
[INFO] [stdout] error[E0432]: unresolved import `num_rational`
[INFO] [stdout]   --> src/fixed_point.rs:52:9
[INFO] [stdout]    |
[INFO] [stdout] 52 |     use num_rational::Ratio;
[INFO] [stdout]    |         ^^^^^^^^^^^^ use of undeclared crate or module `num_rational`
[INFO] [stdout] 
[INFO] [stdout] 
[INFO] [stdout] error[E0432]: unresolved import `time`
[INFO] [stdout]    --> src/timestamp.rs:132:9
[INFO] [stdout]     |
[INFO] [stdout] 132 |     use time::PrimitiveDateTime;
[INFO] [stdout]     |         ^^^^ help: a similar path exists: `std::time`
[INFO] [stdout] 
[INFO] [stdout] 
[INFO] [stdout] error: aborting due to 1 previous error
[INFO] [stdout] 
[INFO] [stdout] 
[INFO] [stdout] For more information about this error, try `rustc --explain E0432`.
[INFO] [stdout] 
[INFO] [stdout] error[E0433]: failed to resolve: function `time` is not a crate or module
[INFO] [stdout]    --> src/timestamp.rs:164:39
[INFO] [stdout]     |
[INFO] [stdout] 164 |         core::assert_eq!(pdt.month(), time::Month::April);
[INFO] [stdout]     |                                       ^^^^ function `time` is not a crate or module
[INFO] [stdout] 
[INFO] [stdout] 
[INFO] [stderr] error: could not compile `w5500-sntp` (test "end_to_end") due to 2 previous errors
[INFO] [stderr] warning: build failed, waiting for other jobs to finish...
[INFO] [stdout] error[E0433]: failed to resolve: function `time` is not a crate or module
[INFO] [stdout]    --> src/timestamp.rs:189:13
[INFO] [stdout]     |
[INFO] [stdout] 189 |             time::Date::from_calendar_date(2036, time::Month::February, 7).unwrap();
[INFO] [stdout]     |             ^^^^ function `time` is not a crate or module
[INFO] [stdout] 
[INFO] [stdout] 
[INFO] [stdout] error[E0433]: failed to resolve: function `time` is not a crate or module
[INFO] [stdout]    --> src/timestamp.rs:189:50
[INFO] [stdout]     |
[INFO] [stdout] 189 |             time::Date::from_calendar_date(2036, time::Month::February, 7).unwrap();
[INFO] [stdout]     |                                                  ^^^^ function `time` is not a crate or module
[INFO] [stdout] 
[INFO] [stdout] 
[INFO] [stdout] error[E0433]: failed to resolve: function `time` is not a crate or module
[INFO] [stdout]    --> src/timestamp.rs:190:32
[INFO] [stdout]     |
[INFO] [stdout] 190 |         let time: time::Time = time::Time::from_hms(6, 28, 16).unwrap();
[INFO] [stdout]     |                                ^^^^ function `time` is not a crate or module
[INFO] [stdout] 
[INFO] [stdout] 
[INFO] [stdout] error[E0599]: no method named `secs` found for struct `Timestamp` in the current scope
[INFO] [stdout]    --> src/timestamp.rs:150:36
[INFO] [stdout]     |
[INFO] [stdout] 8   | pub struct Timestamp {
[INFO] [stdout]     | -------------------- method `secs` not found for this struct
[INFO] [stdout] ...
[INFO] [stdout] 150 |         core::assert_eq!(timestamp.secs(), timestamp_converted.secs());
[INFO] [stdout]     |                                    ^^^^ method not found in `Timestamp`
[INFO] [stdout] 
[INFO] [stdout] 
[INFO] [stdout] error[E0599]: no method named `nanos` found for struct `Timestamp` in the current scope
[INFO] [stdout]    --> src/timestamp.rs:151:41
[INFO] [stdout]     |
[INFO] [stdout] 8   | pub struct Timestamp {
[INFO] [stdout]     | -------------------- method `nanos` not found for this struct
[INFO] [stdout] ...
[INFO] [stdout] 151 |         let nanos_diff: u32 = timestamp.nanos().abs_diff(timestamp_converted.nanos());
[INFO] [stdout]     |                                         ^^^^^ method not found in `Timestamp`
[INFO] [stdout] 
[INFO] [stdout] 
[INFO] [stdout] error[E0433]: failed to resolve: function `time` is not a crate or module
[INFO] [stdout]    --> src/timestamp.rs:188:19
[INFO] [stdout]     |
[INFO] [stdout] 188 |         let date: time::Date =
[INFO] [stdout]     |                   ^^^^ function `time` is not a crate or module
[INFO] [stdout] 
[INFO] [stdout] 
[INFO] [stdout] error[E0433]: failed to resolve: function `time` is not a crate or module
[INFO] [stdout]    --> src/timestamp.rs:190:19
[INFO] [stdout]     |
[INFO] [stdout] 190 |         let time: time::Time = time::Time::from_hms(6, 28, 16).unwrap();
[INFO] [stdout]     |                   ^^^^ function `time` is not a crate or module
[INFO] [stdout] 
[INFO] [stdout] 
[INFO] [stdout] error: aborting due to 11 previous errors
[INFO] [stdout] 
[INFO] [stdout] 
[INFO] [stdout] Some errors have detailed explanations: E0432, E0433, E0599.
[INFO] [stdout] 
[INFO] [stdout] For more information about an error, try `rustc --explain E0432`.
[INFO] [stdout] 
[INFO] [stderr] error: could not compile `w5500-sntp` (lib test) due to 12 previous errors
[INFO] running `Command { std: "docker" "inspect" "08e6e0b11c9e2647083403712a8271f275c1471756db933cce4793d457af2a9e", kill_on_drop: false }`
[INFO] running `Command { std: "docker" "rm" "-f" "08e6e0b11c9e2647083403712a8271f275c1471756db933cce4793d457af2a9e", kill_on_drop: false }`
[INFO] [stdout] 08e6e0b11c9e2647083403712a8271f275c1471756db933cce4793d457af2a9e
