[INFO] fetching crate w25q32jv 0.3.2...
[INFO] testing w25q32jv-0.3.2 against 1.75.0 for beta-1.76-1
[INFO] extracting crate w25q32jv 0.3.2 into /workspace/builds/worker-2-tc1/source
[INFO] validating manifest of crates.io crate w25q32jv 0.3.2 on toolchain 1.75.0
[INFO] running `Command { std: CARGO_HOME="/workspace/cargo-home" RUSTUP_HOME="/workspace/rustup-home" "/workspace/cargo-home/bin/cargo" "+1.75.0" "metadata" "--manifest-path" "Cargo.toml" "--no-deps", kill_on_drop: false }`
[INFO] removed /workspace/builds/worker-2-tc1/source/.cargo/config.toml
[INFO] removed /workspace/builds/worker-2-tc1/source/rust-toolchain.toml
[INFO] started tweaking crates.io crate w25q32jv 0.3.2
[INFO] removed 0 missing examples
[INFO] finished tweaking crates.io crate w25q32jv 0.3.2
[INFO] tweaked toml for crates.io crate w25q32jv 0.3.2 written to /workspace/builds/worker-2-tc1/source/Cargo.toml
[INFO] crate crates.io crate w25q32jv 0.3.2 already has a lockfile, it will not be regenerated
[INFO] running `Command { std: CARGO_HOME="/workspace/cargo-home" RUSTUP_HOME="/workspace/rustup-home" "/workspace/cargo-home/bin/cargo" "+1.75.0" "fetch" "--manifest-path" "Cargo.toml", kill_on_drop: false }`
[INFO] [stderr]     Updating crates.io index
[INFO] [stderr]  Downloading crates ...
[INFO] [stderr]   Downloaded embedded-storage-async v0.4.0
[INFO] [stderr]   Downloaded embedded-hal v1.0.0-rc.1
[INFO] [stderr]   Downloaded embedded-hal-async v1.0.0-rc.1
[INFO] [stderr]   Downloaded embedded-hal-bus v0.1.0-rc.1
[INFO] running `Command { std: "docker" "create" "-v" "/var/lib/crater-agent-workspace/builds/worker-2-tc1/target:/opt/rustwide/target:rw,Z" "-v" "/var/lib/crater-agent-workspace/builds/worker-2-tc1/source:/opt/rustwide/workdir:ro,Z" "-v" "/var/lib/crater-agent-workspace/cargo-home:/opt/rustwide/cargo-home:ro,Z" "-v" "/var/lib/crater-agent-workspace/rustup-home:/opt/rustwide/rustup-home:ro,Z" "-e" "SOURCE_DIR=/opt/rustwide/workdir" "-e" "CARGO_TARGET_DIR=/opt/rustwide/target" "-e" "CARGO_HOME=/opt/rustwide/cargo-home" "-e" "RUSTUP_HOME=/opt/rustwide/rustup-home" "-w" "/opt/rustwide/workdir" "-m" "1610612736" "--user" "0:0" "--network" "none" "ghcr.io/rust-lang/crates-build-env/linux@sha256:2788e3201cd34a07e3172128adcd8b3090168a8e3bcc40d7c032b9dda1df7d1c" "/opt/rustwide/cargo-home/bin/cargo" "+1.75.0" "metadata" "--no-deps" "--format-version=1", kill_on_drop: false }`
[INFO] [stdout] 6df79bb888896eae2910da167132d52be42533710ee125dd2da8d7b04c9650da
[INFO] running `Command { std: "docker" "start" "-a" "6df79bb888896eae2910da167132d52be42533710ee125dd2da8d7b04c9650da", kill_on_drop: false }`
[INFO] running `Command { std: "docker" "inspect" "6df79bb888896eae2910da167132d52be42533710ee125dd2da8d7b04c9650da", kill_on_drop: false }`
[INFO] running `Command { std: "docker" "rm" "-f" "6df79bb888896eae2910da167132d52be42533710ee125dd2da8d7b04c9650da", kill_on_drop: false }`
[INFO] [stdout] 6df79bb888896eae2910da167132d52be42533710ee125dd2da8d7b04c9650da
[INFO] running `Command { std: "docker" "create" "-v" "/var/lib/crater-agent-workspace/builds/worker-2-tc1/target:/opt/rustwide/target:rw,Z" "-v" "/var/lib/crater-agent-workspace/builds/worker-2-tc1/source:/opt/rustwide/workdir:ro,Z" "-v" "/var/lib/crater-agent-workspace/cargo-home:/opt/rustwide/cargo-home:ro,Z" "-v" "/var/lib/crater-agent-workspace/rustup-home:/opt/rustwide/rustup-home:ro,Z" "-e" "SOURCE_DIR=/opt/rustwide/workdir" "-e" "CARGO_TARGET_DIR=/opt/rustwide/target" "-e" "CARGO_INCREMENTAL=0" "-e" "RUST_BACKTRACE=full" "-e" "RUSTFLAGS=--cap-lints=warn" "-e" "RUSTDOCFLAGS=--cap-lints=warn" "-e" "CARGO_HOME=/opt/rustwide/cargo-home" "-e" "RUSTUP_HOME=/opt/rustwide/rustup-home" "-w" "/opt/rustwide/workdir" "-m" "1610612736" "--user" "0:0" "--network" "none" "ghcr.io/rust-lang/crates-build-env/linux@sha256:2788e3201cd34a07e3172128adcd8b3090168a8e3bcc40d7c032b9dda1df7d1c" "/opt/rustwide/cargo-home/bin/cargo" "+1.75.0" "build" "--frozen" "--message-format=json", kill_on_drop: false }`
[INFO] [stdout] 12d46a20c07c0f66fa996ac2c60a28358d596f246a166af16c04a8ac812ddc45
[INFO] running `Command { std: "docker" "start" "-a" "12d46a20c07c0f66fa996ac2c60a28358d596f246a166af16c04a8ac812ddc45", kill_on_drop: false }`
[INFO] [stderr]    Compiling embedded-hal v1.0.0-rc.1
[INFO] [stderr]    Compiling embedded-storage v0.3.0
[INFO] [stderr]    Compiling embedded-storage-async v0.4.0
[INFO] [stderr]    Compiling embedded-hal-async v1.0.0-rc.1
[INFO] [stdout] error[E0554]: `#![feature]` may not be used on the stable release channel
[INFO] [stdout]  --> /opt/rustwide/cargo-home/registry/src/index.crates.io-6f17d22bba15001f/embedded-storage-async-0.4.0/src/lib.rs:7:1
[INFO] [stdout]   |
[INFO] [stdout] 7 | #![feature(async_fn_in_trait)]
[INFO] [stdout]   | ^^^^^^^^^^^^^^^^^^^^^^^^^^^^^^ help: remove the attribute
[INFO] [stdout]   |
[INFO] [stdout]   = help: the feature `async_fn_in_trait` has been stable since `1.75.0` and no longer requires an attribute to enable
[INFO] [stdout] 
[INFO] [stdout] 
[INFO] [stdout] error: aborting due to previous error
[INFO] [stdout] 
[INFO] [stdout] 
[INFO] [stdout] For more information about this error, try `rustc --explain E0554`.
[INFO] [stdout] 
[INFO] [stderr] error: could not compile `embedded-storage-async` (lib) due to 2 previous errors
[INFO] [stderr] warning: build failed, waiting for other jobs to finish...
[INFO] [stdout] error[E0554]: `#![feature]` may not be used on the stable release channel
[INFO] [stdout]  --> /opt/rustwide/cargo-home/registry/src/index.crates.io-6f17d22bba15001f/embedded-hal-async-1.0.0-rc.1/src/lib.rs:4:1
[INFO] [stdout]   |
[INFO] [stdout] 4 | #![feature(async_fn_in_trait, impl_trait_projections)]
[INFO] [stdout]   | ^^^^^^^^^^^^^^^^^^^^^^^^^^^^^^^^^^^^^^^^^^^^^^^^^^^^^^ help: remove the attribute
[INFO] [stdout]   |
[INFO] [stdout]   = help: the feature `impl_trait_projections` has been stable since `1.74.0` and no longer requires an attribute to enable
[INFO] [stdout]   = help: the feature `impl_trait_projections` has been stable since `1.74.0` and no longer requires an attribute to enable
[INFO] [stdout] 
[INFO] [stdout] 
[INFO] [stdout] error: aborting due to previous error
[INFO] [stdout] 
[INFO] [stdout] 
[INFO] [stdout] For more information about this error, try `rustc --explain E0554`.
[INFO] [stdout] 
[INFO] [stderr] error: could not compile `embedded-hal-async` (lib) due to 2 previous errors
[INFO] running `Command { std: "docker" "inspect" "12d46a20c07c0f66fa996ac2c60a28358d596f246a166af16c04a8ac812ddc45", kill_on_drop: false }`
[INFO] running `Command { std: "docker" "rm" "-f" "12d46a20c07c0f66fa996ac2c60a28358d596f246a166af16c04a8ac812ddc45", kill_on_drop: false }`
[INFO] [stdout] 12d46a20c07c0f66fa996ac2c60a28358d596f246a166af16c04a8ac812ddc45
[INFO] testing w25q32jv-0.3.2 against beta-2023-12-22 for beta-1.76-1
[INFO] extracting crate w25q32jv 0.3.2 into /workspace/builds/worker-2-tc2/source
[INFO] validating manifest of crates.io crate w25q32jv 0.3.2 on toolchain beta-2023-12-22
[INFO] running `Command { std: CARGO_HOME="/workspace/cargo-home" RUSTUP_HOME="/workspace/rustup-home" "/workspace/cargo-home/bin/cargo" "+beta-2023-12-22" "metadata" "--manifest-path" "Cargo.toml" "--no-deps", kill_on_drop: false }`
[INFO] removed /workspace/builds/worker-2-tc2/source/.cargo/config.toml
[INFO] removed /workspace/builds/worker-2-tc2/source/rust-toolchain.toml
[INFO] started tweaking crates.io crate w25q32jv 0.3.2
[INFO] removed 0 missing examples
[INFO] finished tweaking crates.io crate w25q32jv 0.3.2
[INFO] tweaked toml for crates.io crate w25q32jv 0.3.2 written to /workspace/builds/worker-2-tc2/source/Cargo.toml
[INFO] crate crates.io crate w25q32jv 0.3.2 already has a lockfile, it will not be regenerated
[INFO] running `Command { std: CARGO_HOME="/workspace/cargo-home" RUSTUP_HOME="/workspace/rustup-home" "/workspace/cargo-home/bin/cargo" "+beta-2023-12-22" "fetch" "--manifest-path" "Cargo.toml", kill_on_drop: false }`
[INFO] running `Command { std: "docker" "create" "-v" "/var/lib/crater-agent-workspace/builds/worker-2-tc2/target:/opt/rustwide/target:rw,Z" "-v" "/var/lib/crater-agent-workspace/builds/worker-2-tc2/source:/opt/rustwide/workdir:ro,Z" "-v" "/var/lib/crater-agent-workspace/cargo-home:/opt/rustwide/cargo-home:ro,Z" "-v" "/var/lib/crater-agent-workspace/rustup-home:/opt/rustwide/rustup-home:ro,Z" "-e" "SOURCE_DIR=/opt/rustwide/workdir" "-e" "CARGO_TARGET_DIR=/opt/rustwide/target" "-e" "CARGO_HOME=/opt/rustwide/cargo-home" "-e" "RUSTUP_HOME=/opt/rustwide/rustup-home" "-w" "/opt/rustwide/workdir" "-m" "1610612736" "--user" "0:0" "--network" "none" "ghcr.io/rust-lang/crates-build-env/linux@sha256:2788e3201cd34a07e3172128adcd8b3090168a8e3bcc40d7c032b9dda1df7d1c" "/opt/rustwide/cargo-home/bin/cargo" "+beta-2023-12-22" "metadata" "--no-deps" "--format-version=1", kill_on_drop: false }`
[INFO] [stdout] a50e96cfe94712fa3ab12aefafdb41dc1c7e87aefcb626290a672cbf550a7267
[INFO] running `Command { std: "docker" "start" "-a" "a50e96cfe94712fa3ab12aefafdb41dc1c7e87aefcb626290a672cbf550a7267", kill_on_drop: false }`
[INFO] running `Command { std: "docker" "inspect" "a50e96cfe94712fa3ab12aefafdb41dc1c7e87aefcb626290a672cbf550a7267", kill_on_drop: false }`
[INFO] running `Command { std: "docker" "rm" "-f" "a50e96cfe94712fa3ab12aefafdb41dc1c7e87aefcb626290a672cbf550a7267", kill_on_drop: false }`
[INFO] [stdout] a50e96cfe94712fa3ab12aefafdb41dc1c7e87aefcb626290a672cbf550a7267
[INFO] running `Command { std: "docker" "create" "-v" "/var/lib/crater-agent-workspace/builds/worker-2-tc2/target:/opt/rustwide/target:rw,Z" "-v" "/var/lib/crater-agent-workspace/builds/worker-2-tc2/source:/opt/rustwide/workdir:ro,Z" "-v" "/var/lib/crater-agent-workspace/cargo-home:/opt/rustwide/cargo-home:ro,Z" "-v" "/var/lib/crater-agent-workspace/rustup-home:/opt/rustwide/rustup-home:ro,Z" "-e" "SOURCE_DIR=/opt/rustwide/workdir" "-e" "CARGO_TARGET_DIR=/opt/rustwide/target" "-e" "CARGO_INCREMENTAL=0" "-e" "RUST_BACKTRACE=full" "-e" "RUSTFLAGS=--cap-lints=warn" "-e" "RUSTDOCFLAGS=--cap-lints=warn" "-e" "CARGO_HOME=/opt/rustwide/cargo-home" "-e" "RUSTUP_HOME=/opt/rustwide/rustup-home" "-w" "/opt/rustwide/workdir" "-m" "1610612736" "--user" "0:0" "--network" "none" "ghcr.io/rust-lang/crates-build-env/linux@sha256:2788e3201cd34a07e3172128adcd8b3090168a8e3bcc40d7c032b9dda1df7d1c" "/opt/rustwide/cargo-home/bin/cargo" "+beta-2023-12-22" "build" "--frozen" "--message-format=json", kill_on_drop: false }`
[INFO] [stdout] 7defeea03bb7bc0147f883778cb9f98806ab95308625af790f2194e4260dd93c
[INFO] running `Command { std: "docker" "start" "-a" "7defeea03bb7bc0147f883778cb9f98806ab95308625af790f2194e4260dd93c", kill_on_drop: false }`
[INFO] [stderr]    Compiling embedded-storage v0.3.0
[INFO] [stderr]    Compiling embedded-hal v1.0.0-rc.1
[INFO] [stderr]    Compiling embedded-storage-async v0.4.0
[INFO] [stderr]    Compiling embedded-hal-async v1.0.0-rc.1
[INFO] [stdout] error[E0554]: `#![feature]` may not be used on the beta release channel
[INFO] [stdout]  --> /opt/rustwide/cargo-home/registry/src/index.crates.io-6f17d22bba15001f/embedded-hal-async-1.0.0-rc.1/src/lib.rs:4:1
[INFO] [stdout]   |
[INFO] [stdout] 4 | #![feature(async_fn_in_trait, impl_trait_projections)]
[INFO] [stdout]   | ^^^^^^^^^^^^^^^^^^^^^^^^^^^^^^^^^^^^^^^^^^^^^^^^^^^^^^ help: remove the attribute
[INFO] [stdout]   |
[INFO] [stdout]   = help: the feature `impl_trait_projections` has been stable since `1.74.0` and no longer requires an attribute to enable
[INFO] [stdout]   = help: the feature `impl_trait_projections` has been stable since `1.74.0` and no longer requires an attribute to enable
[INFO] [stdout] 
[INFO] [stdout] 
[INFO] [stdout] error[E0554]: `#![feature]` may not be used on the beta release channel
[INFO] [stdout]  --> /opt/rustwide/cargo-home/registry/src/index.crates.io-6f17d22bba15001f/embedded-storage-async-0.4.0/src/lib.rs:7:1
[INFO] [stdout]   |
[INFO] [stdout] 7 | #![feature(async_fn_in_trait)]
[INFO] [stdout]   | ^^^^^^^^^^^^^^^^^^^^^^^^^^^^^^ help: remove the attribute
[INFO] [stdout]   |
[INFO] [stdout]   = help: the feature `async_fn_in_trait` has been stable since `1.75.0` and no longer requires an attribute to enable
[INFO] [stdout] 
[INFO] [stdout] 
[INFO] [stdout] error: aborting due to 1 previous error
[INFO] [stdout] 
[INFO] [stdout] 
[INFO] [stdout] For more information about this error, try `rustc --explain E0554`.
[INFO] [stdout] 
[INFO] [stderr] error: could not compile `embedded-storage-async` (lib) due to 2 previous errors
[INFO] [stderr] warning: build failed, waiting for other jobs to finish...
[INFO] [stdout] error: aborting due to 1 previous error
[INFO] [stdout] 
[INFO] [stdout] 
[INFO] [stdout] For more information about this error, try `rustc --explain E0554`.
[INFO] [stdout] 
[INFO] [stderr] error: could not compile `embedded-hal-async` (lib) due to 2 previous errors
[INFO] running `Command { std: "docker" "inspect" "7defeea03bb7bc0147f883778cb9f98806ab95308625af790f2194e4260dd93c", kill_on_drop: false }`
[INFO] running `Command { std: "docker" "rm" "-f" "7defeea03bb7bc0147f883778cb9f98806ab95308625af790f2194e4260dd93c", kill_on_drop: false }`
[INFO] [stdout] 7defeea03bb7bc0147f883778cb9f98806ab95308625af790f2194e4260dd93c
