[INFO] fetching crate vsmtp-config 2.2.1...
[INFO] testing vsmtp-config-2.2.1 against 1.75.0 for beta-1.76-1
[INFO] extracting crate vsmtp-config 2.2.1 into /workspace/builds/worker-5-tc1/source
[INFO] validating manifest of crates.io crate vsmtp-config 2.2.1 on toolchain 1.75.0
[INFO] running `Command { std: CARGO_HOME="/workspace/cargo-home" RUSTUP_HOME="/workspace/rustup-home" "/workspace/cargo-home/bin/cargo" "+1.75.0" "metadata" "--manifest-path" "Cargo.toml" "--no-deps", kill_on_drop: false }`
[INFO] started tweaking crates.io crate vsmtp-config 2.2.1
[INFO] finished tweaking crates.io crate vsmtp-config 2.2.1
[INFO] tweaked toml for crates.io crate vsmtp-config 2.2.1 written to /workspace/builds/worker-5-tc1/source/Cargo.toml
[INFO] running `Command { std: CARGO_HOME="/workspace/cargo-home" RUSTUP_HOME="/workspace/rustup-home" "/workspace/cargo-home/bin/cargo" "+1.75.0" "generate-lockfile" "--manifest-path" "Cargo.toml", kill_on_drop: false }`
[INFO] [stderr]     Updating crates.io index
[INFO] running `Command { std: CARGO_HOME="/workspace/cargo-home" RUSTUP_HOME="/workspace/rustup-home" "/workspace/cargo-home/bin/cargo" "+1.75.0" "fetch" "--manifest-path" "Cargo.toml", kill_on_drop: false }`
[INFO] [stderr]  Downloading crates ...
[INFO] [stderr]   Downloaded function_name-proc-macro v0.3.0
[INFO] [stderr]   Downloaded function_name v0.3.0
[INFO] [stderr]   Downloaded viaspf v0.5.3
[INFO] [stderr]   Downloaded vsmtp-auth v2.2.1
[INFO] [stderr]   Downloaded vsmtp-mail-parser v2.2.1
[INFO] [stderr]   Downloaded viaspf-record v0.4.1
[INFO] [stderr]   Downloaded iprange v0.6.7
[INFO] [stderr]   Downloaded rsa v0.8.2
[INFO] [stderr]   Downloaded vsmtp-common v2.2.1
[INFO] [stderr]   Downloaded rsasl v2.0.0
[INFO] [stderr]   Downloaded lettre v0.10.4
[INFO] [stderr]   Downloaded ring-compat v0.7.0
[INFO] [stderr]   Downloaded addr v0.15.6
[INFO] [stderr]   Downloaded vsmtp-plugin-vsl v2.2.1
[INFO] running `Command { std: "docker" "create" "-v" "/var/lib/crater-agent-workspace/builds/worker-5-tc1/target:/opt/rustwide/target:rw,Z" "-v" "/var/lib/crater-agent-workspace/builds/worker-5-tc1/source:/opt/rustwide/workdir:ro,Z" "-v" "/var/lib/crater-agent-workspace/cargo-home:/opt/rustwide/cargo-home:ro,Z" "-v" "/var/lib/crater-agent-workspace/rustup-home:/opt/rustwide/rustup-home:ro,Z" "-e" "SOURCE_DIR=/opt/rustwide/workdir" "-e" "CARGO_TARGET_DIR=/opt/rustwide/target" "-e" "CARGO_HOME=/opt/rustwide/cargo-home" "-e" "RUSTUP_HOME=/opt/rustwide/rustup-home" "-w" "/opt/rustwide/workdir" "-m" "1610612736" "--user" "0:0" "--network" "none" "ghcr.io/rust-lang/crates-build-env/linux@sha256:2788e3201cd34a07e3172128adcd8b3090168a8e3bcc40d7c032b9dda1df7d1c" "/opt/rustwide/cargo-home/bin/cargo" "+1.75.0" "metadata" "--no-deps" "--format-version=1", kill_on_drop: false }`
[INFO] [stdout] 5aa0f49051c730d544acfbeea07172b567a641ef06e558a639407115a433c0da
[INFO] running `Command { std: "docker" "start" "-a" "5aa0f49051c730d544acfbeea07172b567a641ef06e558a639407115a433c0da", kill_on_drop: false }`
[INFO] running `Command { std: "docker" "inspect" "5aa0f49051c730d544acfbeea07172b567a641ef06e558a639407115a433c0da", kill_on_drop: false }`
[INFO] running `Command { std: "docker" "rm" "-f" "5aa0f49051c730d544acfbeea07172b567a641ef06e558a639407115a433c0da", kill_on_drop: false }`
[INFO] [stdout] 5aa0f49051c730d544acfbeea07172b567a641ef06e558a639407115a433c0da
[INFO] running `Command { std: "docker" "create" "-v" "/var/lib/crater-agent-workspace/builds/worker-5-tc1/target:/opt/rustwide/target:rw,Z" "-v" "/var/lib/crater-agent-workspace/builds/worker-5-tc1/source:/opt/rustwide/workdir:ro,Z" "-v" "/var/lib/crater-agent-workspace/cargo-home:/opt/rustwide/cargo-home:ro,Z" "-v" "/var/lib/crater-agent-workspace/rustup-home:/opt/rustwide/rustup-home:ro,Z" "-e" "SOURCE_DIR=/opt/rustwide/workdir" "-e" "CARGO_TARGET_DIR=/opt/rustwide/target" "-e" "CARGO_INCREMENTAL=0" "-e" "RUST_BACKTRACE=full" "-e" "RUSTFLAGS=--cap-lints=warn" "-e" "RUSTDOCFLAGS=--cap-lints=warn" "-e" "CARGO_HOME=/opt/rustwide/cargo-home" "-e" "RUSTUP_HOME=/opt/rustwide/rustup-home" "-w" "/opt/rustwide/workdir" "-m" "1610612736" "--user" "0:0" "--network" "none" "ghcr.io/rust-lang/crates-build-env/linux@sha256:2788e3201cd34a07e3172128adcd8b3090168a8e3bcc40d7c032b9dda1df7d1c" "/opt/rustwide/cargo-home/bin/cargo" "+1.75.0" "build" "--frozen" "--message-format=json", kill_on_drop: false }`
[INFO] [stdout] 966bf818e83640a9ab03c8576be1562a85166cac6931b7b155d39655fbf7a7d0
[INFO] running `Command { std: "docker" "start" "-a" "966bf818e83640a9ab03c8576be1562a85166cac6931b7b155d39655fbf7a7d0", kill_on_drop: false }`
[INFO] [stderr]    Compiling libc v0.2.151
[INFO] [stderr]    Compiling serde v1.0.194
[INFO] [stderr]    Compiling zeroize v1.7.0
[INFO] [stderr]    Compiling const-oid v0.9.6
[INFO] [stderr]    Compiling spin v0.9.8
[INFO] [stderr]    Compiling untrusted v0.9.0
[INFO] [stderr]    Compiling generic-array v0.14.7
[INFO] [stderr]    Compiling subtle v2.5.0
[INFO] [stderr]    Compiling futures-core v0.3.30
[INFO] [stderr]    Compiling syn v1.0.109
[INFO] [stderr]    Compiling libm v0.2.8
[INFO] [stderr]    Compiling syn v2.0.48
[INFO] [stderr]    Compiling num-traits v0.2.17
[INFO] [stderr]    Compiling base16ct v0.2.0
[INFO] [stderr]    Compiling async-trait v0.1.77
[INFO] [stderr]    Compiling base64ct v1.6.0
[INFO] [stderr]    Compiling rustls v0.20.9
[INFO] [stderr]    Compiling der v0.7.8
[INFO] [stderr]    Compiling base64 v0.21.5
[INFO] [stderr]    Compiling lazy_static v1.4.0
[INFO] [stderr]    Compiling num-integer v0.1.45
[INFO] [stderr]    Compiling futures-util v0.3.30
[INFO] [stderr]    Compiling num-iter v0.1.43
[INFO] [stderr]    Compiling fnv v1.0.7
[INFO] [stderr]    Compiling strsim v0.10.0
[INFO] [stderr]    Compiling match_cfg v0.1.0
[INFO] [stderr]    Compiling pem-rfc7468 v0.6.0
[INFO] [stderr]    Compiling rustversion v1.0.14
[INFO] [stderr]    Compiling rustls-pemfile v1.0.4
[INFO] [stderr]    Compiling ident_case v1.0.1
[INFO] [stderr]    Compiling ipnet v2.9.0
[INFO] [stderr]    Compiling tiny-keccak v2.0.2
[INFO] [stderr]    Compiling der v0.6.1
[INFO] [stderr]    Compiling futures-channel v0.3.30
[INFO] [stderr]    Compiling rustls v0.21.10
[INFO] [stderr]    Compiling anyhow v1.0.79
[INFO] [stderr]    Compiling quick-error v1.2.3
[INFO] [stderr]    Compiling num-bigint-dig v0.8.4
[INFO] [stderr]    Compiling cc v1.0.83
[INFO] [stderr]    Compiling serde_json v1.0.111
[INFO] [stderr]    Compiling linked-hash-map v0.5.6
[INFO] [stderr]    Compiling getrandom v0.2.11
[INFO] [stderr]    Compiling block-buffer v0.10.4
[INFO] [stderr]    Compiling crypto-common v0.1.6
[INFO] [stderr]    Compiling lru-cache v0.1.2
[INFO] [stderr]    Compiling digest v0.10.7
[INFO] [stderr]    Compiling idna v0.3.0
[INFO] [stderr]    Compiling unicode-segmentation v1.10.1
[INFO] [stderr]    Compiling once_cell v1.19.0
[INFO] [stderr]    Compiling mio v0.8.10
[INFO] [stderr]    Compiling socket2 v0.5.5
[INFO] [stderr]    Compiling num_cpus v1.16.0
[INFO] [stderr]    Compiling hostname v0.3.1
[INFO] [stderr]    Compiling rand_core v0.6.4
[INFO] [stderr]    Compiling sec1 v0.7.3
[INFO] [stderr]    Compiling spki v0.7.3
[INFO] [stderr]    Compiling resolv-conf v0.7.0
[INFO] [stderr]    Compiling ff v0.13.0
[INFO] [stderr]    Compiling rand_chacha v0.3.1
[INFO] [stderr]    Compiling group v0.13.0
[INFO] [stderr]    Compiling signature v2.2.0
[INFO] [stderr]    Compiling crypto-bigint v0.5.5
[INFO] [stderr]    Compiling spki v0.6.0
[INFO] [stderr]    Compiling rand v0.8.5
[INFO] [stderr]    Compiling ed25519 v2.2.3
[INFO] [stderr]    Compiling pkcs8 v0.10.2
[INFO] [stderr]    Compiling pkcs8 v0.9.0
[INFO] [stderr]    Compiling convert_case v0.6.0
[INFO] [stderr]    Compiling const-random-macro v0.1.16
[INFO] [stderr]    Compiling ahash v0.8.7
[INFO] [stderr]    Compiling pkcs1 v0.4.1
[INFO] [stderr]    Compiling ring v0.17.7
[INFO] [stderr]    Compiling ring v0.16.20
[INFO] [stderr]    Compiling smartstring v1.0.1
[INFO] [stderr]    Compiling finl_unicode v1.2.0
[INFO] [stderr]    Compiling base64 v0.13.1
[INFO] [stderr]    Compiling cpufeatures v0.2.12
[INFO] [stderr]    Compiling time-core v0.1.2
[INFO] [stderr]    Compiling powerfmt v0.2.0
[INFO] [stderr]    Compiling regex-syntax v0.8.2
[INFO] [stderr]    Compiling psl-types v2.0.11
[INFO] [stderr]    Compiling viaspf-record v0.4.1
[INFO] [stderr]    Compiling addr v0.15.6
[INFO] [stderr]    Compiling stringprep v0.1.4
[INFO] [stderr]    Compiling const-random v0.1.17
[INFO] [stderr]    Compiling time-macros v0.2.16
[INFO] [stderr]    Compiling sha2 v0.10.8
[INFO] [stderr]    Compiling nom v7.1.3
[INFO] [stderr]    Compiling acid_io v0.1.0
[INFO] [stderr]    Compiling socket2 v0.4.10
[INFO] [stderr]    Compiling email-encoding v0.2.0
[INFO] [stderr]    Compiling static_assertions v1.1.0
[INFO] [stderr]    Compiling zerocopy v0.7.32
[INFO] [stderr]    Compiling function_name-proc-macro v0.3.0
[INFO] [stderr]    Compiling email_address v0.2.4
[INFO] [stderr]    Compiling quoted_printable v0.4.8
[INFO] [stderr]    Compiling fastrand v1.9.0
[INFO] [stderr]    Compiling regex-automata v0.1.10
[INFO] [stderr]    Compiling semver v1.0.21
[INFO] [stderr]    Compiling function_name v0.3.0
[INFO] [stderr]    Compiling bitflags v1.3.2
[INFO] [stderr]    Compiling users v0.11.0
[INFO] [stderr]    Compiling iprange v0.6.7
[INFO] [stderr]    Compiling thread_local v1.1.7
[INFO] [stderr]    Compiling elliptic-curve v0.13.8
[INFO] [stderr]    Compiling humantime v2.1.0
[INFO] [stderr]    Compiling pem v1.1.1
[INFO] [stderr]    Compiling darling_core v0.20.3
[INFO] [stderr]    Compiling ecdsa v0.16.9
[INFO] [stderr]    Compiling primeorder v0.13.6
[INFO] [stderr]    Compiling enum-as-inner v0.5.1
[INFO] [stderr]    Compiling strum_macros v0.24.3
[INFO] [stderr]    Compiling p256 v0.13.2
[INFO] [stderr]    Compiling matchers v0.1.0
[INFO] [stderr]    Compiling p384 v0.13.0
[INFO] [stderr]    Compiling regex-automata v0.4.3
[INFO] [stderr]    Compiling serde_derive v1.0.194
[INFO] [stderr]    Compiling tokio-macros v2.2.0
[INFO] [stderr]    Compiling tracing-attributes v0.1.27
[INFO] [stderr]    Compiling thiserror-impl v1.0.56
[INFO] [stderr]    Compiling rhai_codegen v1.6.0
[INFO] [stderr]    Compiling strum v0.24.1
[INFO] [stderr]    Compiling tokio v1.35.1
[INFO] [stderr]    Compiling darling_macro v0.20.3
[INFO] [stderr]    Compiling thiserror v1.0.56
[INFO] [stderr]    Compiling rustls-webpki v0.100.3
[INFO] [stderr]    Compiling ring-compat v0.7.0
[INFO] [stderr]    Compiling tracing v0.1.40
[INFO] [stderr]    Compiling webpki-roots v0.23.1
[INFO] [stderr]    Compiling darling v0.20.3
[INFO] [stderr]    Compiling serde_with_macros v2.3.3
[INFO] [stderr]    Compiling regex v1.10.2
[INFO] [stderr]    Compiling sct v0.7.1
[INFO] [stderr]    Compiling webpki v0.22.4
[INFO] [stderr]    Compiling rustls-webpki v0.101.7
[INFO] [stderr]    Compiling webpki-roots v0.22.6
[INFO] [stderr]    Compiling tokio-rustls v0.23.4
[INFO] [stderr]    Compiling tokio-stream v0.1.14
[INFO] [stderr]    Compiling tokio-rustls v0.24.1
[INFO] [stderr]    Compiling smallvec v1.11.2
[INFO] [stderr]    Compiling url v2.5.0
[INFO] [stderr]    Compiling deranged v0.3.11
[INFO] [stderr]    Compiling vsmtp-mail-parser v2.2.1
[INFO] [stderr]    Compiling uuid v1.6.1
[INFO] [stderr]    Compiling erased-serde v0.3.31
[INFO] [stderr]    Compiling lettre v0.10.4
[INFO] [stderr]    Compiling serde_with v2.3.3
[INFO] [stderr]    Compiling serde_path_to_error v0.1.15
[INFO] [stderr]    Compiling humantime-serde v1.1.1
[INFO] [stderr]    Compiling parking_lot_core v0.9.9
[INFO] [stderr]    Compiling tracing-subscriber v0.3.18
[INFO] [stderr]    Compiling parking_lot v0.12.1
[INFO] [stderr]    Compiling trust-dns-proto v0.22.0
[INFO] [stderr]    Compiling rsasl v2.0.0
[INFO] [stderr]    Compiling rhai v1.13.0
[INFO] [stderr]    Compiling time v0.3.31
[INFO] [stderr]    Compiling rsa v0.8.2
[INFO] [stderr]    Compiling trust-dns-resolver v0.22.0
[INFO] [stderr]    Compiling viaspf v0.5.3
[INFO] [stderr]    Compiling vsmtp-auth v2.2.1
[INFO] [stderr]    Compiling vsmtp-common v2.2.1
[INFO] [stderr]    Compiling vsmtp-plugin-vsl v2.2.1
[INFO] [stderr]    Compiling vsmtp-config v2.2.1 (/opt/rustwide/workdir)
[INFO] [stderr]     Finished dev [unoptimized + debuginfo] target(s) in 22.80s
[INFO] running `Command { std: "docker" "inspect" "966bf818e83640a9ab03c8576be1562a85166cac6931b7b155d39655fbf7a7d0", kill_on_drop: false }`
[INFO] running `Command { std: "docker" "rm" "-f" "966bf818e83640a9ab03c8576be1562a85166cac6931b7b155d39655fbf7a7d0", kill_on_drop: false }`
[INFO] [stdout] 966bf818e83640a9ab03c8576be1562a85166cac6931b7b155d39655fbf7a7d0
[INFO] running `Command { std: "docker" "create" "-v" "/var/lib/crater-agent-workspace/builds/worker-5-tc1/target:/opt/rustwide/target:rw,Z" "-v" "/var/lib/crater-agent-workspace/builds/worker-5-tc1/source:/opt/rustwide/workdir:ro,Z" "-v" "/var/lib/crater-agent-workspace/cargo-home:/opt/rustwide/cargo-home:ro,Z" "-v" "/var/lib/crater-agent-workspace/rustup-home:/opt/rustwide/rustup-home:ro,Z" "-e" "SOURCE_DIR=/opt/rustwide/workdir" "-e" "CARGO_TARGET_DIR=/opt/rustwide/target" "-e" "CARGO_INCREMENTAL=0" "-e" "RUST_BACKTRACE=full" "-e" "RUSTFLAGS=--cap-lints=warn" "-e" "RUSTDOCFLAGS=--cap-lints=warn" "-e" "CARGO_HOME=/opt/rustwide/cargo-home" "-e" "RUSTUP_HOME=/opt/rustwide/rustup-home" "-w" "/opt/rustwide/workdir" "-m" "1610612736" "--user" "0:0" "--network" "none" "ghcr.io/rust-lang/crates-build-env/linux@sha256:2788e3201cd34a07e3172128adcd8b3090168a8e3bcc40d7c032b9dda1df7d1c" "/opt/rustwide/cargo-home/bin/cargo" "+1.75.0" "test" "--frozen" "--no-run" "--message-format=json", kill_on_drop: false }`
[INFO] [stdout] 9f622c8ca87296978a7ed375a92ea45c5620a5f85cb300f87eccaf5101688edf
[INFO] running `Command { std: "docker" "start" "-a" "9f622c8ca87296978a7ed375a92ea45c5620a5f85cb300f87eccaf5101688edf", kill_on_drop: false }`
[INFO] [stderr]    Compiling vsmtp-config v2.2.1 (/opt/rustwide/workdir)
[INFO] [stdout] error[E0432]: unresolved import `vsmtp_test`
[INFO] [stdout]   --> src/parser/tls_certificate.rs:46:9
[INFO] [stdout]    |
[INFO] [stdout] 46 |     use vsmtp_test::get_tls_file;
[INFO] [stdout]    |         ^^^^^^^^^^ use of undeclared crate or module `vsmtp_test`
[INFO] [stdout] 
[INFO] [stdout] 
[INFO] [stdout] error[E0432]: unresolved import `vsmtp_test`
[INFO] [stdout]   --> src/parser/tls_private_key.rs:50:9
[INFO] [stdout]    |
[INFO] [stdout] 50 |     use vsmtp_test::get_tls_file;
[INFO] [stdout]    |         ^^^^^^^^^^ use of undeclared crate or module `vsmtp_test`
[INFO] [stdout] 
[INFO] [stdout] 
[INFO] [stdout] error: aborting due to 2 previous errors
[INFO] [stdout] 
[INFO] [stdout] 
[INFO] [stdout] For more information about this error, try `rustc --explain E0432`.
[INFO] [stdout] 
[INFO] [stderr] error: could not compile `vsmtp-config` (lib test) due to 3 previous errors
[INFO] running `Command { std: "docker" "inspect" "9f622c8ca87296978a7ed375a92ea45c5620a5f85cb300f87eccaf5101688edf", kill_on_drop: false }`
[INFO] running `Command { std: "docker" "rm" "-f" "9f622c8ca87296978a7ed375a92ea45c5620a5f85cb300f87eccaf5101688edf", kill_on_drop: false }`
[INFO] [stdout] 9f622c8ca87296978a7ed375a92ea45c5620a5f85cb300f87eccaf5101688edf
[INFO] testing vsmtp-config-2.2.1 against beta-2023-12-22 for beta-1.76-1
[INFO] extracting crate vsmtp-config 2.2.1 into /workspace/builds/worker-5-tc2/source
[INFO] validating manifest of crates.io crate vsmtp-config 2.2.1 on toolchain beta-2023-12-22
[INFO] running `Command { std: CARGO_HOME="/workspace/cargo-home" RUSTUP_HOME="/workspace/rustup-home" "/workspace/cargo-home/bin/cargo" "+beta-2023-12-22" "metadata" "--manifest-path" "Cargo.toml" "--no-deps", kill_on_drop: false }`
[INFO] started tweaking crates.io crate vsmtp-config 2.2.1
[INFO] finished tweaking crates.io crate vsmtp-config 2.2.1
[INFO] tweaked toml for crates.io crate vsmtp-config 2.2.1 written to /workspace/builds/worker-5-tc2/source/Cargo.toml
[INFO] running `Command { std: CARGO_HOME="/workspace/cargo-home" RUSTUP_HOME="/workspace/rustup-home" "/workspace/cargo-home/bin/cargo" "+beta-2023-12-22" "generate-lockfile" "--manifest-path" "Cargo.toml", kill_on_drop: false }`
[INFO] [stderr]     Updating crates.io index
[INFO] running `Command { std: CARGO_HOME="/workspace/cargo-home" RUSTUP_HOME="/workspace/rustup-home" "/workspace/cargo-home/bin/cargo" "+beta-2023-12-22" "fetch" "--manifest-path" "Cargo.toml", kill_on_drop: false }`
[INFO] running `Command { std: "docker" "create" "-v" "/var/lib/crater-agent-workspace/builds/worker-5-tc2/target:/opt/rustwide/target:rw,Z" "-v" "/var/lib/crater-agent-workspace/builds/worker-5-tc2/source:/opt/rustwide/workdir:ro,Z" "-v" "/var/lib/crater-agent-workspace/cargo-home:/opt/rustwide/cargo-home:ro,Z" "-v" "/var/lib/crater-agent-workspace/rustup-home:/opt/rustwide/rustup-home:ro,Z" "-e" "SOURCE_DIR=/opt/rustwide/workdir" "-e" "CARGO_TARGET_DIR=/opt/rustwide/target" "-e" "CARGO_HOME=/opt/rustwide/cargo-home" "-e" "RUSTUP_HOME=/opt/rustwide/rustup-home" "-w" "/opt/rustwide/workdir" "-m" "1610612736" "--user" "0:0" "--network" "none" "ghcr.io/rust-lang/crates-build-env/linux@sha256:2788e3201cd34a07e3172128adcd8b3090168a8e3bcc40d7c032b9dda1df7d1c" "/opt/rustwide/cargo-home/bin/cargo" "+beta-2023-12-22" "metadata" "--no-deps" "--format-version=1", kill_on_drop: false }`
[INFO] [stdout] 145bef3b2636c46ef0125927c6df7fa8d5fb14fe523b34734c84fe313286ca87
[INFO] running `Command { std: "docker" "start" "-a" "145bef3b2636c46ef0125927c6df7fa8d5fb14fe523b34734c84fe313286ca87", kill_on_drop: false }`
[INFO] running `Command { std: "docker" "inspect" "145bef3b2636c46ef0125927c6df7fa8d5fb14fe523b34734c84fe313286ca87", kill_on_drop: false }`
[INFO] running `Command { std: "docker" "rm" "-f" "145bef3b2636c46ef0125927c6df7fa8d5fb14fe523b34734c84fe313286ca87", kill_on_drop: false }`
[INFO] [stdout] 145bef3b2636c46ef0125927c6df7fa8d5fb14fe523b34734c84fe313286ca87
[INFO] running `Command { std: "docker" "create" "-v" "/var/lib/crater-agent-workspace/builds/worker-5-tc2/target:/opt/rustwide/target:rw,Z" "-v" "/var/lib/crater-agent-workspace/builds/worker-5-tc2/source:/opt/rustwide/workdir:ro,Z" "-v" "/var/lib/crater-agent-workspace/cargo-home:/opt/rustwide/cargo-home:ro,Z" "-v" "/var/lib/crater-agent-workspace/rustup-home:/opt/rustwide/rustup-home:ro,Z" "-e" "SOURCE_DIR=/opt/rustwide/workdir" "-e" "CARGO_TARGET_DIR=/opt/rustwide/target" "-e" "CARGO_INCREMENTAL=0" "-e" "RUST_BACKTRACE=full" "-e" "RUSTFLAGS=--cap-lints=warn" "-e" "RUSTDOCFLAGS=--cap-lints=warn" "-e" "CARGO_HOME=/opt/rustwide/cargo-home" "-e" "RUSTUP_HOME=/opt/rustwide/rustup-home" "-w" "/opt/rustwide/workdir" "-m" "1610612736" "--user" "0:0" "--network" "none" "ghcr.io/rust-lang/crates-build-env/linux@sha256:2788e3201cd34a07e3172128adcd8b3090168a8e3bcc40d7c032b9dda1df7d1c" "/opt/rustwide/cargo-home/bin/cargo" "+beta-2023-12-22" "build" "--frozen" "--message-format=json", kill_on_drop: false }`
[INFO] [stdout] b6b05a983d3d67b529d417736dbf20a4994b0618d7c08f6cfceeb551eb013fe8
[INFO] running `Command { std: "docker" "start" "-a" "b6b05a983d3d67b529d417736dbf20a4994b0618d7c08f6cfceeb551eb013fe8", kill_on_drop: false }`
[INFO] [stderr]    Compiling libc v0.2.151
[INFO] [stderr]    Compiling serde v1.0.194
[INFO] [stderr]    Compiling zeroize v1.7.0
[INFO] [stderr]    Compiling const-oid v0.9.6
[INFO] [stderr]    Compiling spin v0.9.8
[INFO] [stderr]    Compiling untrusted v0.9.0
[INFO] [stderr]    Compiling generic-array v0.14.7
[INFO] [stderr]    Compiling subtle v2.5.0
[INFO] [stderr]    Compiling syn v1.0.109
[INFO] [stderr]    Compiling libm v0.2.8
[INFO] [stderr]    Compiling futures-core v0.3.30
[INFO] [stderr]    Compiling num-traits v0.2.17
[INFO] [stderr]    Compiling syn v2.0.48
[INFO] [stderr]    Compiling async-trait v0.1.77
[INFO] [stderr]    Compiling base16ct v0.2.0
[INFO] [stderr]    Compiling base64ct v1.6.0
[INFO] [stderr]    Compiling base64 v0.21.5
[INFO] [stderr]    Compiling der v0.7.8
[INFO] [stderr]    Compiling rustls v0.20.9
[INFO] [stderr]    Compiling num-integer v0.1.45
[INFO] [stderr]    Compiling lazy_static v1.4.0
[INFO] [stderr]    Compiling futures-util v0.3.30
[INFO] [stderr]    Compiling num-iter v0.1.43
[INFO] [stderr]    Compiling pem-rfc7468 v0.6.0
[INFO] [stderr]    Compiling strsim v0.10.0
[INFO] [stderr]    Compiling ipnet v2.9.0
[INFO] [stderr]    Compiling rustls-pemfile v1.0.4
[INFO] [stderr]    Compiling tiny-keccak v2.0.2
[INFO] [stderr]    Compiling der v0.6.1
[INFO] [stderr]    Compiling fnv v1.0.7
[INFO] [stderr]    Compiling ident_case v1.0.1
[INFO] [stderr]    Compiling match_cfg v0.1.0
[INFO] [stderr]    Compiling rustversion v1.0.14
[INFO] [stderr]    Compiling futures-channel v0.3.30
[INFO] [stderr]    Compiling rustls v0.21.10
[INFO] [stderr]    Compiling serde_json v1.0.111
[INFO] [stderr]    Compiling cc v1.0.83
[INFO] [stderr]    Compiling num-bigint-dig v0.8.4
[INFO] [stderr]    Compiling linked-hash-map v0.5.6
[INFO] [stderr]    Compiling anyhow v1.0.79
[INFO] [stderr]    Compiling quick-error v1.2.3
[INFO] [stderr]    Compiling block-buffer v0.10.4
[INFO] [stderr]    Compiling crypto-common v0.1.6
[INFO] [stderr]    Compiling lru-cache v0.1.2
[INFO] [stderr]    Compiling getrandom v0.2.11
[INFO] [stderr]    Compiling digest v0.10.7
[INFO] [stderr]    Compiling idna v0.3.0
[INFO] [stderr]    Compiling once_cell v1.19.0
[INFO] [stderr]    Compiling socket2 v0.5.5
[INFO] [stderr]    Compiling num_cpus v1.16.0
[INFO] [stderr]    Compiling mio v0.8.10
[INFO] [stderr]    Compiling hostname v0.3.1
[INFO] [stderr]    Compiling rand_core v0.6.4
[INFO] [stderr]    Compiling sec1 v0.7.3
[INFO] [stderr]    Compiling spki v0.7.3
[INFO] [stderr]    Compiling resolv-conf v0.7.0
[INFO] [stderr]    Compiling rand_chacha v0.3.1
[INFO] [stderr]    Compiling ff v0.13.0
[INFO] [stderr]    Compiling group v0.13.0
[INFO] [stderr]    Compiling crypto-bigint v0.5.5
[INFO] [stderr]    Compiling rand v0.8.5
[INFO] [stderr]    Compiling signature v2.2.0
[INFO] [stderr]    Compiling spki v0.6.0
[INFO] [stderr]    Compiling unicode-segmentation v1.10.1
[INFO] [stderr]    Compiling pkcs8 v0.10.2
[INFO] [stderr]    Compiling ed25519 v2.2.3
[INFO] [stderr]    Compiling const-random-macro v0.1.16
[INFO] [stderr]    Compiling pkcs8 v0.9.0
[INFO] [stderr]    Compiling smartstring v1.0.1
[INFO] [stderr]    Compiling ahash v0.8.7
[INFO] [stderr]    Compiling pkcs1 v0.4.1
[INFO] [stderr]    Compiling base64 v0.13.1
[INFO] [stderr]    Compiling cpufeatures v0.2.12
[INFO] [stderr]    Compiling ring v0.17.7
[INFO] [stderr]    Compiling ring v0.16.20
[INFO] [stderr]    Compiling convert_case v0.6.0
[INFO] [stderr]    Compiling viaspf-record v0.4.1
[INFO] [stderr]    Compiling psl-types v2.0.11
[INFO] [stderr]    Compiling powerfmt v0.2.0
[INFO] [stderr]    Compiling regex-syntax v0.8.2
[INFO] [stderr]    Compiling finl_unicode v1.2.0
[INFO] [stderr]    Compiling time-core v0.1.2
[INFO] [stderr]    Compiling nom v7.1.3
[INFO] [stderr]    Compiling const-random v0.1.17
[INFO] [stderr]    Compiling addr v0.15.6
[INFO] [stderr]    Compiling time-macros v0.2.16
[INFO] [stderr]    Compiling sha2 v0.10.8
[INFO] [stderr]    Compiling socket2 v0.4.10
[INFO] [stderr]    Compiling acid_io v0.1.0
[INFO] [stderr]    Compiling stringprep v0.1.4
[INFO] [stderr]    Compiling email-encoding v0.2.0
[INFO] [stderr]    Compiling email_address v0.2.4
[INFO] [stderr]    Compiling fastrand v1.9.0
[INFO] [stderr]    Compiling function_name-proc-macro v0.3.0
[INFO] [stderr]    Compiling quoted_printable v0.4.8
[INFO] [stderr]    Compiling zerocopy v0.7.32
[INFO] [stderr]    Compiling static_assertions v1.1.0
[INFO] [stderr]    Compiling regex-automata v0.1.10
[INFO] [stderr]    Compiling bitflags v1.3.2
[INFO] [stderr]    Compiling semver v1.0.21
[INFO] [stderr]    Compiling users v0.11.0
[INFO] [stderr]    Compiling iprange v0.6.7
[INFO] [stderr]    Compiling thread_local v1.1.7
[INFO] [stderr]    Compiling elliptic-curve v0.13.8
[INFO] [stderr]    Compiling function_name v0.3.0
[INFO] [stderr]    Compiling humantime v2.1.0
[INFO] [stderr]    Compiling pem v1.1.1
[INFO] [stderr]    Compiling darling_core v0.20.3
[INFO] [stderr]    Compiling ecdsa v0.16.9
[INFO] [stderr]    Compiling primeorder v0.13.6
[INFO] [stderr]    Compiling p256 v0.13.2
[INFO] [stderr]    Compiling enum-as-inner v0.5.1
[INFO] [stderr]    Compiling p384 v0.13.0
[INFO] [stderr]    Compiling strum_macros v0.24.3
[INFO] [stderr]    Compiling matchers v0.1.0
[INFO] [stderr]    Compiling regex-automata v0.4.3
[INFO] [stderr]    Compiling serde_derive v1.0.194
[INFO] [stderr]    Compiling tokio-macros v2.2.0
[INFO] [stderr]    Compiling tracing-attributes v0.1.27
[INFO] [stderr]    Compiling thiserror-impl v1.0.56
[INFO] [stderr]    Compiling rhai_codegen v1.6.0
[INFO] [stderr]    Compiling tokio v1.35.1
[INFO] [stderr]    Compiling strum v0.24.1
[INFO] [stderr]    Compiling darling_macro v0.20.3
[INFO] [stderr]    Compiling thiserror v1.0.56
[INFO] [stderr]    Compiling rustls-webpki v0.100.3
[INFO] [stderr]    Compiling ring-compat v0.7.0
[INFO] [stderr]    Compiling tracing v0.1.40
[INFO] [stderr]    Compiling webpki-roots v0.23.1
[INFO] [stderr]    Compiling darling v0.20.3
[INFO] [stderr]    Compiling sct v0.7.1
[INFO] [stderr]    Compiling webpki v0.22.4
[INFO] [stderr]    Compiling rustls-webpki v0.101.7
[INFO] [stderr]    Compiling serde_with_macros v2.3.3
[INFO] [stderr]    Compiling regex v1.10.2
[INFO] [stderr]    Compiling webpki-roots v0.22.6
[INFO] [stderr]    Compiling tokio-rustls v0.23.4
[INFO] [stderr]    Compiling tokio-stream v0.1.14
[INFO] [stderr]    Compiling tokio-rustls v0.24.1
[INFO] [stderr]    Compiling smallvec v1.11.2
[INFO] [stderr]    Compiling url v2.5.0
[INFO] [stderr]    Compiling vsmtp-mail-parser v2.2.1
[INFO] [stderr]    Compiling deranged v0.3.11
[INFO] [stderr]    Compiling lettre v0.10.4
[INFO] [stderr]    Compiling erased-serde v0.3.31
[INFO] [stderr]    Compiling serde_with v2.3.3
[INFO] [stderr]    Compiling uuid v1.6.1
[INFO] [stderr]    Compiling serde_path_to_error v0.1.15
[INFO] [stderr]    Compiling humantime-serde v1.1.1
[INFO] [stderr]    Compiling parking_lot_core v0.9.9
[INFO] [stderr]    Compiling tracing-subscriber v0.3.18
[INFO] [stderr]    Compiling parking_lot v0.12.1
[INFO] [stderr]    Compiling trust-dns-proto v0.22.0
[INFO] [stderr]    Compiling rsasl v2.0.0
[INFO] [stderr]    Compiling rhai v1.13.0
[INFO] [stderr]    Compiling time v0.3.31
[INFO] [stderr]    Compiling rsa v0.8.2
[INFO] [stderr]    Compiling trust-dns-resolver v0.22.0
[INFO] [stderr]    Compiling viaspf v0.5.3
[INFO] [stderr]    Compiling vsmtp-auth v2.2.1
[INFO] [stderr]    Compiling vsmtp-common v2.2.1
[INFO] [stderr]    Compiling vsmtp-plugin-vsl v2.2.1
[INFO] [stderr]    Compiling vsmtp-config v2.2.1 (/opt/rustwide/workdir)
[INFO] [stderr]     Finished dev [unoptimized + debuginfo] target(s) in 21.80s
[INFO] running `Command { std: "docker" "inspect" "b6b05a983d3d67b529d417736dbf20a4994b0618d7c08f6cfceeb551eb013fe8", kill_on_drop: false }`
[INFO] running `Command { std: "docker" "rm" "-f" "b6b05a983d3d67b529d417736dbf20a4994b0618d7c08f6cfceeb551eb013fe8", kill_on_drop: false }`
[INFO] [stdout] b6b05a983d3d67b529d417736dbf20a4994b0618d7c08f6cfceeb551eb013fe8
[INFO] running `Command { std: "docker" "create" "-v" "/var/lib/crater-agent-workspace/builds/worker-5-tc2/target:/opt/rustwide/target:rw,Z" "-v" "/var/lib/crater-agent-workspace/builds/worker-5-tc2/source:/opt/rustwide/workdir:ro,Z" "-v" "/var/lib/crater-agent-workspace/cargo-home:/opt/rustwide/cargo-home:ro,Z" "-v" "/var/lib/crater-agent-workspace/rustup-home:/opt/rustwide/rustup-home:ro,Z" "-e" "SOURCE_DIR=/opt/rustwide/workdir" "-e" "CARGO_TARGET_DIR=/opt/rustwide/target" "-e" "CARGO_INCREMENTAL=0" "-e" "RUST_BACKTRACE=full" "-e" "RUSTFLAGS=--cap-lints=warn" "-e" "RUSTDOCFLAGS=--cap-lints=warn" "-e" "CARGO_HOME=/opt/rustwide/cargo-home" "-e" "RUSTUP_HOME=/opt/rustwide/rustup-home" "-w" "/opt/rustwide/workdir" "-m" "1610612736" "--user" "0:0" "--network" "none" "ghcr.io/rust-lang/crates-build-env/linux@sha256:2788e3201cd34a07e3172128adcd8b3090168a8e3bcc40d7c032b9dda1df7d1c" "/opt/rustwide/cargo-home/bin/cargo" "+beta-2023-12-22" "test" "--frozen" "--no-run" "--message-format=json", kill_on_drop: false }`
[INFO] [stdout] 15b8a5acf580cfb1ab37f68a27150c9685d1d71b51447bf308bd0051c6ba2fa5
[INFO] running `Command { std: "docker" "start" "-a" "15b8a5acf580cfb1ab37f68a27150c9685d1d71b51447bf308bd0051c6ba2fa5", kill_on_drop: false }`
[INFO] [stderr]    Compiling vsmtp-config v2.2.1 (/opt/rustwide/workdir)
[INFO] [stdout] error[E0432]: unresolved import `vsmtp_test`
[INFO] [stdout]   --> src/parser/tls_certificate.rs:46:9
[INFO] [stdout]    |
[INFO] [stdout] 46 |     use vsmtp_test::get_tls_file;
[INFO] [stdout]    |         ^^^^^^^^^^ use of undeclared crate or module `vsmtp_test`
[INFO] [stdout] 
[INFO] [stdout] 
[INFO] [stdout] error[E0432]: unresolved import `vsmtp_test`
[INFO] [stdout]   --> src/parser/tls_private_key.rs:50:9
[INFO] [stdout]    |
[INFO] [stdout] 50 |     use vsmtp_test::get_tls_file;
[INFO] [stdout]    |         ^^^^^^^^^^ use of undeclared crate or module `vsmtp_test`
[INFO] [stdout] 
[INFO] [stdout] 
[INFO] [stdout] error: aborting due to 2 previous errors
[INFO] [stdout] 
[INFO] [stdout] 
[INFO] [stdout] For more information about this error, try `rustc --explain E0432`.
[INFO] [stdout] 
[INFO] [stderr] error: could not compile `vsmtp-config` (lib test) due to 3 previous errors
[INFO] running `Command { std: "docker" "inspect" "15b8a5acf580cfb1ab37f68a27150c9685d1d71b51447bf308bd0051c6ba2fa5", kill_on_drop: false }`
[INFO] running `Command { std: "docker" "rm" "-f" "15b8a5acf580cfb1ab37f68a27150c9685d1d71b51447bf308bd0051c6ba2fa5", kill_on_drop: false }`
[INFO] [stdout] 15b8a5acf580cfb1ab37f68a27150c9685d1d71b51447bf308bd0051c6ba2fa5
