[INFO] fetching crate vrp-scientific 1.22.1...
[INFO] testing vrp-scientific-1.22.1 against 1.75.0 for beta-1.76-1
[INFO] extracting crate vrp-scientific 1.22.1 into /workspace/builds/worker-7-tc1/source
[INFO] validating manifest of crates.io crate vrp-scientific 1.22.1 on toolchain 1.75.0
[INFO] running `Command { std: CARGO_HOME="/workspace/cargo-home" RUSTUP_HOME="/workspace/rustup-home" "/workspace/cargo-home/bin/cargo" "+1.75.0" "metadata" "--manifest-path" "Cargo.toml" "--no-deps", kill_on_drop: false }`
[INFO] started tweaking crates.io crate vrp-scientific 1.22.1
[INFO] finished tweaking crates.io crate vrp-scientific 1.22.1
[INFO] tweaked toml for crates.io crate vrp-scientific 1.22.1 written to /workspace/builds/worker-7-tc1/source/Cargo.toml
[INFO] running `Command { std: CARGO_HOME="/workspace/cargo-home" RUSTUP_HOME="/workspace/rustup-home" "/workspace/cargo-home/bin/cargo" "+1.75.0" "generate-lockfile" "--manifest-path" "Cargo.toml", kill_on_drop: false }`
[INFO] [stderr]     Updating crates.io index
[INFO] running `Command { std: CARGO_HOME="/workspace/cargo-home" RUSTUP_HOME="/workspace/rustup-home" "/workspace/cargo-home/bin/cargo" "+1.75.0" "fetch" "--manifest-path" "Cargo.toml", kill_on_drop: false }`
[INFO] [stderr]  Downloading crates ...
[INFO] [stderr]   Downloaded rosomaxa v0.7.2
[INFO] [stderr]   Downloaded vrp-core v1.23.0
[INFO] running `Command { std: "docker" "create" "-v" "/var/lib/crater-agent-workspace/builds/worker-7-tc1/target:/opt/rustwide/target:rw,Z" "-v" "/var/lib/crater-agent-workspace/builds/worker-7-tc1/source:/opt/rustwide/workdir:ro,Z" "-v" "/var/lib/crater-agent-workspace/cargo-home:/opt/rustwide/cargo-home:ro,Z" "-v" "/var/lib/crater-agent-workspace/rustup-home:/opt/rustwide/rustup-home:ro,Z" "-e" "SOURCE_DIR=/opt/rustwide/workdir" "-e" "CARGO_TARGET_DIR=/opt/rustwide/target" "-e" "CARGO_HOME=/opt/rustwide/cargo-home" "-e" "RUSTUP_HOME=/opt/rustwide/rustup-home" "-w" "/opt/rustwide/workdir" "-m" "1610612736" "--user" "0:0" "--network" "none" "ghcr.io/rust-lang/crates-build-env/linux@sha256:2788e3201cd34a07e3172128adcd8b3090168a8e3bcc40d7c032b9dda1df7d1c" "/opt/rustwide/cargo-home/bin/cargo" "+1.75.0" "metadata" "--no-deps" "--format-version=1", kill_on_drop: false }`
[INFO] [stdout] 9e645439bf60853883dafad430d4188f5c13b57481b0673532a01b6a0d489820
[INFO] running `Command { std: "docker" "start" "-a" "9e645439bf60853883dafad430d4188f5c13b57481b0673532a01b6a0d489820", kill_on_drop: false }`
[INFO] running `Command { std: "docker" "inspect" "9e645439bf60853883dafad430d4188f5c13b57481b0673532a01b6a0d489820", kill_on_drop: false }`
[INFO] running `Command { std: "docker" "rm" "-f" "9e645439bf60853883dafad430d4188f5c13b57481b0673532a01b6a0d489820", kill_on_drop: false }`
[INFO] [stdout] 9e645439bf60853883dafad430d4188f5c13b57481b0673532a01b6a0d489820
[INFO] running `Command { std: "docker" "create" "-v" "/var/lib/crater-agent-workspace/builds/worker-7-tc1/target:/opt/rustwide/target:rw,Z" "-v" "/var/lib/crater-agent-workspace/builds/worker-7-tc1/source:/opt/rustwide/workdir:ro,Z" "-v" "/var/lib/crater-agent-workspace/cargo-home:/opt/rustwide/cargo-home:ro,Z" "-v" "/var/lib/crater-agent-workspace/rustup-home:/opt/rustwide/rustup-home:ro,Z" "-e" "SOURCE_DIR=/opt/rustwide/workdir" "-e" "CARGO_TARGET_DIR=/opt/rustwide/target" "-e" "CARGO_INCREMENTAL=0" "-e" "RUST_BACKTRACE=full" "-e" "RUSTFLAGS=--cap-lints=warn" "-e" "RUSTDOCFLAGS=--cap-lints=warn" "-e" "CARGO_HOME=/opt/rustwide/cargo-home" "-e" "RUSTUP_HOME=/opt/rustwide/rustup-home" "-w" "/opt/rustwide/workdir" "-m" "1610612736" "--user" "0:0" "--network" "none" "ghcr.io/rust-lang/crates-build-env/linux@sha256:2788e3201cd34a07e3172128adcd8b3090168a8e3bcc40d7c032b9dda1df7d1c" "/opt/rustwide/cargo-home/bin/cargo" "+1.75.0" "build" "--frozen" "--message-format=json", kill_on_drop: false }`
[INFO] [stdout] 23580f427b21c9be714950b2f6396015dbcc45f478f1b5957c4a2a0df9e9b914
[INFO] running `Command { std: "docker" "start" "-a" "23580f427b21c9be714950b2f6396015dbcc45f478f1b5957c4a2a0df9e9b914", kill_on_drop: false }`
[INFO] [stderr]    Compiling crossbeam-utils v0.8.18
[INFO] [stderr]    Compiling libm v0.2.8
[INFO] [stderr]    Compiling num-traits v0.2.17
[INFO] [stderr]    Compiling ahash v0.8.7
[INFO] [stderr]    Compiling once_cell v1.19.0
[INFO] [stderr]    Compiling zerocopy v0.7.32
[INFO] [stderr]    Compiling getrandom v0.2.11
[INFO] [stderr]    Compiling allocator-api2 v0.2.16
[INFO] [stderr]    Compiling rustc-hash v1.1.0
[INFO] [stderr]    Compiling rand_core v0.6.4
[INFO] [stderr]    Compiling nohash-hasher v0.2.0
[INFO] [stderr]    Compiling rand_chacha v0.3.1
[INFO] [stderr]    Compiling hashbrown v0.14.3
[INFO] [stderr]    Compiling rand v0.8.5
[INFO] [stderr]    Compiling crossbeam-epoch v0.9.17
[INFO] [stderr]    Compiling crossbeam-deque v0.8.4
[INFO] [stderr]    Compiling rayon-core v1.12.0
[INFO] [stderr]    Compiling rand_distr v0.4.3
[INFO] [stderr]    Compiling rayon v1.8.0
[INFO] [stderr]    Compiling rosomaxa v0.7.2
[INFO] [stderr]    Compiling vrp-core v1.23.0
[INFO] [stderr]    Compiling vrp-scientific v1.22.1 (/opt/rustwide/workdir)
[INFO] [stdout] error[E0432]: unresolved import `vrp_core::solver::HEURISTIC_FILTER_KEY`
[INFO] [stdout]   --> src/common/mod.rs:18:41
[INFO] [stdout]    |
[INFO] [stdout] 18 | use vrp_core::solver::{HeuristicFilter, HEURISTIC_FILTER_KEY};
[INFO] [stdout]    |                                         ^^^^^^^^^^^^^^^^^^^^ no `HEURISTIC_FILTER_KEY` in `solver`
[INFO] [stdout] 
[INFO] [stdout] 
[INFO] [stdout] error[E0277]: the trait bound `Arc<dyn vrp_core::prelude::TransportCost + Send + Sync>: vrp_core::prelude::TransportCost` is not satisfied
[INFO] [stdout]   --> src/common/text_reader.rs:15:44
[INFO] [stdout]    |
[INFO] [stdout] 15 |         let jobs = Jobs::new(&fleet, jobs, &transport);
[INFO] [stdout]    |                                            ^^^^^^^^^^ the trait `vrp_core::prelude::TransportCost` is not implemented for `Arc<dyn vrp_core::prelude::TransportCost + Send + Sync>`
[INFO] [stdout]    |
[INFO] [stdout]    = help: the trait `vrp_core::prelude::TransportCost` is implemented for `DynamicTransportCost`
[INFO] [stdout]    = note: required for the cast from `&Arc<dyn vrp_core::prelude::TransportCost + Send + Sync>` to `&dyn vrp_core::prelude::TransportCost + Send + Sync`
[INFO] [stdout] 
[INFO] [stdout] 
[INFO] [stdout] error[E0061]: this function takes 5 arguments but 4 arguments were supplied
[INFO] [stdout]    --> src/common/text_reader.rs:104:9
[INFO] [stdout]     |
[INFO] [stdout] 104 |         create_minimize_distance_feature("min_distance", transport, activity, 1)?,
[INFO] [stdout]     |         ^^^^^^^^^^^^^^^^^^^^^^^^^^^^^^^^                                      - an argument of type `ScheduleKeys` is missing
[INFO] [stdout]     |
[INFO] [stdout] note: function defined here
[INFO] [stdout]    --> /opt/rustwide/cargo-home/registry/src/index.crates.io-6f17d22bba15001f/vrp-core-1.23.0/src/construction/features/transport.rs:61:8
[INFO] [stdout]     |
[INFO] [stdout] 61  | pub fn create_minimize_distance_feature(
[INFO] [stdout]     |        ^^^^^^^^^^^^^^^^^^^^^^^^^^^^^^^^
[INFO] [stdout] help: provide the argument
[INFO] [stdout]     |
[INFO] [stdout] 104 |         create_minimize_distance_feature("min_distance", transport, activity, /* ScheduleKeys */, 1)?,
[INFO] [stdout]     |                                         ~~~~~~~~~~~~~~~~~~~~~~~~~~~~~~~~~~~~~~~~~~~~~~~~~~~~~~~~~~~~
[INFO] [stdout] 
[INFO] [stdout] 
[INFO] [stdout] error[E0061]: this function takes 3 arguments but 2 arguments were supplied
[INFO] [stdout]    --> src/common/text_reader.rs:105:9
[INFO] [stdout]     |
[INFO] [stdout] 105 |         create_capacity_limit_feature::<SingleDimLoad>("capacity", 2)?,
[INFO] [stdout]     |         ^^^^^^^^^^^^^^^^^^^^^^^^^^^^^^^^^^^^^^^^^^^^^^             - an argument of type `CapacityKeys` is missing
[INFO] [stdout]     |
[INFO] [stdout] note: function defined here
[INFO] [stdout]    --> /opt/rustwide/cargo-home/registry/src/index.crates.io-6f17d22bba15001f/vrp-core-1.23.0/src/construction/features/capacity.rs:69:8
[INFO] [stdout]     |
[INFO] [stdout] 69  | pub fn create_capacity_limit_feature<T: LoadOps>(
[INFO] [stdout]     |        ^^^^^^^^^^^^^^^^^^^^^^^^^^^^^
[INFO] [stdout] help: provide the argument
[INFO] [stdout]     |
[INFO] [stdout] 105 |         create_capacity_limit_feature::<SingleDimLoad>("capacity", /* CapacityKeys */, 2)?,
[INFO] [stdout]     |                                                       ~~~~~~~~~~~~~~~~~~~~~~~~~~~~~~~~~~~
[INFO] [stdout] 
[INFO] [stdout] 
[INFO] [stdout] error[E0061]: this function takes 2 arguments but 3 arguments were supplied
[INFO] [stdout]    --> src/common/text_reader.rs:112:5
[INFO] [stdout]     |
[INFO] [stdout] 112 |     GoalContext::new(features.as_slice(), feature_map.as_slice(), &feature_map[1..])
[INFO] [stdout]     |     ^^^^^^^^^^^^^^^^                                              ----------------- unexpected argument of type `&[Vec<String>]`
[INFO] [stdout]     |
[INFO] [stdout] note: expected `Goal`, found `&[Vec<String>]`
[INFO] [stdout]    --> src/common/text_reader.rs:112:43
[INFO] [stdout]     |
[INFO] [stdout] 112 |     GoalContext::new(features.as_slice(), feature_map.as_slice(), &feature_map[1..])
[INFO] [stdout]     |                                           ^^^^^^^^^^^^^^^^^^^^^^
[INFO] [stdout]     = note: expected struct `Goal`
[INFO] [stdout]             found reference `&[Vec<String>]`
[INFO] [stdout] note: associated function defined here
[INFO] [stdout]    --> /opt/rustwide/cargo-home/registry/src/index.crates.io-6f17d22bba15001f/vrp-core-1.23.0/src/models/goal.rs:100:12
[INFO] [stdout]     |
[INFO] [stdout] 100 |     pub fn new(features: &[Feature], goal: Goal) -> Result<Self, GenericError> {
[INFO] [stdout]     |            ^^^
[INFO] [stdout] help: remove the extra argument
[INFO] [stdout]     |
[INFO] [stdout] 112 -     GoalContext::new(features.as_slice(), feature_map.as_slice(), &feature_map[1..])
[INFO] [stdout] 112 +     GoalContext::new(features.as_slice(), /* Goal */)
[INFO] [stdout]     |
[INFO] [stdout] 
[INFO] [stdout] 
[INFO] [stdout] error[E0061]: this function takes 5 arguments but 4 arguments were supplied
[INFO] [stdout]    --> src/common/text_reader.rs:121:9
[INFO] [stdout]     |
[INFO] [stdout] 121 |         create_minimize_distance_feature("min_distance", transport, activity, 1)?,
[INFO] [stdout]     |         ^^^^^^^^^^^^^^^^^^^^^^^^^^^^^^^^                                      - an argument of type `ScheduleKeys` is missing
[INFO] [stdout]     |
[INFO] [stdout] note: function defined here
[INFO] [stdout]    --> /opt/rustwide/cargo-home/registry/src/index.crates.io-6f17d22bba15001f/vrp-core-1.23.0/src/construction/features/transport.rs:61:8
[INFO] [stdout]     |
[INFO] [stdout] 61  | pub fn create_minimize_distance_feature(
[INFO] [stdout]     |        ^^^^^^^^^^^^^^^^^^^^^^^^^^^^^^^^
[INFO] [stdout] help: provide the argument
[INFO] [stdout]     |
[INFO] [stdout] 121 |         create_minimize_distance_feature("min_distance", transport, activity, /* ScheduleKeys */, 1)?,
[INFO] [stdout]     |                                         ~~~~~~~~~~~~~~~~~~~~~~~~~~~~~~~~~~~~~~~~~~~~~~~~~~~~~~~~~~~~
[INFO] [stdout] 
[INFO] [stdout] 
[INFO] [stdout] error[E0061]: this function takes 3 arguments but 2 arguments were supplied
[INFO] [stdout]    --> src/common/text_reader.rs:122:9
[INFO] [stdout]     |
[INFO] [stdout] 122 |         create_capacity_limit_feature::<SingleDimLoad>("capacity", 2)?,
[INFO] [stdout]     |         ^^^^^^^^^^^^^^^^^^^^^^^^^^^^^^^^^^^^^^^^^^^^^^             - an argument of type `CapacityKeys` is missing
[INFO] [stdout]     |
[INFO] [stdout] note: function defined here
[INFO] [stdout]    --> /opt/rustwide/cargo-home/registry/src/index.crates.io-6f17d22bba15001f/vrp-core-1.23.0/src/construction/features/capacity.rs:69:8
[INFO] [stdout]     |
[INFO] [stdout] 69  | pub fn create_capacity_limit_feature<T: LoadOps>(
[INFO] [stdout]     |        ^^^^^^^^^^^^^^^^^^^^^^^^^^^^^
[INFO] [stdout] help: provide the argument
[INFO] [stdout]     |
[INFO] [stdout] 122 |         create_capacity_limit_feature::<SingleDimLoad>("capacity", /* CapacityKeys */, 2)?,
[INFO] [stdout]     |                                                       ~~~~~~~~~~~~~~~~~~~~~~~~~~~~~~~~~~~
[INFO] [stdout] 
[INFO] [stdout] 
[INFO] [stdout] error[E0061]: this function takes 2 arguments but 3 arguments were supplied
[INFO] [stdout]    --> src/common/text_reader.rs:128:5
[INFO] [stdout]     |
[INFO] [stdout] 128 |     GoalContext::new(features.as_slice(), feature_map.as_slice(), &feature_map[1..])
[INFO] [stdout]     |     ^^^^^^^^^^^^^^^^                                              ----------------- unexpected argument of type `&[Vec<String>]`
[INFO] [stdout]     |
[INFO] [stdout] note: expected `Goal`, found `&[Vec<String>]`
[INFO] [stdout]    --> src/common/text_reader.rs:128:43
[INFO] [stdout]     |
[INFO] [stdout] 128 |     GoalContext::new(features.as_slice(), feature_map.as_slice(), &feature_map[1..])
[INFO] [stdout]     |                                           ^^^^^^^^^^^^^^^^^^^^^^
[INFO] [stdout]     = note: expected struct `Goal`
[INFO] [stdout]             found reference `&[Vec<String>]`
[INFO] [stdout] note: associated function defined here
[INFO] [stdout]    --> /opt/rustwide/cargo-home/registry/src/index.crates.io-6f17d22bba15001f/vrp-core-1.23.0/src/models/goal.rs:100:12
[INFO] [stdout]     |
[INFO] [stdout] 100 |     pub fn new(features: &[Feature], goal: Goal) -> Result<Self, GenericError> {
[INFO] [stdout]     |            ^^^
[INFO] [stdout] help: remove the extra argument
[INFO] [stdout]     |
[INFO] [stdout] 128 -     GoalContext::new(features.as_slice(), feature_map.as_slice(), &feature_map[1..])
[INFO] [stdout] 128 +     GoalContext::new(features.as_slice(), /* Goal */)
[INFO] [stdout]     |
[INFO] [stdout] 
[INFO] [stdout] 
[INFO] [stdout] error[E0063]: missing field `idx` in initializer of `vrp_core::models::solution::Place`
[INFO] [stdout]   --> src/common/initial_reader.rs:52:32
[INFO] [stdout]    |
[INFO] [stdout] 52 |                         place: vrp_core::models::solution::Place {
[INFO] [stdout]    |                                ^^^^^^^^^^^^^^^^^^^^^^^^^^^^^^^^^ missing `idx`
[INFO] [stdout] 
[INFO] [stdout] 
[INFO] [stdout] error[E0599]: no function or associated item named `default` found for struct `vrp_core::models::Extras` in the current scope
[INFO] [stdout]   --> src/common/mod.rs:21:30
[INFO] [stdout]    |
[INFO] [stdout] 21 |     let mut extras = Extras::default();
[INFO] [stdout]    |                              ^^^^^^^ function or associated item not found in `Extras`
[INFO] [stdout] 
[INFO] [stdout] 
[INFO] [stdout] error[E0599]: no function or associated item named `new` found for trait `HeuristicFilter`
[INFO] [stdout]   --> src/common/mod.rs:26:35
[INFO] [stdout]    |
[INFO] [stdout] 26 |         Arc::new(HeuristicFilter::new(|name| name != "local_reschedule_departure")),
[INFO] [stdout]    |                                   ^^^ function or associated item not found in `HeuristicFilter`
[INFO] [stdout] 
[INFO] [stdout] 
[INFO] [stdout] error: aborting due to 11 previous errors
[INFO] [stdout] 
[INFO] [stdout] 
[INFO] [stdout] Some errors have detailed explanations: E0061, E0063, E0277, E0432, E0599.
[INFO] [stdout] 
[INFO] [stdout] For more information about an error, try `rustc --explain E0061`.
[INFO] [stdout] 
[INFO] [stderr] error: could not compile `vrp-scientific` (lib) due to 12 previous errors
[INFO] [stderr] warning: build failed, waiting for other jobs to finish...
[INFO] running `Command { std: "docker" "inspect" "23580f427b21c9be714950b2f6396015dbcc45f478f1b5957c4a2a0df9e9b914", kill_on_drop: false }`
[INFO] running `Command { std: "docker" "rm" "-f" "23580f427b21c9be714950b2f6396015dbcc45f478f1b5957c4a2a0df9e9b914", kill_on_drop: false }`
[INFO] [stdout] 23580f427b21c9be714950b2f6396015dbcc45f478f1b5957c4a2a0df9e9b914
