[INFO] fetching crate vrp-core 1.22.1...
[INFO] testing vrp-core-1.22.1 against 1.75.0 for beta-1.76-1
[INFO] extracting crate vrp-core 1.22.1 into /workspace/builds/worker-6-tc1/source
[INFO] validating manifest of crates.io crate vrp-core 1.22.1 on toolchain 1.75.0
[INFO] running `Command { std: CARGO_HOME="/workspace/cargo-home" RUSTUP_HOME="/workspace/rustup-home" "/workspace/cargo-home/bin/cargo" "+1.75.0" "metadata" "--manifest-path" "Cargo.toml" "--no-deps", kill_on_drop: false }`
[INFO] started tweaking crates.io crate vrp-core 1.22.1
[INFO] finished tweaking crates.io crate vrp-core 1.22.1
[INFO] tweaked toml for crates.io crate vrp-core 1.22.1 written to /workspace/builds/worker-6-tc1/source/Cargo.toml
[INFO] running `Command { std: CARGO_HOME="/workspace/cargo-home" RUSTUP_HOME="/workspace/rustup-home" "/workspace/cargo-home/bin/cargo" "+1.75.0" "generate-lockfile" "--manifest-path" "Cargo.toml", kill_on_drop: false }`
[INFO] [stderr]     Updating crates.io index
[INFO] running `Command { std: CARGO_HOME="/workspace/cargo-home" RUSTUP_HOME="/workspace/rustup-home" "/workspace/cargo-home/bin/cargo" "+1.75.0" "fetch" "--manifest-path" "Cargo.toml", kill_on_drop: false }`
[INFO] [stderr]     Blocking waiting for file lock on package cache
[INFO] [stderr]  Downloading crates ...
[INFO] [stderr]   Downloaded rosomaxa v0.7.2
[INFO] running `Command { std: "docker" "create" "-v" "/var/lib/crater-agent-workspace/builds/worker-6-tc1/target:/opt/rustwide/target:rw,Z" "-v" "/var/lib/crater-agent-workspace/builds/worker-6-tc1/source:/opt/rustwide/workdir:ro,Z" "-v" "/var/lib/crater-agent-workspace/cargo-home:/opt/rustwide/cargo-home:ro,Z" "-v" "/var/lib/crater-agent-workspace/rustup-home:/opt/rustwide/rustup-home:ro,Z" "-e" "SOURCE_DIR=/opt/rustwide/workdir" "-e" "CARGO_TARGET_DIR=/opt/rustwide/target" "-e" "CARGO_HOME=/opt/rustwide/cargo-home" "-e" "RUSTUP_HOME=/opt/rustwide/rustup-home" "-w" "/opt/rustwide/workdir" "-m" "1610612736" "--user" "0:0" "--network" "none" "ghcr.io/rust-lang/crates-build-env/linux@sha256:2788e3201cd34a07e3172128adcd8b3090168a8e3bcc40d7c032b9dda1df7d1c" "/opt/rustwide/cargo-home/bin/cargo" "+1.75.0" "metadata" "--no-deps" "--format-version=1", kill_on_drop: false }`
[INFO] [stdout] b72d965443dbe230067e0ec51ed4d534cd22856519389982ec464982cd73c4e9
[INFO] running `Command { std: "docker" "start" "-a" "b72d965443dbe230067e0ec51ed4d534cd22856519389982ec464982cd73c4e9", kill_on_drop: false }`
[INFO] running `Command { std: "docker" "inspect" "b72d965443dbe230067e0ec51ed4d534cd22856519389982ec464982cd73c4e9", kill_on_drop: false }`
[INFO] running `Command { std: "docker" "rm" "-f" "b72d965443dbe230067e0ec51ed4d534cd22856519389982ec464982cd73c4e9", kill_on_drop: false }`
[INFO] [stdout] b72d965443dbe230067e0ec51ed4d534cd22856519389982ec464982cd73c4e9
[INFO] running `Command { std: "docker" "create" "-v" "/var/lib/crater-agent-workspace/builds/worker-6-tc1/target:/opt/rustwide/target:rw,Z" "-v" "/var/lib/crater-agent-workspace/builds/worker-6-tc1/source:/opt/rustwide/workdir:ro,Z" "-v" "/var/lib/crater-agent-workspace/cargo-home:/opt/rustwide/cargo-home:ro,Z" "-v" "/var/lib/crater-agent-workspace/rustup-home:/opt/rustwide/rustup-home:ro,Z" "-e" "SOURCE_DIR=/opt/rustwide/workdir" "-e" "CARGO_TARGET_DIR=/opt/rustwide/target" "-e" "CARGO_INCREMENTAL=0" "-e" "RUST_BACKTRACE=full" "-e" "RUSTFLAGS=--cap-lints=warn" "-e" "RUSTDOCFLAGS=--cap-lints=warn" "-e" "CARGO_HOME=/opt/rustwide/cargo-home" "-e" "RUSTUP_HOME=/opt/rustwide/rustup-home" "-w" "/opt/rustwide/workdir" "-m" "1610612736" "--user" "0:0" "--network" "none" "ghcr.io/rust-lang/crates-build-env/linux@sha256:2788e3201cd34a07e3172128adcd8b3090168a8e3bcc40d7c032b9dda1df7d1c" "/opt/rustwide/cargo-home/bin/cargo" "+1.75.0" "build" "--frozen" "--message-format=json", kill_on_drop: false }`
[INFO] [stdout] cd6acc8278d5cafe516347c35d2db1a8bbae7bcd5c6d748cfb755b4b7b5f037f
[INFO] running `Command { std: "docker" "start" "-a" "cd6acc8278d5cafe516347c35d2db1a8bbae7bcd5c6d748cfb755b4b7b5f037f", kill_on_drop: false }`
[INFO] [stderr]    Compiling crossbeam-utils v0.8.18
[INFO] [stderr]    Compiling libm v0.2.8
[INFO] [stderr]    Compiling rayon-core v1.12.0
[INFO] [stderr]    Compiling once_cell v1.19.0
[INFO] [stderr]    Compiling zerocopy v0.7.32
[INFO] [stderr]    Compiling tinyvec_macros v0.1.1
[INFO] [stderr]    Compiling allocator-api2 v0.2.16
[INFO] [stderr]    Compiling rustc-hash v1.1.0
[INFO] [stderr]    Compiling nohash-hasher v0.2.0
[INFO] [stderr]    Compiling num-traits v0.2.17
[INFO] [stderr]    Compiling ahash v0.8.7
[INFO] [stderr]    Compiling getrandom v0.2.11
[INFO] [stderr]    Compiling num_cpus v1.16.0
[INFO] [stderr]    Compiling tinyvec v1.6.0
[INFO] [stderr]    Compiling rand_core v0.6.4
[INFO] [stderr]    Compiling rand_chacha v0.3.1
[INFO] [stderr]    Compiling rand v0.8.5
[INFO] [stderr]    Compiling hashbrown v0.14.3
[INFO] [stderr]    Compiling crossbeam-epoch v0.9.17
[INFO] [stderr]    Compiling crossbeam-deque v0.8.4
[INFO] [stderr]    Compiling rayon v1.8.0
[INFO] [stderr]    Compiling rand_distr v0.4.3
[INFO] [stderr]    Compiling rosomaxa v0.7.2
[INFO] [stderr]    Compiling vrp-core v1.22.1 (/opt/rustwide/workdir)
[INFO] [stdout] error[E0432]: unresolved import `rosomaxa::utils::unwrap_from_result`
[INFO] [stdout]   --> src/prelude.rs:14:9
[INFO] [stdout]    |
[INFO] [stdout] 14 | pub use rosomaxa::utils::unwrap_from_result;
[INFO] [stdout]    |         ^^^^^^^^^^^^^^^^^^^^^^^^^^^^^^^^^^^ no `unwrap_from_result` in `utils`
[INFO] [stdout] 
[INFO] [stdout] 
[INFO] [stdout] error[E0432]: unresolved import `rosomaxa::utils::unwrap_from_result`
[INFO] [stdout]   --> src/construction/heuristics/evaluators.rs:12:5
[INFO] [stdout]    |
[INFO] [stdout] 12 | use rosomaxa::utils::unwrap_from_result;
[INFO] [stdout]    |     ^^^^^^^^^^^^^^^^^^^^^^^^^^^^^^^^^^^ no `unwrap_from_result` in `utils`
[INFO] [stdout]    |
[INFO] [stdout] help: consider importing this unresolved item through its public re-export instead
[INFO] [stdout]    |
[INFO] [stdout] 12 | use crate::prelude::unwrap_from_result;
[INFO] [stdout]    |     ~~~~~~~~~~~~~~~~~~~~~~~~~~~~~~~~~~
[INFO] [stdout] 
[INFO] [stdout] 
[INFO] [stdout] error[E0432]: unresolved import `rosomaxa::utils::unwrap_from_result`
[INFO] [stdout]   --> src/construction/heuristics/insertions.rs:11:5
[INFO] [stdout]    |
[INFO] [stdout] 11 | use rosomaxa::utils::unwrap_from_result;
[INFO] [stdout]    |     ^^^^^^^^^^^^^^^^^^^^^^^^^^^^^^^^^^^ no `unwrap_from_result` in `utils`
[INFO] [stdout]    |
[INFO] [stdout] help: consider importing this unresolved item through its public re-export instead
[INFO] [stdout]    |
[INFO] [stdout] 11 | use crate::prelude::unwrap_from_result;
[INFO] [stdout]    |     ~~~~~~~~~~~~~~~~~~~~~~~~~~~~~~~~~~
[INFO] [stdout] 
[INFO] [stdout] 
[INFO] [stdout] error[E0432]: unresolved import `rosomaxa::utils::unwrap_from_result`
[INFO] [stdout]  --> src/models/common/load.rs:7:5
[INFO] [stdout]   |
[INFO] [stdout] 7 | use rosomaxa::utils::unwrap_from_result;
[INFO] [stdout]   |     ^^^^^^^^^^^^^^^^^^^^^^^^^^^^^^^^^^^ no `unwrap_from_result` in `utils`
[INFO] [stdout]   |
[INFO] [stdout] help: consider importing this unresolved item through its public re-export instead
[INFO] [stdout]   |
[INFO] [stdout] 7 | use crate::prelude::unwrap_from_result;
[INFO] [stdout]   |     ~~~~~~~~~~~~~~~~~~~~~~~~~~~~~~~~~~
[INFO] [stdout] 
[INFO] [stdout] 
[INFO] [stdout] warning: private item shadows public glob re-export
[INFO] [stdout]   --> src/utils/mod.rs:10:16
[INFO] [stdout]    |
[INFO] [stdout] 10 | pub(crate) use self::types::short_type_name;
[INFO] [stdout]    |                ^^^^^^^^^^^^^^^^^^^^^^^^^^^^
[INFO] [stdout]    |
[INFO] [stdout] note: the name `short_type_name` in the value namespace is supposed to be publicly re-exported here
[INFO] [stdout]   --> src/utils/mod.rs:4:9
[INFO] [stdout]    |
[INFO] [stdout] 4  | pub use rosomaxa::utils::*;
[INFO] [stdout]    |         ^^^^^^^^^^^^^^^^^^
[INFO] [stdout] note: but the private item here shadows it
[INFO] [stdout]   --> src/utils/mod.rs:10:16
[INFO] [stdout]    |
[INFO] [stdout] 10 | pub(crate) use self::types::short_type_name;
[INFO] [stdout]    |                ^^^^^^^^^^^^^^^^^^^^^^^^^^^^
[INFO] [stdout]    = note: `#[warn(hidden_glob_reexports)]` on by default
[INFO] [stdout] 
[INFO] [stdout] 
[INFO] [stdout] error[E0425]: cannot find function `unwrap_from_result` in this scope
[INFO] [stdout]    --> src/construction/clustering/vicinity/mod.rs:193:9
[INFO] [stdout]     |
[INFO] [stdout] 193 |         unwrap_from_result(
[INFO] [stdout]     |         ^^^^^^^^^^^^^^^^^^ not found in this scope
[INFO] [stdout] 
[INFO] [stdout] 
[INFO] [stdout] error[E0425]: cannot find function `unwrap_from_result` in this scope
[INFO] [stdout]    --> src/construction/clustering/vicinity/estimations.rs:281:39
[INFO] [stdout]     |
[INFO] [stdout] 281 |                 let addition_result = unwrap_from_result(job_estimates.iter().try_fold(None, |_, candidate| {
[INFO] [stdout]     |                                       ^^^^^^^^^^^^^^^^^^ not found in this scope
[INFO] [stdout] 
[INFO] [stdout] 
[INFO] [stdout] error[E0425]: cannot find function `unwrap_from_result` in this scope
[INFO] [stdout]    --> src/construction/clustering/vicinity/estimations.rs:206:5
[INFO] [stdout]     |
[INFO] [stdout] 206 |     unwrap_from_result(center.places.iter().enumerate().filter_map(map_place).try_fold(
[INFO] [stdout]     |     ^^^^^^^^^^^^^^^^^^ not found in this scope
[INFO] [stdout] 
[INFO] [stdout] 
[INFO] [stdout] error[E0425]: cannot find function `unwrap_from_result` in this scope
[INFO] [stdout]    --> src/construction/clustering/vicinity/estimations.rs:367:5
[INFO] [stdout]     |
[INFO] [stdout] 367 |     unwrap_from_result(dissimilarities.into_iter().try_fold(None, |_, info| {
[INFO] [stdout]     |     ^^^^^^^^^^^^^^^^^^ not found in this scope
[INFO] [stdout] 
[INFO] [stdout] 
[INFO] [stdout] error[E0425]: cannot find function `unwrap_from_result` in this scope
[INFO] [stdout]    --> src/construction/enablers/feature_combinator.rs:174:5
[INFO] [stdout]     |
[INFO] [stdout] 174 |     unwrap_from_result(constraints.iter().try_fold(None, |_, constraint| {
[INFO] [stdout]     |     ^^^^^^^^^^^^^^^^^^ not found in this scope
[INFO] [stdout] 
[INFO] [stdout] 
[INFO] [stdout] error[E0425]: cannot find function `unwrap_from_result` in this scope
[INFO] [stdout]    --> src/construction/features/tour_order.rs:182:5
[INFO] [stdout]     |
[INFO] [stdout] 182 |     unwrap_from_result(
[INFO] [stdout]     |     ^^^^^^^^^^^^^^^^^^ not found in this scope
[INFO] [stdout] 
[INFO] [stdout] 
[INFO] [stdout] error[E0425]: cannot find function `unwrap_from_result` in this scope
[INFO] [stdout]    --> src/construction/heuristics/selectors.rs:438:41
[INFO] [stdout]     |
[INFO] [stdout] 438 |                     &mut |leg: Leg<'_>| unwrap_from_result(map_fn(leg, R::default())),
[INFO] [stdout]     |                                         ^^^^^^^^^^^^^^^^^^ not found in this scope
[INFO] [stdout] 
[INFO] [stdout] 
[INFO] [stdout] error[E0308]: mismatched types
[INFO] [stdout]    --> src/construction/heuristics/selectors.rs:439:37
[INFO] [stdout]     |
[INFO] [stdout] 439 |                     |leg: &Leg<'_>| leg.1 as i32,
[INFO] [stdout]     |                                     ^^^^^^^^^^^^ expected `usize`, found `i32`
[INFO] [stdout]     |
[INFO] [stdout] help: you can convert an `i32` to a `usize` and panic if the converted value doesn't fit
[INFO] [stdout]     |
[INFO] [stdout] 439 |                     |leg: &Leg<'_>| (leg.1 as i32).try_into().unwrap(),
[INFO] [stdout]     |                                     +            +++++++++++++++++++++
[INFO] [stdout] 
[INFO] [stdout] 
[INFO] [stdout] error[E0425]: cannot find function `unwrap_from_result` in this scope
[INFO] [stdout]    --> src/construction/heuristics/selectors.rs:444:13
[INFO] [stdout]     |
[INFO] [stdout] 444 |             unwrap_from_result(route_ctx.route().tour.legs().skip(skip).try_fold(init, |acc, leg| map_fn(leg, acc)))
[INFO] [stdout]     |             ^^^^^^^^^^^^^^^^^^ not found in this scope
[INFO] [stdout] 
[INFO] [stdout] 
[INFO] [stdout] error[E0425]: cannot find function `unwrap_from_result` in this scope
[INFO] [stdout]    --> src/construction/probing/repair_solution.rs:142:5
[INFO] [stdout]     |
[INFO] [stdout] 142 |     unwrap_from_result(single.places.iter().try_fold(false, |_, place| {
[INFO] [stdout]     |     ^^^^^^^^^^^^^^^^^^ not found in this scope
[INFO] [stdout] 
[INFO] [stdout] 
[INFO] [stdout] error[E0425]: cannot find function `unwrap_from_result` in this scope
[INFO] [stdout]    --> src/models/goal.rs:305:9
[INFO] [stdout]     |
[INFO] [stdout] 305 |         unwrap_from_result(self.global_objectives.iter().try_fold(
[INFO] [stdout]     |         ^^^^^^^^^^^^^^^^^^ not found in this scope
[INFO] [stdout] 
[INFO] [stdout] 
[INFO] [stdout] error[E0425]: cannot find function `unwrap_from_result` in this scope
[INFO] [stdout]    --> src/solver/search/local/exchange_sequence.rs:190:37
[INFO] [stdout]     |
[INFO] [stdout] 190 |         let (result, start_index) = unwrap_from_result((start_index..=last_index).try_fold(
[INFO] [stdout]     |                                     ^^^^^^^^^^^^^^^^^^ not found in this scope
[INFO] [stdout] 
[INFO] [stdout] 
[INFO] [stdout] error: aborting due to 16 previous errors; 1 warning emitted
[INFO] [stdout] 
[INFO] [stdout] 
[INFO] [stdout] Some errors have detailed explanations: E0308, E0425, E0432.
[INFO] [stdout] 
[INFO] [stdout] For more information about an error, try `rustc --explain E0308`.
[INFO] [stdout] 
[INFO] [stderr] error: could not compile `vrp-core` (lib) due to 17 previous errors; 1 warning emitted
[INFO] [stderr] warning: build failed, waiting for other jobs to finish...
[INFO] running `Command { std: "docker" "inspect" "cd6acc8278d5cafe516347c35d2db1a8bbae7bcd5c6d748cfb755b4b7b5f037f", kill_on_drop: false }`
[INFO] running `Command { std: "docker" "rm" "-f" "cd6acc8278d5cafe516347c35d2db1a8bbae7bcd5c6d748cfb755b4b7b5f037f", kill_on_drop: false }`
[INFO] [stdout] cd6acc8278d5cafe516347c35d2db1a8bbae7bcd5c6d748cfb755b4b7b5f037f
[INFO] testing vrp-core-1.22.1 against beta-2023-12-22 for beta-1.76-1
[INFO] extracting crate vrp-core 1.22.1 into /workspace/builds/worker-6-tc2/source
[INFO] validating manifest of crates.io crate vrp-core 1.22.1 on toolchain beta-2023-12-22
[INFO] running `Command { std: CARGO_HOME="/workspace/cargo-home" RUSTUP_HOME="/workspace/rustup-home" "/workspace/cargo-home/bin/cargo" "+beta-2023-12-22" "metadata" "--manifest-path" "Cargo.toml" "--no-deps", kill_on_drop: false }`
[INFO] started tweaking crates.io crate vrp-core 1.22.1
[INFO] finished tweaking crates.io crate vrp-core 1.22.1
[INFO] tweaked toml for crates.io crate vrp-core 1.22.1 written to /workspace/builds/worker-6-tc2/source/Cargo.toml
[INFO] running `Command { std: CARGO_HOME="/workspace/cargo-home" RUSTUP_HOME="/workspace/rustup-home" "/workspace/cargo-home/bin/cargo" "+beta-2023-12-22" "generate-lockfile" "--manifest-path" "Cargo.toml", kill_on_drop: false }`
[INFO] [stderr]     Updating crates.io index
[INFO] running `Command { std: CARGO_HOME="/workspace/cargo-home" RUSTUP_HOME="/workspace/rustup-home" "/workspace/cargo-home/bin/cargo" "+beta-2023-12-22" "fetch" "--manifest-path" "Cargo.toml", kill_on_drop: false }`
[INFO] running `Command { std: "docker" "create" "-v" "/var/lib/crater-agent-workspace/builds/worker-6-tc2/target:/opt/rustwide/target:rw,Z" "-v" "/var/lib/crater-agent-workspace/builds/worker-6-tc2/source:/opt/rustwide/workdir:ro,Z" "-v" "/var/lib/crater-agent-workspace/cargo-home:/opt/rustwide/cargo-home:ro,Z" "-v" "/var/lib/crater-agent-workspace/rustup-home:/opt/rustwide/rustup-home:ro,Z" "-e" "SOURCE_DIR=/opt/rustwide/workdir" "-e" "CARGO_TARGET_DIR=/opt/rustwide/target" "-e" "CARGO_HOME=/opt/rustwide/cargo-home" "-e" "RUSTUP_HOME=/opt/rustwide/rustup-home" "-w" "/opt/rustwide/workdir" "-m" "1610612736" "--user" "0:0" "--network" "none" "ghcr.io/rust-lang/crates-build-env/linux@sha256:2788e3201cd34a07e3172128adcd8b3090168a8e3bcc40d7c032b9dda1df7d1c" "/opt/rustwide/cargo-home/bin/cargo" "+beta-2023-12-22" "metadata" "--no-deps" "--format-version=1", kill_on_drop: false }`
[INFO] [stdout] 5d9d638a6027679896b71ccc7d103088167fe23b5c2bb4c0eb95cce45764873f
[INFO] running `Command { std: "docker" "start" "-a" "5d9d638a6027679896b71ccc7d103088167fe23b5c2bb4c0eb95cce45764873f", kill_on_drop: false }`
[INFO] running `Command { std: "docker" "inspect" "5d9d638a6027679896b71ccc7d103088167fe23b5c2bb4c0eb95cce45764873f", kill_on_drop: false }`
[INFO] running `Command { std: "docker" "rm" "-f" "5d9d638a6027679896b71ccc7d103088167fe23b5c2bb4c0eb95cce45764873f", kill_on_drop: false }`
[INFO] [stdout] 5d9d638a6027679896b71ccc7d103088167fe23b5c2bb4c0eb95cce45764873f
[INFO] running `Command { std: "docker" "create" "-v" "/var/lib/crater-agent-workspace/builds/worker-6-tc2/target:/opt/rustwide/target:rw,Z" "-v" "/var/lib/crater-agent-workspace/builds/worker-6-tc2/source:/opt/rustwide/workdir:ro,Z" "-v" "/var/lib/crater-agent-workspace/cargo-home:/opt/rustwide/cargo-home:ro,Z" "-v" "/var/lib/crater-agent-workspace/rustup-home:/opt/rustwide/rustup-home:ro,Z" "-e" "SOURCE_DIR=/opt/rustwide/workdir" "-e" "CARGO_TARGET_DIR=/opt/rustwide/target" "-e" "CARGO_INCREMENTAL=0" "-e" "RUST_BACKTRACE=full" "-e" "RUSTFLAGS=--cap-lints=warn" "-e" "RUSTDOCFLAGS=--cap-lints=warn" "-e" "CARGO_HOME=/opt/rustwide/cargo-home" "-e" "RUSTUP_HOME=/opt/rustwide/rustup-home" "-w" "/opt/rustwide/workdir" "-m" "1610612736" "--user" "0:0" "--network" "none" "ghcr.io/rust-lang/crates-build-env/linux@sha256:2788e3201cd34a07e3172128adcd8b3090168a8e3bcc40d7c032b9dda1df7d1c" "/opt/rustwide/cargo-home/bin/cargo" "+beta-2023-12-22" "build" "--frozen" "--message-format=json", kill_on_drop: false }`
[INFO] [stdout] 5cb2c184ae52264320e27217d9f15369df6af3b37f1efb75aee6f212514d018d
[INFO] running `Command { std: "docker" "start" "-a" "5cb2c184ae52264320e27217d9f15369df6af3b37f1efb75aee6f212514d018d", kill_on_drop: false }`
[INFO] [stderr]    Compiling crossbeam-utils v0.8.18
[INFO] [stderr]    Compiling libm v0.2.8
[INFO] [stderr]    Compiling rayon-core v1.12.0
[INFO] [stderr]    Compiling once_cell v1.19.0
[INFO] [stderr]    Compiling zerocopy v0.7.32
[INFO] [stderr]    Compiling rustc-hash v1.1.0
[INFO] [stderr]    Compiling allocator-api2 v0.2.16
[INFO] [stderr]    Compiling tinyvec_macros v0.1.1
[INFO] [stderr]    Compiling nohash-hasher v0.2.0
[INFO] [stderr]    Compiling num-traits v0.2.17
[INFO] [stderr]    Compiling ahash v0.8.7
[INFO] [stderr]    Compiling getrandom v0.2.11
[INFO] [stderr]    Compiling num_cpus v1.16.0
[INFO] [stderr]    Compiling tinyvec v1.6.0
[INFO] [stderr]    Compiling rand_core v0.6.4
[INFO] [stderr]    Compiling rand_chacha v0.3.1
[INFO] [stderr]    Compiling rand v0.8.5
[INFO] [stderr]    Compiling hashbrown v0.14.3
[INFO] [stderr]    Compiling crossbeam-epoch v0.9.17
[INFO] [stderr]    Compiling crossbeam-deque v0.8.4
[INFO] [stderr]    Compiling rayon v1.8.0
[INFO] [stderr]    Compiling rand_distr v0.4.3
[INFO] [stderr]    Compiling rosomaxa v0.7.2
[INFO] [stderr]    Compiling vrp-core v1.22.1 (/opt/rustwide/workdir)
[INFO] [stdout] error[E0432]: unresolved import `rosomaxa::utils::unwrap_from_result`
[INFO] [stdout]   --> src/prelude.rs:14:9
[INFO] [stdout]    |
[INFO] [stdout] 14 | pub use rosomaxa::utils::unwrap_from_result;
[INFO] [stdout]    |         ^^^^^^^^^^^^^^^^^^^^^^^^^^^^^^^^^^^ no `unwrap_from_result` in `utils`
[INFO] [stdout] 
[INFO] [stdout] 
[INFO] [stdout] error[E0432]: unresolved import `rosomaxa::utils::unwrap_from_result`
[INFO] [stdout]   --> src/construction/heuristics/evaluators.rs:12:5
[INFO] [stdout]    |
[INFO] [stdout] 12 | use rosomaxa::utils::unwrap_from_result;
[INFO] [stdout]    |     ^^^^^^^^^^^^^^^^^^^^^^^^^^^^^^^^^^^ no `unwrap_from_result` in `utils`
[INFO] [stdout]    |
[INFO] [stdout] help: consider importing this unresolved item through its public re-export instead
[INFO] [stdout]    |
[INFO] [stdout] 12 | use crate::prelude::unwrap_from_result;
[INFO] [stdout]    |     ~~~~~~~~~~~~~~~~~~~~~~~~~~~~~~~~~~
[INFO] [stdout] 
[INFO] [stdout] 
[INFO] [stdout] error[E0432]: unresolved import `rosomaxa::utils::unwrap_from_result`
[INFO] [stdout]   --> src/construction/heuristics/insertions.rs:11:5
[INFO] [stdout]    |
[INFO] [stdout] 11 | use rosomaxa::utils::unwrap_from_result;
[INFO] [stdout]    |     ^^^^^^^^^^^^^^^^^^^^^^^^^^^^^^^^^^^ no `unwrap_from_result` in `utils`
[INFO] [stdout]    |
[INFO] [stdout] help: consider importing this unresolved item through its public re-export instead
[INFO] [stdout]    |
[INFO] [stdout] 11 | use crate::prelude::unwrap_from_result;
[INFO] [stdout]    |     ~~~~~~~~~~~~~~~~~~~~~~~~~~~~~~~~~~
[INFO] [stdout] 
[INFO] [stdout] 
[INFO] [stdout] error[E0432]: unresolved import `rosomaxa::utils::unwrap_from_result`
[INFO] [stdout]  --> src/models/common/load.rs:7:5
[INFO] [stdout]   |
[INFO] [stdout] 7 | use rosomaxa::utils::unwrap_from_result;
[INFO] [stdout]   |     ^^^^^^^^^^^^^^^^^^^^^^^^^^^^^^^^^^^ no `unwrap_from_result` in `utils`
[INFO] [stdout]   |
[INFO] [stdout] help: consider importing this unresolved item through its public re-export instead
[INFO] [stdout]   |
[INFO] [stdout] 7 | use crate::prelude::unwrap_from_result;
[INFO] [stdout]   |     ~~~~~~~~~~~~~~~~~~~~~~~~~~~~~~~~~~
[INFO] [stdout] 
[INFO] [stdout] 
[INFO] [stdout] warning: private item shadows public glob re-export
[INFO] [stdout]   --> src/utils/mod.rs:10:16
[INFO] [stdout]    |
[INFO] [stdout] 10 | pub(crate) use self::types::short_type_name;
[INFO] [stdout]    |                ^^^^^^^^^^^^^^^^^^^^^^^^^^^^
[INFO] [stdout]    |
[INFO] [stdout] note: the name `short_type_name` in the value namespace is supposed to be publicly re-exported here
[INFO] [stdout]   --> src/utils/mod.rs:4:9
[INFO] [stdout]    |
[INFO] [stdout] 4  | pub use rosomaxa::utils::*;
[INFO] [stdout]    |         ^^^^^^^^^^^^^^^^^^
[INFO] [stdout] note: but the private item here shadows it
[INFO] [stdout]   --> src/utils/mod.rs:10:16
[INFO] [stdout]    |
[INFO] [stdout] 10 | pub(crate) use self::types::short_type_name;
[INFO] [stdout]    |                ^^^^^^^^^^^^^^^^^^^^^^^^^^^^
[INFO] [stdout]    = note: `#[warn(hidden_glob_reexports)]` on by default
[INFO] [stdout] 
[INFO] [stdout] 
[INFO] [stdout] error[E0425]: cannot find function `unwrap_from_result` in this scope
[INFO] [stdout]    --> src/construction/clustering/vicinity/mod.rs:193:9
[INFO] [stdout]     |
[INFO] [stdout] 193 |         unwrap_from_result(
[INFO] [stdout]     |         ^^^^^^^^^^^^^^^^^^ not found in this scope
[INFO] [stdout] 
[INFO] [stdout] 
[INFO] [stdout] error[E0425]: cannot find function `unwrap_from_result` in this scope
[INFO] [stdout]    --> src/construction/clustering/vicinity/estimations.rs:281:39
[INFO] [stdout]     |
[INFO] [stdout] 281 |                 let addition_result = unwrap_from_result(job_estimates.iter().try_fold(None, |_, candidate| {
[INFO] [stdout]     |                                       ^^^^^^^^^^^^^^^^^^ not found in this scope
[INFO] [stdout] 
[INFO] [stdout] 
[INFO] [stdout] error[E0425]: cannot find function `unwrap_from_result` in this scope
[INFO] [stdout]    --> src/construction/clustering/vicinity/estimations.rs:206:5
[INFO] [stdout]     |
[INFO] [stdout] 206 |     unwrap_from_result(center.places.iter().enumerate().filter_map(map_place).try_fold(
[INFO] [stdout]     |     ^^^^^^^^^^^^^^^^^^ not found in this scope
[INFO] [stdout] 
[INFO] [stdout] 
[INFO] [stdout] error[E0425]: cannot find function `unwrap_from_result` in this scope
[INFO] [stdout]    --> src/construction/clustering/vicinity/estimations.rs:367:5
[INFO] [stdout]     |
[INFO] [stdout] 367 |     unwrap_from_result(dissimilarities.into_iter().try_fold(None, |_, info| {
[INFO] [stdout]     |     ^^^^^^^^^^^^^^^^^^ not found in this scope
[INFO] [stdout] 
[INFO] [stdout] 
[INFO] [stdout] error[E0425]: cannot find function `unwrap_from_result` in this scope
[INFO] [stdout]    --> src/construction/enablers/feature_combinator.rs:174:5
[INFO] [stdout]     |
[INFO] [stdout] 174 |     unwrap_from_result(constraints.iter().try_fold(None, |_, constraint| {
[INFO] [stdout]     |     ^^^^^^^^^^^^^^^^^^ not found in this scope
[INFO] [stdout] 
[INFO] [stdout] 
[INFO] [stdout] error[E0425]: cannot find function `unwrap_from_result` in this scope
[INFO] [stdout]    --> src/construction/features/tour_order.rs:182:5
[INFO] [stdout]     |
[INFO] [stdout] 182 |     unwrap_from_result(
[INFO] [stdout]     |     ^^^^^^^^^^^^^^^^^^ not found in this scope
[INFO] [stdout] 
[INFO] [stdout] 
[INFO] [stdout] error[E0425]: cannot find function `unwrap_from_result` in this scope
[INFO] [stdout]    --> src/construction/heuristics/selectors.rs:438:41
[INFO] [stdout]     |
[INFO] [stdout] 438 |                     &mut |leg: Leg<'_>| unwrap_from_result(map_fn(leg, R::default())),
[INFO] [stdout]     |                                         ^^^^^^^^^^^^^^^^^^ not found in this scope
[INFO] [stdout] 
[INFO] [stdout] 
[INFO] [stdout] error[E0308]: mismatched types
[INFO] [stdout]    --> src/construction/heuristics/selectors.rs:439:37
[INFO] [stdout]     |
[INFO] [stdout] 439 |                     |leg: &Leg<'_>| leg.1 as i32,
[INFO] [stdout]     |                                     ^^^^^^^^^^^^ expected `usize`, found `i32`
[INFO] [stdout]     |
[INFO] [stdout] help: you can convert an `i32` to a `usize` and panic if the converted value doesn't fit
[INFO] [stdout]     |
[INFO] [stdout] 439 |                     |leg: &Leg<'_>| (leg.1 as i32).try_into().unwrap(),
[INFO] [stdout]     |                                     +            +++++++++++++++++++++
[INFO] [stdout] 
[INFO] [stdout] 
[INFO] [stdout] error[E0425]: cannot find function `unwrap_from_result` in this scope
[INFO] [stdout]    --> src/construction/heuristics/selectors.rs:444:13
[INFO] [stdout]     |
[INFO] [stdout] 444 |             unwrap_from_result(route_ctx.route().tour.legs().skip(skip).try_fold(init, |acc, leg| map_fn(leg, acc)))
[INFO] [stdout]     |             ^^^^^^^^^^^^^^^^^^ not found in this scope
[INFO] [stdout] 
[INFO] [stdout] 
[INFO] [stdout] error[E0425]: cannot find function `unwrap_from_result` in this scope
[INFO] [stdout]    --> src/construction/probing/repair_solution.rs:142:5
[INFO] [stdout]     |
[INFO] [stdout] 142 |     unwrap_from_result(single.places.iter().try_fold(false, |_, place| {
[INFO] [stdout]     |     ^^^^^^^^^^^^^^^^^^ not found in this scope
[INFO] [stdout] 
[INFO] [stdout] 
[INFO] [stdout] error[E0425]: cannot find function `unwrap_from_result` in this scope
[INFO] [stdout]    --> src/models/goal.rs:305:9
[INFO] [stdout]     |
[INFO] [stdout] 305 |         unwrap_from_result(self.global_objectives.iter().try_fold(
[INFO] [stdout]     |         ^^^^^^^^^^^^^^^^^^ not found in this scope
[INFO] [stdout] 
[INFO] [stdout] 
[INFO] [stdout] error[E0425]: cannot find function `unwrap_from_result` in this scope
[INFO] [stdout]    --> src/solver/search/local/exchange_sequence.rs:190:37
[INFO] [stdout]     |
[INFO] [stdout] 190 |         let (result, start_index) = unwrap_from_result((start_index..=last_index).try_fold(
[INFO] [stdout]     |                                     ^^^^^^^^^^^^^^^^^^ not found in this scope
[INFO] [stdout] 
[INFO] [stdout] 
[INFO] [stdout] error: aborting due to 16 previous errors; 1 warning emitted
[INFO] [stdout] 
[INFO] [stdout] 
[INFO] [stdout] Some errors have detailed explanations: E0308, E0425, E0432.
[INFO] [stdout] 
[INFO] [stdout] For more information about an error, try `rustc --explain E0308`.
[INFO] [stdout] 
[INFO] [stderr] error: could not compile `vrp-core` (lib) due to 17 previous errors; 1 warning emitted
[INFO] [stderr] warning: build failed, waiting for other jobs to finish...
[INFO] running `Command { std: "docker" "inspect" "5cb2c184ae52264320e27217d9f15369df6af3b37f1efb75aee6f212514d018d", kill_on_drop: false }`
[INFO] running `Command { std: "docker" "rm" "-f" "5cb2c184ae52264320e27217d9f15369df6af3b37f1efb75aee6f212514d018d", kill_on_drop: false }`
[INFO] [stdout] 5cb2c184ae52264320e27217d9f15369df6af3b37f1efb75aee6f212514d018d
