[INFO] fetching crate vineyard 0.18.1...
[INFO] testing vineyard-0.18.1 against 1.75.0 for beta-1.76-1
[INFO] extracting crate vineyard 0.18.1 into /workspace/builds/worker-3-tc1/source
[INFO] validating manifest of crates.io crate vineyard 0.18.1 on toolchain 1.75.0
[INFO] running `Command { std: CARGO_HOME="/workspace/cargo-home" RUSTUP_HOME="/workspace/rustup-home" "/workspace/cargo-home/bin/cargo" "+1.75.0" "metadata" "--manifest-path" "Cargo.toml" "--no-deps", kill_on_drop: false }`
[INFO] started tweaking crates.io crate vineyard 0.18.1
[INFO] finished tweaking crates.io crate vineyard 0.18.1
[INFO] tweaked toml for crates.io crate vineyard 0.18.1 written to /workspace/builds/worker-3-tc1/source/Cargo.toml
[INFO] running `Command { std: CARGO_HOME="/workspace/cargo-home" RUSTUP_HOME="/workspace/rustup-home" "/workspace/cargo-home/bin/cargo" "+1.75.0" "generate-lockfile" "--manifest-path" "Cargo.toml", kill_on_drop: false }`
[INFO] [stderr]     Updating crates.io index
[INFO] running `Command { std: CARGO_HOME="/workspace/cargo-home" RUSTUP_HOME="/workspace/rustup-home" "/workspace/cargo-home/bin/cargo" "+1.75.0" "fetch" "--manifest-path" "Cargo.toml", kill_on_drop: false }`
[INFO] [stderr]  Downloading crates ...
[INFO] [stderr]   Downloaded sendfd v0.4.3
[INFO] [stderr]   Downloaded arrow-cast v46.0.0
[INFO] [stderr]   Downloaded gensym v0.1.1
[INFO] [stderr]   Downloaded arrow-ipc v46.0.0
[INFO] [stderr]   Downloaded arrow-schema v46.0.0
[INFO] [stderr]   Downloaded arrow-select v46.0.0
[INFO] [stderr]   Downloaded arrow-buffer v46.0.0
[INFO] [stderr]   Downloaded arrow-array v46.0.0
[INFO] [stderr]   Downloaded arrow-data v46.0.0
[INFO] [stderr]   Downloaded static_str_ops v0.1.2
[INFO] running `Command { std: "docker" "create" "-v" "/var/lib/crater-agent-workspace/builds/worker-3-tc1/target:/opt/rustwide/target:rw,Z" "-v" "/var/lib/crater-agent-workspace/builds/worker-3-tc1/source:/opt/rustwide/workdir:ro,Z" "-v" "/var/lib/crater-agent-workspace/cargo-home:/opt/rustwide/cargo-home:ro,Z" "-v" "/var/lib/crater-agent-workspace/rustup-home:/opt/rustwide/rustup-home:ro,Z" "-e" "SOURCE_DIR=/opt/rustwide/workdir" "-e" "CARGO_TARGET_DIR=/opt/rustwide/target" "-e" "CARGO_HOME=/opt/rustwide/cargo-home" "-e" "RUSTUP_HOME=/opt/rustwide/rustup-home" "-w" "/opt/rustwide/workdir" "-m" "1610612736" "--user" "0:0" "--network" "none" "ghcr.io/rust-lang/crates-build-env/linux@sha256:2788e3201cd34a07e3172128adcd8b3090168a8e3bcc40d7c032b9dda1df7d1c" "/opt/rustwide/cargo-home/bin/cargo" "+1.75.0" "metadata" "--no-deps" "--format-version=1", kill_on_drop: false }`
[INFO] [stdout] 721f8532d3642401fc0aafa09c0e2b78b02163c4b6e87c4b59f94a7adc4edc98
[INFO] running `Command { std: "docker" "start" "-a" "721f8532d3642401fc0aafa09c0e2b78b02163c4b6e87c4b59f94a7adc4edc98", kill_on_drop: false }`
[INFO] running `Command { std: "docker" "inspect" "721f8532d3642401fc0aafa09c0e2b78b02163c4b6e87c4b59f94a7adc4edc98", kill_on_drop: false }`
[INFO] running `Command { std: "docker" "rm" "-f" "721f8532d3642401fc0aafa09c0e2b78b02163c4b6e87c4b59f94a7adc4edc98", kill_on_drop: false }`
[INFO] [stdout] 721f8532d3642401fc0aafa09c0e2b78b02163c4b6e87c4b59f94a7adc4edc98
[INFO] running `Command { std: "docker" "create" "-v" "/var/lib/crater-agent-workspace/builds/worker-3-tc1/target:/opt/rustwide/target:rw,Z" "-v" "/var/lib/crater-agent-workspace/builds/worker-3-tc1/source:/opt/rustwide/workdir:ro,Z" "-v" "/var/lib/crater-agent-workspace/cargo-home:/opt/rustwide/cargo-home:ro,Z" "-v" "/var/lib/crater-agent-workspace/rustup-home:/opt/rustwide/rustup-home:ro,Z" "-e" "SOURCE_DIR=/opt/rustwide/workdir" "-e" "CARGO_TARGET_DIR=/opt/rustwide/target" "-e" "CARGO_INCREMENTAL=0" "-e" "RUST_BACKTRACE=full" "-e" "RUSTFLAGS=--cap-lints=warn" "-e" "RUSTDOCFLAGS=--cap-lints=warn" "-e" "CARGO_HOME=/opt/rustwide/cargo-home" "-e" "RUSTUP_HOME=/opt/rustwide/rustup-home" "-w" "/opt/rustwide/workdir" "-m" "1610612736" "--user" "0:0" "--network" "none" "ghcr.io/rust-lang/crates-build-env/linux@sha256:2788e3201cd34a07e3172128adcd8b3090168a8e3bcc40d7c032b9dda1df7d1c" "/opt/rustwide/cargo-home/bin/cargo" "+1.75.0" "build" "--frozen" "--message-format=json", kill_on_drop: false }`
[INFO] [stdout] 76b0c32ac0977bda5acc710707796cfd967b93c586af2a2547b8b92319dbf474
[INFO] running `Command { std: "docker" "start" "-a" "76b0c32ac0977bda5acc710707796cfd967b93c586af2a2547b8b92319dbf474", kill_on_drop: false }`
[INFO] [stderr]    Compiling libm v0.2.8
[INFO] [stderr]    Compiling num-traits v0.2.17
[INFO] [stderr]    Compiling num-bigint v0.4.4
[INFO] [stderr]    Compiling num-rational v0.4.1
[INFO] [stderr]    Compiling num-iter v0.1.43
[INFO] [stderr]    Compiling semver v1.0.21
[INFO] [stderr]    Compiling bytes v1.5.0
[INFO] [stderr]    Compiling zerocopy v0.7.32
[INFO] [stderr]    Compiling iana-time-zone v0.1.59
[INFO] [stderr]    Compiling lexical-util v0.8.5
[INFO] [stderr]    Compiling ahash v0.8.7
[INFO] [stderr]    Compiling libc v0.2.151
[INFO] [stderr]    Compiling arrow-schema v46.0.0
[INFO] [stderr]    Compiling once_cell v1.19.0
[INFO] [stderr]    Compiling getrandom v0.2.11
[INFO] [stderr]    Compiling syn v2.0.48
[INFO] [stderr]    Compiling hashbrown v0.14.3
[INFO] [stderr]    Compiling lock_api v0.4.11
[INFO] [stderr]    Compiling parking_lot_core v0.9.9
[INFO] [stderr]    Compiling rand_core v0.6.4
[INFO] [stderr]    Compiling scopeguard v1.2.0
[INFO] [stderr]    Compiling smallvec v1.11.2
[INFO] [stderr]    Compiling itertools v0.11.0
[INFO] [stderr]    Compiling rand_chacha v0.3.1
[INFO] [stderr]    Compiling rustc_version v0.4.0
[INFO] [stderr]    Compiling lexical-parse-integer v0.8.6
[INFO] [stderr]    Compiling lexical-write-integer v0.8.5
[INFO] [stderr]    Compiling memmap2 v0.7.1
[INFO] [stderr]    Compiling sendfd v0.4.3
[INFO] [stderr]    Compiling downcast-rs v1.2.0
[INFO] [stderr]    Compiling rand v0.8.5
[INFO] [stderr]    Compiling lexical-parse-float v0.8.5
[INFO] [stderr]    Compiling lexical-write-float v0.8.5
[INFO] [stderr]    Compiling parking_lot v0.12.1
[INFO] [stderr]    Compiling flatbuffers v23.5.26
[INFO] [stderr]    Compiling uuid v1.6.1
[INFO] [stderr]    Compiling lexical-core v0.8.5
[INFO] [stderr]    Compiling num-integer v0.1.45
[INFO] [stderr]    Compiling num-complex v0.4.4
[INFO] [stderr]    Compiling half v2.3.1
[INFO] [stderr]    Compiling chrono v0.4.31
[INFO] [stderr]    Compiling gensym v0.1.1
[INFO] [stderr]    Compiling serde_derive v1.0.194
[INFO] [stderr]    Compiling ctor v0.2.6
[INFO] [stderr]    Compiling num-derive v0.4.1
[INFO] [stderr]    Compiling num v0.4.1
[INFO] [stderr]    Compiling arrow-buffer v46.0.0
[INFO] [stderr]    Compiling static_str_ops v0.1.2
[INFO] [stderr]    Compiling arrow-data v46.0.0
[INFO] [stderr]    Compiling arrow-array v46.0.0
[INFO] [stderr]    Compiling arrow-select v46.0.0
[INFO] [stderr]    Compiling arrow-cast v46.0.0
[INFO] [stderr]    Compiling arrow-ipc v46.0.0
[INFO] [stderr]    Compiling vineyard v0.18.1 (/opt/rustwide/workdir)
[INFO] [stdout] error[E0554]: `#![feature]` may not be used on the stable release channel
[INFO] [stdout]   --> src/lib.rs:27:34
[INFO] [stdout]    |
[INFO] [stdout] 27 | #![cfg_attr(feature = "nightly", feature(associated_type_defaults))]
[INFO] [stdout]    |                                  ^^^^^^^^^^^^^^^^^^^^^^^^^^^^^^^^^
[INFO] [stdout] 
[INFO] [stdout] 
[INFO] [stdout] error[E0554]: `#![feature]` may not be used on the stable release channel
[INFO] [stdout]   --> src/lib.rs:28:34
[INFO] [stdout]    |
[INFO] [stdout] 28 | #![cfg_attr(feature = "nightly", feature(box_into_inner))]
[INFO] [stdout]    |                                  ^^^^^^^^^^^^^^^^^^^^^^^
[INFO] [stdout] 
[INFO] [stdout] 
[INFO] [stdout] error[E0554]: `#![feature]` may not be used on the stable release channel
[INFO] [stdout]   --> src/lib.rs:29:34
[INFO] [stdout]    |
[INFO] [stdout] 29 | #![cfg_attr(feature = "nightly", feature(specialization))]
[INFO] [stdout]    |                                  ^^^^^^^^^^^^^^^^^^^^^^^
[INFO] [stdout] 
[INFO] [stdout] 
[INFO] [stdout] error[E0554]: `#![feature]` may not be used on the stable release channel
[INFO] [stdout]   --> src/lib.rs:30:34
[INFO] [stdout]    |
[INFO] [stdout] 30 | #![cfg_attr(feature = "nightly", feature(trait_alias))]
[INFO] [stdout]    |                                  ^^^^^^^^^^^^^^^^^^^^
[INFO] [stdout] 
[INFO] [stdout] 
[INFO] [stdout] error[E0554]: `#![feature]` may not be used on the stable release channel
[INFO] [stdout]   --> src/lib.rs:31:34
[INFO] [stdout]    |
[INFO] [stdout] 31 | #![cfg_attr(feature = "nightly", feature(unix_socket_peek))]
[INFO] [stdout]    |                                  ^^^^^^^^^^^^^^^^^^^^^^^^^
[INFO] [stdout] 
[INFO] [stdout] 
[INFO] [stdout] error[E0554]: `#![feature]` may not be used on the stable release channel
[INFO] [stdout]   --> src/lib.rs:28:42
[INFO] [stdout]    |
[INFO] [stdout] 28 | #![cfg_attr(feature = "nightly", feature(box_into_inner))]
[INFO] [stdout]    |                                          ^^^^^^^^^^^^^^
[INFO] [stdout] 
[INFO] [stdout] 
[INFO] [stdout] error[E0554]: `#![feature]` may not be used on the stable release channel
[INFO] [stdout]   --> src/lib.rs:31:42
[INFO] [stdout]    |
[INFO] [stdout] 31 | #![cfg_attr(feature = "nightly", feature(unix_socket_peek))]
[INFO] [stdout]    |                                          ^^^^^^^^^^^^^^^^
[INFO] [stdout] 
[INFO] [stdout] 
[INFO] [stdout] error: aborting due to 7 previous errors
[INFO] [stdout] 
[INFO] [stdout] 
[INFO] [stdout] For more information about this error, try `rustc --explain E0554`.
[INFO] [stdout] 
[INFO] [stderr] error: could not compile `vineyard` (lib) due to 8 previous errors
[INFO] [stderr] warning: build failed, waiting for other jobs to finish...
[INFO] running `Command { std: "docker" "inspect" "76b0c32ac0977bda5acc710707796cfd967b93c586af2a2547b8b92319dbf474", kill_on_drop: false }`
[INFO] running `Command { std: "docker" "rm" "-f" "76b0c32ac0977bda5acc710707796cfd967b93c586af2a2547b8b92319dbf474", kill_on_drop: false }`
[INFO] [stdout] 76b0c32ac0977bda5acc710707796cfd967b93c586af2a2547b8b92319dbf474
