[INFO] fetching crate viam-mdns 3.0.1...
[INFO] testing viam-mdns-3.0.1 against 1.75.0 for beta-1.76-1
[INFO] extracting crate viam-mdns 3.0.1 into /workspace/builds/worker-5-tc1/source
[INFO] validating manifest of crates.io crate viam-mdns 3.0.1 on toolchain 1.75.0
[INFO] running `Command { std: CARGO_HOME="/workspace/cargo-home" RUSTUP_HOME="/workspace/rustup-home" "/workspace/cargo-home/bin/cargo" "+1.75.0" "metadata" "--manifest-path" "Cargo.toml" "--no-deps", kill_on_drop: false }`
[INFO] started tweaking crates.io crate viam-mdns 3.0.1
[INFO] finished tweaking crates.io crate viam-mdns 3.0.1
[INFO] tweaked toml for crates.io crate viam-mdns 3.0.1 written to /workspace/builds/worker-5-tc1/source/Cargo.toml
[INFO] crate crates.io crate viam-mdns 3.0.1 already has a lockfile, it will not be regenerated
[INFO] running `Command { std: CARGO_HOME="/workspace/cargo-home" RUSTUP_HOME="/workspace/rustup-home" "/workspace/cargo-home/bin/cargo" "+1.75.0" "fetch" "--manifest-path" "Cargo.toml", kill_on_drop: false }`
[INFO] [stderr]  Downloading crates ...
[INFO] [stderr]   Downloaded net2 v0.2.38
[INFO] running `Command { std: "docker" "create" "-v" "/var/lib/crater-agent-workspace/builds/worker-5-tc1/target:/opt/rustwide/target:rw,Z" "-v" "/var/lib/crater-agent-workspace/builds/worker-5-tc1/source:/opt/rustwide/workdir:ro,Z" "-v" "/var/lib/crater-agent-workspace/cargo-home:/opt/rustwide/cargo-home:ro,Z" "-v" "/var/lib/crater-agent-workspace/rustup-home:/opt/rustwide/rustup-home:ro,Z" "-e" "SOURCE_DIR=/opt/rustwide/workdir" "-e" "CARGO_TARGET_DIR=/opt/rustwide/target" "-e" "CARGO_HOME=/opt/rustwide/cargo-home" "-e" "RUSTUP_HOME=/opt/rustwide/rustup-home" "-w" "/opt/rustwide/workdir" "-m" "1610612736" "--user" "0:0" "--network" "none" "ghcr.io/rust-lang/crates-build-env/linux@sha256:2788e3201cd34a07e3172128adcd8b3090168a8e3bcc40d7c032b9dda1df7d1c" "/opt/rustwide/cargo-home/bin/cargo" "+1.75.0" "metadata" "--no-deps" "--format-version=1", kill_on_drop: false }`
[INFO] [stdout] a5512081cd4632ccd2f0592127c127917ea7d70e2bfb365eb39e79b8156ad06f
[INFO] running `Command { std: "docker" "start" "-a" "a5512081cd4632ccd2f0592127c127917ea7d70e2bfb365eb39e79b8156ad06f", kill_on_drop: false }`
[INFO] running `Command { std: "docker" "inspect" "a5512081cd4632ccd2f0592127c127917ea7d70e2bfb365eb39e79b8156ad06f", kill_on_drop: false }`
[INFO] running `Command { std: "docker" "rm" "-f" "a5512081cd4632ccd2f0592127c127917ea7d70e2bfb365eb39e79b8156ad06f", kill_on_drop: false }`
[INFO] [stdout] a5512081cd4632ccd2f0592127c127917ea7d70e2bfb365eb39e79b8156ad06f
[INFO] running `Command { std: "docker" "create" "-v" "/var/lib/crater-agent-workspace/builds/worker-5-tc1/target:/opt/rustwide/target:rw,Z" "-v" "/var/lib/crater-agent-workspace/builds/worker-5-tc1/source:/opt/rustwide/workdir:ro,Z" "-v" "/var/lib/crater-agent-workspace/cargo-home:/opt/rustwide/cargo-home:ro,Z" "-v" "/var/lib/crater-agent-workspace/rustup-home:/opt/rustwide/rustup-home:ro,Z" "-e" "SOURCE_DIR=/opt/rustwide/workdir" "-e" "CARGO_TARGET_DIR=/opt/rustwide/target" "-e" "CARGO_INCREMENTAL=0" "-e" "RUST_BACKTRACE=full" "-e" "RUSTFLAGS=--cap-lints=warn" "-e" "RUSTDOCFLAGS=--cap-lints=warn" "-e" "CARGO_HOME=/opt/rustwide/cargo-home" "-e" "RUSTUP_HOME=/opt/rustwide/rustup-home" "-w" "/opt/rustwide/workdir" "-m" "1610612736" "--user" "0:0" "--network" "none" "ghcr.io/rust-lang/crates-build-env/linux@sha256:2788e3201cd34a07e3172128adcd8b3090168a8e3bcc40d7c032b9dda1df7d1c" "/opt/rustwide/cargo-home/bin/cargo" "+1.75.0" "build" "--frozen" "--message-format=json", kill_on_drop: false }`
[INFO] [stdout] a203da81b5b4846fecb3e176a03861d947e017c13b9545ef25db1bf280dc3015
[INFO] running `Command { std: "docker" "start" "-a" "a203da81b5b4846fecb3e176a03861d947e017c13b9545ef25db1bf280dc3015", kill_on_drop: false }`
[INFO] [stderr]    Compiling proc-macro2 v1.0.56
[INFO] [stderr]    Compiling quote v1.0.26
[INFO] [stderr]    Compiling unicode-ident v1.0.8
[INFO] [stderr]    Compiling syn v1.0.109
[INFO] [stderr]    Compiling libc v0.2.142
[INFO] [stderr]    Compiling futures-core v0.3.28
[INFO] [stderr]    Compiling value-bag v1.0.0-alpha.9
[INFO] [stderr]    Compiling crossbeam-utils v0.8.15
[INFO] [stderr]    Compiling memchr v2.5.0
[INFO] [stderr]    Compiling log v0.4.17
[INFO] [stderr]    Compiling slab v0.4.8
[INFO] [stderr]    Compiling pin-project-lite v0.2.9
[INFO] [stderr]    Compiling io-lifetimes v1.0.10
[INFO] [stderr]    Compiling fastrand v1.9.0
[INFO] [stderr]    Compiling waker-fn v1.1.0
[INFO] [stderr]    Compiling futures-io v0.3.28
[INFO] [stderr]    Compiling parking v2.1.0
[INFO] [stderr]    Compiling concurrent-queue v2.2.0
[INFO] [stderr]    Compiling async-lock v2.7.0
[INFO] [stderr]    Compiling futures-lite v1.13.0
[INFO] [stderr]    Compiling polling v2.8.0
[INFO] [stderr]    Compiling rustix v0.37.19
[INFO] [stderr]    Compiling async-io v1.13.0
[INFO] [stderr]    Compiling rustversion v1.0.12
[INFO] [stderr]    Compiling linux-raw-sys v0.3.7
[INFO] [stderr]    Compiling socket2 v0.4.9
[INFO] [stderr]    Compiling proc-macro-error-attr v1.0.4
[INFO] [stderr]    Compiling async-task v4.4.0
[INFO] [stderr]    Compiling signal-hook v0.3.15
[INFO] [stderr]    Compiling signal-hook-registry v1.4.1
[INFO] [stderr]    Compiling async-channel v1.8.0
[INFO] [stderr]    Compiling async-process v1.7.0
[INFO] [stderr]    Compiling proc-macro-error v1.0.4
[INFO] [stderr]    Compiling futures-task v0.3.28
[INFO] [stderr]    Compiling atomic-waker v1.1.1
[INFO] [stderr]    Compiling async-executor v1.5.1
[INFO] [stderr]    Compiling syn v2.0.15
[INFO] [stderr]    Compiling futures-util v0.3.28
[INFO] [stderr]    Compiling once_cell v1.17.1
[INFO] [stderr]    Compiling err-derive v0.2.4
[INFO] [stderr]    Compiling unicode-xid v0.2.4
[INFO] [stderr]    Compiling cfg-if v0.1.10
[INFO] [stderr]    Compiling byteorder v1.4.3
[INFO] [stderr]    Compiling quick-error v1.2.3
[INFO] [stderr]    Compiling net2 v0.2.38
[INFO] [stderr]    Compiling dns-parser v0.8.0
[INFO] [stderr]    Compiling synstructure v0.12.6
[INFO] [stderr]    Compiling futures-macro v0.3.28
[INFO] [stderr]    Compiling ctor v0.1.26
[INFO] [stderr]    Compiling async-stream-impl v0.2.1
[INFO] [stderr]    Compiling async-attributes v1.1.2
[INFO] [stderr]    Compiling async-stream v0.2.1
[INFO] [stderr]    Compiling blocking v1.3.1
[INFO] [stderr]    Compiling kv-log-macro v1.0.7
[INFO] [stderr]    Compiling async-global-executor v2.3.1
[INFO] [stderr]    Compiling async-std v1.12.0
[INFO] [stderr]    Compiling viam-mdns v3.0.1 (/opt/rustwide/workdir)
[INFO] [stderr]     Finished dev [unoptimized + debuginfo] target(s) in 7.47s
[INFO] running `Command { std: "docker" "inspect" "a203da81b5b4846fecb3e176a03861d947e017c13b9545ef25db1bf280dc3015", kill_on_drop: false }`
[INFO] running `Command { std: "docker" "rm" "-f" "a203da81b5b4846fecb3e176a03861d947e017c13b9545ef25db1bf280dc3015", kill_on_drop: false }`
[INFO] [stdout] a203da81b5b4846fecb3e176a03861d947e017c13b9545ef25db1bf280dc3015
[INFO] running `Command { std: "docker" "create" "-v" "/var/lib/crater-agent-workspace/builds/worker-5-tc1/target:/opt/rustwide/target:rw,Z" "-v" "/var/lib/crater-agent-workspace/builds/worker-5-tc1/source:/opt/rustwide/workdir:ro,Z" "-v" "/var/lib/crater-agent-workspace/cargo-home:/opt/rustwide/cargo-home:ro,Z" "-v" "/var/lib/crater-agent-workspace/rustup-home:/opt/rustwide/rustup-home:ro,Z" "-e" "SOURCE_DIR=/opt/rustwide/workdir" "-e" "CARGO_TARGET_DIR=/opt/rustwide/target" "-e" "CARGO_INCREMENTAL=0" "-e" "RUST_BACKTRACE=full" "-e" "RUSTFLAGS=--cap-lints=warn" "-e" "RUSTDOCFLAGS=--cap-lints=warn" "-e" "CARGO_HOME=/opt/rustwide/cargo-home" "-e" "RUSTUP_HOME=/opt/rustwide/rustup-home" "-w" "/opt/rustwide/workdir" "-m" "1610612736" "--user" "0:0" "--network" "none" "ghcr.io/rust-lang/crates-build-env/linux@sha256:2788e3201cd34a07e3172128adcd8b3090168a8e3bcc40d7c032b9dda1df7d1c" "/opt/rustwide/cargo-home/bin/cargo" "+1.75.0" "test" "--frozen" "--no-run" "--message-format=json", kill_on_drop: false }`
[INFO] [stdout] 06a272080ae18eedf6de7ec8a1e609e9efcaba718d5cf25b2a2c9d0e43393abc
[INFO] running `Command { std: "docker" "start" "-a" "06a272080ae18eedf6de7ec8a1e609e9efcaba718d5cf25b2a2c9d0e43393abc", kill_on_drop: false }`
[INFO] [stderr]    Compiling viam-mdns v3.0.1 (/opt/rustwide/workdir)
[INFO] [stdout] error[E0432]: unresolved import `mdns`
[INFO] [stdout]  --> examples/chromecast_discovery.rs:2:5
[INFO] [stdout]   |
[INFO] [stdout] 2 | use mdns::Error;
[INFO] [stdout]   |     ^^^^ use of undeclared crate or module `mdns`
[INFO] [stdout] 
[INFO] [stdout] 
[INFO] [stdout] error[E0432]: unresolved import `mdns`
[INFO] [stdout]  --> examples/http_discovery.rs:2:5
[INFO] [stdout]   |
[INFO] [stdout] 2 | use mdns::Error;
[INFO] [stdout]   |     ^^^^ use of undeclared crate or module `mdns`
[INFO] [stdout] 
[INFO] [stdout] 
[INFO] [stdout] error[E0432]: unresolved import `mdns`
[INFO] [stdout]  --> examples/resolve_hosts.rs:1:5
[INFO] [stdout]   |
[INFO] [stdout] 1 | use mdns::Error;
[INFO] [stdout]   |     ^^^^ use of undeclared crate or module `mdns`
[INFO] [stdout] 
[INFO] [stdout] 
[INFO] [stdout] error[E0433]: failed to resolve: use of undeclared crate or module `mdns`
[INFO] [stdout]  --> examples/chromecast_discovery.rs:9:18
[INFO] [stdout]   |
[INFO] [stdout] 9 |     let stream = mdns::discover::all(SERVICE_NAME, Duration::from_secs(15))?.listen();
[INFO] [stdout]   |                  ^^^^ use of undeclared crate or module `mdns`
[INFO] [stdout]   |
[INFO] [stdout] help: consider importing this module
[INFO] [stdout]   |
[INFO] [stdout] 1 + use viam_mdns::discover;
[INFO] [stdout]   |
[INFO] [stdout] help: if you import `discover`, refer to it directly
[INFO] [stdout]   |
[INFO] [stdout] 9 -     let stream = mdns::discover::all(SERVICE_NAME, Duration::from_secs(15))?.listen();
[INFO] [stdout] 9 +     let stream = discover::all(SERVICE_NAME, Duration::from_secs(15))?.listen();
[INFO] [stdout]   |
[INFO] [stdout] 
[INFO] [stdout] 
[INFO] [stdout] error[E0433]: failed to resolve: use of undeclared crate or module `mdns`
[INFO] [stdout]  --> examples/http_discovery.rs:9:18
[INFO] [stdout]   |
[INFO] [stdout] 9 |     let stream = mdns::discover::all(SERVICE_NAME, Duration::from_secs(15))?.listen();
[INFO] [stdout]   |                  ^^^^ use of undeclared crate or module `mdns`
[INFO] [stdout]   |
[INFO] [stdout] help: consider importing this module
[INFO] [stdout]   |
[INFO] [stdout] 1 + use viam_mdns::discover;
[INFO] [stdout]   |
[INFO] [stdout] help: if you import `discover`, refer to it directly
[INFO] [stdout]   |
[INFO] [stdout] 9 -     let stream = mdns::discover::all(SERVICE_NAME, Duration::from_secs(15))?.listen();
[INFO] [stdout] 9 +     let stream = discover::all(SERVICE_NAME, Duration::from_secs(15))?.listen();
[INFO] [stdout]   |
[INFO] [stdout] 
[INFO] [stdout] 
[INFO] [stdout] error[E0433]: failed to resolve: use of undeclared crate or module `mdns`
[INFO] [stdout]  --> examples/resolve_hosts.rs:9:21
[INFO] [stdout]   |
[INFO] [stdout] 9 |     let responses = mdns::resolve::multiple(SERVICE_NAME, &HOSTS, Duration::from_secs(15)).await?;
[INFO] [stdout]   |                     ^^^^ use of undeclared crate or module `mdns`
[INFO] [stdout]   |
[INFO] [stdout] help: consider importing this module
[INFO] [stdout]   |
[INFO] [stdout] 1 + use viam_mdns::resolve;
[INFO] [stdout]   |
[INFO] [stdout] help: if you import `resolve`, refer to it directly
[INFO] [stdout]   |
[INFO] [stdout] 9 -     let responses = mdns::resolve::multiple(SERVICE_NAME, &HOSTS, Duration::from_secs(15)).await?;
[INFO] [stdout] 9 +     let responses = resolve::multiple(SERVICE_NAME, &HOSTS, Duration::from_secs(15)).await?;
[INFO] [stdout]   |
[INFO] [stdout] 
[INFO] [stdout] 
[INFO] [stdout] warning: unused import: `stream::StreamExt`
[INFO] [stdout]  --> examples/chromecast_discovery.rs:1:29
[INFO] [stdout]   |
[INFO] [stdout] 1 | use futures_util::{pin_mut, stream::StreamExt};
[INFO] [stdout]   |                             ^^^^^^^^^^^^^^^^^
[INFO] [stdout]   |
[INFO] [stdout]   = note: `#[warn(unused_imports)]` on by default
[INFO] [stdout] 
[INFO] [stdout] 
[INFO] [stdout] warning: unused import: `stream::StreamExt`
[INFO] [stdout]  --> examples/http_discovery.rs:1:29
[INFO] [stdout]   |
[INFO] [stdout] 1 | use futures_util::{pin_mut, stream::StreamExt};
[INFO] [stdout]   |                             ^^^^^^^^^^^^^^^^^
[INFO] [stdout]   |
[INFO] [stdout]   = note: `#[warn(unused_imports)]` on by default
[INFO] [stdout] 
[INFO] [stdout] 
[INFO] [stdout] error: aborting due to 2 previous errors; 1 warning emitted
[INFO] [stdout] 
[INFO] [stdout] 
[INFO] [stdout] Some errors have detailed explanations: E0432, E0433.
[INFO] [stdout] 
[INFO] [stdout] For more information about an error, try `rustc --explain E0432`.
[INFO] [stdout] 
[INFO] [stdout] error: aborting due to 2 previous errors; 1 warning emitted
[INFO] [stdout] 
[INFO] [stdout] 
[INFO] [stdout] error: aborting due to 2 previous errors
[INFO] [stdout] 
[INFO] [stdout] 
[INFO] [stdout] Some errors have detailed explanations: E0432, E0433.
[INFO] [stdout] 
[INFO] [stdout] Some errors have detailed explanations: E0432, E0433.
[INFO] [stdout] 
[INFO] [stdout] For more information about an error, try `rustc --explain E0432`.
[INFO] [stdout] 
[INFO] [stdout] For more information about an error, try `rustc --explain E0432`.
[INFO] [stdout] 
[INFO] [stderr] error: could not compile `viam-mdns` (example "chromecast_discovery") due to 3 previous errors; 1 warning emitted
[INFO] [stderr] warning: build failed, waiting for other jobs to finish...
[INFO] [stderr] error: could not compile `viam-mdns` (example "http_discovery") due to 3 previous errors; 1 warning emitted
[INFO] [stderr] error: could not compile `viam-mdns` (example "resolve_hosts") due to 3 previous errors
[INFO] running `Command { std: "docker" "inspect" "06a272080ae18eedf6de7ec8a1e609e9efcaba718d5cf25b2a2c9d0e43393abc", kill_on_drop: false }`
[INFO] running `Command { std: "docker" "rm" "-f" "06a272080ae18eedf6de7ec8a1e609e9efcaba718d5cf25b2a2c9d0e43393abc", kill_on_drop: false }`
[INFO] [stdout] 06a272080ae18eedf6de7ec8a1e609e9efcaba718d5cf25b2a2c9d0e43393abc
[INFO] testing viam-mdns-3.0.1 against beta-2023-12-22 for beta-1.76-1
[INFO] extracting crate viam-mdns 3.0.1 into /workspace/builds/worker-5-tc2/source
[INFO] validating manifest of crates.io crate viam-mdns 3.0.1 on toolchain beta-2023-12-22
[INFO] running `Command { std: CARGO_HOME="/workspace/cargo-home" RUSTUP_HOME="/workspace/rustup-home" "/workspace/cargo-home/bin/cargo" "+beta-2023-12-22" "metadata" "--manifest-path" "Cargo.toml" "--no-deps", kill_on_drop: false }`
[INFO] started tweaking crates.io crate viam-mdns 3.0.1
[INFO] finished tweaking crates.io crate viam-mdns 3.0.1
[INFO] tweaked toml for crates.io crate viam-mdns 3.0.1 written to /workspace/builds/worker-5-tc2/source/Cargo.toml
[INFO] crate crates.io crate viam-mdns 3.0.1 already has a lockfile, it will not be regenerated
[INFO] running `Command { std: CARGO_HOME="/workspace/cargo-home" RUSTUP_HOME="/workspace/rustup-home" "/workspace/cargo-home/bin/cargo" "+beta-2023-12-22" "fetch" "--manifest-path" "Cargo.toml", kill_on_drop: false }`
[INFO] running `Command { std: "docker" "create" "-v" "/var/lib/crater-agent-workspace/builds/worker-5-tc2/target:/opt/rustwide/target:rw,Z" "-v" "/var/lib/crater-agent-workspace/builds/worker-5-tc2/source:/opt/rustwide/workdir:ro,Z" "-v" "/var/lib/crater-agent-workspace/cargo-home:/opt/rustwide/cargo-home:ro,Z" "-v" "/var/lib/crater-agent-workspace/rustup-home:/opt/rustwide/rustup-home:ro,Z" "-e" "SOURCE_DIR=/opt/rustwide/workdir" "-e" "CARGO_TARGET_DIR=/opt/rustwide/target" "-e" "CARGO_HOME=/opt/rustwide/cargo-home" "-e" "RUSTUP_HOME=/opt/rustwide/rustup-home" "-w" "/opt/rustwide/workdir" "-m" "1610612736" "--user" "0:0" "--network" "none" "ghcr.io/rust-lang/crates-build-env/linux@sha256:2788e3201cd34a07e3172128adcd8b3090168a8e3bcc40d7c032b9dda1df7d1c" "/opt/rustwide/cargo-home/bin/cargo" "+beta-2023-12-22" "metadata" "--no-deps" "--format-version=1", kill_on_drop: false }`
[INFO] [stdout] 7e766597d475417d0f3a9821e5b9e11f85f56aebcc451b06f1ab4cedc022d449
[INFO] running `Command { std: "docker" "start" "-a" "7e766597d475417d0f3a9821e5b9e11f85f56aebcc451b06f1ab4cedc022d449", kill_on_drop: false }`
[INFO] running `Command { std: "docker" "inspect" "7e766597d475417d0f3a9821e5b9e11f85f56aebcc451b06f1ab4cedc022d449", kill_on_drop: false }`
[INFO] running `Command { std: "docker" "rm" "-f" "7e766597d475417d0f3a9821e5b9e11f85f56aebcc451b06f1ab4cedc022d449", kill_on_drop: false }`
[INFO] [stdout] 7e766597d475417d0f3a9821e5b9e11f85f56aebcc451b06f1ab4cedc022d449
[INFO] running `Command { std: "docker" "create" "-v" "/var/lib/crater-agent-workspace/builds/worker-5-tc2/target:/opt/rustwide/target:rw,Z" "-v" "/var/lib/crater-agent-workspace/builds/worker-5-tc2/source:/opt/rustwide/workdir:ro,Z" "-v" "/var/lib/crater-agent-workspace/cargo-home:/opt/rustwide/cargo-home:ro,Z" "-v" "/var/lib/crater-agent-workspace/rustup-home:/opt/rustwide/rustup-home:ro,Z" "-e" "SOURCE_DIR=/opt/rustwide/workdir" "-e" "CARGO_TARGET_DIR=/opt/rustwide/target" "-e" "CARGO_INCREMENTAL=0" "-e" "RUST_BACKTRACE=full" "-e" "RUSTFLAGS=--cap-lints=warn" "-e" "RUSTDOCFLAGS=--cap-lints=warn" "-e" "CARGO_HOME=/opt/rustwide/cargo-home" "-e" "RUSTUP_HOME=/opt/rustwide/rustup-home" "-w" "/opt/rustwide/workdir" "-m" "1610612736" "--user" "0:0" "--network" "none" "ghcr.io/rust-lang/crates-build-env/linux@sha256:2788e3201cd34a07e3172128adcd8b3090168a8e3bcc40d7c032b9dda1df7d1c" "/opt/rustwide/cargo-home/bin/cargo" "+beta-2023-12-22" "build" "--frozen" "--message-format=json", kill_on_drop: false }`
[INFO] [stdout] a709f5b0bd37d57ddf2912a10f811135d7d28ccee8a8b7e3f6acdd55c903abe9
[INFO] running `Command { std: "docker" "start" "-a" "a709f5b0bd37d57ddf2912a10f811135d7d28ccee8a8b7e3f6acdd55c903abe9", kill_on_drop: false }`
[INFO] [stderr]    Compiling proc-macro2 v1.0.56
[INFO] [stderr]    Compiling unicode-ident v1.0.8
[INFO] [stderr]    Compiling quote v1.0.26
[INFO] [stderr]    Compiling syn v1.0.109
[INFO] [stderr]    Compiling libc v0.2.142
[INFO] [stderr]    Compiling futures-core v0.3.28
[INFO] [stderr]    Compiling value-bag v1.0.0-alpha.9
[INFO] [stderr]    Compiling crossbeam-utils v0.8.15
[INFO] [stderr]    Compiling log v0.4.17
[INFO] [stderr]    Compiling memchr v2.5.0
[INFO] [stderr]    Compiling slab v0.4.8
[INFO] [stderr]    Compiling pin-project-lite v0.2.9
[INFO] [stderr]    Compiling waker-fn v1.1.0
[INFO] [stderr]    Compiling parking v2.1.0
[INFO] [stderr]    Compiling fastrand v1.9.0
[INFO] [stderr]    Compiling io-lifetimes v1.0.10
[INFO] [stderr]    Compiling futures-io v0.3.28
[INFO] [stderr]    Compiling concurrent-queue v2.2.0
[INFO] [stderr]    Compiling async-lock v2.7.0
[INFO] [stderr]    Compiling polling v2.8.0
[INFO] [stderr]    Compiling rustix v0.37.19
[INFO] [stderr]    Compiling async-io v1.13.0
[INFO] [stderr]    Compiling linux-raw-sys v0.3.7
[INFO] [stderr]    Compiling futures-lite v1.13.0
[INFO] [stderr]    Compiling rustversion v1.0.12
[INFO] [stderr]    Compiling socket2 v0.4.9
[INFO] [stderr]    Compiling proc-macro-error-attr v1.0.4
[INFO] [stderr]    Compiling async-task v4.4.0
[INFO] [stderr]    Compiling signal-hook v0.3.15
[INFO] [stderr]    Compiling signal-hook-registry v1.4.1
[INFO] [stderr]    Compiling async-channel v1.8.0
[INFO] [stderr]    Compiling proc-macro-error v1.0.4
[INFO] [stderr]    Compiling async-process v1.7.0
[INFO] [stderr]    Compiling atomic-waker v1.1.1
[INFO] [stderr]    Compiling futures-task v0.3.28
[INFO] [stderr]    Compiling async-executor v1.5.1
[INFO] [stderr]    Compiling syn v2.0.15
[INFO] [stderr]    Compiling futures-util v0.3.28
[INFO] [stderr]    Compiling unicode-xid v0.2.4
[INFO] [stderr]    Compiling once_cell v1.17.1
[INFO] [stderr]    Compiling err-derive v0.2.4
[INFO] [stderr]    Compiling byteorder v1.4.3
[INFO] [stderr]    Compiling cfg-if v0.1.10
[INFO] [stderr]    Compiling quick-error v1.2.3
[INFO] [stderr]    Compiling net2 v0.2.38
[INFO] [stderr]    Compiling dns-parser v0.8.0
[INFO] [stderr]    Compiling synstructure v0.12.6
[INFO] [stderr]    Compiling futures-macro v0.3.28
[INFO] [stderr]    Compiling ctor v0.1.26
[INFO] [stderr]    Compiling async-attributes v1.1.2
[INFO] [stderr]    Compiling async-stream-impl v0.2.1
[INFO] [stderr]    Compiling async-stream v0.2.1
[INFO] [stderr]    Compiling blocking v1.3.1
[INFO] [stderr]    Compiling kv-log-macro v1.0.7
[INFO] [stderr]    Compiling async-global-executor v2.3.1
[INFO] [stderr]    Compiling async-std v1.12.0
[INFO] [stderr]    Compiling viam-mdns v3.0.1 (/opt/rustwide/workdir)
[INFO] [stderr]     Finished dev [unoptimized + debuginfo] target(s) in 7.28s
[INFO] running `Command { std: "docker" "inspect" "a709f5b0bd37d57ddf2912a10f811135d7d28ccee8a8b7e3f6acdd55c903abe9", kill_on_drop: false }`
[INFO] running `Command { std: "docker" "rm" "-f" "a709f5b0bd37d57ddf2912a10f811135d7d28ccee8a8b7e3f6acdd55c903abe9", kill_on_drop: false }`
[INFO] [stdout] a709f5b0bd37d57ddf2912a10f811135d7d28ccee8a8b7e3f6acdd55c903abe9
[INFO] running `Command { std: "docker" "create" "-v" "/var/lib/crater-agent-workspace/builds/worker-5-tc2/target:/opt/rustwide/target:rw,Z" "-v" "/var/lib/crater-agent-workspace/builds/worker-5-tc2/source:/opt/rustwide/workdir:ro,Z" "-v" "/var/lib/crater-agent-workspace/cargo-home:/opt/rustwide/cargo-home:ro,Z" "-v" "/var/lib/crater-agent-workspace/rustup-home:/opt/rustwide/rustup-home:ro,Z" "-e" "SOURCE_DIR=/opt/rustwide/workdir" "-e" "CARGO_TARGET_DIR=/opt/rustwide/target" "-e" "CARGO_INCREMENTAL=0" "-e" "RUST_BACKTRACE=full" "-e" "RUSTFLAGS=--cap-lints=warn" "-e" "RUSTDOCFLAGS=--cap-lints=warn" "-e" "CARGO_HOME=/opt/rustwide/cargo-home" "-e" "RUSTUP_HOME=/opt/rustwide/rustup-home" "-w" "/opt/rustwide/workdir" "-m" "1610612736" "--user" "0:0" "--network" "none" "ghcr.io/rust-lang/crates-build-env/linux@sha256:2788e3201cd34a07e3172128adcd8b3090168a8e3bcc40d7c032b9dda1df7d1c" "/opt/rustwide/cargo-home/bin/cargo" "+beta-2023-12-22" "test" "--frozen" "--no-run" "--message-format=json", kill_on_drop: false }`
[INFO] [stdout] 480b59a74963197735c12214036b669d299f722c22ad494a4862abe89c4d3ee5
[INFO] running `Command { std: "docker" "start" "-a" "480b59a74963197735c12214036b669d299f722c22ad494a4862abe89c4d3ee5", kill_on_drop: false }`
[INFO] [stderr]    Compiling viam-mdns v3.0.1 (/opt/rustwide/workdir)
[INFO] [stdout] error[E0432]: unresolved import `mdns`
[INFO] [stdout]  --> examples/http_discovery.rs:2:5
[INFO] [stdout]   |
[INFO] [stdout] 2 | use mdns::Error;
[INFO] [stdout]   |     ^^^^ use of undeclared crate or module `mdns`
[INFO] [stdout] 
[INFO] [stdout] 
[INFO] [stdout] error[E0432]: unresolved import `mdns`
[INFO] [stdout]  --> examples/resolve_hosts.rs:1:5
[INFO] [stdout]   |
[INFO] [stdout] 1 | use mdns::Error;
[INFO] [stdout]   |     ^^^^ use of undeclared crate or module `mdns`
[INFO] [stdout] 
[INFO] [stdout] 
[INFO] [stdout] error[E0432]: unresolved import `mdns`
[INFO] [stdout]  --> examples/chromecast_discovery.rs:2:5
[INFO] [stdout]   |
[INFO] [stdout] 2 | use mdns::Error;
[INFO] [stdout]   |     ^^^^ use of undeclared crate or module `mdns`
[INFO] [stdout] 
[INFO] [stdout] 
[INFO] [stdout] error[E0433]: failed to resolve: use of undeclared crate or module `mdns`
[INFO] [stdout]  --> examples/resolve_hosts.rs:9:21
[INFO] [stdout]   |
[INFO] [stdout] 9 |     let responses = mdns::resolve::multiple(SERVICE_NAME, &HOSTS, Duration::from_secs(15)).await?;
[INFO] [stdout]   |                     ^^^^ use of undeclared crate or module `mdns`
[INFO] [stdout]   |
[INFO] [stdout] help: consider importing this module
[INFO] [stdout]   |
[INFO] [stdout] 1 + use viam_mdns::resolve;
[INFO] [stdout]   |
[INFO] [stdout] help: if you import `resolve`, refer to it directly
[INFO] [stdout]   |
[INFO] [stdout] 9 -     let responses = mdns::resolve::multiple(SERVICE_NAME, &HOSTS, Duration::from_secs(15)).await?;
[INFO] [stdout] 9 +     let responses = resolve::multiple(SERVICE_NAME, &HOSTS, Duration::from_secs(15)).await?;
[INFO] [stdout]   |
[INFO] [stdout] 
[INFO] [stdout] 
[INFO] [stdout] error[E0433]: failed to resolve: use of undeclared crate or module `mdns`
[INFO] [stdout]  --> examples/chromecast_discovery.rs:9:18
[INFO] [stdout]   |
[INFO] [stdout] 9 |     let stream = mdns::discover::all(SERVICE_NAME, Duration::from_secs(15))?.listen();
[INFO] [stdout]   |                  ^^^^ use of undeclared crate or module `mdns`
[INFO] [stdout]   |
[INFO] [stdout] help: consider importing this module
[INFO] [stdout]   |
[INFO] [stdout] 1 + use viam_mdns::discover;
[INFO] [stdout]   |
[INFO] [stdout] help: if you import `discover`, refer to it directly
[INFO] [stdout]   |
[INFO] [stdout] 9 -     let stream = mdns::discover::all(SERVICE_NAME, Duration::from_secs(15))?.listen();
[INFO] [stdout] 9 +     let stream = discover::all(SERVICE_NAME, Duration::from_secs(15))?.listen();
[INFO] [stdout]   |
[INFO] [stdout] 
[INFO] [stdout] 
[INFO] [stdout] error[E0433]: failed to resolve: use of undeclared crate or module `mdns`
[INFO] [stdout]  --> examples/http_discovery.rs:9:18
[INFO] [stdout]   |
[INFO] [stdout] 9 |     let stream = mdns::discover::all(SERVICE_NAME, Duration::from_secs(15))?.listen();
[INFO] [stdout]   |                  ^^^^ use of undeclared crate or module `mdns`
[INFO] [stdout]   |
[INFO] [stdout] help: consider importing this module
[INFO] [stdout]   |
[INFO] [stdout] 1 + use viam_mdns::discover;
[INFO] [stdout]   |
[INFO] [stdout] help: if you import `discover`, refer to it directly
[INFO] [stdout]   |
[INFO] [stdout] 9 -     let stream = mdns::discover::all(SERVICE_NAME, Duration::from_secs(15))?.listen();
[INFO] [stdout] 9 +     let stream = discover::all(SERVICE_NAME, Duration::from_secs(15))?.listen();
[INFO] [stdout]   |
[INFO] [stdout] 
[INFO] [stdout] 
[INFO] [stdout] warning: unused import: `stream::StreamExt`
[INFO] [stdout]  --> examples/chromecast_discovery.rs:1:29
[INFO] [stdout]   |
[INFO] [stdout] 1 | use futures_util::{pin_mut, stream::StreamExt};
[INFO] [stdout]   |                             ^^^^^^^^^^^^^^^^^
[INFO] [stdout]   |
[INFO] [stdout]   = note: `#[warn(unused_imports)]` on by default
[INFO] [stdout] 
[INFO] [stdout] 
[INFO] [stdout] warning: unused import: `stream::StreamExt`
[INFO] [stdout]  --> examples/http_discovery.rs:1:29
[INFO] [stdout]   |
[INFO] [stdout] 1 | use futures_util::{pin_mut, stream::StreamExt};
[INFO] [stdout]   |                             ^^^^^^^^^^^^^^^^^
[INFO] [stdout]   |
[INFO] [stdout]   = note: `#[warn(unused_imports)]` on by default
[INFO] [stdout] 
[INFO] [stdout] 
[INFO] [stdout] error: aborting due to 2 previous errors
[INFO] [stdout] 
[INFO] [stdout] 
[INFO] [stdout] Some errors have detailed explanations: E0432, E0433.
[INFO] [stdout] 
[INFO] [stdout] For more information about an error, try `rustc --explain E0432`.
[INFO] [stdout] 
[INFO] [stdout] error: aborting due to 2 previous errors; 1 warning emitted
[INFO] [stdout] 
[INFO] [stdout] 
[INFO] [stdout] error: aborting due to 2 previous errors; 1 warning emitted
[INFO] [stdout] 
[INFO] [stdout] 
[INFO] [stdout] Some errors have detailed explanations: E0432, E0433.
[INFO] [stdout] 
[INFO] [stdout] Some errors have detailed explanations: E0432, E0433.
[INFO] [stdout] 
[INFO] [stdout] For more information about an error, try `rustc --explain E0432`.
[INFO] [stdout] 
[INFO] [stdout] For more information about an error, try `rustc --explain E0432`.
[INFO] [stdout] 
[INFO] [stderr] error: could not compile `viam-mdns` (example "resolve_hosts") due to 3 previous errors
[INFO] [stderr] warning: build failed, waiting for other jobs to finish...
[INFO] [stderr] error: could not compile `viam-mdns` (example "chromecast_discovery") due to 3 previous errors; 1 warning emitted
[INFO] [stderr] error: could not compile `viam-mdns` (example "http_discovery") due to 3 previous errors; 1 warning emitted
[INFO] running `Command { std: "docker" "inspect" "480b59a74963197735c12214036b669d299f722c22ad494a4862abe89c4d3ee5", kill_on_drop: false }`
[INFO] running `Command { std: "docker" "rm" "-f" "480b59a74963197735c12214036b669d299f722c22ad494a4862abe89c4d3ee5", kill_on_drop: false }`
[INFO] [stdout] 480b59a74963197735c12214036b669d299f722c22ad494a4862abe89c4d3ee5
