[INFO] fetching crate viable-impl 0.2.1...
[INFO] testing viable-impl-0.2.1 against 1.75.0 for beta-1.76-1
[INFO] extracting crate viable-impl 0.2.1 into /workspace/builds/worker-2-tc1/source
[INFO] validating manifest of crates.io crate viable-impl 0.2.1 on toolchain 1.75.0
[INFO] running `Command { std: CARGO_HOME="/workspace/cargo-home" RUSTUP_HOME="/workspace/rustup-home" "/workspace/cargo-home/bin/cargo" "+1.75.0" "metadata" "--manifest-path" "Cargo.toml" "--no-deps", kill_on_drop: false }`
[INFO] started tweaking crates.io crate viable-impl 0.2.1
[INFO] removed 0 missing tests
[INFO] finished tweaking crates.io crate viable-impl 0.2.1
[INFO] tweaked toml for crates.io crate viable-impl 0.2.1 written to /workspace/builds/worker-2-tc1/source/Cargo.toml
[INFO] running `Command { std: CARGO_HOME="/workspace/cargo-home" RUSTUP_HOME="/workspace/rustup-home" "/workspace/cargo-home/bin/cargo" "+1.75.0" "generate-lockfile" "--manifest-path" "Cargo.toml", kill_on_drop: false }`
[INFO] [stderr]     Updating crates.io index
[INFO] running `Command { std: CARGO_HOME="/workspace/cargo-home" RUSTUP_HOME="/workspace/rustup-home" "/workspace/cargo-home/bin/cargo" "+1.75.0" "fetch" "--manifest-path" "Cargo.toml", kill_on_drop: false }`
[INFO] running `Command { std: "docker" "create" "-v" "/var/lib/crater-agent-workspace/builds/worker-2-tc1/target:/opt/rustwide/target:rw,Z" "-v" "/var/lib/crater-agent-workspace/builds/worker-2-tc1/source:/opt/rustwide/workdir:ro,Z" "-v" "/var/lib/crater-agent-workspace/cargo-home:/opt/rustwide/cargo-home:ro,Z" "-v" "/var/lib/crater-agent-workspace/rustup-home:/opt/rustwide/rustup-home:ro,Z" "-e" "SOURCE_DIR=/opt/rustwide/workdir" "-e" "CARGO_TARGET_DIR=/opt/rustwide/target" "-e" "CARGO_HOME=/opt/rustwide/cargo-home" "-e" "RUSTUP_HOME=/opt/rustwide/rustup-home" "-w" "/opt/rustwide/workdir" "-m" "1610612736" "--user" "0:0" "--network" "none" "ghcr.io/rust-lang/crates-build-env/linux@sha256:2788e3201cd34a07e3172128adcd8b3090168a8e3bcc40d7c032b9dda1df7d1c" "/opt/rustwide/cargo-home/bin/cargo" "+1.75.0" "metadata" "--no-deps" "--format-version=1", kill_on_drop: false }`
[INFO] [stdout] edec2353032005285bc2117706f947ded5b49cc8f7398ea7283751f0bcb3b8e8
[INFO] running `Command { std: "docker" "start" "-a" "edec2353032005285bc2117706f947ded5b49cc8f7398ea7283751f0bcb3b8e8", kill_on_drop: false }`
[INFO] running `Command { std: "docker" "inspect" "edec2353032005285bc2117706f947ded5b49cc8f7398ea7283751f0bcb3b8e8", kill_on_drop: false }`
[INFO] running `Command { std: "docker" "rm" "-f" "edec2353032005285bc2117706f947ded5b49cc8f7398ea7283751f0bcb3b8e8", kill_on_drop: false }`
[INFO] [stdout] edec2353032005285bc2117706f947ded5b49cc8f7398ea7283751f0bcb3b8e8
[INFO] running `Command { std: "docker" "create" "-v" "/var/lib/crater-agent-workspace/builds/worker-2-tc1/target:/opt/rustwide/target:rw,Z" "-v" "/var/lib/crater-agent-workspace/builds/worker-2-tc1/source:/opt/rustwide/workdir:ro,Z" "-v" "/var/lib/crater-agent-workspace/cargo-home:/opt/rustwide/cargo-home:ro,Z" "-v" "/var/lib/crater-agent-workspace/rustup-home:/opt/rustwide/rustup-home:ro,Z" "-e" "SOURCE_DIR=/opt/rustwide/workdir" "-e" "CARGO_TARGET_DIR=/opt/rustwide/target" "-e" "CARGO_INCREMENTAL=0" "-e" "RUST_BACKTRACE=full" "-e" "RUSTFLAGS=--cap-lints=warn" "-e" "RUSTDOCFLAGS=--cap-lints=warn" "-e" "CARGO_HOME=/opt/rustwide/cargo-home" "-e" "RUSTUP_HOME=/opt/rustwide/rustup-home" "-w" "/opt/rustwide/workdir" "-m" "1610612736" "--user" "0:0" "--network" "none" "ghcr.io/rust-lang/crates-build-env/linux@sha256:2788e3201cd34a07e3172128adcd8b3090168a8e3bcc40d7c032b9dda1df7d1c" "/opt/rustwide/cargo-home/bin/cargo" "+1.75.0" "build" "--frozen" "--message-format=json", kill_on_drop: false }`
[INFO] [stdout] 7d2c12c66cee18175c97ad4c55f83802f9b5033755fc4fb05023292cf4387fd6
[INFO] running `Command { std: "docker" "start" "-a" "7d2c12c66cee18175c97ad4c55f83802f9b5033755fc4fb05023292cf4387fd6", kill_on_drop: false }`
[INFO] [stderr]    Compiling viable-impl v0.2.1 (/opt/rustwide/workdir)
[INFO] [stderr]     Finished dev [unoptimized + debuginfo] target(s) in 0.44s
[INFO] running `Command { std: "docker" "inspect" "7d2c12c66cee18175c97ad4c55f83802f9b5033755fc4fb05023292cf4387fd6", kill_on_drop: false }`
[INFO] running `Command { std: "docker" "rm" "-f" "7d2c12c66cee18175c97ad4c55f83802f9b5033755fc4fb05023292cf4387fd6", kill_on_drop: false }`
[INFO] [stdout] 7d2c12c66cee18175c97ad4c55f83802f9b5033755fc4fb05023292cf4387fd6
[INFO] running `Command { std: "docker" "create" "-v" "/var/lib/crater-agent-workspace/builds/worker-2-tc1/target:/opt/rustwide/target:rw,Z" "-v" "/var/lib/crater-agent-workspace/builds/worker-2-tc1/source:/opt/rustwide/workdir:ro,Z" "-v" "/var/lib/crater-agent-workspace/cargo-home:/opt/rustwide/cargo-home:ro,Z" "-v" "/var/lib/crater-agent-workspace/rustup-home:/opt/rustwide/rustup-home:ro,Z" "-e" "SOURCE_DIR=/opt/rustwide/workdir" "-e" "CARGO_TARGET_DIR=/opt/rustwide/target" "-e" "CARGO_INCREMENTAL=0" "-e" "RUST_BACKTRACE=full" "-e" "RUSTFLAGS=--cap-lints=warn" "-e" "RUSTDOCFLAGS=--cap-lints=warn" "-e" "CARGO_HOME=/opt/rustwide/cargo-home" "-e" "RUSTUP_HOME=/opt/rustwide/rustup-home" "-w" "/opt/rustwide/workdir" "-m" "1610612736" "--user" "0:0" "--network" "none" "ghcr.io/rust-lang/crates-build-env/linux@sha256:2788e3201cd34a07e3172128adcd8b3090168a8e3bcc40d7c032b9dda1df7d1c" "/opt/rustwide/cargo-home/bin/cargo" "+1.75.0" "test" "--frozen" "--no-run" "--message-format=json", kill_on_drop: false }`
[INFO] [stdout] a2200bb40e7906c609d8d5a7e2323c390afd725088a1802eeb725ebb092c1b08
[INFO] running `Command { std: "docker" "start" "-a" "a2200bb40e7906c609d8d5a7e2323c390afd725088a1802eeb725ebb092c1b08", kill_on_drop: false }`
[INFO] [stderr]    Compiling proc-macro2 v1.0.75
[INFO] [stderr]    Compiling unicode-ident v1.0.12
[INFO] [stderr]    Compiling serde v1.0.194
[INFO] [stderr]    Compiling serde_json v1.0.111
[INFO] [stderr]    Compiling trybuild v1.0.87
[INFO] [stderr]    Compiling ryu v1.0.16
[INFO] [stderr]    Compiling itoa v1.0.10
[INFO] [stderr]    Compiling termcolor v1.4.0
[INFO] [stderr]    Compiling glob v0.3.1
[INFO] [stderr]    Compiling once_cell v1.19.0
[INFO] [stderr]    Compiling dissimilar v1.0.7
[INFO] [stderr]    Compiling syn v1.0.109
[INFO] [stderr]    Compiling quote v1.0.35
[INFO] [stderr]    Compiling syn v2.0.48
[INFO] [stderr]    Compiling serde_derive v1.0.194
[INFO] [stderr]    Compiling basic-toml v0.1.8
[INFO] [stderr]    Compiling viable-impl v0.2.1 (/opt/rustwide/workdir)
[INFO] [stdout] error[E0432]: unresolved import `viable`
[INFO] [stdout]  --> tests/fail.rs:1:5
[INFO] [stdout]   |
[INFO] [stdout] 1 | use viable::vtable;
[INFO] [stdout]   |     ^^^^^^ use of undeclared crate or module `viable`
[INFO] [stdout] 
[INFO] [stdout] 
[INFO] [stdout] error[E0432]: unresolved import `viable`
[INFO] [stdout]  --> tests/att.rs:3:5
[INFO] [stdout]   |
[INFO] [stdout] 3 | use viable::vtable;
[INFO] [stdout]   |     ^^^^^^ use of undeclared crate or module `viable`
[INFO] [stdout] 
[INFO] [stdout] 
[INFO] [stdout] error[E0432]: unresolved import `viable`
[INFO] [stdout]  --> tests/vis.rs:2:5
[INFO] [stdout]   |
[INFO] [stdout] 2 | use viable::vtable;
[INFO] [stdout]   |     ^^^^^^ use of undeclared crate or module `viable`
[INFO] [stdout] 
[INFO] [stdout] 
[INFO] [stdout] error[E0432]: unresolved import `viable`
[INFO] [stdout]  --> tests/base.rs:2:5
[INFO] [stdout]   |
[INFO] [stdout] 2 | use viable::vtable;
[INFO] [stdout]   |     ^^^^^^ use of undeclared crate or module `viable`
[INFO] [stdout] 
[INFO] [stdout] 
[INFO] [stdout] error: aborting due to previous error
[INFO] [stdout] 
[INFO] [stdout] 
[INFO] [stdout] For more information about this error, try `rustc --explain E0432`.
[INFO] [stdout] 
[INFO] [stdout] error: cannot determine resolution for the attribute macro `vtable`
[INFO] [stdout]  --> tests/att.rs:5:3
[INFO] [stdout]   |
[INFO] [stdout] 5 | #[vtable]
[INFO] [stdout]   |   ^^^^^^
[INFO] [stdout]   |
[INFO] [stdout]   = note: import resolution is stuck, try simplifying macro imports
[INFO] [stdout] 
[INFO] [stdout] 
[INFO] [stdout] error: cannot determine resolution for the attribute macro `vtable`
[INFO] [stdout]   --> tests/vis.rs:10:4
[INFO] [stdout]    |
[INFO] [stdout] 10 |     #[vtable]
[INFO] [stdout]    |       ^^^^^^
[INFO] [stdout]    |
[INFO] [stdout]    = note: import resolution is stuck, try simplifying macro imports
[INFO] [stdout] 
[INFO] [stdout] 
[INFO] [stdout] error: cannot determine resolution for the attribute macro `vtable`
[INFO] [stdout]  --> tests/vis.rs:4:3
[INFO] [stdout]   |
[INFO] [stdout] 4 | #[vtable]
[INFO] [stdout]   |   ^^^^^^
[INFO] [stdout]   |
[INFO] [stdout]   = note: import resolution is stuck, try simplifying macro imports
[INFO] [stdout] 
[INFO] [stdout] 
[INFO] [stdout] error: cannot determine resolution for the attribute macro `vtable`
[INFO] [stdout]  --> tests/base.rs:6:3
[INFO] [stdout]   |
[INFO] [stdout] 6 | #[vtable]
[INFO] [stdout]   |   ^^^^^^
[INFO] [stdout]   |
[INFO] [stdout]   = note: import resolution is stuck, try simplifying macro imports
[INFO] [stdout] 
[INFO] [stdout] 
[INFO] [stderr] error: could not compile `viable-impl` (test "fail") due to 2 previous errors
[INFO] [stderr] warning: build failed, waiting for other jobs to finish...
[INFO] [stdout] error: aborting due to 3 previous errors
[INFO] [stdout] 
[INFO] [stdout] 
[INFO] [stdout] For more information about this error, try `rustc --explain E0432`.
[INFO] [stdout] 
[INFO] [stderr] error: could not compile `viable-impl` (test "vis") due to 4 previous errors
[INFO] [stdout] error: cannot find attribute `offset` in this scope
[INFO] [stdout]  --> tests/att.rs:7:4
[INFO] [stdout]   |
[INFO] [stdout] 7 |     #[offset(1)]
[INFO] [stdout]   |       ^^^^^^
[INFO] [stdout] 
[INFO] [stdout] 
[INFO] [stdout] error: cannot find attribute `skip` in this scope
[INFO] [stdout]   --> tests/att.rs:10:4
[INFO] [stdout]    |
[INFO] [stdout] 10 |     #[skip(1)]
[INFO] [stdout]    |       ^^^^
[INFO] [stdout] 
[INFO] [stdout] 
[INFO] [stdout] error: cannot find attribute `check` in this scope
[INFO] [stdout]   --> tests/att.rs:11:4
[INFO] [stdout]    |
[INFO] [stdout] 11 |     #[check(3)]
[INFO] [stdout]    |       ^^^^^
[INFO] [stdout] 
[INFO] [stdout] 
[INFO] [stdout] error: cannot find attribute `offset` in this scope
[INFO] [stdout]   --> tests/base.rs:11:4
[INFO] [stdout]    |
[INFO] [stdout] 11 |     #[offset(1)] // Completely optional
[INFO] [stdout]    |       ^^^^^^
[INFO] [stdout] 
[INFO] [stdout] 
[INFO] [stdout] error: aborting due to 5 previous errors
[INFO] [stdout] 
[INFO] [stdout] 
[INFO] [stdout] For more information about this error, try `rustc --explain E0432`.
[INFO] [stdout] 
[INFO] [stdout] error: aborting due to 3 previous errors
[INFO] [stdout] 
[INFO] [stdout] 
[INFO] [stdout] For more information about this error, try `rustc --explain E0432`.
[INFO] [stdout] 
[INFO] [stderr] error: could not compile `viable-impl` (test "att") due to 6 previous errors
[INFO] [stderr] error: could not compile `viable-impl` (test "base") due to 4 previous errors
[INFO] running `Command { std: "docker" "inspect" "a2200bb40e7906c609d8d5a7e2323c390afd725088a1802eeb725ebb092c1b08", kill_on_drop: false }`
[INFO] running `Command { std: "docker" "rm" "-f" "a2200bb40e7906c609d8d5a7e2323c390afd725088a1802eeb725ebb092c1b08", kill_on_drop: false }`
[INFO] [stdout] a2200bb40e7906c609d8d5a7e2323c390afd725088a1802eeb725ebb092c1b08
[INFO] testing viable-impl-0.2.1 against beta-2023-12-22 for beta-1.76-1
[INFO] extracting crate viable-impl 0.2.1 into /workspace/builds/worker-2-tc2/source
[INFO] validating manifest of crates.io crate viable-impl 0.2.1 on toolchain beta-2023-12-22
[INFO] running `Command { std: CARGO_HOME="/workspace/cargo-home" RUSTUP_HOME="/workspace/rustup-home" "/workspace/cargo-home/bin/cargo" "+beta-2023-12-22" "metadata" "--manifest-path" "Cargo.toml" "--no-deps", kill_on_drop: false }`
[INFO] started tweaking crates.io crate viable-impl 0.2.1
[INFO] removed 0 missing tests
[INFO] finished tweaking crates.io crate viable-impl 0.2.1
[INFO] tweaked toml for crates.io crate viable-impl 0.2.1 written to /workspace/builds/worker-2-tc2/source/Cargo.toml
[INFO] running `Command { std: CARGO_HOME="/workspace/cargo-home" RUSTUP_HOME="/workspace/rustup-home" "/workspace/cargo-home/bin/cargo" "+beta-2023-12-22" "generate-lockfile" "--manifest-path" "Cargo.toml", kill_on_drop: false }`
[INFO] [stderr]     Updating crates.io index
[INFO] running `Command { std: CARGO_HOME="/workspace/cargo-home" RUSTUP_HOME="/workspace/rustup-home" "/workspace/cargo-home/bin/cargo" "+beta-2023-12-22" "fetch" "--manifest-path" "Cargo.toml", kill_on_drop: false }`
[INFO] running `Command { std: "docker" "create" "-v" "/var/lib/crater-agent-workspace/builds/worker-2-tc2/target:/opt/rustwide/target:rw,Z" "-v" "/var/lib/crater-agent-workspace/builds/worker-2-tc2/source:/opt/rustwide/workdir:ro,Z" "-v" "/var/lib/crater-agent-workspace/cargo-home:/opt/rustwide/cargo-home:ro,Z" "-v" "/var/lib/crater-agent-workspace/rustup-home:/opt/rustwide/rustup-home:ro,Z" "-e" "SOURCE_DIR=/opt/rustwide/workdir" "-e" "CARGO_TARGET_DIR=/opt/rustwide/target" "-e" "CARGO_HOME=/opt/rustwide/cargo-home" "-e" "RUSTUP_HOME=/opt/rustwide/rustup-home" "-w" "/opt/rustwide/workdir" "-m" "1610612736" "--user" "0:0" "--network" "none" "ghcr.io/rust-lang/crates-build-env/linux@sha256:2788e3201cd34a07e3172128adcd8b3090168a8e3bcc40d7c032b9dda1df7d1c" "/opt/rustwide/cargo-home/bin/cargo" "+beta-2023-12-22" "metadata" "--no-deps" "--format-version=1", kill_on_drop: false }`
[INFO] [stdout] e17ccb1c1a503eb0674ef4ddb1bc530054dca1b1730cf1bda0b474c692a74e6c
[INFO] running `Command { std: "docker" "start" "-a" "e17ccb1c1a503eb0674ef4ddb1bc530054dca1b1730cf1bda0b474c692a74e6c", kill_on_drop: false }`
[INFO] running `Command { std: "docker" "inspect" "e17ccb1c1a503eb0674ef4ddb1bc530054dca1b1730cf1bda0b474c692a74e6c", kill_on_drop: false }`
[INFO] running `Command { std: "docker" "rm" "-f" "e17ccb1c1a503eb0674ef4ddb1bc530054dca1b1730cf1bda0b474c692a74e6c", kill_on_drop: false }`
[INFO] [stdout] e17ccb1c1a503eb0674ef4ddb1bc530054dca1b1730cf1bda0b474c692a74e6c
[INFO] running `Command { std: "docker" "create" "-v" "/var/lib/crater-agent-workspace/builds/worker-2-tc2/target:/opt/rustwide/target:rw,Z" "-v" "/var/lib/crater-agent-workspace/builds/worker-2-tc2/source:/opt/rustwide/workdir:ro,Z" "-v" "/var/lib/crater-agent-workspace/cargo-home:/opt/rustwide/cargo-home:ro,Z" "-v" "/var/lib/crater-agent-workspace/rustup-home:/opt/rustwide/rustup-home:ro,Z" "-e" "SOURCE_DIR=/opt/rustwide/workdir" "-e" "CARGO_TARGET_DIR=/opt/rustwide/target" "-e" "CARGO_INCREMENTAL=0" "-e" "RUST_BACKTRACE=full" "-e" "RUSTFLAGS=--cap-lints=warn" "-e" "RUSTDOCFLAGS=--cap-lints=warn" "-e" "CARGO_HOME=/opt/rustwide/cargo-home" "-e" "RUSTUP_HOME=/opt/rustwide/rustup-home" "-w" "/opt/rustwide/workdir" "-m" "1610612736" "--user" "0:0" "--network" "none" "ghcr.io/rust-lang/crates-build-env/linux@sha256:2788e3201cd34a07e3172128adcd8b3090168a8e3bcc40d7c032b9dda1df7d1c" "/opt/rustwide/cargo-home/bin/cargo" "+beta-2023-12-22" "build" "--frozen" "--message-format=json", kill_on_drop: false }`
[INFO] [stdout] efbb8f4e852f8b763dc07e693c40fc2c44495a0ac76576f0bd5dd2f22f94dee7
[INFO] running `Command { std: "docker" "start" "-a" "efbb8f4e852f8b763dc07e693c40fc2c44495a0ac76576f0bd5dd2f22f94dee7", kill_on_drop: false }`
[INFO] [stderr]    Compiling viable-impl v0.2.1 (/opt/rustwide/workdir)
[INFO] [stderr]     Finished dev [unoptimized + debuginfo] target(s) in 0.46s
[INFO] running `Command { std: "docker" "inspect" "efbb8f4e852f8b763dc07e693c40fc2c44495a0ac76576f0bd5dd2f22f94dee7", kill_on_drop: false }`
[INFO] running `Command { std: "docker" "rm" "-f" "efbb8f4e852f8b763dc07e693c40fc2c44495a0ac76576f0bd5dd2f22f94dee7", kill_on_drop: false }`
[INFO] [stdout] efbb8f4e852f8b763dc07e693c40fc2c44495a0ac76576f0bd5dd2f22f94dee7
[INFO] running `Command { std: "docker" "create" "-v" "/var/lib/crater-agent-workspace/builds/worker-2-tc2/target:/opt/rustwide/target:rw,Z" "-v" "/var/lib/crater-agent-workspace/builds/worker-2-tc2/source:/opt/rustwide/workdir:ro,Z" "-v" "/var/lib/crater-agent-workspace/cargo-home:/opt/rustwide/cargo-home:ro,Z" "-v" "/var/lib/crater-agent-workspace/rustup-home:/opt/rustwide/rustup-home:ro,Z" "-e" "SOURCE_DIR=/opt/rustwide/workdir" "-e" "CARGO_TARGET_DIR=/opt/rustwide/target" "-e" "CARGO_INCREMENTAL=0" "-e" "RUST_BACKTRACE=full" "-e" "RUSTFLAGS=--cap-lints=warn" "-e" "RUSTDOCFLAGS=--cap-lints=warn" "-e" "CARGO_HOME=/opt/rustwide/cargo-home" "-e" "RUSTUP_HOME=/opt/rustwide/rustup-home" "-w" "/opt/rustwide/workdir" "-m" "1610612736" "--user" "0:0" "--network" "none" "ghcr.io/rust-lang/crates-build-env/linux@sha256:2788e3201cd34a07e3172128adcd8b3090168a8e3bcc40d7c032b9dda1df7d1c" "/opt/rustwide/cargo-home/bin/cargo" "+beta-2023-12-22" "test" "--frozen" "--no-run" "--message-format=json", kill_on_drop: false }`
[INFO] [stdout] 91d1d1a1cbad76c8e87a10608d44c10e90f1069cdfc05c288f6a3a2b03ee4b99
[INFO] running `Command { std: "docker" "start" "-a" "91d1d1a1cbad76c8e87a10608d44c10e90f1069cdfc05c288f6a3a2b03ee4b99", kill_on_drop: false }`
[INFO] [stderr]    Compiling proc-macro2 v1.0.75
[INFO] [stderr]    Compiling unicode-ident v1.0.12
[INFO] [stderr]    Compiling serde v1.0.194
[INFO] [stderr]    Compiling serde_json v1.0.111
[INFO] [stderr]    Compiling trybuild v1.0.87
[INFO] [stderr]    Compiling ryu v1.0.16
[INFO] [stderr]    Compiling itoa v1.0.10
[INFO] [stderr]    Compiling glob v0.3.1
[INFO] [stderr]    Compiling termcolor v1.4.0
[INFO] [stderr]    Compiling dissimilar v1.0.7
[INFO] [stderr]    Compiling once_cell v1.19.0
[INFO] [stderr]    Compiling syn v1.0.109
[INFO] [stderr]    Compiling quote v1.0.35
[INFO] [stderr]    Compiling syn v2.0.48
[INFO] [stderr]    Compiling serde_derive v1.0.194
[INFO] [stderr]    Compiling basic-toml v0.1.8
[INFO] [stderr]    Compiling viable-impl v0.2.1 (/opt/rustwide/workdir)
[INFO] [stdout] error[E0432]: unresolved import `viable`
[INFO] [stdout]  --> tests/fail.rs:1:5
[INFO] [stdout]   |
[INFO] [stdout] 1 | use viable::vtable;
[INFO] [stdout]   |     ^^^^^^ use of undeclared crate or module `viable`
[INFO] [stdout] 
[INFO] [stdout] 
[INFO] [stdout] error: aborting due to 1 previous error
[INFO] [stdout] 
[INFO] [stdout] 
[INFO] [stdout] For more information about this error, try `rustc --explain E0432`.
[INFO] [stdout] 
[INFO] [stdout] error[E0432]: unresolved import `viable`
[INFO] [stdout]  --> tests/base.rs:2:5
[INFO] [stdout]   |
[INFO] [stdout] 2 | use viable::vtable;
[INFO] [stdout]   |     ^^^^^^ use of undeclared crate or module `viable`
[INFO] [stdout] 
[INFO] [stdout] 
[INFO] [stdout] error[E0432]: unresolved import `viable`
[INFO] [stdout]  --> tests/att.rs:3:5
[INFO] [stdout]   |
[INFO] [stdout] 3 | use viable::vtable;
[INFO] [stdout]   |     ^^^^^^ use of undeclared crate or module `viable`
[INFO] [stdout] 
[INFO] [stdout] 
[INFO] [stdout] error[E0432]: unresolved import `viable`
[INFO] [stdout]  --> tests/vis.rs:2:5
[INFO] [stdout]   |
[INFO] [stdout] 2 | use viable::vtable;
[INFO] [stdout]   |     ^^^^^^ use of undeclared crate or module `viable`
[INFO] [stdout] 
[INFO] [stdout] 
[INFO] [stderr] error: could not compile `viable-impl` (test "fail") due to 2 previous errors
[INFO] [stderr] warning: build failed, waiting for other jobs to finish...
[INFO] [stdout] error: cannot determine resolution for the attribute macro `vtable`
[INFO] [stdout]  --> tests/base.rs:6:3
[INFO] [stdout]   |
[INFO] [stdout] 6 | #[vtable]
[INFO] [stdout]   |   ^^^^^^
[INFO] [stdout]   |
[INFO] [stdout]   = note: import resolution is stuck, try simplifying macro imports
[INFO] [stdout] 
[INFO] [stdout] 
[INFO] [stdout] error: cannot determine resolution for the attribute macro `vtable`
[INFO] [stdout]  --> tests/att.rs:5:3
[INFO] [stdout]   |
[INFO] [stdout] 5 | #[vtable]
[INFO] [stdout]   |   ^^^^^^
[INFO] [stdout]   |
[INFO] [stdout]   = note: import resolution is stuck, try simplifying macro imports
[INFO] [stdout] 
[INFO] [stdout] 
[INFO] [stdout] error: cannot determine resolution for the attribute macro `vtable`
[INFO] [stdout]   --> tests/vis.rs:10:4
[INFO] [stdout]    |
[INFO] [stdout] 10 |     #[vtable]
[INFO] [stdout]    |       ^^^^^^
[INFO] [stdout]    |
[INFO] [stdout]    = note: import resolution is stuck, try simplifying macro imports
[INFO] [stdout] 
[INFO] [stdout] 
[INFO] [stdout] error: cannot determine resolution for the attribute macro `vtable`
[INFO] [stdout]  --> tests/vis.rs:4:3
[INFO] [stdout]   |
[INFO] [stdout] 4 | #[vtable]
[INFO] [stdout]   |   ^^^^^^
[INFO] [stdout]   |
[INFO] [stdout]   = note: import resolution is stuck, try simplifying macro imports
[INFO] [stdout] 
[INFO] [stdout] 
[INFO] [stdout] error: aborting due to 3 previous errors
[INFO] [stdout] 
[INFO] [stdout] 
[INFO] [stdout] For more information about this error, try `rustc --explain E0432`.
[INFO] [stdout] 
[INFO] [stderr] error: could not compile `viable-impl` (test "vis") due to 4 previous errors
[INFO] [stdout] error: cannot find attribute `offset` in this scope
[INFO] [stdout]   --> tests/base.rs:11:4
[INFO] [stdout]    |
[INFO] [stdout] 11 |     #[offset(1)] // Completely optional
[INFO] [stdout]    |       ^^^^^^
[INFO] [stdout] 
[INFO] [stdout] 
[INFO] [stdout] error: cannot find attribute `offset` in this scope
[INFO] [stdout]  --> tests/att.rs:7:4
[INFO] [stdout]   |
[INFO] [stdout] 7 |     #[offset(1)]
[INFO] [stdout]   |       ^^^^^^
[INFO] [stdout] 
[INFO] [stdout] 
[INFO] [stdout] error: cannot find attribute `skip` in this scope
[INFO] [stdout]   --> tests/att.rs:10:4
[INFO] [stdout]    |
[INFO] [stdout] 10 |     #[skip(1)]
[INFO] [stdout]    |       ^^^^
[INFO] [stdout] 
[INFO] [stdout] 
[INFO] [stdout] error: cannot find attribute `check` in this scope
[INFO] [stdout]   --> tests/att.rs:11:4
[INFO] [stdout]    |
[INFO] [stdout] 11 |     #[check(3)]
[INFO] [stdout]    |       ^^^^^
[INFO] [stdout] 
[INFO] [stdout] 
[INFO] [stdout] error: aborting due to 3 previous errors
[INFO] [stdout] 
[INFO] [stdout] 
[INFO] [stdout] For more information about this error, try `rustc --explain E0432`.
[INFO] [stdout] 
[INFO] [stdout] error: aborting due to 5 previous errors
[INFO] [stdout] 
[INFO] [stdout] 
[INFO] [stdout] For more information about this error, try `rustc --explain E0432`.
[INFO] [stdout] 
[INFO] [stderr] error: could not compile `viable-impl` (test "base") due to 4 previous errors
[INFO] [stderr] error: could not compile `viable-impl` (test "att") due to 6 previous errors
[INFO] running `Command { std: "docker" "inspect" "91d1d1a1cbad76c8e87a10608d44c10e90f1069cdfc05c288f6a3a2b03ee4b99", kill_on_drop: false }`
[INFO] running `Command { std: "docker" "rm" "-f" "91d1d1a1cbad76c8e87a10608d44c10e90f1069cdfc05c288f6a3a2b03ee4b99", kill_on_drop: false }`
[INFO] [stdout] 91d1d1a1cbad76c8e87a10608d44c10e90f1069cdfc05c288f6a3a2b03ee4b99
