[INFO] fetching crate veryfast 0.3.1...
[INFO] testing veryfast-0.3.1 against 1.75.0 for beta-1.76-1
[INFO] extracting crate veryfast 0.3.1 into /workspace/builds/worker-7-tc1/source
[INFO] validating manifest of crates.io crate veryfast 0.3.1 on toolchain 1.75.0
[INFO] running `Command { std: CARGO_HOME="/workspace/cargo-home" RUSTUP_HOME="/workspace/rustup-home" "/workspace/cargo-home/bin/cargo" "+1.75.0" "metadata" "--manifest-path" "Cargo.toml" "--no-deps", kill_on_drop: false }`
[INFO] started tweaking crates.io crate veryfast 0.3.1
[INFO] finished tweaking crates.io crate veryfast 0.3.1
[INFO] tweaked toml for crates.io crate veryfast 0.3.1 written to /workspace/builds/worker-7-tc1/source/Cargo.toml
[INFO] running `Command { std: CARGO_HOME="/workspace/cargo-home" RUSTUP_HOME="/workspace/rustup-home" "/workspace/cargo-home/bin/cargo" "+1.75.0" "generate-lockfile" "--manifest-path" "Cargo.toml", kill_on_drop: false }`
[INFO] [stderr]     Updating crates.io index
[INFO] running `Command { std: CARGO_HOME="/workspace/cargo-home" RUSTUP_HOME="/workspace/rustup-home" "/workspace/cargo-home/bin/cargo" "+1.75.0" "fetch" "--manifest-path" "Cargo.toml", kill_on_drop: false }`
[INFO] running `Command { std: "docker" "create" "-v" "/var/lib/crater-agent-workspace/builds/worker-7-tc1/target:/opt/rustwide/target:rw,Z" "-v" "/var/lib/crater-agent-workspace/builds/worker-7-tc1/source:/opt/rustwide/workdir:ro,Z" "-v" "/var/lib/crater-agent-workspace/cargo-home:/opt/rustwide/cargo-home:ro,Z" "-v" "/var/lib/crater-agent-workspace/rustup-home:/opt/rustwide/rustup-home:ro,Z" "-e" "SOURCE_DIR=/opt/rustwide/workdir" "-e" "CARGO_TARGET_DIR=/opt/rustwide/target" "-e" "CARGO_HOME=/opt/rustwide/cargo-home" "-e" "RUSTUP_HOME=/opt/rustwide/rustup-home" "-w" "/opt/rustwide/workdir" "-m" "1610612736" "--user" "0:0" "--network" "none" "ghcr.io/rust-lang/crates-build-env/linux@sha256:2788e3201cd34a07e3172128adcd8b3090168a8e3bcc40d7c032b9dda1df7d1c" "/opt/rustwide/cargo-home/bin/cargo" "+1.75.0" "metadata" "--no-deps" "--format-version=1", kill_on_drop: false }`
[INFO] [stdout] cf9c5465d7f9a865da803dcd42575d1173c5eec5512ef56eb8386f33680de2d9
[INFO] running `Command { std: "docker" "start" "-a" "cf9c5465d7f9a865da803dcd42575d1173c5eec5512ef56eb8386f33680de2d9", kill_on_drop: false }`
[INFO] running `Command { std: "docker" "inspect" "cf9c5465d7f9a865da803dcd42575d1173c5eec5512ef56eb8386f33680de2d9", kill_on_drop: false }`
[INFO] running `Command { std: "docker" "rm" "-f" "cf9c5465d7f9a865da803dcd42575d1173c5eec5512ef56eb8386f33680de2d9", kill_on_drop: false }`
[INFO] [stdout] cf9c5465d7f9a865da803dcd42575d1173c5eec5512ef56eb8386f33680de2d9
[INFO] running `Command { std: "docker" "create" "-v" "/var/lib/crater-agent-workspace/builds/worker-7-tc1/target:/opt/rustwide/target:rw,Z" "-v" "/var/lib/crater-agent-workspace/builds/worker-7-tc1/source:/opt/rustwide/workdir:ro,Z" "-v" "/var/lib/crater-agent-workspace/cargo-home:/opt/rustwide/cargo-home:ro,Z" "-v" "/var/lib/crater-agent-workspace/rustup-home:/opt/rustwide/rustup-home:ro,Z" "-e" "SOURCE_DIR=/opt/rustwide/workdir" "-e" "CARGO_TARGET_DIR=/opt/rustwide/target" "-e" "CARGO_INCREMENTAL=0" "-e" "RUST_BACKTRACE=full" "-e" "RUSTFLAGS=--cap-lints=warn" "-e" "RUSTDOCFLAGS=--cap-lints=warn" "-e" "CARGO_HOME=/opt/rustwide/cargo-home" "-e" "RUSTUP_HOME=/opt/rustwide/rustup-home" "-w" "/opt/rustwide/workdir" "-m" "1610612736" "--user" "0:0" "--network" "none" "ghcr.io/rust-lang/crates-build-env/linux@sha256:2788e3201cd34a07e3172128adcd8b3090168a8e3bcc40d7c032b9dda1df7d1c" "/opt/rustwide/cargo-home/bin/cargo" "+1.75.0" "build" "--frozen" "--message-format=json", kill_on_drop: false }`
[INFO] [stdout] 242d234d2b94591e229d21307d79536ffbac91e4bd568ee7de04f48e3b05bd4d
[INFO] running `Command { std: "docker" "start" "-a" "242d234d2b94591e229d21307d79536ffbac91e4bd568ee7de04f48e3b05bd4d", kill_on_drop: false }`
[INFO] [stderr]    Compiling crossbeam v0.3.2
[INFO] [stderr]    Compiling veryfast v0.3.1 (/opt/rustwide/workdir)
[INFO] [stdout] error[E0432]: unresolved import `std::heap`
[INFO] [stdout]   --> src/pool.rs:73:10
[INFO] [stdout]    |
[INFO] [stdout] 73 | use std::heap::{Heap, Layout, Alloc};
[INFO] [stdout]    |          ^^^^ could not find `heap` in `std`
[INFO] [stdout] 
[INFO] [stdout] 
[INFO] [stdout] warning: use of deprecated function `std::mem::uninitialized`: use `mem::MaybeUninit` instead
[INFO] [stdout]   --> src/small_buffer.rs:10:15
[INFO] [stdout]    |
[INFO] [stdout] 10 | use std::mem::uninitialized;
[INFO] [stdout]    |               ^^^^^^^^^^^^^
[INFO] [stdout]    |
[INFO] [stdout]    = note: `#[warn(deprecated)]` on by default
[INFO] [stdout] 
[INFO] [stdout] 
[INFO] [stdout] warning: use of deprecated function `std::mem::uninitialized`: use `mem::MaybeUninit` instead
[INFO] [stdout]   --> src/small_buffer.rs:31:28
[INFO] [stdout]    |
[INFO] [stdout] 31 |         let buf = unsafe { uninitialized() };
[INFO] [stdout]    |                            ^^^^^^^^^^^^^
[INFO] [stdout] 
[INFO] [stdout] 
[INFO] [stdout] error[E0554]: `#![feature]` may not be used on the stable release channel
[INFO] [stdout]  --> src/lib.rs:1:12
[INFO] [stdout]   |
[INFO] [stdout] 1 | #![feature(allocator_api)]
[INFO] [stdout]   |            ^^^^^^^^^^^^^
[INFO] [stdout] 
[INFO] [stdout] 
[INFO] [stdout] error[E0554]: `#![feature]` may not be used on the stable release channel
[INFO] [stdout]  --> src/lib.rs:2:12
[INFO] [stdout]   |
[INFO] [stdout] 2 | #![feature(arc_counts)]
[INFO] [stdout]   |            ^^^^^^^^^^
[INFO] [stdout] 
[INFO] [stdout] 
[INFO] [stdout] warning: the feature `arc_counts` has been stable since 1.15.0 and no longer requires an attribute to enable
[INFO] [stdout]  --> src/lib.rs:2:12
[INFO] [stdout]   |
[INFO] [stdout] 2 | #![feature(arc_counts)]
[INFO] [stdout]   |            ^^^^^^^^^^
[INFO] [stdout]   |
[INFO] [stdout]   = note: `#[warn(stable_features)]` on by default
[INFO] [stdout] 
[INFO] [stdout] 
[INFO] [stdout] error: aborting due to 3 previous errors; 3 warnings emitted
[INFO] [stdout] 
[INFO] [stdout] 
[INFO] [stdout] Some errors have detailed explanations: E0432, E0554.
[INFO] [stdout] 
[INFO] [stdout] For more information about an error, try `rustc --explain E0432`.
[INFO] [stdout] 
[INFO] [stderr] error: could not compile `veryfast` (lib) due to 4 previous errors; 3 warnings emitted
[INFO] [stderr] warning: build failed, waiting for other jobs to finish...
[INFO] running `Command { std: "docker" "inspect" "242d234d2b94591e229d21307d79536ffbac91e4bd568ee7de04f48e3b05bd4d", kill_on_drop: false }`
[INFO] running `Command { std: "docker" "rm" "-f" "242d234d2b94591e229d21307d79536ffbac91e4bd568ee7de04f48e3b05bd4d", kill_on_drop: false }`
[INFO] [stdout] 242d234d2b94591e229d21307d79536ffbac91e4bd568ee7de04f48e3b05bd4d
