[INFO] fetching crate version-sort 0.1.0...
[INFO] testing version-sort-0.1.0 against 1.75.0 for beta-1.76-1
[INFO] extracting crate version-sort 0.1.0 into /workspace/builds/worker-4-tc1/source
[INFO] validating manifest of crates.io crate version-sort 0.1.0 on toolchain 1.75.0
[INFO] running `Command { std: CARGO_HOME="/workspace/cargo-home" RUSTUP_HOME="/workspace/rustup-home" "/workspace/cargo-home/bin/cargo" "+1.75.0" "metadata" "--manifest-path" "Cargo.toml" "--no-deps", kill_on_drop: false }`
[INFO] started tweaking crates.io crate version-sort 0.1.0
[INFO] finished tweaking crates.io crate version-sort 0.1.0
[INFO] tweaked toml for crates.io crate version-sort 0.1.0 written to /workspace/builds/worker-4-tc1/source/Cargo.toml
[INFO] running `Command { std: CARGO_HOME="/workspace/cargo-home" RUSTUP_HOME="/workspace/rustup-home" "/workspace/cargo-home/bin/cargo" "+1.75.0" "generate-lockfile" "--manifest-path" "Cargo.toml", kill_on_drop: false }`
[INFO] [stderr]     Blocking waiting for file lock on package cache
[INFO] [stderr]     Updating crates.io index
[INFO] running `Command { std: CARGO_HOME="/workspace/cargo-home" RUSTUP_HOME="/workspace/rustup-home" "/workspace/cargo-home/bin/cargo" "+1.75.0" "fetch" "--manifest-path" "Cargo.toml", kill_on_drop: false }`
[INFO] running `Command { std: "docker" "create" "-v" "/var/lib/crater-agent-workspace/builds/worker-4-tc1/target:/opt/rustwide/target:rw,Z" "-v" "/var/lib/crater-agent-workspace/builds/worker-4-tc1/source:/opt/rustwide/workdir:ro,Z" "-v" "/var/lib/crater-agent-workspace/cargo-home:/opt/rustwide/cargo-home:ro,Z" "-v" "/var/lib/crater-agent-workspace/rustup-home:/opt/rustwide/rustup-home:ro,Z" "-e" "SOURCE_DIR=/opt/rustwide/workdir" "-e" "CARGO_TARGET_DIR=/opt/rustwide/target" "-e" "CARGO_HOME=/opt/rustwide/cargo-home" "-e" "RUSTUP_HOME=/opt/rustwide/rustup-home" "-w" "/opt/rustwide/workdir" "-m" "1610612736" "--user" "0:0" "--network" "none" "ghcr.io/rust-lang/crates-build-env/linux@sha256:2788e3201cd34a07e3172128adcd8b3090168a8e3bcc40d7c032b9dda1df7d1c" "/opt/rustwide/cargo-home/bin/cargo" "+1.75.0" "metadata" "--no-deps" "--format-version=1", kill_on_drop: false }`
[INFO] [stdout] 68145bf356d185a880c54997c6e8815fb241ca1f926e431bb437d17df403a1e6
[INFO] running `Command { std: "docker" "start" "-a" "68145bf356d185a880c54997c6e8815fb241ca1f926e431bb437d17df403a1e6", kill_on_drop: false }`
[INFO] running `Command { std: "docker" "inspect" "68145bf356d185a880c54997c6e8815fb241ca1f926e431bb437d17df403a1e6", kill_on_drop: false }`
[INFO] running `Command { std: "docker" "rm" "-f" "68145bf356d185a880c54997c6e8815fb241ca1f926e431bb437d17df403a1e6", kill_on_drop: false }`
[INFO] [stdout] 68145bf356d185a880c54997c6e8815fb241ca1f926e431bb437d17df403a1e6
[INFO] running `Command { std: "docker" "create" "-v" "/var/lib/crater-agent-workspace/builds/worker-4-tc1/target:/opt/rustwide/target:rw,Z" "-v" "/var/lib/crater-agent-workspace/builds/worker-4-tc1/source:/opt/rustwide/workdir:ro,Z" "-v" "/var/lib/crater-agent-workspace/cargo-home:/opt/rustwide/cargo-home:ro,Z" "-v" "/var/lib/crater-agent-workspace/rustup-home:/opt/rustwide/rustup-home:ro,Z" "-e" "SOURCE_DIR=/opt/rustwide/workdir" "-e" "CARGO_TARGET_DIR=/opt/rustwide/target" "-e" "CARGO_INCREMENTAL=0" "-e" "RUST_BACKTRACE=full" "-e" "RUSTFLAGS=--cap-lints=warn" "-e" "RUSTDOCFLAGS=--cap-lints=warn" "-e" "CARGO_HOME=/opt/rustwide/cargo-home" "-e" "RUSTUP_HOME=/opt/rustwide/rustup-home" "-w" "/opt/rustwide/workdir" "-m" "1610612736" "--user" "0:0" "--network" "none" "ghcr.io/rust-lang/crates-build-env/linux@sha256:2788e3201cd34a07e3172128adcd8b3090168a8e3bcc40d7c032b9dda1df7d1c" "/opt/rustwide/cargo-home/bin/cargo" "+1.75.0" "build" "--frozen" "--message-format=json", kill_on_drop: false }`
[INFO] [stdout] 8ed07fbd27d07888bf7a33c7bc070152b4f75e56e27e99b4a1aed4f0221f0820
[INFO] running `Command { std: "docker" "start" "-a" "8ed07fbd27d07888bf7a33c7bc070152b4f75e56e27e99b4a1aed4f0221f0820", kill_on_drop: false }`
[INFO] [stderr]    Compiling version-sort v0.1.0 (/opt/rustwide/workdir)
[INFO] [stdout] warning: `...` range patterns are deprecated
[INFO] [stdout]   --> src/lib.rs:81:21
[INFO] [stdout]    |
[INFO] [stdout] 81 |                 b'0'...b'9' => {
[INFO] [stdout]    |                     ^^^ help: use `..=` for an inclusive range
[INFO] [stdout]    |
[INFO] [stdout]    = warning: this is accepted in the current edition (Rust 2015) but is a hard error in Rust 2021!
[INFO] [stdout]    = note: for more information, see <https://doc.rust-lang.org/nightly/edition-guide/rust-2021/warnings-promoted-to-error.html>
[INFO] [stdout]    = note: `#[warn(ellipsis_inclusive_range_patterns)]` on by default
[INFO] [stdout] 
[INFO] [stdout] 
[INFO] [stdout] warning: 1 warning emitted
[INFO] [stdout] 
[INFO] [stdout] 
[INFO] [stderr]     Finished dev [unoptimized + debuginfo] target(s) in 0.12s
[INFO] running `Command { std: "docker" "inspect" "8ed07fbd27d07888bf7a33c7bc070152b4f75e56e27e99b4a1aed4f0221f0820", kill_on_drop: false }`
[INFO] running `Command { std: "docker" "rm" "-f" "8ed07fbd27d07888bf7a33c7bc070152b4f75e56e27e99b4a1aed4f0221f0820", kill_on_drop: false }`
[INFO] [stdout] 8ed07fbd27d07888bf7a33c7bc070152b4f75e56e27e99b4a1aed4f0221f0820
[INFO] running `Command { std: "docker" "create" "-v" "/var/lib/crater-agent-workspace/builds/worker-4-tc1/target:/opt/rustwide/target:rw,Z" "-v" "/var/lib/crater-agent-workspace/builds/worker-4-tc1/source:/opt/rustwide/workdir:ro,Z" "-v" "/var/lib/crater-agent-workspace/cargo-home:/opt/rustwide/cargo-home:ro,Z" "-v" "/var/lib/crater-agent-workspace/rustup-home:/opt/rustwide/rustup-home:ro,Z" "-e" "SOURCE_DIR=/opt/rustwide/workdir" "-e" "CARGO_TARGET_DIR=/opt/rustwide/target" "-e" "CARGO_INCREMENTAL=0" "-e" "RUST_BACKTRACE=full" "-e" "RUSTFLAGS=--cap-lints=warn" "-e" "RUSTDOCFLAGS=--cap-lints=warn" "-e" "CARGO_HOME=/opt/rustwide/cargo-home" "-e" "RUSTUP_HOME=/opt/rustwide/rustup-home" "-w" "/opt/rustwide/workdir" "-m" "1610612736" "--user" "0:0" "--network" "none" "ghcr.io/rust-lang/crates-build-env/linux@sha256:2788e3201cd34a07e3172128adcd8b3090168a8e3bcc40d7c032b9dda1df7d1c" "/opt/rustwide/cargo-home/bin/cargo" "+1.75.0" "test" "--frozen" "--no-run" "--message-format=json", kill_on_drop: false }`
[INFO] [stdout] 8ec2e9db8cc89e029ab1eddb04223ffd6b5cddd068a5175fa1ae667c6dd17f65
[INFO] running `Command { std: "docker" "start" "-a" "8ec2e9db8cc89e029ab1eddb04223ffd6b5cddd068a5175fa1ae667c6dd17f65", kill_on_drop: false }`
[INFO] [stderr] warning: version-sort v0.1.0 (/opt/rustwide/workdir) ignoring invalid dependency `clippy` which is missing a lib target
[INFO] [stdout] warning: `...` range patterns are deprecated
[INFO] [stdout]   --> src/lib.rs:81:21
[INFO] [stdout]    |
[INFO] [stdout] 81 |                 b'0'...b'9' => {
[INFO] [stdout]    |                     ^^^ help: use `..=` for an inclusive range
[INFO] [stdout]    |
[INFO] [stdout]    = warning: this is accepted in the current edition (Rust 2015) but is a hard error in Rust 2021!
[INFO] [stdout]    = note: for more information, see <https://doc.rust-lang.org/nightly/edition-guide/rust-2021/warnings-promoted-to-error.html>
[INFO] [stdout]    = note: `#[warn(ellipsis_inclusive_range_patterns)]` on by default
[INFO] [stdout] 
[INFO] [stdout] 
[INFO] [stderr]    Compiling version-sort v0.1.0 (/opt/rustwide/workdir)
[INFO] [stdout] warning: 1 warning emitted
[INFO] [stdout] 
[INFO] [stdout] 
[INFO] [stdout] error[E0557]: feature has been removed
[INFO] [stdout]  --> src/lib.rs:1:27
[INFO] [stdout]   |
[INFO] [stdout] 1 | #![cfg_attr(test, feature(plugin))]
[INFO] [stdout]   |                           ^^^^^^ feature has been removed
[INFO] [stdout]   |
[INFO] [stdout]   = note: plugins are no longer supported
[INFO] [stdout] 
[INFO] [stdout] 
[INFO] [stdout] error: cannot find attribute `plugin` in this scope
[INFO] [stdout]  --> src/lib.rs:2:19
[INFO] [stdout]   |
[INFO] [stdout] 2 | #![cfg_attr(test, plugin(clippy))]
[INFO] [stdout]   |                   ^^^^^^
[INFO] [stdout] 
[INFO] [stdout] 
[INFO] [stdout] error: cannot determine resolution for the attribute macro `derive`
[INFO] [stdout]   --> src/lib.rs:10:3
[INFO] [stdout]    |
[INFO] [stdout] 10 | #[derive(Clone, Copy, Debug, Eq, Hash, PartialEq)]
[INFO] [stdout]    |   ^^^^^^
[INFO] [stdout]    |
[INFO] [stdout]    = note: import resolution is stuck, try simplifying macro imports
[INFO] [stdout] 
[INFO] [stdout] 
[INFO] [stdout] error: cannot determine resolution for the attribute macro `derive`
[INFO] [stdout]   --> src/lib.rs:64:3
[INFO] [stdout]    |
[INFO] [stdout] 64 | #[derive(Clone, Copy, Debug, Eq, Hash, Ord, PartialEq, PartialOrd)]
[INFO] [stdout]    |   ^^^^^^
[INFO] [stdout]    |
[INFO] [stdout]    = note: import resolution is stuck, try simplifying macro imports
[INFO] [stdout] 
[INFO] [stdout] 
[INFO] [stdout] error: cannot determine resolution for the attribute macro `derive`
[INFO] [stdout]    --> src/lib.rs:118:3
[INFO] [stdout]     |
[INFO] [stdout] 118 | #[derive(Clone, Debug)]
[INFO] [stdout]     |   ^^^^^^
[INFO] [stdout]     |
[INFO] [stdout]     = note: import resolution is stuck, try simplifying macro imports
[INFO] [stdout] 
[INFO] [stdout] 
[INFO] [stdout] error: cannot determine resolution for the attribute macro `test`
[INFO] [stdout]    --> src/lib.rs:158:7
[INFO] [stdout]     |
[INFO] [stdout] 158 |     #[test]
[INFO] [stdout]     |       ^^^^
[INFO] [stdout]     |
[INFO] [stdout]     = note: import resolution is stuck, try simplifying macro imports
[INFO] [stdout] 
[INFO] [stdout] 
[INFO] [stdout] error: cannot determine resolution for the attribute macro `test`
[INFO] [stdout]    --> src/lib.rs:163:7
[INFO] [stdout]     |
[INFO] [stdout] 163 |     #[test]
[INFO] [stdout]     |       ^^^^
[INFO] [stdout]     |
[INFO] [stdout]     = note: import resolution is stuck, try simplifying macro imports
[INFO] [stdout] 
[INFO] [stdout] 
[INFO] [stdout] error: cannot determine resolution for the attribute macro `test`
[INFO] [stdout]    --> src/lib.rs:168:7
[INFO] [stdout]     |
[INFO] [stdout] 168 |     #[test]
[INFO] [stdout]     |       ^^^^
[INFO] [stdout]     |
[INFO] [stdout]     = note: import resolution is stuck, try simplifying macro imports
[INFO] [stdout] 
[INFO] [stdout] 
[INFO] [stdout] error: cannot determine resolution for the attribute macro `test`
[INFO] [stdout]    --> src/lib.rs:174:7
[INFO] [stdout]     |
[INFO] [stdout] 174 |     #[test]
[INFO] [stdout]     |       ^^^^
[INFO] [stdout]     |
[INFO] [stdout]     = note: import resolution is stuck, try simplifying macro imports
[INFO] [stdout] 
[INFO] [stdout] 
[INFO] [stdout] error: cannot determine resolution for the attribute macro `test`
[INFO] [stdout]    --> src/lib.rs:179:7
[INFO] [stdout]     |
[INFO] [stdout] 179 |     #[test]
[INFO] [stdout]     |       ^^^^
[INFO] [stdout]     |
[INFO] [stdout]     = note: import resolution is stuck, try simplifying macro imports
[INFO] [stdout] 
[INFO] [stdout] 
[INFO] [stdout] error: cannot determine resolution for the attribute macro `test`
[INFO] [stdout]    --> src/lib.rs:184:7
[INFO] [stdout]     |
[INFO] [stdout] 184 |     #[test]
[INFO] [stdout]     |       ^^^^
[INFO] [stdout]     |
[INFO] [stdout]     = note: import resolution is stuck, try simplifying macro imports
[INFO] [stdout] 
[INFO] [stdout] 
[INFO] [stdout] warning: `...` range patterns are deprecated
[INFO] [stdout]   --> src/lib.rs:81:21
[INFO] [stdout]    |
[INFO] [stdout] 81 |                 b'0'...b'9' => {
[INFO] [stdout]    |                     ^^^ help: use `..=` for an inclusive range
[INFO] [stdout]    |
[INFO] [stdout]    = warning: this is accepted in the current edition (Rust 2015) but is a hard error in Rust 2021!
[INFO] [stdout]    = note: for more information, see <https://doc.rust-lang.org/nightly/edition-guide/rust-2021/warnings-promoted-to-error.html>
[INFO] [stdout]    = note: `#[warn(ellipsis_inclusive_range_patterns)]` on by default
[INFO] [stdout] 
[INFO] [stdout] 
[INFO] [stdout] error[E0277]: can't compare `Number` with `Number`
[INFO] [stdout]   --> src/lib.rs:26:21
[INFO] [stdout]    |
[INFO] [stdout] 26 | impl PartialOrd for Number {
[INFO] [stdout]    |                     ^^^^^^ no implementation for `Number == Number`
[INFO] [stdout]    |
[INFO] [stdout]    = help: the trait `PartialEq` is not implemented for `Number`
[INFO] [stdout] note: required by a bound in `PartialOrd`
[INFO] [stdout]   --> /rustc/82e1608dfa6e0b5569232559e3d385fea5a93112/library/core/src/cmp.rs:1082:1
[INFO] [stdout] help: consider annotating `Number` with `#[derive(PartialEq)]`
[INFO] [stdout]    |
[INFO] [stdout] 11 + #[derive(PartialEq)]
[INFO] [stdout] 12 | pub struct Number {
[INFO] [stdout]    |
[INFO] [stdout] 
[INFO] [stdout] 
[INFO] [stdout] error[E0277]: the trait bound `Number: Eq` is not satisfied
[INFO] [stdout]   --> src/lib.rs:31:14
[INFO] [stdout]    |
[INFO] [stdout] 31 | impl Ord for Number {
[INFO] [stdout]    |              ^^^^^^ the trait `Eq` is not implemented for `Number`
[INFO] [stdout]    |
[INFO] [stdout] note: required by a bound in `Ord`
[INFO] [stdout]   --> /rustc/82e1608dfa6e0b5569232559e3d385fea5a93112/library/core/src/cmp.rs:793:1
[INFO] [stdout] help: consider annotating `Number` with `#[derive(Eq)]`
[INFO] [stdout]    |
[INFO] [stdout] 11 + #[derive(Eq)]
[INFO] [stdout] 12 | pub struct Number {
[INFO] [stdout]    |
[INFO] [stdout] 
[INFO] [stdout] 
[INFO] [stdout] error: aborting due to 13 previous errors; 1 warning emitted
[INFO] [stdout] 
[INFO] [stdout] 
[INFO] [stdout] Some errors have detailed explanations: E0277, E0557.
[INFO] [stdout] 
[INFO] [stdout] For more information about an error, try `rustc --explain E0277`.
[INFO] [stdout] 
[INFO] [stderr] error: could not compile `version-sort` (lib test) due to 14 previous errors; 1 warning emitted
[INFO] running `Command { std: "docker" "inspect" "8ec2e9db8cc89e029ab1eddb04223ffd6b5cddd068a5175fa1ae667c6dd17f65", kill_on_drop: false }`
[INFO] running `Command { std: "docker" "rm" "-f" "8ec2e9db8cc89e029ab1eddb04223ffd6b5cddd068a5175fa1ae667c6dd17f65", kill_on_drop: false }`
[INFO] [stdout] 8ec2e9db8cc89e029ab1eddb04223ffd6b5cddd068a5175fa1ae667c6dd17f65
[INFO] testing version-sort-0.1.0 against beta-2023-12-22 for beta-1.76-1
[INFO] extracting crate version-sort 0.1.0 into /workspace/builds/worker-4-tc2/source
[INFO] validating manifest of crates.io crate version-sort 0.1.0 on toolchain beta-2023-12-22
[INFO] running `Command { std: CARGO_HOME="/workspace/cargo-home" RUSTUP_HOME="/workspace/rustup-home" "/workspace/cargo-home/bin/cargo" "+beta-2023-12-22" "metadata" "--manifest-path" "Cargo.toml" "--no-deps", kill_on_drop: false }`
[INFO] started tweaking crates.io crate version-sort 0.1.0
[INFO] finished tweaking crates.io crate version-sort 0.1.0
[INFO] tweaked toml for crates.io crate version-sort 0.1.0 written to /workspace/builds/worker-4-tc2/source/Cargo.toml
[INFO] running `Command { std: CARGO_HOME="/workspace/cargo-home" RUSTUP_HOME="/workspace/rustup-home" "/workspace/cargo-home/bin/cargo" "+beta-2023-12-22" "generate-lockfile" "--manifest-path" "Cargo.toml", kill_on_drop: false }`
[INFO] [stderr]     Updating crates.io index
[INFO] running `Command { std: CARGO_HOME="/workspace/cargo-home" RUSTUP_HOME="/workspace/rustup-home" "/workspace/cargo-home/bin/cargo" "+beta-2023-12-22" "fetch" "--manifest-path" "Cargo.toml", kill_on_drop: false }`
[INFO] running `Command { std: "docker" "create" "-v" "/var/lib/crater-agent-workspace/builds/worker-4-tc2/target:/opt/rustwide/target:rw,Z" "-v" "/var/lib/crater-agent-workspace/builds/worker-4-tc2/source:/opt/rustwide/workdir:ro,Z" "-v" "/var/lib/crater-agent-workspace/cargo-home:/opt/rustwide/cargo-home:ro,Z" "-v" "/var/lib/crater-agent-workspace/rustup-home:/opt/rustwide/rustup-home:ro,Z" "-e" "SOURCE_DIR=/opt/rustwide/workdir" "-e" "CARGO_TARGET_DIR=/opt/rustwide/target" "-e" "CARGO_HOME=/opt/rustwide/cargo-home" "-e" "RUSTUP_HOME=/opt/rustwide/rustup-home" "-w" "/opt/rustwide/workdir" "-m" "1610612736" "--user" "0:0" "--network" "none" "ghcr.io/rust-lang/crates-build-env/linux@sha256:2788e3201cd34a07e3172128adcd8b3090168a8e3bcc40d7c032b9dda1df7d1c" "/opt/rustwide/cargo-home/bin/cargo" "+beta-2023-12-22" "metadata" "--no-deps" "--format-version=1", kill_on_drop: false }`
[INFO] [stdout] 92c797aeb7d973018fa136b1a690abff114c22a6853f360fb5fe338c485dbd00
[INFO] running `Command { std: "docker" "start" "-a" "92c797aeb7d973018fa136b1a690abff114c22a6853f360fb5fe338c485dbd00", kill_on_drop: false }`
[INFO] running `Command { std: "docker" "inspect" "92c797aeb7d973018fa136b1a690abff114c22a6853f360fb5fe338c485dbd00", kill_on_drop: false }`
[INFO] running `Command { std: "docker" "rm" "-f" "92c797aeb7d973018fa136b1a690abff114c22a6853f360fb5fe338c485dbd00", kill_on_drop: false }`
[INFO] [stdout] 92c797aeb7d973018fa136b1a690abff114c22a6853f360fb5fe338c485dbd00
[INFO] running `Command { std: "docker" "create" "-v" "/var/lib/crater-agent-workspace/builds/worker-4-tc2/target:/opt/rustwide/target:rw,Z" "-v" "/var/lib/crater-agent-workspace/builds/worker-4-tc2/source:/opt/rustwide/workdir:ro,Z" "-v" "/var/lib/crater-agent-workspace/cargo-home:/opt/rustwide/cargo-home:ro,Z" "-v" "/var/lib/crater-agent-workspace/rustup-home:/opt/rustwide/rustup-home:ro,Z" "-e" "SOURCE_DIR=/opt/rustwide/workdir" "-e" "CARGO_TARGET_DIR=/opt/rustwide/target" "-e" "CARGO_INCREMENTAL=0" "-e" "RUST_BACKTRACE=full" "-e" "RUSTFLAGS=--cap-lints=warn" "-e" "RUSTDOCFLAGS=--cap-lints=warn" "-e" "CARGO_HOME=/opt/rustwide/cargo-home" "-e" "RUSTUP_HOME=/opt/rustwide/rustup-home" "-w" "/opt/rustwide/workdir" "-m" "1610612736" "--user" "0:0" "--network" "none" "ghcr.io/rust-lang/crates-build-env/linux@sha256:2788e3201cd34a07e3172128adcd8b3090168a8e3bcc40d7c032b9dda1df7d1c" "/opt/rustwide/cargo-home/bin/cargo" "+beta-2023-12-22" "build" "--frozen" "--message-format=json", kill_on_drop: false }`
[INFO] [stdout] ea87bc0ff02575258a305cc6fa6b304eff65a79383eb456a72a764fd63daed76
[INFO] running `Command { std: "docker" "start" "-a" "ea87bc0ff02575258a305cc6fa6b304eff65a79383eb456a72a764fd63daed76", kill_on_drop: false }`
[INFO] [stderr]    Compiling version-sort v0.1.0 (/opt/rustwide/workdir)
[INFO] [stdout] warning: `...` range patterns are deprecated
[INFO] [stdout]   --> src/lib.rs:81:21
[INFO] [stdout]    |
[INFO] [stdout] 81 |                 b'0'...b'9' => {
[INFO] [stdout]    |                     ^^^ help: use `..=` for an inclusive range
[INFO] [stdout]    |
[INFO] [stdout]    = warning: this is accepted in the current edition (Rust 2015) but is a hard error in Rust 2021!
[INFO] [stdout]    = note: for more information, see <https://doc.rust-lang.org/nightly/edition-guide/rust-2021/warnings-promoted-to-error.html>
[INFO] [stdout]    = note: `#[warn(ellipsis_inclusive_range_patterns)]` on by default
[INFO] [stdout] 
[INFO] [stdout] 
[INFO] [stdout] warning: 1 warning emitted
[INFO] [stdout] 
[INFO] [stdout] 
[INFO] [stderr]     Finished dev [unoptimized + debuginfo] target(s) in 0.11s
[INFO] running `Command { std: "docker" "inspect" "ea87bc0ff02575258a305cc6fa6b304eff65a79383eb456a72a764fd63daed76", kill_on_drop: false }`
[INFO] running `Command { std: "docker" "rm" "-f" "ea87bc0ff02575258a305cc6fa6b304eff65a79383eb456a72a764fd63daed76", kill_on_drop: false }`
[INFO] [stdout] ea87bc0ff02575258a305cc6fa6b304eff65a79383eb456a72a764fd63daed76
[INFO] running `Command { std: "docker" "create" "-v" "/var/lib/crater-agent-workspace/builds/worker-4-tc2/target:/opt/rustwide/target:rw,Z" "-v" "/var/lib/crater-agent-workspace/builds/worker-4-tc2/source:/opt/rustwide/workdir:ro,Z" "-v" "/var/lib/crater-agent-workspace/cargo-home:/opt/rustwide/cargo-home:ro,Z" "-v" "/var/lib/crater-agent-workspace/rustup-home:/opt/rustwide/rustup-home:ro,Z" "-e" "SOURCE_DIR=/opt/rustwide/workdir" "-e" "CARGO_TARGET_DIR=/opt/rustwide/target" "-e" "CARGO_INCREMENTAL=0" "-e" "RUST_BACKTRACE=full" "-e" "RUSTFLAGS=--cap-lints=warn" "-e" "RUSTDOCFLAGS=--cap-lints=warn" "-e" "CARGO_HOME=/opt/rustwide/cargo-home" "-e" "RUSTUP_HOME=/opt/rustwide/rustup-home" "-w" "/opt/rustwide/workdir" "-m" "1610612736" "--user" "0:0" "--network" "none" "ghcr.io/rust-lang/crates-build-env/linux@sha256:2788e3201cd34a07e3172128adcd8b3090168a8e3bcc40d7c032b9dda1df7d1c" "/opt/rustwide/cargo-home/bin/cargo" "+beta-2023-12-22" "test" "--frozen" "--no-run" "--message-format=json", kill_on_drop: false }`
[INFO] [stdout] ba0f92fc1e3351c01008b0ac2fda169721fcacb9db187e5e5c5f7b9ad1c9c75f
[INFO] running `Command { std: "docker" "start" "-a" "ba0f92fc1e3351c01008b0ac2fda169721fcacb9db187e5e5c5f7b9ad1c9c75f", kill_on_drop: false }`
[INFO] [stderr] warning: version-sort v0.1.0 (/opt/rustwide/workdir) ignoring invalid dependency `clippy` which is missing a lib target
[INFO] [stdout] warning: `...` range patterns are deprecated
[INFO] [stdout]   --> src/lib.rs:81:21
[INFO] [stdout]    |
[INFO] [stdout] 81 |                 b'0'...b'9' => {
[INFO] [stdout]    |                     ^^^ help: use `..=` for an inclusive range
[INFO] [stdout]    |
[INFO] [stdout]    = warning: this is accepted in the current edition (Rust 2015) but is a hard error in Rust 2021!
[INFO] [stdout]    = note: for more information, see <https://doc.rust-lang.org/nightly/edition-guide/rust-2021/warnings-promoted-to-error.html>
[INFO] [stdout]    = note: `#[warn(ellipsis_inclusive_range_patterns)]` on by default
[INFO] [stdout] 
[INFO] [stdout] 
[INFO] [stderr]    Compiling version-sort v0.1.0 (/opt/rustwide/workdir)
[INFO] [stdout] warning: 1 warning emitted
[INFO] [stdout] 
[INFO] [stdout] 
[INFO] [stdout] error[E0557]: feature has been removed
[INFO] [stdout]  --> src/lib.rs:1:27
[INFO] [stdout]   |
[INFO] [stdout] 1 | #![cfg_attr(test, feature(plugin))]
[INFO] [stdout]   |                           ^^^^^^ feature has been removed
[INFO] [stdout]   |
[INFO] [stdout]   = note: plugins are no longer supported
[INFO] [stdout] 
[INFO] [stdout] 
[INFO] [stdout] error: cannot find attribute `plugin` in this scope
[INFO] [stdout]  --> src/lib.rs:2:19
[INFO] [stdout]   |
[INFO] [stdout] 2 | #![cfg_attr(test, plugin(clippy))]
[INFO] [stdout]   |                   ^^^^^^
[INFO] [stdout] 
[INFO] [stdout] 
[INFO] [stdout] error: cannot determine resolution for the attribute macro `derive`
[INFO] [stdout]   --> src/lib.rs:10:3
[INFO] [stdout]    |
[INFO] [stdout] 10 | #[derive(Clone, Copy, Debug, Eq, Hash, PartialEq)]
[INFO] [stdout]    |   ^^^^^^
[INFO] [stdout]    |
[INFO] [stdout]    = note: import resolution is stuck, try simplifying macro imports
[INFO] [stdout] 
[INFO] [stdout] 
[INFO] [stdout] error: cannot determine resolution for the attribute macro `derive`
[INFO] [stdout]   --> src/lib.rs:64:3
[INFO] [stdout]    |
[INFO] [stdout] 64 | #[derive(Clone, Copy, Debug, Eq, Hash, Ord, PartialEq, PartialOrd)]
[INFO] [stdout]    |   ^^^^^^
[INFO] [stdout]    |
[INFO] [stdout]    = note: import resolution is stuck, try simplifying macro imports
[INFO] [stdout] 
[INFO] [stdout] 
[INFO] [stdout] error: cannot determine resolution for the attribute macro `derive`
[INFO] [stdout]    --> src/lib.rs:118:3
[INFO] [stdout]     |
[INFO] [stdout] 118 | #[derive(Clone, Debug)]
[INFO] [stdout]     |   ^^^^^^
[INFO] [stdout]     |
[INFO] [stdout]     = note: import resolution is stuck, try simplifying macro imports
[INFO] [stdout] 
[INFO] [stdout] 
[INFO] [stdout] error: cannot determine resolution for the attribute macro `test`
[INFO] [stdout]    --> src/lib.rs:158:7
[INFO] [stdout]     |
[INFO] [stdout] 158 |     #[test]
[INFO] [stdout]     |       ^^^^
[INFO] [stdout]     |
[INFO] [stdout]     = note: import resolution is stuck, try simplifying macro imports
[INFO] [stdout] 
[INFO] [stdout] 
[INFO] [stdout] error: cannot determine resolution for the attribute macro `test`
[INFO] [stdout]    --> src/lib.rs:163:7
[INFO] [stdout]     |
[INFO] [stdout] 163 |     #[test]
[INFO] [stdout]     |       ^^^^
[INFO] [stdout]     |
[INFO] [stdout]     = note: import resolution is stuck, try simplifying macro imports
[INFO] [stdout] 
[INFO] [stdout] 
[INFO] [stdout] error: cannot determine resolution for the attribute macro `test`
[INFO] [stdout]    --> src/lib.rs:168:7
[INFO] [stdout]     |
[INFO] [stdout] 168 |     #[test]
[INFO] [stdout]     |       ^^^^
[INFO] [stdout]     |
[INFO] [stdout]     = note: import resolution is stuck, try simplifying macro imports
[INFO] [stdout] 
[INFO] [stdout] 
[INFO] [stdout] error: cannot determine resolution for the attribute macro `test`
[INFO] [stdout]    --> src/lib.rs:174:7
[INFO] [stdout]     |
[INFO] [stdout] 174 |     #[test]
[INFO] [stdout]     |       ^^^^
[INFO] [stdout]     |
[INFO] [stdout]     = note: import resolution is stuck, try simplifying macro imports
[INFO] [stdout] 
[INFO] [stdout] 
[INFO] [stdout] error: cannot determine resolution for the attribute macro `test`
[INFO] [stdout]    --> src/lib.rs:179:7
[INFO] [stdout]     |
[INFO] [stdout] 179 |     #[test]
[INFO] [stdout]     |       ^^^^
[INFO] [stdout]     |
[INFO] [stdout]     = note: import resolution is stuck, try simplifying macro imports
[INFO] [stdout] 
[INFO] [stdout] 
[INFO] [stdout] error: cannot determine resolution for the attribute macro `test`
[INFO] [stdout]    --> src/lib.rs:184:7
[INFO] [stdout]     |
[INFO] [stdout] 184 |     #[test]
[INFO] [stdout]     |       ^^^^
[INFO] [stdout]     |
[INFO] [stdout]     = note: import resolution is stuck, try simplifying macro imports
[INFO] [stdout] 
[INFO] [stdout] 
[INFO] [stdout] warning: `...` range patterns are deprecated
[INFO] [stdout]   --> src/lib.rs:81:21
[INFO] [stdout]    |
[INFO] [stdout] 81 |                 b'0'...b'9' => {
[INFO] [stdout]    |                     ^^^ help: use `..=` for an inclusive range
[INFO] [stdout]    |
[INFO] [stdout]    = warning: this is accepted in the current edition (Rust 2015) but is a hard error in Rust 2021!
[INFO] [stdout]    = note: for more information, see <https://doc.rust-lang.org/nightly/edition-guide/rust-2021/warnings-promoted-to-error.html>
[INFO] [stdout]    = note: `#[warn(ellipsis_inclusive_range_patterns)]` on by default
[INFO] [stdout] 
[INFO] [stdout] 
[INFO] [stdout] error[E0277]: can't compare `Number` with `Number`
[INFO] [stdout]   --> src/lib.rs:26:21
[INFO] [stdout]    |
[INFO] [stdout] 26 | impl PartialOrd for Number {
[INFO] [stdout]    |                     ^^^^^^ no implementation for `Number == Number`
[INFO] [stdout]    |
[INFO] [stdout]    = help: the trait `PartialEq` is not implemented for `Number`
[INFO] [stdout] note: required by a bound in `PartialOrd`
[INFO] [stdout]   --> /rustc/0e09125c6c3c2fd70d7de961bcf0e51575235fad/library/core/src/cmp.rs:1085:1
[INFO] [stdout] help: consider annotating `Number` with `#[derive(PartialEq)]`
[INFO] [stdout]    |
[INFO] [stdout] 11 + #[derive(PartialEq)]
[INFO] [stdout] 12 | pub struct Number {
[INFO] [stdout]    |
[INFO] [stdout] 
[INFO] [stdout] 
[INFO] [stdout] error[E0277]: the trait bound `Number: Eq` is not satisfied
[INFO] [stdout]   --> src/lib.rs:31:14
[INFO] [stdout]    |
[INFO] [stdout] 31 | impl Ord for Number {
[INFO] [stdout]    |              ^^^^^^ the trait `Eq` is not implemented for `Number`
[INFO] [stdout]    |
[INFO] [stdout] note: required by a bound in `Ord`
[INFO] [stdout]   --> /rustc/0e09125c6c3c2fd70d7de961bcf0e51575235fad/library/core/src/cmp.rs:796:1
[INFO] [stdout] help: consider annotating `Number` with `#[derive(Eq)]`
[INFO] [stdout]    |
[INFO] [stdout] 11 + #[derive(Eq)]
[INFO] [stdout] 12 | pub struct Number {
[INFO] [stdout]    |
[INFO] [stdout] 
[INFO] [stdout] 
[INFO] [stdout] error: aborting due to 13 previous errors; 1 warning emitted
[INFO] [stdout] 
[INFO] [stdout] 
[INFO] [stdout] Some errors have detailed explanations: E0277, E0557.
[INFO] [stdout] 
[INFO] [stdout] For more information about an error, try `rustc --explain E0277`.
[INFO] [stdout] 
[INFO] [stderr] error: could not compile `version-sort` (lib test) due to 14 previous errors; 1 warning emitted
[INFO] running `Command { std: "docker" "inspect" "ba0f92fc1e3351c01008b0ac2fda169721fcacb9db187e5e5c5f7b9ad1c9c75f", kill_on_drop: false }`
[INFO] running `Command { std: "docker" "rm" "-f" "ba0f92fc1e3351c01008b0ac2fda169721fcacb9db187e5e5c5f7b9ad1c9c75f", kill_on_drop: false }`
[INFO] [stdout] ba0f92fc1e3351c01008b0ac2fda169721fcacb9db187e5e5c5f7b9ad1c9c75f
