[INFO] fetching crate vers-vecs 1.1.0...
[INFO] testing vers-vecs-1.1.0 against 1.75.0 for beta-1.76-1
[INFO] extracting crate vers-vecs 1.1.0 into /workspace/builds/worker-7-tc1/source
[INFO] validating manifest of crates.io crate vers-vecs 1.1.0 on toolchain 1.75.0
[INFO] running `Command { std: CARGO_HOME="/workspace/cargo-home" RUSTUP_HOME="/workspace/rustup-home" "/workspace/cargo-home/bin/cargo" "+1.75.0" "metadata" "--manifest-path" "Cargo.toml" "--no-deps", kill_on_drop: false }`
[INFO] started tweaking crates.io crate vers-vecs 1.1.0
[INFO] finished tweaking crates.io crate vers-vecs 1.1.0
[INFO] tweaked toml for crates.io crate vers-vecs 1.1.0 written to /workspace/builds/worker-7-tc1/source/Cargo.toml
[INFO] running `Command { std: CARGO_HOME="/workspace/cargo-home" RUSTUP_HOME="/workspace/rustup-home" "/workspace/cargo-home/bin/cargo" "+1.75.0" "generate-lockfile" "--manifest-path" "Cargo.toml", kill_on_drop: false }`
[INFO] [stderr]     Updating crates.io index
[INFO] running `Command { std: CARGO_HOME="/workspace/cargo-home" RUSTUP_HOME="/workspace/rustup-home" "/workspace/cargo-home/bin/cargo" "+1.75.0" "fetch" "--manifest-path" "Cargo.toml", kill_on_drop: false }`
[INFO] [stderr]  Downloading crates ...
[INFO] [stderr]   Downloaded packed_simd v0.3.9
[INFO] [stderr]   Downloaded elias-fano v1.1.0
[INFO] [stderr]   Downloaded sucds v0.8.1
[INFO] [stderr]   Downloaded indexed_bitvec v4.0.1
[INFO] [stderr]   Downloaded librualg v0.29.1
[INFO] [stderr]   Downloaded rsdict v0.0.7
[INFO] [stderr]   Downloaded bio v1.5.0
[INFO] [stderr]   Downloaded fid v0.1.7
[INFO] [stderr]   Downloaded succinct v0.5.2
[INFO] [stderr]   Downloaded range_minimum_query v0.1.0
[INFO] [stderr]   Downloaded indexed_bitvec_core v4.0.0
[INFO] running `Command { std: "docker" "create" "-v" "/var/lib/crater-agent-workspace/builds/worker-7-tc1/target:/opt/rustwide/target:rw,Z" "-v" "/var/lib/crater-agent-workspace/builds/worker-7-tc1/source:/opt/rustwide/workdir:ro,Z" "-v" "/var/lib/crater-agent-workspace/cargo-home:/opt/rustwide/cargo-home:ro,Z" "-v" "/var/lib/crater-agent-workspace/rustup-home:/opt/rustwide/rustup-home:ro,Z" "-e" "SOURCE_DIR=/opt/rustwide/workdir" "-e" "CARGO_TARGET_DIR=/opt/rustwide/target" "-e" "CARGO_HOME=/opt/rustwide/cargo-home" "-e" "RUSTUP_HOME=/opt/rustwide/rustup-home" "-w" "/opt/rustwide/workdir" "-m" "1610612736" "--user" "0:0" "--network" "none" "ghcr.io/rust-lang/crates-build-env/linux@sha256:2788e3201cd34a07e3172128adcd8b3090168a8e3bcc40d7c032b9dda1df7d1c" "/opt/rustwide/cargo-home/bin/cargo" "+1.75.0" "metadata" "--no-deps" "--format-version=1", kill_on_drop: false }`
[INFO] [stdout] 685960a119086666c230f890feb32a22227edc7cf392b642f50e5ab4068dabbc
[INFO] running `Command { std: "docker" "start" "-a" "685960a119086666c230f890feb32a22227edc7cf392b642f50e5ab4068dabbc", kill_on_drop: false }`
[INFO] running `Command { std: "docker" "inspect" "685960a119086666c230f890feb32a22227edc7cf392b642f50e5ab4068dabbc", kill_on_drop: false }`
[INFO] running `Command { std: "docker" "rm" "-f" "685960a119086666c230f890feb32a22227edc7cf392b642f50e5ab4068dabbc", kill_on_drop: false }`
[INFO] [stdout] 685960a119086666c230f890feb32a22227edc7cf392b642f50e5ab4068dabbc
[INFO] running `Command { std: "docker" "create" "-v" "/var/lib/crater-agent-workspace/builds/worker-7-tc1/target:/opt/rustwide/target:rw,Z" "-v" "/var/lib/crater-agent-workspace/builds/worker-7-tc1/source:/opt/rustwide/workdir:ro,Z" "-v" "/var/lib/crater-agent-workspace/cargo-home:/opt/rustwide/cargo-home:ro,Z" "-v" "/var/lib/crater-agent-workspace/rustup-home:/opt/rustwide/rustup-home:ro,Z" "-e" "SOURCE_DIR=/opt/rustwide/workdir" "-e" "CARGO_TARGET_DIR=/opt/rustwide/target" "-e" "CARGO_INCREMENTAL=0" "-e" "RUST_BACKTRACE=full" "-e" "RUSTFLAGS=--cap-lints=warn" "-e" "RUSTDOCFLAGS=--cap-lints=warn" "-e" "CARGO_HOME=/opt/rustwide/cargo-home" "-e" "RUSTUP_HOME=/opt/rustwide/rustup-home" "-w" "/opt/rustwide/workdir" "-m" "1610612736" "--user" "0:0" "--network" "none" "ghcr.io/rust-lang/crates-build-env/linux@sha256:2788e3201cd34a07e3172128adcd8b3090168a8e3bcc40d7c032b9dda1df7d1c" "/opt/rustwide/cargo-home/bin/cargo" "+1.75.0" "build" "--frozen" "--message-format=json", kill_on_drop: false }`
[INFO] [stdout] bda3e16437bd84b50be902e6310158a1d747b0b665f9c3bb01c8e74b82f8c96e
[INFO] running `Command { std: "docker" "start" "-a" "bda3e16437bd84b50be902e6310158a1d747b0b665f9c3bb01c8e74b82f8c96e", kill_on_drop: false }`
[INFO] [stderr]    Compiling vers-vecs v1.1.0 (/opt/rustwide/workdir)
[INFO] [stdout] error: This crate requires the BMI2 and POPCNT feature be available
[INFO] [stdout]   --> src/lib.rs:44:1
[INFO] [stdout]    |
[INFO] [stdout] 44 | compile_error!("This crate requires the BMI2 and POPCNT feature be available");
[INFO] [stdout]    | ^^^^^^^^^^^^^^^^^^^^^^^^^^^^^^^^^^^^^^^^^^^^^^^^^^^^^^^^^^^^^^^^^^^^^^^^^^^^^^
[INFO] [stdout] 
[INFO] [stdout] 
[INFO] [stdout] warning: unused import: `unroll`
[INFO] [stdout]  --> src/bit_vec/fast_rs_vec/mod.rs:5:34
[INFO] [stdout]   |
[INFO] [stdout] 5 | use crate::util::{impl_iterator, unroll};
[INFO] [stdout]   |                                  ^^^^^^
[INFO] [stdout]   |
[INFO] [stdout]   = note: `#[warn(unused_imports)]` on by default
[INFO] [stdout] 
[INFO] [stdout] 
[INFO] [stdout] warning: unused import: `core::arch::x86_64::_pdep_u64`
[INFO] [stdout]  --> src/bit_vec/fast_rs_vec/mod.rs:7:5
[INFO] [stdout]   |
[INFO] [stdout] 7 | use core::arch::x86_64::_pdep_u64;
[INFO] [stdout]   |     ^^^^^^^^^^^^^^^^^^^^^^^^^^^^^
[INFO] [stdout] 
[INFO] [stdout] 
[INFO] [stdout] warning: unused import: `std::arch::x86_64::_pdep_u64`
[INFO] [stdout]  --> src/rmq/fast_rmq/mod.rs:5:5
[INFO] [stdout]   |
[INFO] [stdout] 5 | use std::arch::x86_64::_pdep_u64;
[INFO] [stdout]   |     ^^^^^^^^^^^^^^^^^^^^^^^^^^^^
[INFO] [stdout] 
[INFO] [stdout] 
[INFO] [stdout] warning: unused macro definition: `unroll`
[INFO] [stdout]    --> src/util.rs:161:14
[INFO] [stdout]     |
[INFO] [stdout] 161 | macro_rules! unroll {
[INFO] [stdout]     |              ^^^^^^
[INFO] [stdout]     |
[INFO] [stdout]     = note: `#[warn(unused_macros)]` on by default
[INFO] [stdout] 
[INFO] [stdout] 
[INFO] [stdout] error[E0599]: no method named `select1` found for struct `RsVec` in the current scope
[INFO] [stdout]    --> src/elias_fano/mod.rs:167:36
[INFO] [stdout]     |
[INFO] [stdout] 167 |         let upper = self.upper_vec.select1(index) - index - 1;
[INFO] [stdout]     |                                    ^^^^^^^ method not found in `RsVec`
[INFO] [stdout]     |
[INFO] [stdout]    ::: src/bit_vec/fast_rs_vec/mod.rs:75:1
[INFO] [stdout]     |
[INFO] [stdout] 75  | pub struct RsVec {
[INFO] [stdout]     | ---------------- method `select1` not found for this struct
[INFO] [stdout] 
[INFO] [stdout] 
[INFO] [stdout] error[E0599]: no method named `select0` found for struct `RsVec` in the current scope
[INFO] [stdout]    --> src/elias_fano/mod.rs:218:54
[INFO] [stdout]     |
[INFO] [stdout] 218 |         let lower_bound_upper_index = self.upper_vec.select0(upper_query);
[INFO] [stdout]     |                                                      ^^^^^^^ method not found in `RsVec`
[INFO] [stdout]     |
[INFO] [stdout]    ::: src/bit_vec/fast_rs_vec/mod.rs:75:1
[INFO] [stdout]     |
[INFO] [stdout] 75  | pub struct RsVec {
[INFO] [stdout]     | ---------------- method `select0` not found for this struct
[INFO] [stdout] 
[INFO] [stdout] 
[INFO] [stdout] error[E0599]: no method named `select0` found for struct `RsVec` in the current scope
[INFO] [stdout]    --> src/elias_fano/mod.rs:263:56
[INFO] [stdout]     |
[INFO] [stdout] 263 |                         let block_end = self.upper_vec.select0(upper_query + 1) - upper_query - 2;
[INFO] [stdout]     |                                                        ^^^^^^^ method not found in `RsVec`
[INFO] [stdout]     |
[INFO] [stdout]    ::: src/bit_vec/fast_rs_vec/mod.rs:75:1
[INFO] [stdout]     |
[INFO] [stdout] 75  | pub struct RsVec {
[INFO] [stdout]     | ---------------- method `select0` not found for this struct
[INFO] [stdout] 
[INFO] [stdout] 
[INFO] [stdout] error[E0599]: no method named `select0` found for struct `RsVec` in the current scope
[INFO] [stdout]    --> src/elias_fano/mod.rs:356:54
[INFO] [stdout]     |
[INFO] [stdout] 356 |         let upper_bound_upper_index = self.upper_vec.select0(upper_query + 1);
[INFO] [stdout]     |                                                      ^^^^^^^ method not found in `RsVec`
[INFO] [stdout]     |
[INFO] [stdout]    ::: src/bit_vec/fast_rs_vec/mod.rs:75:1
[INFO] [stdout]     |
[INFO] [stdout] 75  | pub struct RsVec {
[INFO] [stdout]     | ---------------- method `select0` not found for this struct
[INFO] [stdout] 
[INFO] [stdout] 
[INFO] [stdout] error[E0599]: no method named `select0` found for struct `RsVec` in the current scope
[INFO] [stdout]    --> src/elias_fano/mod.rs:402:56
[INFO] [stdout]     |
[INFO] [stdout] 402 |                         let block_end = self.upper_vec.select0(upper_query) - upper_query;
[INFO] [stdout]     |                                                        ^^^^^^^ method not found in `RsVec`
[INFO] [stdout]     |
[INFO] [stdout]    ::: src/bit_vec/fast_rs_vec/mod.rs:75:1
[INFO] [stdout]     |
[INFO] [stdout] 75  | pub struct RsVec {
[INFO] [stdout]     | ---------------- method `select0` not found for this struct
[INFO] [stdout] 
[INFO] [stdout] 
[INFO] [stdout] error[E0599]: no method named `select0` found for struct `SmallBitVector` in the current scope
[INFO] [stdout]    --> src/rmq/fast_rmq/mod.rs:202:26
[INFO] [stdout]     |
[INFO] [stdout] 19  |   struct SmallBitVector(u128);
[INFO] [stdout]     |   --------------------- method `select0` not found for this struct
[INFO] [stdout] ...
[INFO] [stdout] 200 |                       + self.blocks[block_i]
[INFO] [stdout]     |  _______________________-
[INFO] [stdout] 201 | |                         .prefix_minima
[INFO] [stdout] 202 | |                         .select0(rank_j_prefix - 1);
[INFO] [stdout]     | |                         -^^^^^^^ method not found in `SmallBitVector`
[INFO] [stdout]     | |_________________________|
[INFO] [stdout]     | 
[INFO] [stdout] 
[INFO] [stdout] 
[INFO] [stdout] error[E0599]: no method named `select0` found for struct `SmallBitVector` in the current scope
[INFO] [stdout]    --> src/rmq/fast_rmq/mod.rs:216:26
[INFO] [stdout]     |
[INFO] [stdout] 19  |   struct SmallBitVector(u128);
[INFO] [stdout]     |   --------------------- method `select0` not found for this struct
[INFO] [stdout] ...
[INFO] [stdout] 214 |                       - self.blocks[block_i]
[INFO] [stdout]     |  _______________________-
[INFO] [stdout] 215 | |                         .suffix_minima
[INFO] [stdout] 216 | |                         .select0(rank_j_suffix - 1);
[INFO] [stdout]     | |                         -^^^^^^^ method not found in `SmallBitVector`
[INFO] [stdout]     | |_________________________|
[INFO] [stdout]     | 
[INFO] [stdout] 
[INFO] [stdout] 
[INFO] [stdout] error[E0599]: no method named `select0` found for struct `SmallBitVector` in the current scope
[INFO] [stdout]    --> src/rmq/fast_rmq/mod.rs:228:50
[INFO] [stdout]     |
[INFO] [stdout] 19  | struct SmallBitVector(u128);
[INFO] [stdout]     | --------------------- method `select0` not found for this struct
[INFO] [stdout] ...
[INFO] [stdout] 228 |             - self.blocks[block_i].suffix_minima.select0(
[INFO] [stdout]     |               -----------------------------------^^^^^^^ method not found in `SmallBitVector`
[INFO] [stdout] 
[INFO] [stdout] 
[INFO] [stdout] error[E0599]: no method named `select0` found for struct `SmallBitVector` in the current scope
[INFO] [stdout]    --> src/rmq/fast_rmq/mod.rs:239:18
[INFO] [stdout]     |
[INFO] [stdout] 19  |   struct SmallBitVector(u128);
[INFO] [stdout]     |   --------------------- method `select0` not found for this struct
[INFO] [stdout] ...
[INFO] [stdout] 237 |               + self.blocks[block_j]
[INFO] [stdout]     |  _______________-
[INFO] [stdout] 238 | |                 .prefix_minima
[INFO] [stdout] 239 | |                 .select0(self.blocks[block_j].prefix_minima.rank0(j % BLOCK_SIZE + 1) - 1);
[INFO] [stdout]     | |                 -^^^^^^^ method not found in `SmallBitVector`
[INFO] [stdout]     | |_________________|
[INFO] [stdout]     | 
[INFO] [stdout] 
[INFO] [stdout] 
[INFO] [stdout] error: aborting due to 10 previous errors; 4 warnings emitted
[INFO] [stdout] 
[INFO] [stdout] 
[INFO] [stdout] For more information about this error, try `rustc --explain E0599`.
[INFO] [stdout] 
[INFO] [stderr] error: could not compile `vers-vecs` (lib) due to 11 previous errors; 4 warnings emitted
[INFO] running `Command { std: "docker" "inspect" "bda3e16437bd84b50be902e6310158a1d747b0b665f9c3bb01c8e74b82f8c96e", kill_on_drop: false }`
[INFO] running `Command { std: "docker" "rm" "-f" "bda3e16437bd84b50be902e6310158a1d747b0b665f9c3bb01c8e74b82f8c96e", kill_on_drop: false }`
[INFO] [stdout] bda3e16437bd84b50be902e6310158a1d747b0b665f9c3bb01c8e74b82f8c96e
[INFO] testing vers-vecs-1.1.0 against beta-2023-12-22 for beta-1.76-1
[INFO] extracting crate vers-vecs 1.1.0 into /workspace/builds/worker-7-tc2/source
[INFO] validating manifest of crates.io crate vers-vecs 1.1.0 on toolchain beta-2023-12-22
[INFO] running `Command { std: CARGO_HOME="/workspace/cargo-home" RUSTUP_HOME="/workspace/rustup-home" "/workspace/cargo-home/bin/cargo" "+beta-2023-12-22" "metadata" "--manifest-path" "Cargo.toml" "--no-deps", kill_on_drop: false }`
[INFO] started tweaking crates.io crate vers-vecs 1.1.0
[INFO] finished tweaking crates.io crate vers-vecs 1.1.0
[INFO] tweaked toml for crates.io crate vers-vecs 1.1.0 written to /workspace/builds/worker-7-tc2/source/Cargo.toml
[INFO] running `Command { std: CARGO_HOME="/workspace/cargo-home" RUSTUP_HOME="/workspace/rustup-home" "/workspace/cargo-home/bin/cargo" "+beta-2023-12-22" "generate-lockfile" "--manifest-path" "Cargo.toml", kill_on_drop: false }`
[INFO] [stderr]     Updating crates.io index
[INFO] running `Command { std: CARGO_HOME="/workspace/cargo-home" RUSTUP_HOME="/workspace/rustup-home" "/workspace/cargo-home/bin/cargo" "+beta-2023-12-22" "fetch" "--manifest-path" "Cargo.toml", kill_on_drop: false }`
[INFO] running `Command { std: "docker" "create" "-v" "/var/lib/crater-agent-workspace/builds/worker-7-tc2/target:/opt/rustwide/target:rw,Z" "-v" "/var/lib/crater-agent-workspace/builds/worker-7-tc2/source:/opt/rustwide/workdir:ro,Z" "-v" "/var/lib/crater-agent-workspace/cargo-home:/opt/rustwide/cargo-home:ro,Z" "-v" "/var/lib/crater-agent-workspace/rustup-home:/opt/rustwide/rustup-home:ro,Z" "-e" "SOURCE_DIR=/opt/rustwide/workdir" "-e" "CARGO_TARGET_DIR=/opt/rustwide/target" "-e" "CARGO_HOME=/opt/rustwide/cargo-home" "-e" "RUSTUP_HOME=/opt/rustwide/rustup-home" "-w" "/opt/rustwide/workdir" "-m" "1610612736" "--user" "0:0" "--network" "none" "ghcr.io/rust-lang/crates-build-env/linux@sha256:2788e3201cd34a07e3172128adcd8b3090168a8e3bcc40d7c032b9dda1df7d1c" "/opt/rustwide/cargo-home/bin/cargo" "+beta-2023-12-22" "metadata" "--no-deps" "--format-version=1", kill_on_drop: false }`
[INFO] [stdout] 6f018ca2d0b10d225c185d055b3e238ccdebb4347c2d88441e0f82a49c6b21fa
[INFO] running `Command { std: "docker" "start" "-a" "6f018ca2d0b10d225c185d055b3e238ccdebb4347c2d88441e0f82a49c6b21fa", kill_on_drop: false }`
[INFO] running `Command { std: "docker" "inspect" "6f018ca2d0b10d225c185d055b3e238ccdebb4347c2d88441e0f82a49c6b21fa", kill_on_drop: false }`
[INFO] running `Command { std: "docker" "rm" "-f" "6f018ca2d0b10d225c185d055b3e238ccdebb4347c2d88441e0f82a49c6b21fa", kill_on_drop: false }`
[INFO] [stdout] 6f018ca2d0b10d225c185d055b3e238ccdebb4347c2d88441e0f82a49c6b21fa
[INFO] running `Command { std: "docker" "create" "-v" "/var/lib/crater-agent-workspace/builds/worker-7-tc2/target:/opt/rustwide/target:rw,Z" "-v" "/var/lib/crater-agent-workspace/builds/worker-7-tc2/source:/opt/rustwide/workdir:ro,Z" "-v" "/var/lib/crater-agent-workspace/cargo-home:/opt/rustwide/cargo-home:ro,Z" "-v" "/var/lib/crater-agent-workspace/rustup-home:/opt/rustwide/rustup-home:ro,Z" "-e" "SOURCE_DIR=/opt/rustwide/workdir" "-e" "CARGO_TARGET_DIR=/opt/rustwide/target" "-e" "CARGO_INCREMENTAL=0" "-e" "RUST_BACKTRACE=full" "-e" "RUSTFLAGS=--cap-lints=warn" "-e" "RUSTDOCFLAGS=--cap-lints=warn" "-e" "CARGO_HOME=/opt/rustwide/cargo-home" "-e" "RUSTUP_HOME=/opt/rustwide/rustup-home" "-w" "/opt/rustwide/workdir" "-m" "1610612736" "--user" "0:0" "--network" "none" "ghcr.io/rust-lang/crates-build-env/linux@sha256:2788e3201cd34a07e3172128adcd8b3090168a8e3bcc40d7c032b9dda1df7d1c" "/opt/rustwide/cargo-home/bin/cargo" "+beta-2023-12-22" "build" "--frozen" "--message-format=json", kill_on_drop: false }`
[INFO] [stdout] 229554ef2ae8c377fcdd593828c1cd10ac492f2eaf10d1626b4d4a4b8dbd6843
[INFO] running `Command { std: "docker" "start" "-a" "229554ef2ae8c377fcdd593828c1cd10ac492f2eaf10d1626b4d4a4b8dbd6843", kill_on_drop: false }`
[INFO] [stderr]    Compiling vers-vecs v1.1.0 (/opt/rustwide/workdir)
[INFO] [stdout] error: This crate requires the BMI2 and POPCNT feature be available
[INFO] [stdout]   --> src/lib.rs:44:1
[INFO] [stdout]    |
[INFO] [stdout] 44 | compile_error!("This crate requires the BMI2 and POPCNT feature be available");
[INFO] [stdout]    | ^^^^^^^^^^^^^^^^^^^^^^^^^^^^^^^^^^^^^^^^^^^^^^^^^^^^^^^^^^^^^^^^^^^^^^^^^^^^^^
[INFO] [stdout] 
[INFO] [stdout] 
[INFO] [stdout] warning: unused import: `unroll`
[INFO] [stdout]  --> src/bit_vec/fast_rs_vec/mod.rs:5:34
[INFO] [stdout]   |
[INFO] [stdout] 5 | use crate::util::{impl_iterator, unroll};
[INFO] [stdout]   |                                  ^^^^^^
[INFO] [stdout]   |
[INFO] [stdout]   = note: `#[warn(unused_imports)]` on by default
[INFO] [stdout] 
[INFO] [stdout] 
[INFO] [stdout] warning: unused import: `core::arch::x86_64::_pdep_u64`
[INFO] [stdout]  --> src/bit_vec/fast_rs_vec/mod.rs:7:5
[INFO] [stdout]   |
[INFO] [stdout] 7 | use core::arch::x86_64::_pdep_u64;
[INFO] [stdout]   |     ^^^^^^^^^^^^^^^^^^^^^^^^^^^^^
[INFO] [stdout] 
[INFO] [stdout] 
[INFO] [stdout] warning: unused import: `std::arch::x86_64::_pdep_u64`
[INFO] [stdout]  --> src/rmq/fast_rmq/mod.rs:5:5
[INFO] [stdout]   |
[INFO] [stdout] 5 | use std::arch::x86_64::_pdep_u64;
[INFO] [stdout]   |     ^^^^^^^^^^^^^^^^^^^^^^^^^^^^
[INFO] [stdout] 
[INFO] [stdout] 
[INFO] [stdout] warning: unused macro definition: `unroll`
[INFO] [stdout]    --> src/util.rs:161:14
[INFO] [stdout]     |
[INFO] [stdout] 161 | macro_rules! unroll {
[INFO] [stdout]     |              ^^^^^^
[INFO] [stdout]     |
[INFO] [stdout]     = note: `#[warn(unused_macros)]` on by default
[INFO] [stdout] 
[INFO] [stdout] 
[INFO] [stdout] error[E0599]: no method named `select1` found for struct `RsVec` in the current scope
[INFO] [stdout]    --> src/elias_fano/mod.rs:167:36
[INFO] [stdout]     |
[INFO] [stdout] 167 |         let upper = self.upper_vec.select1(index) - index - 1;
[INFO] [stdout]     |                                    ^^^^^^^ method not found in `RsVec`
[INFO] [stdout]     |
[INFO] [stdout]    ::: src/bit_vec/fast_rs_vec/mod.rs:75:1
[INFO] [stdout]     |
[INFO] [stdout] 75  | pub struct RsVec {
[INFO] [stdout]     | ---------------- method `select1` not found for this struct
[INFO] [stdout] 
[INFO] [stdout] 
[INFO] [stdout] error[E0599]: no method named `select0` found for struct `RsVec` in the current scope
[INFO] [stdout]    --> src/elias_fano/mod.rs:218:54
[INFO] [stdout]     |
[INFO] [stdout] 218 |         let lower_bound_upper_index = self.upper_vec.select0(upper_query);
[INFO] [stdout]     |                                                      ^^^^^^^ method not found in `RsVec`
[INFO] [stdout]     |
[INFO] [stdout]    ::: src/bit_vec/fast_rs_vec/mod.rs:75:1
[INFO] [stdout]     |
[INFO] [stdout] 75  | pub struct RsVec {
[INFO] [stdout]     | ---------------- method `select0` not found for this struct
[INFO] [stdout] 
[INFO] [stdout] 
[INFO] [stdout] error[E0599]: no method named `select0` found for struct `RsVec` in the current scope
[INFO] [stdout]    --> src/elias_fano/mod.rs:263:56
[INFO] [stdout]     |
[INFO] [stdout] 263 |                         let block_end = self.upper_vec.select0(upper_query + 1) - upper_query - 2;
[INFO] [stdout]     |                                                        ^^^^^^^ method not found in `RsVec`
[INFO] [stdout]     |
[INFO] [stdout]    ::: src/bit_vec/fast_rs_vec/mod.rs:75:1
[INFO] [stdout]     |
[INFO] [stdout] 75  | pub struct RsVec {
[INFO] [stdout]     | ---------------- method `select0` not found for this struct
[INFO] [stdout] 
[INFO] [stdout] 
[INFO] [stdout] error[E0599]: no method named `select0` found for struct `RsVec` in the current scope
[INFO] [stdout]    --> src/elias_fano/mod.rs:356:54
[INFO] [stdout]     |
[INFO] [stdout] 356 |         let upper_bound_upper_index = self.upper_vec.select0(upper_query + 1);
[INFO] [stdout]     |                                                      ^^^^^^^ method not found in `RsVec`
[INFO] [stdout]     |
[INFO] [stdout]    ::: src/bit_vec/fast_rs_vec/mod.rs:75:1
[INFO] [stdout]     |
[INFO] [stdout] 75  | pub struct RsVec {
[INFO] [stdout]     | ---------------- method `select0` not found for this struct
[INFO] [stdout] 
[INFO] [stdout] 
[INFO] [stdout] error[E0599]: no method named `select0` found for struct `RsVec` in the current scope
[INFO] [stdout]    --> src/elias_fano/mod.rs:402:56
[INFO] [stdout]     |
[INFO] [stdout] 402 |                         let block_end = self.upper_vec.select0(upper_query) - upper_query;
[INFO] [stdout]     |                                                        ^^^^^^^ method not found in `RsVec`
[INFO] [stdout]     |
[INFO] [stdout]    ::: src/bit_vec/fast_rs_vec/mod.rs:75:1
[INFO] [stdout]     |
[INFO] [stdout] 75  | pub struct RsVec {
[INFO] [stdout]     | ---------------- method `select0` not found for this struct
[INFO] [stdout] 
[INFO] [stdout] 
[INFO] [stdout] error[E0599]: no method named `select0` found for struct `SmallBitVector` in the current scope
[INFO] [stdout]    --> src/rmq/fast_rmq/mod.rs:202:26
[INFO] [stdout]     |
[INFO] [stdout] 19  |   struct SmallBitVector(u128);
[INFO] [stdout]     |   --------------------- method `select0` not found for this struct
[INFO] [stdout] ...
[INFO] [stdout] 200 |                       + self.blocks[block_i]
[INFO] [stdout]     |  _______________________-
[INFO] [stdout] 201 | |                         .prefix_minima
[INFO] [stdout] 202 | |                         .select0(rank_j_prefix - 1);
[INFO] [stdout]     | |                         -^^^^^^^ method not found in `SmallBitVector`
[INFO] [stdout]     | |_________________________|
[INFO] [stdout]     | 
[INFO] [stdout] 
[INFO] [stdout] 
[INFO] [stdout] error[E0599]: no method named `select0` found for struct `SmallBitVector` in the current scope
[INFO] [stdout]    --> src/rmq/fast_rmq/mod.rs:216:26
[INFO] [stdout]     |
[INFO] [stdout] 19  |   struct SmallBitVector(u128);
[INFO] [stdout]     |   --------------------- method `select0` not found for this struct
[INFO] [stdout] ...
[INFO] [stdout] 214 |                       - self.blocks[block_i]
[INFO] [stdout]     |  _______________________-
[INFO] [stdout] 215 | |                         .suffix_minima
[INFO] [stdout] 216 | |                         .select0(rank_j_suffix - 1);
[INFO] [stdout]     | |                         -^^^^^^^ method not found in `SmallBitVector`
[INFO] [stdout]     | |_________________________|
[INFO] [stdout]     | 
[INFO] [stdout] 
[INFO] [stdout] 
[INFO] [stdout] error[E0599]: no method named `select0` found for struct `SmallBitVector` in the current scope
[INFO] [stdout]    --> src/rmq/fast_rmq/mod.rs:228:50
[INFO] [stdout]     |
[INFO] [stdout] 19  | struct SmallBitVector(u128);
[INFO] [stdout]     | --------------------- method `select0` not found for this struct
[INFO] [stdout] ...
[INFO] [stdout] 228 |             - self.blocks[block_i].suffix_minima.select0(
[INFO] [stdout]     |               -----------------------------------^^^^^^^ method not found in `SmallBitVector`
[INFO] [stdout] 
[INFO] [stdout] 
[INFO] [stdout] error[E0599]: no method named `select0` found for struct `SmallBitVector` in the current scope
[INFO] [stdout]    --> src/rmq/fast_rmq/mod.rs:239:18
[INFO] [stdout]     |
[INFO] [stdout] 19  |   struct SmallBitVector(u128);
[INFO] [stdout]     |   --------------------- method `select0` not found for this struct
[INFO] [stdout] ...
[INFO] [stdout] 237 |               + self.blocks[block_j]
[INFO] [stdout]     |  _______________-
[INFO] [stdout] 238 | |                 .prefix_minima
[INFO] [stdout] 239 | |                 .select0(self.blocks[block_j].prefix_minima.rank0(j % BLOCK_SIZE + 1) - 1);
[INFO] [stdout]     | |                 -^^^^^^^ method not found in `SmallBitVector`
[INFO] [stdout]     | |_________________|
[INFO] [stdout]     | 
[INFO] [stdout] 
[INFO] [stdout] 
[INFO] [stdout] error: aborting due to 10 previous errors; 4 warnings emitted
[INFO] [stdout] 
[INFO] [stdout] 
[INFO] [stdout] For more information about this error, try `rustc --explain E0599`.
[INFO] [stdout] 
[INFO] [stderr] error: could not compile `vers-vecs` (lib) due to 11 previous errors; 4 warnings emitted
[INFO] running `Command { std: "docker" "inspect" "229554ef2ae8c377fcdd593828c1cd10ac492f2eaf10d1626b4d4a4b8dbd6843", kill_on_drop: false }`
[INFO] running `Command { std: "docker" "rm" "-f" "229554ef2ae8c377fcdd593828c1cd10ac492f2eaf10d1626b4d4a4b8dbd6843", kill_on_drop: false }`
[INFO] [stdout] 229554ef2ae8c377fcdd593828c1cd10ac492f2eaf10d1626b4d4a4b8dbd6843
