[INFO] fetching crate verdigris 0.2.0...
[INFO] testing verdigris-0.2.0 against 1.75.0 for beta-1.76-1
[INFO] extracting crate verdigris 0.2.0 into /workspace/builds/worker-4-tc1/source
[INFO] validating manifest of crates.io crate verdigris 0.2.0 on toolchain 1.75.0
[INFO] running `Command { std: CARGO_HOME="/workspace/cargo-home" RUSTUP_HOME="/workspace/rustup-home" "/workspace/cargo-home/bin/cargo" "+1.75.0" "metadata" "--manifest-path" "Cargo.toml" "--no-deps", kill_on_drop: false }`
[INFO] removed /workspace/builds/worker-4-tc1/source/.cargo/config.toml
[INFO] started tweaking crates.io crate verdigris 0.2.0
[INFO] finished tweaking crates.io crate verdigris 0.2.0
[INFO] tweaked toml for crates.io crate verdigris 0.2.0 written to /workspace/builds/worker-4-tc1/source/Cargo.toml
[INFO] running `Command { std: CARGO_HOME="/workspace/cargo-home" RUSTUP_HOME="/workspace/rustup-home" "/workspace/cargo-home/bin/cargo" "+1.75.0" "generate-lockfile" "--manifest-path" "Cargo.toml", kill_on_drop: false }`
[INFO] [stderr]     Updating crates.io index
[INFO] running `Command { std: CARGO_HOME="/workspace/cargo-home" RUSTUP_HOME="/workspace/rustup-home" "/workspace/cargo-home/bin/cargo" "+1.75.0" "fetch" "--manifest-path" "Cargo.toml", kill_on_drop: false }`
[INFO] [stderr]  Downloading crates ...
[INFO] [stderr]   Downloaded coap-message-utils v0.2.2
[INFO] [stderr]   Downloaded yew-router v0.14.0
[INFO] [stderr]   Downloaded coap-message-demos v0.3.0
[INFO] [stderr]   Downloaded coap-numbers v0.1.2
[INFO] [stderr]   Downloaded yew-macro v0.18.0
[INFO] [stderr]   Downloaded yew v0.17.4
[INFO] [stderr]   Downloaded heapless v0.5.6
[INFO] [stderr]   Downloaded coap-scroll-ring-server v0.1.0
[INFO] [stderr]   Downloaded static_cell v1.3.0
[INFO] [stderr]   Downloaded yew-router-macro v0.14.0
[INFO] [stderr]   Downloaded yew-router-route-parser v0.14.0
[INFO] [stderr]   Downloaded yewtil v0.4.0
[INFO] [stderr]   Downloaded yew-macro v0.17.0
[INFO] [stderr]   Downloaded coap-handler-implementations v0.3.6
[INFO] [stderr]   Downloaded yew v0.18.0
[INFO] running `Command { std: "docker" "create" "-v" "/var/lib/crater-agent-workspace/builds/worker-4-tc1/target:/opt/rustwide/target:rw,Z" "-v" "/var/lib/crater-agent-workspace/builds/worker-4-tc1/source:/opt/rustwide/workdir:ro,Z" "-v" "/var/lib/crater-agent-workspace/cargo-home:/opt/rustwide/cargo-home:ro,Z" "-v" "/var/lib/crater-agent-workspace/rustup-home:/opt/rustwide/rustup-home:ro,Z" "-e" "SOURCE_DIR=/opt/rustwide/workdir" "-e" "CARGO_TARGET_DIR=/opt/rustwide/target" "-e" "CARGO_HOME=/opt/rustwide/cargo-home" "-e" "RUSTUP_HOME=/opt/rustwide/rustup-home" "-w" "/opt/rustwide/workdir" "-m" "1610612736" "--user" "0:0" "--network" "none" "ghcr.io/rust-lang/crates-build-env/linux@sha256:2788e3201cd34a07e3172128adcd8b3090168a8e3bcc40d7c032b9dda1df7d1c" "/opt/rustwide/cargo-home/bin/cargo" "+1.75.0" "metadata" "--no-deps" "--format-version=1", kill_on_drop: false }`
[INFO] [stdout] 5d683b7bae9e55cfb253742e0b5ab6276e152559c3ff182fb7948bc99d7bbf6f
[INFO] running `Command { std: "docker" "start" "-a" "5d683b7bae9e55cfb253742e0b5ab6276e152559c3ff182fb7948bc99d7bbf6f", kill_on_drop: false }`
[INFO] running `Command { std: "docker" "inspect" "5d683b7bae9e55cfb253742e0b5ab6276e152559c3ff182fb7948bc99d7bbf6f", kill_on_drop: false }`
[INFO] running `Command { std: "docker" "rm" "-f" "5d683b7bae9e55cfb253742e0b5ab6276e152559c3ff182fb7948bc99d7bbf6f", kill_on_drop: false }`
[INFO] [stdout] 5d683b7bae9e55cfb253742e0b5ab6276e152559c3ff182fb7948bc99d7bbf6f
[INFO] running `Command { std: "docker" "create" "-v" "/var/lib/crater-agent-workspace/builds/worker-4-tc1/target:/opt/rustwide/target:rw,Z" "-v" "/var/lib/crater-agent-workspace/builds/worker-4-tc1/source:/opt/rustwide/workdir:ro,Z" "-v" "/var/lib/crater-agent-workspace/cargo-home:/opt/rustwide/cargo-home:ro,Z" "-v" "/var/lib/crater-agent-workspace/rustup-home:/opt/rustwide/rustup-home:ro,Z" "-e" "SOURCE_DIR=/opt/rustwide/workdir" "-e" "CARGO_TARGET_DIR=/opt/rustwide/target" "-e" "CARGO_INCREMENTAL=0" "-e" "RUST_BACKTRACE=full" "-e" "RUSTFLAGS=--cap-lints=warn" "-e" "RUSTDOCFLAGS=--cap-lints=warn" "-e" "CARGO_HOME=/opt/rustwide/cargo-home" "-e" "RUSTUP_HOME=/opt/rustwide/rustup-home" "-w" "/opt/rustwide/workdir" "-m" "1610612736" "--user" "0:0" "--network" "none" "ghcr.io/rust-lang/crates-build-env/linux@sha256:2788e3201cd34a07e3172128adcd8b3090168a8e3bcc40d7c032b9dda1df7d1c" "/opt/rustwide/cargo-home/bin/cargo" "+1.75.0" "build" "--frozen" "--message-format=json", kill_on_drop: false }`
[INFO] [stdout] 435b5e148e72363a796c40b2a57d9c2001b04d97be52b05c4c55598bf3827f7c
[INFO] running `Command { std: "docker" "start" "-a" "435b5e148e72363a796c40b2a57d9c2001b04d97be52b05c4c55598bf3827f7c", kill_on_drop: false }`
[INFO] [stderr]    Compiling wasm-bindgen-shared v0.2.89
[INFO] [stderr]    Compiling bumpalo v3.14.0
[INFO] [stderr]    Compiling serde v1.0.194
[INFO] [stderr]    Compiling wasm-bindgen v0.2.89
[INFO] [stderr]    Compiling semver v1.0.21
[INFO] [stderr]    Compiling memchr v2.7.1
[INFO] [stderr]    Compiling libc v0.2.151
[INFO] [stderr]    Compiling tinyvec_macros v0.1.1
[INFO] [stderr]    Compiling minicbor v0.19.1
[INFO] [stderr]    Compiling build_const v0.2.2
[INFO] [stderr]    Compiling syn v2.0.48
[INFO] [stderr]    Compiling lexical-core v0.7.6
[INFO] [stderr]    Compiling nom v5.1.3
[INFO] [stderr]    Compiling syn v1.0.109
[INFO] [stderr]    Compiling hashbrown v0.14.3
[INFO] [stderr]    Compiling crc-catalog v2.4.0
[INFO] [stderr]    Compiling tinyvec v1.6.0
[INFO] [stderr]    Compiling percent-encoding v2.3.1
[INFO] [stderr]    Compiling crc v1.8.1
[INFO] [stderr]    Compiling arrayvec v0.5.2
[INFO] [stderr]    Compiling equivalent v1.0.1
[INFO] [stderr]    Compiling half v1.8.2
[INFO] [stderr]    Compiling unicode-bidi v0.3.14
[INFO] [stderr]    Compiling form_urlencoded v1.2.1
[INFO] [stderr]    Compiling crc v3.0.1
[INFO] [stderr]    Compiling embedded-io v0.4.0
[INFO] [stderr]    Compiling crossbeam-utils v0.8.18
[INFO] [stderr]    Compiling coap-message v0.2.3
[INFO] [stderr]    Compiling ciborium-io v0.2.1
[INFO] [stderr]    Compiling winnow v0.5.32
[INFO] [stderr]    Compiling boolinator v2.4.0
[INFO] [stderr]    Compiling coap-numbers v0.2.3
[INFO] [stderr]    Compiling generic-array v0.13.3
[INFO] [stderr]    Compiling cfg-match v0.2.1
[INFO] [stderr]    Compiling anymap v0.12.1
[INFO] [stderr]    Compiling portable-atomic v1.6.0
[INFO] [stderr]    Compiling indexmap v2.1.0
[INFO] [stderr]    Compiling jobserver v0.1.27
[INFO] [stderr]    Compiling proc-macro-nested v0.1.7
[INFO] [stderr]    Compiling as-slice v0.1.5
[INFO] [stderr]    Compiling aho-corasick v1.1.2
[INFO] [stderr]    Compiling cc v1.0.83
[INFO] [stderr]    Compiling unicode-normalization v0.1.22
[INFO] [stderr]    Compiling hash32 v0.1.1
[INFO] [stderr]    Compiling ringbuf v0.3.3
[INFO] [stderr]    Compiling critical-section v1.1.2
[INFO] [stderr]    Compiling heapless v0.5.6
[INFO] [stderr]    Compiling yew v0.18.0
[INFO] [stderr]    Compiling yew v0.17.4
[INFO] [stderr]    Compiling scroll-ring v0.1.1
[INFO] [stderr]    Compiling deunicode v1.4.2
[INFO] [stderr]    Compiling heapless v0.6.1
[INFO] [stderr]    Compiling getrandom v0.2.11
[INFO] [stderr]    Compiling entities v1.0.1
[INFO] [stderr]    Compiling unicode_categories v0.1.1
[INFO] [stderr]    Compiling typed-arena v2.0.2
[INFO] [stderr]    Compiling slug v0.1.5
[INFO] [stderr]    Compiling idna v0.5.0
[INFO] [stderr]    Compiling uuid v0.8.2
[INFO] [stderr]    Compiling uriparse v0.6.4
[INFO] [stderr]    Compiling coap-numbers v0.1.2
[INFO] [stderr]    Compiling static_cell v1.3.0
[INFO] [stderr]    Compiling coap-message-utils v0.2.2
[INFO] [stderr]    Compiling libz-sys v1.1.12
[INFO] [stderr]    Compiling libgit2-sys v0.15.2+1.6.4
[INFO] [stderr]    Compiling regex-automata v0.4.3
[INFO] [stderr]    Compiling url v2.5.0
[INFO] [stderr]    Compiling wasm-bindgen-backend v0.2.89
[INFO] [stderr]    Compiling wasm-bindgen-macro-support v0.2.89
[INFO] [stderr]    Compiling yew-router-route-parser v0.14.0
[INFO] [stderr]    Compiling serde_derive v1.0.194
[INFO] [stderr]    Compiling thiserror-impl v1.0.56
[INFO] [stderr]    Compiling futures-macro v0.3.30
[INFO] [stderr]    Compiling regex v1.10.2
[INFO] [stderr]    Compiling yew-macro v0.18.0
[INFO] [stderr]    Compiling wasm-bindgen-macro v0.2.89
[INFO] [stderr]    Compiling yew-macro v0.17.0
[INFO] [stderr]    Compiling yew-router-macro v0.14.0
[INFO] [stderr]    Compiling comrak v0.18.0
[INFO] [stderr]    Compiling futures-util v0.3.30
[INFO] [stderr]    Compiling thiserror v1.0.56
[INFO] [stderr]    Compiling futures-executor v0.3.30
[INFO] [stderr]    Compiling futures v0.3.30
[INFO] [stderr]    Compiling git2 v0.17.2
[INFO] [stderr]    Compiling serde_json v1.0.111
[INFO] [stderr]    Compiling serde_cbor v0.11.2
[INFO] [stderr]    Compiling bincode v1.3.3
[INFO] [stderr]    Compiling toml_datetime v0.6.5
[INFO] [stderr]    Compiling serde_spanned v0.6.5
[INFO] [stderr]    Compiling toml_edit v0.19.15
[INFO] [stderr]    Compiling rustc_version v0.4.0
[INFO] [stderr]    Compiling heapless v0.7.17
[INFO] [stderr]    Compiling windowed-infinity v0.1.4
[INFO] [stderr]    Compiling coap-handler v0.1.5
[INFO] [stderr]    Compiling coap-handler-implementations v0.4.2
[INFO] [stderr]    Compiling coap-handler-implementations v0.3.6
[INFO] [stderr]    Compiling coap-scroll-ring-server v0.1.0
[INFO] [stderr]    Compiling coap-message-demos v0.3.0
[INFO] [stderr]    Compiling js-sys v0.3.66
[INFO] [stderr]    Compiling console_error_panic_hook v0.1.7
[INFO] [stderr]    Compiling toml v0.7.8
[INFO] [stderr]    Compiling cargo-lock v9.0.0
[INFO] [stderr]    Compiling built v0.6.1
[INFO] [stderr]    Compiling verdigris v0.2.0 (/opt/rustwide/workdir)
[INFO] [stderr]    Compiling web-sys v0.3.66
[INFO] [stderr]    Compiling gloo-timers v0.2.6
[INFO] [stderr]    Compiling wasm-bindgen-futures v0.4.39
[INFO] [stderr]    Compiling gloo-events v0.1.2
[INFO] [stderr]    Compiling gloo-console-timer v0.1.0
[INFO] [stderr]    Compiling console_log v0.2.2
[INFO] [stderr]    Compiling gloo-file v0.1.0
[INFO] [stderr]    Compiling gloo v0.2.1
[INFO] [stderr]    Compiling yewtil v0.4.0
[INFO] [stderr]    Compiling yew-router v0.14.0
[INFO] [stdout] error[E0412]: cannot find type `BluetoothRemoteGattCharacteristic` in crate `web_sys`
[INFO] [stdout]   --> src/blebridge.rs:28:37
[INFO] [stdout]    |
[INFO] [stdout] 28 |     characteristic: Option<web_sys::BluetoothRemoteGattCharacteristic>,
[INFO] [stdout]    |                                     ^^^^^^^^^^^^^^^^^^^^^^^^^^^^^^^^^ not found in `web_sys`
[INFO] [stdout] 
[INFO] [stdout] 
[INFO] [stdout] error[E0412]: cannot find type `BluetoothRemoteGattCharacteristic` in crate `web_sys`
[INFO] [stdout]   --> src/blebridge.rs:42:37
[INFO] [stdout]    |
[INFO] [stdout] 42 |     GattConnectDone(Result<web_sys::BluetoothRemoteGattCharacteristic, wasm_bindgen::JsValue>),
[INFO] [stdout]    |                                     ^^^^^^^^^^^^^^^^^^^^^^^^^^^^^^^^^ not found in `web_sys`
[INFO] [stdout] 
[INFO] [stdout] 
[INFO] [stdout] error[E0412]: cannot find type `BluetoothRemoteGattCharacteristic` in crate `web_sys`
[INFO] [stdout]   --> src/blebridge.rs:43:38
[INFO] [stdout]    |
[INFO] [stdout] 43 |     GattRequestDone(Result<(web_sys::BluetoothRemoteGattCharacteristic, coapwsmessage::CoAPWSMessageW), wasm_bindgen::JsValue>),
[INFO] [stdout]    |                                      ^^^^^^^^^^^^^^^^^^^^^^^^^^^^^^^^^ not found in `web_sys`
[INFO] [stdout] 
[INFO] [stdout] 
[INFO] [stdout] error[E0412]: cannot find type `BluetoothRemoteGattCharacteristic` in crate `web_sys`
[INFO] [stdout]   --> src/blebridge.rs:74:40
[INFO] [stdout]    |
[INFO] [stdout] 74 | async fn discover() -> Result<web_sys::BluetoothRemoteGattCharacteristic, wasm_bindgen::JsValue> {
[INFO] [stdout]    |                                        ^^^^^^^^^^^^^^^^^^^^^^^^^^^^^^^^^ not found in `web_sys`
[INFO] [stdout] 
[INFO] [stdout] 
[INFO] [stdout] error[E0412]: cannot find type `BluetoothDevice` in this scope
[INFO] [stdout]   --> src/blebridge.rs:83:17
[INFO] [stdout]    |
[INFO] [stdout] 83 |     let device: BluetoothDevice = bluetooth
[INFO] [stdout]    |                 ^^^^^^^^^^^^^^^ not found in this scope
[INFO] [stdout] 
[INFO] [stdout] 
[INFO] [stdout] error[E0412]: cannot find type `BluetoothRemoteGattServer` in this scope
[INFO] [stdout]   --> src/blebridge.rs:95:17
[INFO] [stdout]    |
[INFO] [stdout] 95 |     let server: BluetoothRemoteGattServer = gatt.connect()
[INFO] [stdout]    |                 ^^^^^^^^^^^^^^^^^^^^^^^^^ not found in this scope
[INFO] [stdout] 
[INFO] [stdout] 
[INFO] [stdout] error[E0412]: cannot find type `BluetoothRemoteGattService` in this scope
[INFO] [stdout]   --> src/blebridge.rs:98:18
[INFO] [stdout]    |
[INFO] [stdout] 98 |     let service: BluetoothRemoteGattService = server
[INFO] [stdout]    |                  ^^^^^^^^^^^^^^^^^^^^^^^^^^ not found in this scope
[INFO] [stdout] 
[INFO] [stdout] 
[INFO] [stdout] error[E0412]: cannot find type `BluetoothRemoteGattCharacteristic` in this scope
[INFO] [stdout]    --> src/blebridge.rs:102:25
[INFO] [stdout]     |
[INFO] [stdout] 102 |     let characteristic: BluetoothRemoteGattCharacteristic = service
[INFO] [stdout]     |                         ^^^^^^^^^^^^^^^^^^^^^^^^^^^^^^^^^ not found in this scope
[INFO] [stdout] 
[INFO] [stdout] 
[INFO] [stdout] error[E0412]: cannot find type `BluetoothRemoteGattCharacteristic` in crate `web_sys`
[INFO] [stdout]    --> src/blebridge.rs:197:61
[INFO] [stdout]     |
[INFO] [stdout] 197 | async fn forward<RES: MinimalWritableMessage>(ble: web_sys::BluetoothRemoteGattCharacteristic, request: coapwsmessage::CoAPWSMessageR<Box...
[INFO] [stdout]     |                                                             ^^^^^^^^^^^^^^^^^^^^^^^^^^^^^^^^^ not found in `web_sys`
[INFO] [stdout] 
[INFO] [stdout] 
[INFO] [stdout] error[E0412]: cannot find type `BluetoothRemoteGattCharacteristic` in crate `web_sys`
[INFO] [stdout]    --> src/blebridge.rs:197:186
[INFO] [stdout]     |
[INFO] [stdout] 197 | ...mut response: RES) -> Result<(web_sys::BluetoothRemoteGattCharacteristic, RES), wasm_bindgen::JsValue> {
[INFO] [stdout]     |                                           ^^^^^^^^^^^^^^^^^^^^^^^^^^^^^^^^^ not found in `web_sys`
[INFO] [stdout] 
[INFO] [stdout] 
[INFO] [stdout] error[E0599]: no method named `bluetooth` found for struct `Navigator` in the current scope
[INFO] [stdout]   --> src/blebridge.rs:80:31
[INFO] [stdout]    |
[INFO] [stdout] 80 |     let bluetooth = navigator.bluetooth()
[INFO] [stdout]    |                               ^^^^^^^^^ method not found in `Navigator`
[INFO] [stdout] 
[INFO] [stdout] 
[INFO] [stdout] error[E0433]: failed to resolve: use of undeclared type `RequestDeviceOptions`
[INFO] [stdout]   --> src/blebridge.rs:85:13
[INFO] [stdout]    |
[INFO] [stdout] 85 |             RequestDeviceOptions::new().filters(
[INFO] [stdout]    |             ^^^^^^^^^^^^^^^^^^^^ use of undeclared type `RequestDeviceOptions`
[INFO] [stdout] 
[INFO] [stdout] 
[INFO] [stdout] error[E0433]: failed to resolve: use of undeclared type `BluetoothLeScanFilterInit`
[INFO] [stdout]   --> src/blebridge.rs:86:19
[INFO] [stdout]    |
[INFO] [stdout] 86 |                 &[BluetoothLeScanFilterInit::new().services(
[INFO] [stdout]    |                   ^^^^^^^^^^^^^^^^^^^^^^^^^ use of undeclared type `BluetoothLeScanFilterInit`
[INFO] [stdout] 
[INFO] [stdout] 
[INFO] [stdout] warning: unused import: `yewtil::NeqAssign`
[INFO] [stdout]  --> src/blebridge.rs:6:5
[INFO] [stdout]   |
[INFO] [stdout] 6 | use yewtil::NeqAssign as _;
[INFO] [stdout]   |     ^^^^^^^^^^^^^^^^^
[INFO] [stdout]   |
[INFO] [stdout]   = note: `#[warn(unused_imports)]` on by default
[INFO] [stdout] 
[INFO] [stdout] 
[INFO] [stdout] error: aborting due to 13 previous errors; 1 warning emitted
[INFO] [stdout] 
[INFO] [stdout] 
[INFO] [stdout] Some errors have detailed explanations: E0412, E0433, E0599.
[INFO] [stdout] 
[INFO] [stdout] For more information about an error, try `rustc --explain E0412`.
[INFO] [stdout] 
[INFO] [stderr] error: could not compile `verdigris` (lib) due to 14 previous errors; 1 warning emitted
[INFO] running `Command { std: "docker" "inspect" "435b5e148e72363a796c40b2a57d9c2001b04d97be52b05c4c55598bf3827f7c", kill_on_drop: false }`
[INFO] running `Command { std: "docker" "rm" "-f" "435b5e148e72363a796c40b2a57d9c2001b04d97be52b05c4c55598bf3827f7c", kill_on_drop: false }`
[INFO] [stdout] 435b5e148e72363a796c40b2a57d9c2001b04d97be52b05c4c55598bf3827f7c
[INFO] testing verdigris-0.2.0 against beta-2023-12-22 for beta-1.76-1
[INFO] extracting crate verdigris 0.2.0 into /workspace/builds/worker-4-tc2/source
[INFO] validating manifest of crates.io crate verdigris 0.2.0 on toolchain beta-2023-12-22
[INFO] running `Command { std: CARGO_HOME="/workspace/cargo-home" RUSTUP_HOME="/workspace/rustup-home" "/workspace/cargo-home/bin/cargo" "+beta-2023-12-22" "metadata" "--manifest-path" "Cargo.toml" "--no-deps", kill_on_drop: false }`
[INFO] removed /workspace/builds/worker-4-tc2/source/.cargo/config.toml
[INFO] started tweaking crates.io crate verdigris 0.2.0
[INFO] finished tweaking crates.io crate verdigris 0.2.0
[INFO] tweaked toml for crates.io crate verdigris 0.2.0 written to /workspace/builds/worker-4-tc2/source/Cargo.toml
[INFO] running `Command { std: CARGO_HOME="/workspace/cargo-home" RUSTUP_HOME="/workspace/rustup-home" "/workspace/cargo-home/bin/cargo" "+beta-2023-12-22" "generate-lockfile" "--manifest-path" "Cargo.toml", kill_on_drop: false }`
[INFO] [stderr]     Updating crates.io index
[INFO] running `Command { std: CARGO_HOME="/workspace/cargo-home" RUSTUP_HOME="/workspace/rustup-home" "/workspace/cargo-home/bin/cargo" "+beta-2023-12-22" "fetch" "--manifest-path" "Cargo.toml", kill_on_drop: false }`
[INFO] running `Command { std: "docker" "create" "-v" "/var/lib/crater-agent-workspace/builds/worker-4-tc2/target:/opt/rustwide/target:rw,Z" "-v" "/var/lib/crater-agent-workspace/builds/worker-4-tc2/source:/opt/rustwide/workdir:ro,Z" "-v" "/var/lib/crater-agent-workspace/cargo-home:/opt/rustwide/cargo-home:ro,Z" "-v" "/var/lib/crater-agent-workspace/rustup-home:/opt/rustwide/rustup-home:ro,Z" "-e" "SOURCE_DIR=/opt/rustwide/workdir" "-e" "CARGO_TARGET_DIR=/opt/rustwide/target" "-e" "CARGO_HOME=/opt/rustwide/cargo-home" "-e" "RUSTUP_HOME=/opt/rustwide/rustup-home" "-w" "/opt/rustwide/workdir" "-m" "1610612736" "--user" "0:0" "--network" "none" "ghcr.io/rust-lang/crates-build-env/linux@sha256:2788e3201cd34a07e3172128adcd8b3090168a8e3bcc40d7c032b9dda1df7d1c" "/opt/rustwide/cargo-home/bin/cargo" "+beta-2023-12-22" "metadata" "--no-deps" "--format-version=1", kill_on_drop: false }`
[INFO] [stdout] 754a152e8aa33f3b418a88f33379d0fb1949ae59f48fbe7c972c72ca6d5e5921
[INFO] running `Command { std: "docker" "start" "-a" "754a152e8aa33f3b418a88f33379d0fb1949ae59f48fbe7c972c72ca6d5e5921", kill_on_drop: false }`
[INFO] running `Command { std: "docker" "inspect" "754a152e8aa33f3b418a88f33379d0fb1949ae59f48fbe7c972c72ca6d5e5921", kill_on_drop: false }`
[INFO] running `Command { std: "docker" "rm" "-f" "754a152e8aa33f3b418a88f33379d0fb1949ae59f48fbe7c972c72ca6d5e5921", kill_on_drop: false }`
[INFO] [stdout] 754a152e8aa33f3b418a88f33379d0fb1949ae59f48fbe7c972c72ca6d5e5921
[INFO] running `Command { std: "docker" "create" "-v" "/var/lib/crater-agent-workspace/builds/worker-4-tc2/target:/opt/rustwide/target:rw,Z" "-v" "/var/lib/crater-agent-workspace/builds/worker-4-tc2/source:/opt/rustwide/workdir:ro,Z" "-v" "/var/lib/crater-agent-workspace/cargo-home:/opt/rustwide/cargo-home:ro,Z" "-v" "/var/lib/crater-agent-workspace/rustup-home:/opt/rustwide/rustup-home:ro,Z" "-e" "SOURCE_DIR=/opt/rustwide/workdir" "-e" "CARGO_TARGET_DIR=/opt/rustwide/target" "-e" "CARGO_INCREMENTAL=0" "-e" "RUST_BACKTRACE=full" "-e" "RUSTFLAGS=--cap-lints=warn" "-e" "RUSTDOCFLAGS=--cap-lints=warn" "-e" "CARGO_HOME=/opt/rustwide/cargo-home" "-e" "RUSTUP_HOME=/opt/rustwide/rustup-home" "-w" "/opt/rustwide/workdir" "-m" "1610612736" "--user" "0:0" "--network" "none" "ghcr.io/rust-lang/crates-build-env/linux@sha256:2788e3201cd34a07e3172128adcd8b3090168a8e3bcc40d7c032b9dda1df7d1c" "/opt/rustwide/cargo-home/bin/cargo" "+beta-2023-12-22" "build" "--frozen" "--message-format=json", kill_on_drop: false }`
[INFO] [stdout] bd2c0bf7c8b1601ac742f43bd7f1cccd7be2cee0a2296a605d12884b54ca106b
[INFO] running `Command { std: "docker" "start" "-a" "bd2c0bf7c8b1601ac742f43bd7f1cccd7be2cee0a2296a605d12884b54ca106b", kill_on_drop: false }`
[INFO] [stderr]    Compiling wasm-bindgen-shared v0.2.89
[INFO] [stderr]    Compiling bumpalo v3.14.0
[INFO] [stderr]    Compiling wasm-bindgen v0.2.89
[INFO] [stderr]    Compiling serde v1.0.194
[INFO] [stderr]    Compiling memchr v2.7.1
[INFO] [stderr]    Compiling semver v1.0.21
[INFO] [stderr]    Compiling libc v0.2.151
[INFO] [stderr]    Compiling tinyvec_macros v0.1.1
[INFO] [stderr]    Compiling lexical-core v0.7.6
[INFO] [stderr]    Compiling minicbor v0.19.1
[INFO] [stderr]    Compiling syn v2.0.48
[INFO] [stderr]    Compiling build_const v0.2.2
[INFO] [stderr]    Compiling nom v5.1.3
[INFO] [stderr]    Compiling syn v1.0.109
[INFO] [stderr]    Compiling half v1.8.2
[INFO] [stderr]    Compiling unicode-bidi v0.3.14
[INFO] [stderr]    Compiling tinyvec v1.6.0
[INFO] [stderr]    Compiling crc v1.8.1
[INFO] [stderr]    Compiling percent-encoding v2.3.1
[INFO] [stderr]    Compiling equivalent v1.0.1
[INFO] [stderr]    Compiling crc-catalog v2.4.0
[INFO] [stderr]    Compiling arrayvec v0.5.2
[INFO] [stderr]    Compiling hashbrown v0.14.3
[INFO] [stderr]    Compiling crc v3.0.1
[INFO] [stderr]    Compiling form_urlencoded v1.2.1
[INFO] [stderr]    Compiling embedded-io v0.4.0
[INFO] [stderr]    Compiling ciborium-io v0.2.1
[INFO] [stderr]    Compiling crossbeam-utils v0.8.18
[INFO] [stderr]    Compiling boolinator v2.4.0
[INFO] [stderr]    Compiling winnow v0.5.32
[INFO] [stderr]    Compiling coap-message v0.2.3
[INFO] [stderr]    Compiling coap-numbers v0.2.3
[INFO] [stderr]    Compiling generic-array v0.13.3
[INFO] [stderr]    Compiling portable-atomic v1.6.0
[INFO] [stderr]    Compiling cfg-match v0.2.1
[INFO] [stderr]    Compiling proc-macro-nested v0.1.7
[INFO] [stderr]    Compiling jobserver v0.1.27
[INFO] [stderr]    Compiling anymap v0.12.1
[INFO] [stderr]    Compiling as-slice v0.1.5
[INFO] [stderr]    Compiling indexmap v2.1.0
[INFO] [stderr]    Compiling aho-corasick v1.1.2
[INFO] [stderr]    Compiling hash32 v0.1.1
[INFO] [stderr]    Compiling cc v1.0.83
[INFO] [stderr]    Compiling unicode-normalization v0.1.22
[INFO] [stderr]    Compiling critical-section v1.1.2
[INFO] [stderr]    Compiling ringbuf v0.3.3
[INFO] [stderr]    Compiling yew v0.17.4
[INFO] [stderr]    Compiling heapless v0.5.6
[INFO] [stderr]    Compiling yew v0.18.0
[INFO] [stderr]    Compiling deunicode v1.4.2
[INFO] [stderr]    Compiling scroll-ring v0.1.1
[INFO] [stderr]    Compiling heapless v0.6.1
[INFO] [stderr]    Compiling getrandom v0.2.11
[INFO] [stderr]    Compiling entities v1.0.1
[INFO] [stderr]    Compiling idna v0.5.0
[INFO] [stderr]    Compiling slug v0.1.5
[INFO] [stderr]    Compiling typed-arena v2.0.2
[INFO] [stderr]    Compiling unicode_categories v0.1.1
[INFO] [stderr]    Compiling uuid v0.8.2
[INFO] [stderr]    Compiling uriparse v0.6.4
[INFO] [stderr]    Compiling coap-numbers v0.1.2
[INFO] [stderr]    Compiling static_cell v1.3.0
[INFO] [stderr]    Compiling url v2.5.0
[INFO] [stderr]    Compiling coap-message-utils v0.2.2
[INFO] [stderr]    Compiling libz-sys v1.1.12
[INFO] [stderr]    Compiling libgit2-sys v0.15.2+1.6.4
[INFO] [stderr]    Compiling regex-automata v0.4.3
[INFO] [stderr]    Compiling wasm-bindgen-backend v0.2.89
[INFO] [stderr]    Compiling yew-router-route-parser v0.14.0
[INFO] [stderr]    Compiling serde_derive v1.0.194
[INFO] [stderr]    Compiling wasm-bindgen-macro-support v0.2.89
[INFO] [stderr]    Compiling thiserror-impl v1.0.56
[INFO] [stderr]    Compiling futures-macro v0.3.30
[INFO] [stderr]    Compiling regex v1.10.2
[INFO] [stderr]    Compiling comrak v0.18.0
[INFO] [stderr]    Compiling yew-macro v0.17.0
[INFO] [stderr]    Compiling yew-macro v0.18.0
[INFO] [stderr]    Compiling yew-router-macro v0.14.0
[INFO] [stderr]    Compiling wasm-bindgen-macro v0.2.89
[INFO] [stderr]    Compiling futures-util v0.3.30
[INFO] [stderr]    Compiling thiserror v1.0.56
[INFO] [stderr]    Compiling futures-executor v0.3.30
[INFO] [stderr]    Compiling futures v0.3.30
[INFO] [stderr]    Compiling git2 v0.17.2
[INFO] [stderr]    Compiling serde_json v1.0.111
[INFO] [stderr]    Compiling serde_cbor v0.11.2
[INFO] [stderr]    Compiling bincode v1.3.3
[INFO] [stderr]    Compiling toml_datetime v0.6.5
[INFO] [stderr]    Compiling serde_spanned v0.6.5
[INFO] [stderr]    Compiling toml_edit v0.19.15
[INFO] [stderr]    Compiling rustc_version v0.4.0
[INFO] [stderr]    Compiling windowed-infinity v0.1.4
[INFO] [stderr]    Compiling heapless v0.7.17
[INFO] [stderr]    Compiling coap-handler v0.1.5
[INFO] [stderr]    Compiling coap-handler-implementations v0.4.2
[INFO] [stderr]    Compiling coap-handler-implementations v0.3.6
[INFO] [stderr]    Compiling coap-scroll-ring-server v0.1.0
[INFO] [stderr]    Compiling coap-message-demos v0.3.0
[INFO] [stderr]    Compiling js-sys v0.3.66
[INFO] [stderr]    Compiling console_error_panic_hook v0.1.7
[INFO] [stderr]    Compiling toml v0.7.8
[INFO] [stderr]    Compiling cargo-lock v9.0.0
[INFO] [stderr]    Compiling built v0.6.1
[INFO] [stderr]    Compiling verdigris v0.2.0 (/opt/rustwide/workdir)
[INFO] [stderr]    Compiling web-sys v0.3.66
[INFO] [stderr]    Compiling gloo-timers v0.2.6
[INFO] [stderr]    Compiling wasm-bindgen-futures v0.4.39
[INFO] [stderr]    Compiling gloo-events v0.1.2
[INFO] [stderr]    Compiling gloo-console-timer v0.1.0
[INFO] [stderr]    Compiling console_log v0.2.2
[INFO] [stderr]    Compiling gloo-file v0.1.0
[INFO] [stderr]    Compiling gloo v0.2.1
[INFO] [stderr]    Compiling yewtil v0.4.0
[INFO] [stderr]    Compiling yew-router v0.14.0
[INFO] [stdout] error[E0412]: cannot find type `BluetoothRemoteGattCharacteristic` in crate `web_sys`
[INFO] [stdout]   --> src/blebridge.rs:28:37
[INFO] [stdout]    |
[INFO] [stdout] 28 |     characteristic: Option<web_sys::BluetoothRemoteGattCharacteristic>,
[INFO] [stdout]    |                                     ^^^^^^^^^^^^^^^^^^^^^^^^^^^^^^^^^ not found in `web_sys`
[INFO] [stdout] 
[INFO] [stdout] 
[INFO] [stdout] error[E0412]: cannot find type `BluetoothRemoteGattCharacteristic` in crate `web_sys`
[INFO] [stdout]   --> src/blebridge.rs:42:37
[INFO] [stdout]    |
[INFO] [stdout] 42 |     GattConnectDone(Result<web_sys::BluetoothRemoteGattCharacteristic, wasm_bindgen::JsValue>),
[INFO] [stdout]    |                                     ^^^^^^^^^^^^^^^^^^^^^^^^^^^^^^^^^ not found in `web_sys`
[INFO] [stdout] 
[INFO] [stdout] 
[INFO] [stdout] error[E0412]: cannot find type `BluetoothRemoteGattCharacteristic` in crate `web_sys`
[INFO] [stdout]   --> src/blebridge.rs:43:38
[INFO] [stdout]    |
[INFO] [stdout] 43 |     GattRequestDone(Result<(web_sys::BluetoothRemoteGattCharacteristic, coapwsmessage::CoAPWSMessageW), wasm_bindgen::JsValue>),
[INFO] [stdout]    |                                      ^^^^^^^^^^^^^^^^^^^^^^^^^^^^^^^^^ not found in `web_sys`
[INFO] [stdout] 
[INFO] [stdout] 
[INFO] [stdout] error[E0412]: cannot find type `BluetoothRemoteGattCharacteristic` in crate `web_sys`
[INFO] [stdout]   --> src/blebridge.rs:74:40
[INFO] [stdout]    |
[INFO] [stdout] 74 | async fn discover() -> Result<web_sys::BluetoothRemoteGattCharacteristic, wasm_bindgen::JsValue> {
[INFO] [stdout]    |                                        ^^^^^^^^^^^^^^^^^^^^^^^^^^^^^^^^^ not found in `web_sys`
[INFO] [stdout] 
[INFO] [stdout] 
[INFO] [stdout] error[E0412]: cannot find type `BluetoothDevice` in this scope
[INFO] [stdout]   --> src/blebridge.rs:83:17
[INFO] [stdout]    |
[INFO] [stdout] 83 |     let device: BluetoothDevice = bluetooth
[INFO] [stdout]    |                 ^^^^^^^^^^^^^^^ not found in this scope
[INFO] [stdout] 
[INFO] [stdout] 
[INFO] [stdout] error[E0412]: cannot find type `BluetoothRemoteGattServer` in this scope
[INFO] [stdout]   --> src/blebridge.rs:95:17
[INFO] [stdout]    |
[INFO] [stdout] 95 |     let server: BluetoothRemoteGattServer = gatt.connect()
[INFO] [stdout]    |                 ^^^^^^^^^^^^^^^^^^^^^^^^^ not found in this scope
[INFO] [stdout] 
[INFO] [stdout] 
[INFO] [stdout] error[E0412]: cannot find type `BluetoothRemoteGattService` in this scope
[INFO] [stdout]   --> src/blebridge.rs:98:18
[INFO] [stdout]    |
[INFO] [stdout] 98 |     let service: BluetoothRemoteGattService = server
[INFO] [stdout]    |                  ^^^^^^^^^^^^^^^^^^^^^^^^^^ not found in this scope
[INFO] [stdout] 
[INFO] [stdout] 
[INFO] [stdout] error[E0412]: cannot find type `BluetoothRemoteGattCharacteristic` in this scope
[INFO] [stdout]    --> src/blebridge.rs:102:25
[INFO] [stdout]     |
[INFO] [stdout] 102 |     let characteristic: BluetoothRemoteGattCharacteristic = service
[INFO] [stdout]     |                         ^^^^^^^^^^^^^^^^^^^^^^^^^^^^^^^^^ not found in this scope
[INFO] [stdout] 
[INFO] [stdout] 
[INFO] [stdout] error[E0412]: cannot find type `BluetoothRemoteGattCharacteristic` in crate `web_sys`
[INFO] [stdout]    --> src/blebridge.rs:197:61
[INFO] [stdout]     |
[INFO] [stdout] 197 | async fn forward<RES: MinimalWritableMessage>(ble: web_sys::BluetoothRemoteGattCharacteristic, request: coapwsmessage::CoAPWSMessageR<Box...
[INFO] [stdout]     |                                                             ^^^^^^^^^^^^^^^^^^^^^^^^^^^^^^^^^ not found in `web_sys`
[INFO] [stdout] 
[INFO] [stdout] 
[INFO] [stdout] error[E0412]: cannot find type `BluetoothRemoteGattCharacteristic` in crate `web_sys`
[INFO] [stdout]    --> src/blebridge.rs:197:186
[INFO] [stdout]     |
[INFO] [stdout] 197 | ...mut response: RES) -> Result<(web_sys::BluetoothRemoteGattCharacteristic, RES), wasm_bindgen::JsValue> {
[INFO] [stdout]     |                                           ^^^^^^^^^^^^^^^^^^^^^^^^^^^^^^^^^ not found in `web_sys`
[INFO] [stdout] 
[INFO] [stdout] 
[INFO] [stdout] error[E0599]: no method named `bluetooth` found for struct `Navigator` in the current scope
[INFO] [stdout]   --> src/blebridge.rs:80:31
[INFO] [stdout]    |
[INFO] [stdout] 80 |     let bluetooth = navigator.bluetooth()
[INFO] [stdout]    |                               ^^^^^^^^^ method not found in `Navigator`
[INFO] [stdout] 
[INFO] [stdout] 
[INFO] [stdout] error[E0433]: failed to resolve: use of undeclared type `RequestDeviceOptions`
[INFO] [stdout]   --> src/blebridge.rs:85:13
[INFO] [stdout]    |
[INFO] [stdout] 85 |             RequestDeviceOptions::new().filters(
[INFO] [stdout]    |             ^^^^^^^^^^^^^^^^^^^^ use of undeclared type `RequestDeviceOptions`
[INFO] [stdout] 
[INFO] [stdout] 
[INFO] [stdout] error[E0433]: failed to resolve: use of undeclared type `BluetoothLeScanFilterInit`
[INFO] [stdout]   --> src/blebridge.rs:86:19
[INFO] [stdout]    |
[INFO] [stdout] 86 |                 &[BluetoothLeScanFilterInit::new().services(
[INFO] [stdout]    |                   ^^^^^^^^^^^^^^^^^^^^^^^^^ use of undeclared type `BluetoothLeScanFilterInit`
[INFO] [stdout] 
[INFO] [stdout] 
[INFO] [stdout] warning: unused import: `yewtil::NeqAssign`
[INFO] [stdout]  --> src/blebridge.rs:6:5
[INFO] [stdout]   |
[INFO] [stdout] 6 | use yewtil::NeqAssign as _;
[INFO] [stdout]   |     ^^^^^^^^^^^^^^^^^
[INFO] [stdout]   |
[INFO] [stdout]   = note: `#[warn(unused_imports)]` on by default
[INFO] [stdout] 
[INFO] [stdout] 
[INFO] [stdout] error: aborting due to 13 previous errors; 1 warning emitted
[INFO] [stdout] 
[INFO] [stdout] 
[INFO] [stdout] Some errors have detailed explanations: E0412, E0433, E0599.
[INFO] [stdout] 
[INFO] [stdout] For more information about an error, try `rustc --explain E0412`.
[INFO] [stdout] 
[INFO] [stderr] error: could not compile `verdigris` (lib) due to 14 previous errors; 1 warning emitted
[INFO] running `Command { std: "docker" "inspect" "bd2c0bf7c8b1601ac742f43bd7f1cccd7be2cee0a2296a605d12884b54ca106b", kill_on_drop: false }`
[INFO] running `Command { std: "docker" "rm" "-f" "bd2c0bf7c8b1601ac742f43bd7f1cccd7be2cee0a2296a605d12884b54ca106b", kill_on_drop: false }`
[INFO] [stdout] bd2c0bf7c8b1601ac742f43bd7f1cccd7be2cee0a2296a605d12884b54ca106b
