[INFO] fetching crate vec-with-gaps 0.7.0...
[INFO] testing vec-with-gaps-0.7.0 against 1.75.0 for beta-1.76-1
[INFO] extracting crate vec-with-gaps 0.7.0 into /workspace/builds/worker-0-tc1/source
[INFO] validating manifest of crates.io crate vec-with-gaps 0.7.0 on toolchain 1.75.0
[INFO] running `Command { std: CARGO_HOME="/workspace/cargo-home" RUSTUP_HOME="/workspace/rustup-home" "/workspace/cargo-home/bin/cargo" "+1.75.0" "metadata" "--manifest-path" "Cargo.toml" "--no-deps", kill_on_drop: false }`
[INFO] started tweaking crates.io crate vec-with-gaps 0.7.0
[INFO] finished tweaking crates.io crate vec-with-gaps 0.7.0
[INFO] tweaked toml for crates.io crate vec-with-gaps 0.7.0 written to /workspace/builds/worker-0-tc1/source/Cargo.toml
[INFO] running `Command { std: CARGO_HOME="/workspace/cargo-home" RUSTUP_HOME="/workspace/rustup-home" "/workspace/cargo-home/bin/cargo" "+1.75.0" "generate-lockfile" "--manifest-path" "Cargo.toml", kill_on_drop: false }`
[INFO] [stderr]     Updating crates.io index
[INFO] running `Command { std: CARGO_HOME="/workspace/cargo-home" RUSTUP_HOME="/workspace/rustup-home" "/workspace/cargo-home/bin/cargo" "+1.75.0" "fetch" "--manifest-path" "Cargo.toml", kill_on_drop: false }`
[INFO] [stderr]  Downloading crates ...
[INFO] [stderr]   Downloaded pcg v4.1.0
[INFO] running `Command { std: "docker" "create" "-v" "/var/lib/crater-agent-workspace/builds/worker-0-tc1/target:/opt/rustwide/target:rw,Z" "-v" "/var/lib/crater-agent-workspace/builds/worker-0-tc1/source:/opt/rustwide/workdir:ro,Z" "-v" "/var/lib/crater-agent-workspace/cargo-home:/opt/rustwide/cargo-home:ro,Z" "-v" "/var/lib/crater-agent-workspace/rustup-home:/opt/rustwide/rustup-home:ro,Z" "-e" "SOURCE_DIR=/opt/rustwide/workdir" "-e" "CARGO_TARGET_DIR=/opt/rustwide/target" "-e" "CARGO_HOME=/opt/rustwide/cargo-home" "-e" "RUSTUP_HOME=/opt/rustwide/rustup-home" "-w" "/opt/rustwide/workdir" "-m" "1610612736" "--user" "0:0" "--network" "none" "ghcr.io/rust-lang/crates-build-env/linux@sha256:2788e3201cd34a07e3172128adcd8b3090168a8e3bcc40d7c032b9dda1df7d1c" "/opt/rustwide/cargo-home/bin/cargo" "+1.75.0" "metadata" "--no-deps" "--format-version=1", kill_on_drop: false }`
[INFO] [stdout] b6fcf17b0fb50d93d7d308ac32a1ed4e6ea3770c58b90ea524d949fab2ea0cfb
[INFO] running `Command { std: "docker" "start" "-a" "b6fcf17b0fb50d93d7d308ac32a1ed4e6ea3770c58b90ea524d949fab2ea0cfb", kill_on_drop: false }`
[INFO] running `Command { std: "docker" "inspect" "b6fcf17b0fb50d93d7d308ac32a1ed4e6ea3770c58b90ea524d949fab2ea0cfb", kill_on_drop: false }`
[INFO] running `Command { std: "docker" "rm" "-f" "b6fcf17b0fb50d93d7d308ac32a1ed4e6ea3770c58b90ea524d949fab2ea0cfb", kill_on_drop: false }`
[INFO] [stdout] b6fcf17b0fb50d93d7d308ac32a1ed4e6ea3770c58b90ea524d949fab2ea0cfb
[INFO] running `Command { std: "docker" "create" "-v" "/var/lib/crater-agent-workspace/builds/worker-0-tc1/target:/opt/rustwide/target:rw,Z" "-v" "/var/lib/crater-agent-workspace/builds/worker-0-tc1/source:/opt/rustwide/workdir:ro,Z" "-v" "/var/lib/crater-agent-workspace/cargo-home:/opt/rustwide/cargo-home:ro,Z" "-v" "/var/lib/crater-agent-workspace/rustup-home:/opt/rustwide/rustup-home:ro,Z" "-e" "SOURCE_DIR=/opt/rustwide/workdir" "-e" "CARGO_TARGET_DIR=/opt/rustwide/target" "-e" "CARGO_INCREMENTAL=0" "-e" "RUST_BACKTRACE=full" "-e" "RUSTFLAGS=--cap-lints=warn" "-e" "RUSTDOCFLAGS=--cap-lints=warn" "-e" "CARGO_HOME=/opt/rustwide/cargo-home" "-e" "RUSTUP_HOME=/opt/rustwide/rustup-home" "-w" "/opt/rustwide/workdir" "-m" "1610612736" "--user" "0:0" "--network" "none" "ghcr.io/rust-lang/crates-build-env/linux@sha256:2788e3201cd34a07e3172128adcd8b3090168a8e3bcc40d7c032b9dda1df7d1c" "/opt/rustwide/cargo-home/bin/cargo" "+1.75.0" "build" "--frozen" "--message-format=json", kill_on_drop: false }`
[INFO] [stdout] f2b3fa70445dd1523f70034703617dcfd9aabdcae0ca4cd2cd99d542319e67e3
[INFO] running `Command { std: "docker" "start" "-a" "f2b3fa70445dd1523f70034703617dcfd9aabdcae0ca4cd2cd99d542319e67e3", kill_on_drop: false }`
[INFO] [stderr]    Compiling vec-with-gaps v0.7.0 (/opt/rustwide/workdir)
[INFO] [stdout] error: expected one of `.`, `;`, `?`, `else`, or an operator, found `:`
[INFO] [stdout]     --> src/lib.rs:1359:76
[INFO] [stdout]      |
[INFO] [stdout] 1359 |         let ought: usize = amount_to_add + ss.iter().map(|i| i.len()).sum(): usize;
[INFO] [stdout]      |                                                                            ^ expected one of `.`, `;`, `?`, `else`, or an operator
[INFO] [stdout] 
[INFO] [stdout] 
[INFO] [stdout] error[E0554]: `#![feature]` may not be used on the stable release channel
[INFO] [stdout]  --> src/lib.rs:1:1
[INFO] [stdout]   |
[INFO] [stdout] 1 | / #![feature(
[INFO] [stdout] 2 | |     generic_associated_types,
[INFO] [stdout] 3 | |     allocator_api,
[INFO] [stdout] 4 | |     exact_size_is_empty,
[INFO] [stdout] 5 | |     type_ascription
[INFO] [stdout] 6 | | )]
[INFO] [stdout]   | |__^
[INFO] [stdout]   |
[INFO] [stdout]   = help: the feature `generic_associated_types` has been stable since `1.65.0` and no longer requires an attribute to enable
[INFO] [stdout] 
[INFO] [stdout] 
[INFO] [stdout] warning: the feature `generic_associated_types` has been stable since 1.65.0 and no longer requires an attribute to enable
[INFO] [stdout]  --> src/lib.rs:2:5
[INFO] [stdout]   |
[INFO] [stdout] 2 |     generic_associated_types,
[INFO] [stdout]   |     ^^^^^^^^^^^^^^^^^^^^^^^^
[INFO] [stdout]   |
[INFO] [stdout]   = note: `#[warn(stable_features)]` on by default
[INFO] [stdout] 
[INFO] [stdout] 
[INFO] [stdout] error[E0554]: `#![feature]` may not be used on the stable release channel
[INFO] [stdout]  --> src/lib.rs:3:5
[INFO] [stdout]   |
[INFO] [stdout] 3 |     allocator_api,
[INFO] [stdout]   |     ^^^^^^^^^^^^^
[INFO] [stdout] 
[INFO] [stdout] 
[INFO] [stdout] error[E0554]: `#![feature]` may not be used on the stable release channel
[INFO] [stdout]  --> src/lib.rs:4:5
[INFO] [stdout]   |
[INFO] [stdout] 4 |     exact_size_is_empty,
[INFO] [stdout]   |     ^^^^^^^^^^^^^^^^^^^
[INFO] [stdout] 
[INFO] [stdout] 
[INFO] [stdout] error: aborting due to 4 previous errors; 1 warning emitted
[INFO] [stdout] 
[INFO] [stdout] 
[INFO] [stdout] For more information about this error, try `rustc --explain E0554`.
[INFO] [stdout] 
[INFO] [stderr] error: could not compile `vec-with-gaps` (lib) due to 5 previous errors; 1 warning emitted
[INFO] running `Command { std: "docker" "inspect" "f2b3fa70445dd1523f70034703617dcfd9aabdcae0ca4cd2cd99d542319e67e3", kill_on_drop: false }`
[INFO] running `Command { std: "docker" "rm" "-f" "f2b3fa70445dd1523f70034703617dcfd9aabdcae0ca4cd2cd99d542319e67e3", kill_on_drop: false }`
[INFO] [stdout] f2b3fa70445dd1523f70034703617dcfd9aabdcae0ca4cd2cd99d542319e67e3
