[INFO] fetching crate vaultrs 0.7.0...
[INFO] testing vaultrs-0.7.0 against 1.75.0 for beta-1.76-1
[INFO] extracting crate vaultrs 0.7.0 into /workspace/builds/worker-3-tc1/source
[INFO] validating manifest of crates.io crate vaultrs 0.7.0 on toolchain 1.75.0
[INFO] running `Command { std: CARGO_HOME="/workspace/cargo-home" RUSTUP_HOME="/workspace/rustup-home" "/workspace/cargo-home/bin/cargo" "+1.75.0" "metadata" "--manifest-path" "Cargo.toml" "--no-deps", kill_on_drop: false }`
[INFO] started tweaking crates.io crate vaultrs 0.7.0
[INFO] finished tweaking crates.io crate vaultrs 0.7.0
[INFO] tweaked toml for crates.io crate vaultrs 0.7.0 written to /workspace/builds/worker-3-tc1/source/Cargo.toml
[INFO] running `Command { std: CARGO_HOME="/workspace/cargo-home" RUSTUP_HOME="/workspace/rustup-home" "/workspace/cargo-home/bin/cargo" "+1.75.0" "generate-lockfile" "--manifest-path" "Cargo.toml", kill_on_drop: false }`
[INFO] [stderr]     Updating crates.io index
[INFO] running `Command { std: CARGO_HOME="/workspace/cargo-home" RUSTUP_HOME="/workspace/rustup-home" "/workspace/cargo-home/bin/cargo" "+1.75.0" "fetch" "--manifest-path" "Cargo.toml", kill_on_drop: false }`
[INFO] [stderr]  Downloading crates ...
[INFO] [stderr]   Downloaded type-map v0.5.0
[INFO] [stderr]   Downloaded dockertest v0.3.1
[INFO] [stderr]   Downloaded bollard-stubs v1.42.0-rc.3
[INFO] [stderr]   Downloaded bollard v0.13.0
[INFO] [stderr]   Downloaded rustify v0.5.3
[INFO] [stderr]   Downloaded hyperlocal v0.8.0
[INFO] [stderr]   Downloaded dockertest-server v0.1.7
[INFO] running `Command { std: "docker" "create" "-v" "/var/lib/crater-agent-workspace/builds/worker-3-tc1/target:/opt/rustwide/target:rw,Z" "-v" "/var/lib/crater-agent-workspace/builds/worker-3-tc1/source:/opt/rustwide/workdir:ro,Z" "-v" "/var/lib/crater-agent-workspace/cargo-home:/opt/rustwide/cargo-home:ro,Z" "-v" "/var/lib/crater-agent-workspace/rustup-home:/opt/rustwide/rustup-home:ro,Z" "-e" "SOURCE_DIR=/opt/rustwide/workdir" "-e" "CARGO_TARGET_DIR=/opt/rustwide/target" "-e" "CARGO_HOME=/opt/rustwide/cargo-home" "-e" "RUSTUP_HOME=/opt/rustwide/rustup-home" "-w" "/opt/rustwide/workdir" "-m" "1610612736" "--user" "0:0" "--network" "none" "ghcr.io/rust-lang/crates-build-env/linux@sha256:2788e3201cd34a07e3172128adcd8b3090168a8e3bcc40d7c032b9dda1df7d1c" "/opt/rustwide/cargo-home/bin/cargo" "+1.75.0" "metadata" "--no-deps" "--format-version=1", kill_on_drop: false }`
[INFO] [stdout] 38388868dc4507811d4d29b94ba556f52fd3608522ac9d60246fd22f02ba877a
[INFO] running `Command { std: "docker" "start" "-a" "38388868dc4507811d4d29b94ba556f52fd3608522ac9d60246fd22f02ba877a", kill_on_drop: false }`
[INFO] running `Command { std: "docker" "inspect" "38388868dc4507811d4d29b94ba556f52fd3608522ac9d60246fd22f02ba877a", kill_on_drop: false }`
[INFO] running `Command { std: "docker" "rm" "-f" "38388868dc4507811d4d29b94ba556f52fd3608522ac9d60246fd22f02ba877a", kill_on_drop: false }`
[INFO] [stdout] 38388868dc4507811d4d29b94ba556f52fd3608522ac9d60246fd22f02ba877a
[INFO] running `Command { std: "docker" "create" "-v" "/var/lib/crater-agent-workspace/builds/worker-3-tc1/target:/opt/rustwide/target:rw,Z" "-v" "/var/lib/crater-agent-workspace/builds/worker-3-tc1/source:/opt/rustwide/workdir:ro,Z" "-v" "/var/lib/crater-agent-workspace/cargo-home:/opt/rustwide/cargo-home:ro,Z" "-v" "/var/lib/crater-agent-workspace/rustup-home:/opt/rustwide/rustup-home:ro,Z" "-e" "SOURCE_DIR=/opt/rustwide/workdir" "-e" "CARGO_TARGET_DIR=/opt/rustwide/target" "-e" "CARGO_INCREMENTAL=0" "-e" "RUST_BACKTRACE=full" "-e" "RUSTFLAGS=--cap-lints=warn" "-e" "RUSTDOCFLAGS=--cap-lints=warn" "-e" "CARGO_HOME=/opt/rustwide/cargo-home" "-e" "RUSTUP_HOME=/opt/rustwide/rustup-home" "-w" "/opt/rustwide/workdir" "-m" "1610612736" "--user" "0:0" "--network" "none" "ghcr.io/rust-lang/crates-build-env/linux@sha256:2788e3201cd34a07e3172128adcd8b3090168a8e3bcc40d7c032b9dda1df7d1c" "/opt/rustwide/cargo-home/bin/cargo" "+1.75.0" "build" "--frozen" "--message-format=json", kill_on_drop: false }`
[INFO] [stdout] b5984297ee93d70d3feb0af502bd44c32a3d8818134bf8cda02cc06004ecafd1
[INFO] running `Command { std: "docker" "start" "-a" "b5984297ee93d70d3feb0af502bd44c32a3d8818134bf8cda02cc06004ecafd1", kill_on_drop: false }`
[INFO] [stderr]    Compiling libc v0.2.151
[INFO] [stderr]    Compiling fnv v1.0.7
[INFO] [stderr]    Compiling syn v1.0.109
[INFO] [stderr]    Compiling parking_lot_core v0.9.9
[INFO] [stderr]    Compiling bytes v1.5.0
[INFO] [stderr]    Compiling smallvec v1.11.2
[INFO] [stderr]    Compiling memchr v2.7.1
[INFO] [stderr]    Compiling log v0.4.20
[INFO] [stderr]    Compiling untrusted v0.9.0
[INFO] [stderr]    Compiling slab v0.4.9
[INFO] [stderr]    Compiling futures-core v0.3.30
[INFO] [stderr]    Compiling futures-sink v0.3.30
[INFO] [stderr]    Compiling spin v0.9.8
[INFO] [stderr]    Compiling tracing-core v0.1.32
[INFO] [stderr]    Compiling syn v2.0.48
[INFO] [stderr]    Compiling httparse v1.8.0
[INFO] [stderr]    Compiling percent-encoding v2.3.1
[INFO] [stderr]    Compiling futures-io v0.3.30
[INFO] [stderr]    Compiling rustls v0.21.10
[INFO] [stderr]    Compiling futures-channel v0.3.30
[INFO] [stderr]    Compiling futures-task v0.3.30
[INFO] [stderr]    Compiling strsim v0.10.0
[INFO] [stderr]    Compiling ident_case v1.0.1
[INFO] [stderr]    Compiling form_urlencoded v1.2.1
[INFO] [stderr]    Compiling try-lock v0.2.5
[INFO] [stderr]    Compiling unicode-normalization v0.1.22
[INFO] [stderr]    Compiling httpdate v1.0.3
[INFO] [stderr]    Compiling regex-syntax v0.8.2
[INFO] [stderr]    Compiling want v0.3.1
[INFO] [stderr]    Compiling tower-service v0.3.2
[INFO] [stderr]    Compiling unicode-bidi v0.3.14
[INFO] [stderr]    Compiling anyhow v1.0.79
[INFO] [stderr]    Compiling async-trait v0.1.77
[INFO] [stderr]    Compiling unicode-xid v0.2.4
[INFO] [stderr]    Compiling base64 v0.21.5
[INFO] [stderr]    Compiling http v0.2.11
[INFO] [stderr]    Compiling webpki-roots v0.25.3
[INFO] [stderr]    Compiling mime v0.3.17
[INFO] [stderr]    Compiling aho-corasick v1.1.2
[INFO] [stderr]    Compiling ipnet v2.9.0
[INFO] [stderr]    Compiling idna v0.5.0
[INFO] [stderr]    Compiling rustls-pemfile v1.0.4
[INFO] [stderr]    Compiling url v2.5.0
[INFO] [stderr]    Compiling http-body v0.4.6
[INFO] [stderr]    Compiling cc v1.0.83
[INFO] [stderr]    Compiling socket2 v0.5.5
[INFO] [stderr]    Compiling getrandom v0.2.11
[INFO] [stderr]    Compiling mio v0.8.10
[INFO] [stderr]    Compiling signal-hook-registry v1.4.1
[INFO] [stderr]    Compiling num_cpus v1.16.0
[INFO] [stderr]    Compiling parking_lot v0.12.1
[INFO] [stderr]    Compiling regex-automata v0.4.3
[INFO] [stderr]    Compiling ring v0.17.7
[INFO] [stderr]    Compiling darling_core v0.14.4
[INFO] [stderr]    Compiling synstructure v0.12.6
[INFO] [stderr]    Compiling regex v1.10.2
[INFO] [stderr]    Compiling tokio-macros v2.2.0
[INFO] [stderr]    Compiling tracing-attributes v0.1.27
[INFO] [stderr]    Compiling futures-macro v0.3.30
[INFO] [stderr]    Compiling serde_derive v1.0.194
[INFO] [stderr]    Compiling thiserror-impl v1.0.56
[INFO] [stderr]    Compiling darling_macro v0.14.4
[INFO] [stderr]    Compiling tokio v1.35.1
[INFO] [stderr]    Compiling futures-util v0.3.30
[INFO] [stderr]    Compiling thiserror v1.0.56
[INFO] [stderr]    Compiling tracing v0.1.40
[INFO] [stderr]    Compiling darling v0.14.4
[INFO] [stderr]    Compiling derive_builder_core v0.12.0
[INFO] [stderr]    Compiling sct v0.7.1
[INFO] [stderr]    Compiling rustls-webpki v0.101.7
[INFO] [stderr]    Compiling derive_builder_macro v0.12.0
[INFO] [stderr]    Compiling derive_builder v0.12.0
[INFO] [stderr]    Compiling serde v1.0.194
[INFO] [stderr]    Compiling tokio-util v0.7.10
[INFO] [stderr]    Compiling tokio-rustls v0.24.1
[INFO] [stderr]    Compiling h2 v0.3.22
[INFO] [stderr]    Compiling serde_urlencoded v0.7.1
[INFO] [stderr]    Compiling serde_json v1.0.111
[INFO] [stderr]    Compiling rustify_derive v0.5.2
[INFO] [stderr]    Compiling hyper v0.14.28
[INFO] [stderr]    Compiling hyper-rustls v0.24.2
[INFO] [stderr]    Compiling reqwest v0.11.23
[INFO] [stderr]    Compiling rustify v0.5.3
[INFO] [stderr]    Compiling vaultrs v0.7.0 (/opt/rustwide/workdir)
[INFO] [stderr]     Finished dev [unoptimized + debuginfo] target(s) in 30.03s
[INFO] running `Command { std: "docker" "inspect" "b5984297ee93d70d3feb0af502bd44c32a3d8818134bf8cda02cc06004ecafd1", kill_on_drop: false }`
[INFO] running `Command { std: "docker" "rm" "-f" "b5984297ee93d70d3feb0af502bd44c32a3d8818134bf8cda02cc06004ecafd1", kill_on_drop: false }`
[INFO] [stdout] b5984297ee93d70d3feb0af502bd44c32a3d8818134bf8cda02cc06004ecafd1
[INFO] running `Command { std: "docker" "create" "-v" "/var/lib/crater-agent-workspace/builds/worker-3-tc1/target:/opt/rustwide/target:rw,Z" "-v" "/var/lib/crater-agent-workspace/builds/worker-3-tc1/source:/opt/rustwide/workdir:ro,Z" "-v" "/var/lib/crater-agent-workspace/cargo-home:/opt/rustwide/cargo-home:ro,Z" "-v" "/var/lib/crater-agent-workspace/rustup-home:/opt/rustwide/rustup-home:ro,Z" "-e" "SOURCE_DIR=/opt/rustwide/workdir" "-e" "CARGO_TARGET_DIR=/opt/rustwide/target" "-e" "CARGO_INCREMENTAL=0" "-e" "RUST_BACKTRACE=full" "-e" "RUSTFLAGS=--cap-lints=warn" "-e" "RUSTDOCFLAGS=--cap-lints=warn" "-e" "CARGO_HOME=/opt/rustwide/cargo-home" "-e" "RUSTUP_HOME=/opt/rustwide/rustup-home" "-w" "/opt/rustwide/workdir" "-m" "1610612736" "--user" "0:0" "--network" "none" "ghcr.io/rust-lang/crates-build-env/linux@sha256:2788e3201cd34a07e3172128adcd8b3090168a8e3bcc40d7c032b9dda1df7d1c" "/opt/rustwide/cargo-home/bin/cargo" "+1.75.0" "test" "--frozen" "--no-run" "--message-format=json", kill_on_drop: false }`
[INFO] [stdout] a656f59d43083f33ff78bead50ea961ac292c02256e771ce38f150e21fb14e29
[INFO] running `Command { std: "docker" "start" "-a" "a656f59d43083f33ff78bead50ea961ac292c02256e771ce38f150e21fb14e29", kill_on_drop: false }`
[INFO] [stderr]    Compiling aho-corasick v1.1.2
[INFO] [stderr]    Compiling regex-syntax v0.8.2
[INFO] [stderr]    Compiling typenum v1.17.0
[INFO] [stderr]    Compiling generic-array v0.14.7
[INFO] [stderr]    Compiling darling_core v0.13.4
[INFO] [stderr]    Compiling rustix v0.38.28
[INFO] [stderr]    Compiling bitflags v2.4.1
[INFO] [stderr]    Compiling linux-raw-sys v0.4.12
[INFO] [stderr]    Compiling pin-project-internal v1.1.3
[INFO] [stderr]    Compiling regex-syntax v0.6.29
[INFO] [stderr]    Compiling futures-executor v0.3.30
[INFO] [stderr]    Compiling rand_core v0.6.4
[INFO] [stderr]    Compiling overload v0.1.1
[INFO] [stderr]    Compiling subtle v2.5.0
[INFO] [stderr]    Compiling base64 v0.13.1
[INFO] [stderr]    Compiling hex v0.4.3
[INFO] [stderr]    Compiling nu-ansi-term v0.46.0
[INFO] [stderr]    Compiling futures v0.3.30
[INFO] [stderr]    Compiling rand_chacha v0.3.1
[INFO] [stderr]    Compiling dockertest v0.3.1
[INFO] [stderr]    Compiling derive_builder_core v0.11.2
[INFO] [stderr]    Compiling sharded-slab v0.1.7
[INFO] [stderr]    Compiling tracing-log v0.2.0
[INFO] [stderr]    Compiling thread_local v1.1.7
[INFO] [stderr]    Compiling zeroize v1.7.0
[INFO] [stderr]    Compiling rand v0.8.5
[INFO] [stderr]    Compiling async-stream-impl v0.3.5
[INFO] [stderr]    Compiling secrecy v0.8.0
[INFO] [stderr]    Compiling rustc-hash v1.1.0
[INFO] [stderr]    Compiling termcolor v1.4.0
[INFO] [stderr]    Compiling cpufeatures v0.2.12
[INFO] [stderr]    Compiling fastrand v2.0.1
[INFO] [stderr]    Compiling humantime v2.1.0
[INFO] [stderr]    Compiling dyn-clone v1.0.16
[INFO] [stderr]    Compiling type-map v0.5.0
[INFO] [stderr]    Compiling tokio-stream v0.1.14
[INFO] [stderr]    Compiling tracing-test-macro v0.2.4
[INFO] [stderr]    Compiling test-log-macros v0.2.14
[INFO] [stderr]    Compiling serial_test_derive v1.0.0
[INFO] [stderr]    Compiling dashmap v5.5.3
[INFO] [stderr]    Compiling data-encoding v2.5.0
[INFO] [stderr]    Compiling async-stream v0.3.5
[INFO] [stderr]    Compiling derive_builder_macro v0.11.2
[INFO] [stderr]    Compiling tokio-test v0.4.3
[INFO] [stderr]    Compiling pin-project v1.1.3
[INFO] [stderr]    Compiling hyperlocal v0.8.0
[INFO] [stderr]    Compiling serial_test v1.0.0
[INFO] [stderr]    Compiling regex-automata v0.1.10
[INFO] [stderr]    Compiling regex-automata v0.4.3
[INFO] [stderr]    Compiling block-buffer v0.10.4
[INFO] [stderr]    Compiling crypto-common v0.1.6
[INFO] [stderr]    Compiling darling_macro v0.13.4
[INFO] [stderr]    Compiling digest v0.10.7
[INFO] [stderr]    Compiling derive_builder v0.11.2
[INFO] [stderr]    Compiling sha2 v0.10.8
[INFO] [stderr]    Compiling hmac v0.12.1
[INFO] [stderr]    Compiling jwt v0.16.0
[INFO] [stderr]    Compiling is-terminal v0.4.10
[INFO] [stderr]    Compiling tempfile v3.9.0
[INFO] [stderr]    Compiling matchers v0.1.0
[INFO] [stderr]    Compiling darling v0.13.4
[INFO] [stderr]    Compiling serde_with_macros v1.5.2
[INFO] [stderr]    Compiling serde_with v1.14.0
[INFO] [stderr]    Compiling regex v1.10.2
[INFO] [stderr]    Compiling tracing-subscriber v0.3.18
[INFO] [stderr]    Compiling env_logger v0.10.1
[INFO] [stderr]    Compiling rustify_derive v0.5.2
[INFO] [stderr]    Compiling bollard-stubs v1.42.0-rc.3
[INFO] [stderr]    Compiling tracing-test v0.2.4
[INFO] [stderr]    Compiling test-log v0.2.14
[INFO] [stderr]    Compiling rustify v0.5.3
[INFO] [stderr]    Compiling vaultrs v0.7.0 (/opt/rustwide/workdir)
[INFO] [stderr]    Compiling bollard v0.13.0
[INFO] [stderr]    Compiling dockertest-server v0.1.7
[INFO] [stdout] warning: unused import: `LocalStackServer`
[INFO] [stdout]  --> tests/common.rs:2:57
[INFO] [stdout]   |
[INFO] [stdout] 2 | pub use dockertest_server::servers::cloud::localstack::{LocalStackServer, LocalStackServerConfig};
[INFO] [stdout]   |                                                         ^^^^^^^^^^^^^^^^
[INFO] [stdout]   |
[INFO] [stdout]   = note: `#[warn(unused_imports)]` on by default
[INFO] [stdout] 
[INFO] [stdout] 
[INFO] [stdout] warning: unused import: `PostgresServer`
[INFO] [stdout]  --> tests/common.rs:3:58
[INFO] [stdout]   |
[INFO] [stdout] 3 | pub use dockertest_server::servers::database::postgres::{PostgresServer, PostgresServerConfig};
[INFO] [stdout]   |                                                          ^^^^^^^^^^^^^^
[INFO] [stdout] 
[INFO] [stdout] 
[INFO] [stdout] warning: unused import: `LocalStackServer`
[INFO] [stdout]  --> tests/common.rs:2:57
[INFO] [stdout]   |
[INFO] [stdout] 2 | pub use dockertest_server::servers::cloud::localstack::{LocalStackServer, LocalStackServerConfig};
[INFO] [stdout]   |                                                         ^^^^^^^^^^^^^^^^
[INFO] [stdout]   |
[INFO] [stdout]   = note: `#[warn(unused_imports)]` on by default
[INFO] [stdout] 
[INFO] [stdout] 
[INFO] [stdout] warning: unused import: `LocalStackServer`
[INFO] [stdout]  --> tests/common.rs:2:57
[INFO] [stdout]   |
[INFO] [stdout] 2 | pub use dockertest_server::servers::cloud::localstack::{LocalStackServer, LocalStackServerConfig};
[INFO] [stdout]   |                                                         ^^^^^^^^^^^^^^^^
[INFO] [stdout]   |
[INFO] [stdout]   = note: `#[warn(unused_imports)]` on by default
[INFO] [stdout] 
[INFO] [stdout] 
[INFO] [stdout] warning: unused import: `PostgresServer`
[INFO] [stdout]  --> tests/common.rs:3:58
[INFO] [stdout]   |
[INFO] [stdout] 3 | pub use dockertest_server::servers::database::postgres::{PostgresServer, PostgresServerConfig};
[INFO] [stdout]   |                                                          ^^^^^^^^^^^^^^
[INFO] [stdout] 
[INFO] [stdout] 
[INFO] [stdout] warning: unused import: `PostgresServer`
[INFO] [stdout]  --> tests/common.rs:3:58
[INFO] [stdout]   |
[INFO] [stdout] 3 | pub use dockertest_server::servers::database::postgres::{PostgresServer, PostgresServerConfig};
[INFO] [stdout]   |                                                          ^^^^^^^^^^^^^^
[INFO] [stdout] 
[INFO] [stdout] 
[INFO] [stdout] warning: unused import: `LocalStackServer`
[INFO] [stdout]  --> tests/common.rs:2:57
[INFO] [stdout]   |
[INFO] [stdout] 2 | pub use dockertest_server::servers::cloud::localstack::{LocalStackServer, LocalStackServerConfig};
[INFO] [stdout]   |                                                         ^^^^^^^^^^^^^^^^
[INFO] [stdout]   |
[INFO] [stdout]   = note: `#[warn(unused_imports)]` on by default
[INFO] [stdout] 
[INFO] [stdout] 
[INFO] [stdout] warning: unused import: `LocalStackServer`
[INFO] [stdout]  --> tests/common.rs:2:57
[INFO] [stdout]   |
[INFO] [stdout] 2 | pub use dockertest_server::servers::cloud::localstack::{LocalStackServer, LocalStackServerConfig};
[INFO] [stdout]   |                                                         ^^^^^^^^^^^^^^^^
[INFO] [stdout]   |
[INFO] [stdout]   = note: `#[warn(unused_imports)]` on by default
[INFO] [stdout] 
[INFO] [stdout] 
[INFO] [stdout] warning: unused import: `PostgresServer`
[INFO] [stdout]  --> tests/common.rs:3:58
[INFO] [stdout]   |
[INFO] [stdout] 3 | pub use dockertest_server::servers::database::postgres::{PostgresServer, PostgresServerConfig};
[INFO] [stdout]   |                                                          ^^^^^^^^^^^^^^
[INFO] [stdout] 
[INFO] [stdout] 
[INFO] [stdout] warning: unused import: `PostgresServer`
[INFO] [stdout]  --> tests/common.rs:3:58
[INFO] [stdout]   |
[INFO] [stdout] 3 | pub use dockertest_server::servers::database::postgres::{PostgresServer, PostgresServerConfig};
[INFO] [stdout]   |                                                          ^^^^^^^^^^^^^^
[INFO] [stdout] 
[INFO] [stdout] 
[INFO] [stdout] warning: unused import: `LocalStackServer`
[INFO] [stdout]  --> tests/common.rs:2:57
[INFO] [stdout]   |
[INFO] [stdout] 2 | pub use dockertest_server::servers::cloud::localstack::{LocalStackServer, LocalStackServerConfig};
[INFO] [stdout]   |                                                         ^^^^^^^^^^^^^^^^
[INFO] [stdout]   |
[INFO] [stdout]   = note: `#[warn(unused_imports)]` on by default
[INFO] [stdout] 
[INFO] [stdout] 
[INFO] [stdout] warning: unused import: `PostgresServer`
[INFO] [stdout]  --> tests/common.rs:3:58
[INFO] [stdout]   |
[INFO] [stdout] 3 | pub use dockertest_server::servers::database::postgres::{PostgresServer, PostgresServerConfig};
[INFO] [stdout]   |                                                          ^^^^^^^^^^^^^^
[INFO] [stdout] 
[INFO] [stdout] 
[INFO] [stdout] warning: unused import: `LocalStackServer`
[INFO] [stdout]  --> tests/common.rs:2:57
[INFO] [stdout]   |
[INFO] [stdout] 2 | pub use dockertest_server::servers::cloud::localstack::{LocalStackServer, LocalStackServerConfig};
[INFO] [stdout]   |                                                         ^^^^^^^^^^^^^^^^
[INFO] [stdout]   |
[INFO] [stdout]   = note: `#[warn(unused_imports)]` on by default
[INFO] [stdout] 
[INFO] [stdout] 
[INFO] [stdout] warning: unused import: `PostgresServer`
[INFO] [stdout]  --> tests/common.rs:3:58
[INFO] [stdout]   |
[INFO] [stdout] 3 | pub use dockertest_server::servers::database::postgres::{PostgresServer, PostgresServerConfig};
[INFO] [stdout]   |                                                          ^^^^^^^^^^^^^^
[INFO] [stdout] 
[INFO] [stdout] 
[INFO] [stdout] warning: unused import: `LocalStackServer`
[INFO] [stdout]  --> tests/common.rs:2:57
[INFO] [stdout]   |
[INFO] [stdout] 2 | pub use dockertest_server::servers::cloud::localstack::{LocalStackServer, LocalStackServerConfig};
[INFO] [stdout]   |                                                         ^^^^^^^^^^^^^^^^
[INFO] [stdout]   |
[INFO] [stdout]   = note: `#[warn(unused_imports)]` on by default
[INFO] [stdout] 
[INFO] [stdout] 
[INFO] [stdout] warning: unused import: `PostgresServer`
[INFO] [stdout]  --> tests/common.rs:3:58
[INFO] [stdout]   |
[INFO] [stdout] 3 | pub use dockertest_server::servers::database::postgres::{PostgresServer, PostgresServerConfig};
[INFO] [stdout]   |                                                          ^^^^^^^^^^^^^^
[INFO] [stdout] 
[INFO] [stdout] 
[INFO] [stdout] warning: unused import: `LocalStackServer`
[INFO] [stdout]  --> tests/common.rs:2:57
[INFO] [stdout]   |
[INFO] [stdout] 2 | pub use dockertest_server::servers::cloud::localstack::{LocalStackServer, LocalStackServerConfig};
[INFO] [stdout]   |                                                         ^^^^^^^^^^^^^^^^
[INFO] [stdout]   |
[INFO] [stdout]   = note: `#[warn(unused_imports)]` on by default
[INFO] [stdout] 
[INFO] [stdout] 
[INFO] [stdout] warning: unused import: `PostgresServer`
[INFO] [stdout]  --> tests/common.rs:3:58
[INFO] [stdout]   |
[INFO] [stdout] 3 | pub use dockertest_server::servers::database::postgres::{PostgresServer, PostgresServerConfig};
[INFO] [stdout]   |                                                          ^^^^^^^^^^^^^^
[INFO] [stdout] 
[INFO] [stdout] 
[INFO] [stdout] warning: unused import: `LocalStackServer`
[INFO] [stdout]  --> tests/common.rs:2:57
[INFO] [stdout]   |
[INFO] [stdout] 2 | pub use dockertest_server::servers::cloud::localstack::{LocalStackServer, LocalStackServerConfig};
[INFO] [stdout]   |                                                         ^^^^^^^^^^^^^^^^
[INFO] [stdout]   |
[INFO] [stdout]   = note: `#[warn(unused_imports)]` on by default
[INFO] [stdout] 
[INFO] [stdout] 
[INFO] [stdout] warning: unused import: `LocalStackServer`
[INFO] [stdout]  --> tests/common.rs:2:57
[INFO] [stdout]   |
[INFO] [stdout] 2 | pub use dockertest_server::servers::cloud::localstack::{LocalStackServer, LocalStackServerConfig};
[INFO] [stdout]   |                                                         ^^^^^^^^^^^^^^^^
[INFO] [stdout]   |
[INFO] [stdout]   = note: `#[warn(unused_imports)]` on by default
[INFO] [stdout] 
[INFO] [stdout] 
[INFO] [stdout] warning: unused import: `PostgresServer`
[INFO] [stdout]  --> tests/common.rs:3:58
[INFO] [stdout]   |
[INFO] [stdout] 3 | pub use dockertest_server::servers::database::postgres::{PostgresServer, PostgresServerConfig};
[INFO] [stdout]   |                                                          ^^^^^^^^^^^^^^
[INFO] [stdout] 
[INFO] [stdout] 
[INFO] [stdout] warning: unused import: `PostgresServer`
[INFO] [stdout]  --> tests/common.rs:3:58
[INFO] [stdout]   |
[INFO] [stdout] 3 | pub use dockertest_server::servers::database::postgres::{PostgresServer, PostgresServerConfig};
[INFO] [stdout]   |                                                          ^^^^^^^^^^^^^^
[INFO] [stdout]   |
[INFO] [stdout]   = note: `#[warn(unused_imports)]` on by default
[INFO] [stdout] 
[INFO] [stdout] 
[INFO] [stdout] warning: unused import: `LocalStackServer`
[INFO] [stdout]  --> tests/common.rs:2:57
[INFO] [stdout]   |
[INFO] [stdout] 2 | pub use dockertest_server::servers::cloud::localstack::{LocalStackServer, LocalStackServerConfig};
[INFO] [stdout]   |                                                         ^^^^^^^^^^^^^^^^
[INFO] [stdout]   |
[INFO] [stdout]   = note: `#[warn(unused_imports)]` on by default
[INFO] [stdout] 
[INFO] [stdout] 
[INFO] [stdout] warning: unused import: `PostgresServer`
[INFO] [stdout]  --> tests/common.rs:3:58
[INFO] [stdout]   |
[INFO] [stdout] 3 | pub use dockertest_server::servers::database::postgres::{PostgresServer, PostgresServerConfig};
[INFO] [stdout]   |                                                          ^^^^^^^^^^^^^^
[INFO] [stdout] 
[INFO] [stdout] 
[INFO] [stderr] error: could not compile `vaultrs` (test "kv2"); 2 warnings emitted
[INFO] [stderr] 
[INFO] [stderr] Caused by:
[INFO] [stderr]   process didn't exit successfully: `/opt/rustwide/rustup-home/toolchains/1.75.0-x86_64-unknown-linux-gnu/bin/rustc --crate-name kv2 --edition=2018 tests/kv2.rs --error-format=json --json=diagnostic-rendered-ansi,artifacts,future-incompat --emit=dep-info,link -C embed-bitcode=no -C debuginfo=2 --test --cfg 'feature="default"' --cfg 'feature="rustls"' -C metadata=74a0cefb6f60bd16 -C extra-filename=-74a0cefb6f60bd16 --out-dir /opt/rustwide/target/debug/deps -L dependency=/opt/rustwide/target/debug/deps --extern async_trait=/opt/rustwide/target/debug/deps/libasync_trait-8f969086d48f495e.so --extern base64=/opt/rustwide/target/debug/deps/libbase64-c757f6e1d18850a5.rlib --extern bytes=/opt/rustwide/target/debug/deps/libbytes-0a052f49710012b1.rlib --extern data_encoding=/opt/rustwide/target/debug/deps/libdata_encoding-fb783755ab4c59ac.rlib --extern derive_builder=/opt/rustwide/target/debug/deps/libderive_builder-f757d0328a68db2c.rlib --extern dockertest_server=/opt/rustwide/target/debug/deps/libdockertest_server-edf7872abe1d403c.rlib --extern env_logger=/opt/rustwide/target/debug/deps/libenv_logger-0c7bb1ed604427d9.rlib --extern hmac=/opt/rustwide/target/debug/deps/libhmac-58266636e9405270.rlib --extern http=/opt/rustwide/target/debug/deps/libhttp-087a4805b82b800b.rlib --extern jwt=/opt/rustwide/target/debug/deps/libjwt-30f61880fa88d167.rlib --extern reqwest=/opt/rustwide/target/debug/deps/libreqwest-3b4adf7daf5c02b9.rlib --extern rustify=/opt/rustwide/target/debug/deps/librustify-50818fec6b4368cf.rlib --extern rustify_derive=/opt/rustwide/target/debug/deps/librustify_derive-65ef18ac47a8617e.so --extern serde=/opt/rustwide/target/debug/deps/libserde-1a1a80260ec19211.rlib --extern serde_json=/opt/rustwide/target/debug/deps/libserde_json-1f0a525845f2566d.rlib --extern serial_test=/opt/rustwide/target/debug/deps/libserial_test-7a7776d92ff6436a.rlib --extern sha2=/opt/rustwide/target/debug/deps/libsha2-d9b067a48e63d273.rlib --extern test_log=/opt/rustwide/target/debug/deps/libtest_log-732ce7df8c2f49ea.rlib --extern thiserror=/opt/rustwide/target/debug/deps/libthiserror-d2111d7cb6fe900c.rlib --extern tokio_test=/opt/rustwide/target/debug/deps/libtokio_test-3ec3795ec3172ccd.rlib --extern tracing=/opt/rustwide/target/debug/deps/libtracing-f0d739a864924455.rlib --extern tracing_subscriber=/opt/rustwide/target/debug/deps/libtracing_subscriber-f65ecfb5da8277b8.rlib --extern tracing_test=/opt/rustwide/target/debug/deps/libtracing_test-483a6107325e38f0.rlib --extern url=/opt/rustwide/target/debug/deps/liburl-e2bbdc8176814ab9.rlib --extern vaultrs=/opt/rustwide/target/debug/deps/libvaultrs-43e2480a0e87c65a.rlib --cap-lints=warn -L native=/opt/rustwide/target/debug/build/ring-468e83518f023e7f/out` (signal: 9, SIGKILL: kill)
[INFO] [stderr] warning: build failed, waiting for other jobs to finish...
[INFO] [stderr] error: could not compile `vaultrs` (lib test)
[INFO] [stderr] 
[INFO] [stderr] Caused by:
[INFO] [stderr]   process didn't exit successfully: `/opt/rustwide/rustup-home/toolchains/1.75.0-x86_64-unknown-linux-gnu/bin/rustc --crate-name vaultrs --edition=2018 src/lib.rs --error-format=json --json=diagnostic-rendered-ansi,artifacts,future-incompat --emit=dep-info,link -C embed-bitcode=no -C debuginfo=2 --test --cfg 'feature="default"' --cfg 'feature="rustls"' -C metadata=be355f1fd12bb765 -C extra-filename=-be355f1fd12bb765 --out-dir /opt/rustwide/target/debug/deps -L dependency=/opt/rustwide/target/debug/deps --extern async_trait=/opt/rustwide/target/debug/deps/libasync_trait-8f969086d48f495e.so --extern base64=/opt/rustwide/target/debug/deps/libbase64-c757f6e1d18850a5.rlib --extern bytes=/opt/rustwide/target/debug/deps/libbytes-0a052f49710012b1.rlib --extern data_encoding=/opt/rustwide/target/debug/deps/libdata_encoding-fb783755ab4c59ac.rlib --extern derive_builder=/opt/rustwide/target/debug/deps/libderive_builder-f757d0328a68db2c.rlib --extern dockertest_server=/opt/rustwide/target/debug/deps/libdockertest_server-edf7872abe1d403c.rlib --extern env_logger=/opt/rustwide/target/debug/deps/libenv_logger-0c7bb1ed604427d9.rlib --extern hmac=/opt/rustwide/target/debug/deps/libhmac-58266636e9405270.rlib --extern http=/opt/rustwide/target/debug/deps/libhttp-087a4805b82b800b.rlib --extern jwt=/opt/rustwide/target/debug/deps/libjwt-30f61880fa88d167.rlib --extern reqwest=/opt/rustwide/target/debug/deps/libreqwest-3b4adf7daf5c02b9.rlib --extern rustify=/opt/rustwide/target/debug/deps/librustify-50818fec6b4368cf.rlib --extern rustify_derive=/opt/rustwide/target/debug/deps/librustify_derive-65ef18ac47a8617e.so --extern serde=/opt/rustwide/target/debug/deps/libserde-1a1a80260ec19211.rlib --extern serde_json=/opt/rustwide/target/debug/deps/libserde_json-1f0a525845f2566d.rlib --extern serial_test=/opt/rustwide/target/debug/deps/libserial_test-7a7776d92ff6436a.rlib --extern sha2=/opt/rustwide/target/debug/deps/libsha2-d9b067a48e63d273.rlib --extern test_log=/opt/rustwide/target/debug/deps/libtest_log-732ce7df8c2f49ea.rlib --extern thiserror=/opt/rustwide/target/debug/deps/libthiserror-d2111d7cb6fe900c.rlib --extern tokio_test=/opt/rustwide/target/debug/deps/libtokio_test-3ec3795ec3172ccd.rlib --extern tracing=/opt/rustwide/target/debug/deps/libtracing-f0d739a864924455.rlib --extern tracing_subscriber=/opt/rustwide/target/debug/deps/libtracing_subscriber-f65ecfb5da8277b8.rlib --extern tracing_test=/opt/rustwide/target/debug/deps/libtracing_test-483a6107325e38f0.rlib --extern url=/opt/rustwide/target/debug/deps/liburl-e2bbdc8176814ab9.rlib --cap-lints=warn -L native=/opt/rustwide/target/debug/build/ring-468e83518f023e7f/out` (signal: 9, SIGKILL: kill)
[INFO] [stderr] error: could not compile `vaultrs` (test "oidc"); 2 warnings emitted
[INFO] [stderr] 
[INFO] [stderr] Caused by:
[INFO] [stderr]   process didn't exit successfully: `/opt/rustwide/rustup-home/toolchains/1.75.0-x86_64-unknown-linux-gnu/bin/rustc --crate-name oidc --edition=2018 tests/oidc.rs --error-format=json --json=diagnostic-rendered-ansi,artifacts,future-incompat --emit=dep-info,link -C embed-bitcode=no -C debuginfo=2 --test --cfg 'feature="default"' --cfg 'feature="rustls"' -C metadata=1978e8a762074520 -C extra-filename=-1978e8a762074520 --out-dir /opt/rustwide/target/debug/deps -L dependency=/opt/rustwide/target/debug/deps --extern async_trait=/opt/rustwide/target/debug/deps/libasync_trait-8f969086d48f495e.so --extern base64=/opt/rustwide/target/debug/deps/libbase64-c757f6e1d18850a5.rlib --extern bytes=/opt/rustwide/target/debug/deps/libbytes-0a052f49710012b1.rlib --extern data_encoding=/opt/rustwide/target/debug/deps/libdata_encoding-fb783755ab4c59ac.rlib --extern derive_builder=/opt/rustwide/target/debug/deps/libderive_builder-f757d0328a68db2c.rlib --extern dockertest_server=/opt/rustwide/target/debug/deps/libdockertest_server-edf7872abe1d403c.rlib --extern env_logger=/opt/rustwide/target/debug/deps/libenv_logger-0c7bb1ed604427d9.rlib --extern hmac=/opt/rustwide/target/debug/deps/libhmac-58266636e9405270.rlib --extern http=/opt/rustwide/target/debug/deps/libhttp-087a4805b82b800b.rlib --extern jwt=/opt/rustwide/target/debug/deps/libjwt-30f61880fa88d167.rlib --extern reqwest=/opt/rustwide/target/debug/deps/libreqwest-3b4adf7daf5c02b9.rlib --extern rustify=/opt/rustwide/target/debug/deps/librustify-50818fec6b4368cf.rlib --extern rustify_derive=/opt/rustwide/target/debug/deps/librustify_derive-65ef18ac47a8617e.so --extern serde=/opt/rustwide/target/debug/deps/libserde-1a1a80260ec19211.rlib --extern serde_json=/opt/rustwide/target/debug/deps/libserde_json-1f0a525845f2566d.rlib --extern serial_test=/opt/rustwide/target/debug/deps/libserial_test-7a7776d92ff6436a.rlib --extern sha2=/opt/rustwide/target/debug/deps/libsha2-d9b067a48e63d273.rlib --extern test_log=/opt/rustwide/target/debug/deps/libtest_log-732ce7df8c2f49ea.rlib --extern thiserror=/opt/rustwide/target/debug/deps/libthiserror-d2111d7cb6fe900c.rlib --extern tokio_test=/opt/rustwide/target/debug/deps/libtokio_test-3ec3795ec3172ccd.rlib --extern tracing=/opt/rustwide/target/debug/deps/libtracing-f0d739a864924455.rlib --extern tracing_subscriber=/opt/rustwide/target/debug/deps/libtracing_subscriber-f65ecfb5da8277b8.rlib --extern tracing_test=/opt/rustwide/target/debug/deps/libtracing_test-483a6107325e38f0.rlib --extern url=/opt/rustwide/target/debug/deps/liburl-e2bbdc8176814ab9.rlib --extern vaultrs=/opt/rustwide/target/debug/deps/libvaultrs-43e2480a0e87c65a.rlib --cap-lints=warn -L native=/opt/rustwide/target/debug/build/ring-468e83518f023e7f/out` (signal: 9, SIGKILL: kill)
[INFO] [stderr] error: could not compile `vaultrs` (test "userpass"); 2 warnings emitted
[INFO] [stderr] 
[INFO] [stderr] Caused by:
[INFO] [stderr]   process didn't exit successfully: `/opt/rustwide/rustup-home/toolchains/1.75.0-x86_64-unknown-linux-gnu/bin/rustc --crate-name userpass --edition=2018 tests/userpass.rs --error-format=json --json=diagnostic-rendered-ansi,artifacts,future-incompat --emit=dep-info,link -C embed-bitcode=no -C debuginfo=2 --test --cfg 'feature="default"' --cfg 'feature="rustls"' -C metadata=76869a93155d33b1 -C extra-filename=-76869a93155d33b1 --out-dir /opt/rustwide/target/debug/deps -L dependency=/opt/rustwide/target/debug/deps --extern async_trait=/opt/rustwide/target/debug/deps/libasync_trait-8f969086d48f495e.so --extern base64=/opt/rustwide/target/debug/deps/libbase64-c757f6e1d18850a5.rlib --extern bytes=/opt/rustwide/target/debug/deps/libbytes-0a052f49710012b1.rlib --extern data_encoding=/opt/rustwide/target/debug/deps/libdata_encoding-fb783755ab4c59ac.rlib --extern derive_builder=/opt/rustwide/target/debug/deps/libderive_builder-f757d0328a68db2c.rlib --extern dockertest_server=/opt/rustwide/target/debug/deps/libdockertest_server-edf7872abe1d403c.rlib --extern env_logger=/opt/rustwide/target/debug/deps/libenv_logger-0c7bb1ed604427d9.rlib --extern hmac=/opt/rustwide/target/debug/deps/libhmac-58266636e9405270.rlib --extern http=/opt/rustwide/target/debug/deps/libhttp-087a4805b82b800b.rlib --extern jwt=/opt/rustwide/target/debug/deps/libjwt-30f61880fa88d167.rlib --extern reqwest=/opt/rustwide/target/debug/deps/libreqwest-3b4adf7daf5c02b9.rlib --extern rustify=/opt/rustwide/target/debug/deps/librustify-50818fec6b4368cf.rlib --extern rustify_derive=/opt/rustwide/target/debug/deps/librustify_derive-65ef18ac47a8617e.so --extern serde=/opt/rustwide/target/debug/deps/libserde-1a1a80260ec19211.rlib --extern serde_json=/opt/rustwide/target/debug/deps/libserde_json-1f0a525845f2566d.rlib --extern serial_test=/opt/rustwide/target/debug/deps/libserial_test-7a7776d92ff6436a.rlib --extern sha2=/opt/rustwide/target/debug/deps/libsha2-d9b067a48e63d273.rlib --extern test_log=/opt/rustwide/target/debug/deps/libtest_log-732ce7df8c2f49ea.rlib --extern thiserror=/opt/rustwide/target/debug/deps/libthiserror-d2111d7cb6fe900c.rlib --extern tokio_test=/opt/rustwide/target/debug/deps/libtokio_test-3ec3795ec3172ccd.rlib --extern tracing=/opt/rustwide/target/debug/deps/libtracing-f0d739a864924455.rlib --extern tracing_subscriber=/opt/rustwide/target/debug/deps/libtracing_subscriber-f65ecfb5da8277b8.rlib --extern tracing_test=/opt/rustwide/target/debug/deps/libtracing_test-483a6107325e38f0.rlib --extern url=/opt/rustwide/target/debug/deps/liburl-e2bbdc8176814ab9.rlib --extern vaultrs=/opt/rustwide/target/debug/deps/libvaultrs-43e2480a0e87c65a.rlib --cap-lints=warn -L native=/opt/rustwide/target/debug/build/ring-468e83518f023e7f/out` (signal: 9, SIGKILL: kill)
[INFO] [stderr] error: could not compile `vaultrs` (test "sys"); 2 warnings emitted
[INFO] [stderr] 
[INFO] [stderr] Caused by:
[INFO] [stderr]   process didn't exit successfully: `/opt/rustwide/rustup-home/toolchains/1.75.0-x86_64-unknown-linux-gnu/bin/rustc --crate-name sys --edition=2018 tests/sys.rs --error-format=json --json=diagnostic-rendered-ansi,artifacts,future-incompat --emit=dep-info,link -C embed-bitcode=no -C debuginfo=2 --test --cfg 'feature="default"' --cfg 'feature="rustls"' -C metadata=b2bd2987f5d5d337 -C extra-filename=-b2bd2987f5d5d337 --out-dir /opt/rustwide/target/debug/deps -L dependency=/opt/rustwide/target/debug/deps --extern async_trait=/opt/rustwide/target/debug/deps/libasync_trait-8f969086d48f495e.so --extern base64=/opt/rustwide/target/debug/deps/libbase64-c757f6e1d18850a5.rlib --extern bytes=/opt/rustwide/target/debug/deps/libbytes-0a052f49710012b1.rlib --extern data_encoding=/opt/rustwide/target/debug/deps/libdata_encoding-fb783755ab4c59ac.rlib --extern derive_builder=/opt/rustwide/target/debug/deps/libderive_builder-f757d0328a68db2c.rlib --extern dockertest_server=/opt/rustwide/target/debug/deps/libdockertest_server-edf7872abe1d403c.rlib --extern env_logger=/opt/rustwide/target/debug/deps/libenv_logger-0c7bb1ed604427d9.rlib --extern hmac=/opt/rustwide/target/debug/deps/libhmac-58266636e9405270.rlib --extern http=/opt/rustwide/target/debug/deps/libhttp-087a4805b82b800b.rlib --extern jwt=/opt/rustwide/target/debug/deps/libjwt-30f61880fa88d167.rlib --extern reqwest=/opt/rustwide/target/debug/deps/libreqwest-3b4adf7daf5c02b9.rlib --extern rustify=/opt/rustwide/target/debug/deps/librustify-50818fec6b4368cf.rlib --extern rustify_derive=/opt/rustwide/target/debug/deps/librustify_derive-65ef18ac47a8617e.so --extern serde=/opt/rustwide/target/debug/deps/libserde-1a1a80260ec19211.rlib --extern serde_json=/opt/rustwide/target/debug/deps/libserde_json-1f0a525845f2566d.rlib --extern serial_test=/opt/rustwide/target/debug/deps/libserial_test-7a7776d92ff6436a.rlib --extern sha2=/opt/rustwide/target/debug/deps/libsha2-d9b067a48e63d273.rlib --extern test_log=/opt/rustwide/target/debug/deps/libtest_log-732ce7df8c2f49ea.rlib --extern thiserror=/opt/rustwide/target/debug/deps/libthiserror-d2111d7cb6fe900c.rlib --extern tokio_test=/opt/rustwide/target/debug/deps/libtokio_test-3ec3795ec3172ccd.rlib --extern tracing=/opt/rustwide/target/debug/deps/libtracing-f0d739a864924455.rlib --extern tracing_subscriber=/opt/rustwide/target/debug/deps/libtracing_subscriber-f65ecfb5da8277b8.rlib --extern tracing_test=/opt/rustwide/target/debug/deps/libtracing_test-483a6107325e38f0.rlib --extern url=/opt/rustwide/target/debug/deps/liburl-e2bbdc8176814ab9.rlib --extern vaultrs=/opt/rustwide/target/debug/deps/libvaultrs-43e2480a0e87c65a.rlib --cap-lints=warn -L native=/opt/rustwide/target/debug/build/ring-468e83518f023e7f/out` (signal: 9, SIGKILL: kill)
[INFO] [stderr] error: could not compile `vaultrs` (test "approle"); 2 warnings emitted
[INFO] [stderr] 
[INFO] [stderr] Caused by:
[INFO] [stderr]   process didn't exit successfully: `/opt/rustwide/rustup-home/toolchains/1.75.0-x86_64-unknown-linux-gnu/bin/rustc --crate-name approle --edition=2018 tests/approle.rs --error-format=json --json=diagnostic-rendered-ansi,artifacts,future-incompat --emit=dep-info,link -C embed-bitcode=no -C debuginfo=2 --test --cfg 'feature="default"' --cfg 'feature="rustls"' -C metadata=a606038032c099cc -C extra-filename=-a606038032c099cc --out-dir /opt/rustwide/target/debug/deps -L dependency=/opt/rustwide/target/debug/deps --extern async_trait=/opt/rustwide/target/debug/deps/libasync_trait-8f969086d48f495e.so --extern base64=/opt/rustwide/target/debug/deps/libbase64-c757f6e1d18850a5.rlib --extern bytes=/opt/rustwide/target/debug/deps/libbytes-0a052f49710012b1.rlib --extern data_encoding=/opt/rustwide/target/debug/deps/libdata_encoding-fb783755ab4c59ac.rlib --extern derive_builder=/opt/rustwide/target/debug/deps/libderive_builder-f757d0328a68db2c.rlib --extern dockertest_server=/opt/rustwide/target/debug/deps/libdockertest_server-edf7872abe1d403c.rlib --extern env_logger=/opt/rustwide/target/debug/deps/libenv_logger-0c7bb1ed604427d9.rlib --extern hmac=/opt/rustwide/target/debug/deps/libhmac-58266636e9405270.rlib --extern http=/opt/rustwide/target/debug/deps/libhttp-087a4805b82b800b.rlib --extern jwt=/opt/rustwide/target/debug/deps/libjwt-30f61880fa88d167.rlib --extern reqwest=/opt/rustwide/target/debug/deps/libreqwest-3b4adf7daf5c02b9.rlib --extern rustify=/opt/rustwide/target/debug/deps/librustify-50818fec6b4368cf.rlib --extern rustify_derive=/opt/rustwide/target/debug/deps/librustify_derive-65ef18ac47a8617e.so --extern serde=/opt/rustwide/target/debug/deps/libserde-1a1a80260ec19211.rlib --extern serde_json=/opt/rustwide/target/debug/deps/libserde_json-1f0a525845f2566d.rlib --extern serial_test=/opt/rustwide/target/debug/deps/libserial_test-7a7776d92ff6436a.rlib --extern sha2=/opt/rustwide/target/debug/deps/libsha2-d9b067a48e63d273.rlib --extern test_log=/opt/rustwide/target/debug/deps/libtest_log-732ce7df8c2f49ea.rlib --extern thiserror=/opt/rustwide/target/debug/deps/libthiserror-d2111d7cb6fe900c.rlib --extern tokio_test=/opt/rustwide/target/debug/deps/libtokio_test-3ec3795ec3172ccd.rlib --extern tracing=/opt/rustwide/target/debug/deps/libtracing-f0d739a864924455.rlib --extern tracing_subscriber=/opt/rustwide/target/debug/deps/libtracing_subscriber-f65ecfb5da8277b8.rlib --extern tracing_test=/opt/rustwide/target/debug/deps/libtracing_test-483a6107325e38f0.rlib --extern url=/opt/rustwide/target/debug/deps/liburl-e2bbdc8176814ab9.rlib --extern vaultrs=/opt/rustwide/target/debug/deps/libvaultrs-43e2480a0e87c65a.rlib --cap-lints=warn -L native=/opt/rustwide/target/debug/build/ring-468e83518f023e7f/out` (signal: 9, SIGKILL: kill)
[INFO] [stderr] error: could not compile `vaultrs` (test "database"); 1 warning emitted
[INFO] [stderr] 
[INFO] [stderr] Caused by:
[INFO] [stderr]   process didn't exit successfully: `/opt/rustwide/rustup-home/toolchains/1.75.0-x86_64-unknown-linux-gnu/bin/rustc --crate-name database --edition=2018 tests/database.rs --error-format=json --json=diagnostic-rendered-ansi,artifacts,future-incompat --emit=dep-info,link -C embed-bitcode=no -C debuginfo=2 --test --cfg 'feature="default"' --cfg 'feature="rustls"' -C metadata=02187fc433c3b171 -C extra-filename=-02187fc433c3b171 --out-dir /opt/rustwide/target/debug/deps -L dependency=/opt/rustwide/target/debug/deps --extern async_trait=/opt/rustwide/target/debug/deps/libasync_trait-8f969086d48f495e.so --extern base64=/opt/rustwide/target/debug/deps/libbase64-c757f6e1d18850a5.rlib --extern bytes=/opt/rustwide/target/debug/deps/libbytes-0a052f49710012b1.rlib --extern data_encoding=/opt/rustwide/target/debug/deps/libdata_encoding-fb783755ab4c59ac.rlib --extern derive_builder=/opt/rustwide/target/debug/deps/libderive_builder-f757d0328a68db2c.rlib --extern dockertest_server=/opt/rustwide/target/debug/deps/libdockertest_server-edf7872abe1d403c.rlib --extern env_logger=/opt/rustwide/target/debug/deps/libenv_logger-0c7bb1ed604427d9.rlib --extern hmac=/opt/rustwide/target/debug/deps/libhmac-58266636e9405270.rlib --extern http=/opt/rustwide/target/debug/deps/libhttp-087a4805b82b800b.rlib --extern jwt=/opt/rustwide/target/debug/deps/libjwt-30f61880fa88d167.rlib --extern reqwest=/opt/rustwide/target/debug/deps/libreqwest-3b4adf7daf5c02b9.rlib --extern rustify=/opt/rustwide/target/debug/deps/librustify-50818fec6b4368cf.rlib --extern rustify_derive=/opt/rustwide/target/debug/deps/librustify_derive-65ef18ac47a8617e.so --extern serde=/opt/rustwide/target/debug/deps/libserde-1a1a80260ec19211.rlib --extern serde_json=/opt/rustwide/target/debug/deps/libserde_json-1f0a525845f2566d.rlib --extern serial_test=/opt/rustwide/target/debug/deps/libserial_test-7a7776d92ff6436a.rlib --extern sha2=/opt/rustwide/target/debug/deps/libsha2-d9b067a48e63d273.rlib --extern test_log=/opt/rustwide/target/debug/deps/libtest_log-732ce7df8c2f49ea.rlib --extern thiserror=/opt/rustwide/target/debug/deps/libthiserror-d2111d7cb6fe900c.rlib --extern tokio_test=/opt/rustwide/target/debug/deps/libtokio_test-3ec3795ec3172ccd.rlib --extern tracing=/opt/rustwide/target/debug/deps/libtracing-f0d739a864924455.rlib --extern tracing_subscriber=/opt/rustwide/target/debug/deps/libtracing_subscriber-f65ecfb5da8277b8.rlib --extern tracing_test=/opt/rustwide/target/debug/deps/libtracing_test-483a6107325e38f0.rlib --extern url=/opt/rustwide/target/debug/deps/liburl-e2bbdc8176814ab9.rlib --extern vaultrs=/opt/rustwide/target/debug/deps/libvaultrs-43e2480a0e87c65a.rlib --cap-lints=warn -L native=/opt/rustwide/target/debug/build/ring-468e83518f023e7f/out` (signal: 9, SIGKILL: kill)
[INFO] [stderr] error: could not compile `vaultrs` (test "transit"); 2 warnings emitted
[INFO] [stderr] 
[INFO] [stderr] Caused by:
[INFO] [stderr]   process didn't exit successfully: `/opt/rustwide/rustup-home/toolchains/1.75.0-x86_64-unknown-linux-gnu/bin/rustc --crate-name transit --edition=2018 tests/transit.rs --error-format=json --json=diagnostic-rendered-ansi,artifacts,future-incompat --emit=dep-info,link -C embed-bitcode=no -C debuginfo=2 --test --cfg 'feature="default"' --cfg 'feature="rustls"' -C metadata=ca3f8cdfb76367d3 -C extra-filename=-ca3f8cdfb76367d3 --out-dir /opt/rustwide/target/debug/deps -L dependency=/opt/rustwide/target/debug/deps --extern async_trait=/opt/rustwide/target/debug/deps/libasync_trait-8f969086d48f495e.so --extern base64=/opt/rustwide/target/debug/deps/libbase64-c757f6e1d18850a5.rlib --extern bytes=/opt/rustwide/target/debug/deps/libbytes-0a052f49710012b1.rlib --extern data_encoding=/opt/rustwide/target/debug/deps/libdata_encoding-fb783755ab4c59ac.rlib --extern derive_builder=/opt/rustwide/target/debug/deps/libderive_builder-f757d0328a68db2c.rlib --extern dockertest_server=/opt/rustwide/target/debug/deps/libdockertest_server-edf7872abe1d403c.rlib --extern env_logger=/opt/rustwide/target/debug/deps/libenv_logger-0c7bb1ed604427d9.rlib --extern hmac=/opt/rustwide/target/debug/deps/libhmac-58266636e9405270.rlib --extern http=/opt/rustwide/target/debug/deps/libhttp-087a4805b82b800b.rlib --extern jwt=/opt/rustwide/target/debug/deps/libjwt-30f61880fa88d167.rlib --extern reqwest=/opt/rustwide/target/debug/deps/libreqwest-3b4adf7daf5c02b9.rlib --extern rustify=/opt/rustwide/target/debug/deps/librustify-50818fec6b4368cf.rlib --extern rustify_derive=/opt/rustwide/target/debug/deps/librustify_derive-65ef18ac47a8617e.so --extern serde=/opt/rustwide/target/debug/deps/libserde-1a1a80260ec19211.rlib --extern serde_json=/opt/rustwide/target/debug/deps/libserde_json-1f0a525845f2566d.rlib --extern serial_test=/opt/rustwide/target/debug/deps/libserial_test-7a7776d92ff6436a.rlib --extern sha2=/opt/rustwide/target/debug/deps/libsha2-d9b067a48e63d273.rlib --extern test_log=/opt/rustwide/target/debug/deps/libtest_log-732ce7df8c2f49ea.rlib --extern thiserror=/opt/rustwide/target/debug/deps/libthiserror-d2111d7cb6fe900c.rlib --extern tokio_test=/opt/rustwide/target/debug/deps/libtokio_test-3ec3795ec3172ccd.rlib --extern tracing=/opt/rustwide/target/debug/deps/libtracing-f0d739a864924455.rlib --extern tracing_subscriber=/opt/rustwide/target/debug/deps/libtracing_subscriber-f65ecfb5da8277b8.rlib --extern tracing_test=/opt/rustwide/target/debug/deps/libtracing_test-483a6107325e38f0.rlib --extern url=/opt/rustwide/target/debug/deps/liburl-e2bbdc8176814ab9.rlib --extern vaultrs=/opt/rustwide/target/debug/deps/libvaultrs-43e2480a0e87c65a.rlib --cap-lints=warn -L native=/opt/rustwide/target/debug/build/ring-468e83518f023e7f/out` (signal: 9, SIGKILL: kill)
[INFO] [stderr] error: could not compile `vaultrs` (test "aws"); 1 warning emitted
[INFO] [stderr] 
[INFO] [stderr] Caused by:
[INFO] [stderr]   process didn't exit successfully: `/opt/rustwide/rustup-home/toolchains/1.75.0-x86_64-unknown-linux-gnu/bin/rustc --crate-name aws --edition=2018 tests/aws.rs --error-format=json --json=diagnostic-rendered-ansi,artifacts,future-incompat --emit=dep-info,link -C embed-bitcode=no -C debuginfo=2 --test --cfg 'feature="default"' --cfg 'feature="rustls"' -C metadata=662923f3094dbc66 -C extra-filename=-662923f3094dbc66 --out-dir /opt/rustwide/target/debug/deps -L dependency=/opt/rustwide/target/debug/deps --extern async_trait=/opt/rustwide/target/debug/deps/libasync_trait-8f969086d48f495e.so --extern base64=/opt/rustwide/target/debug/deps/libbase64-c757f6e1d18850a5.rlib --extern bytes=/opt/rustwide/target/debug/deps/libbytes-0a052f49710012b1.rlib --extern data_encoding=/opt/rustwide/target/debug/deps/libdata_encoding-fb783755ab4c59ac.rlib --extern derive_builder=/opt/rustwide/target/debug/deps/libderive_builder-f757d0328a68db2c.rlib --extern dockertest_server=/opt/rustwide/target/debug/deps/libdockertest_server-edf7872abe1d403c.rlib --extern env_logger=/opt/rustwide/target/debug/deps/libenv_logger-0c7bb1ed604427d9.rlib --extern hmac=/opt/rustwide/target/debug/deps/libhmac-58266636e9405270.rlib --extern http=/opt/rustwide/target/debug/deps/libhttp-087a4805b82b800b.rlib --extern jwt=/opt/rustwide/target/debug/deps/libjwt-30f61880fa88d167.rlib --extern reqwest=/opt/rustwide/target/debug/deps/libreqwest-3b4adf7daf5c02b9.rlib --extern rustify=/opt/rustwide/target/debug/deps/librustify-50818fec6b4368cf.rlib --extern rustify_derive=/opt/rustwide/target/debug/deps/librustify_derive-65ef18ac47a8617e.so --extern serde=/opt/rustwide/target/debug/deps/libserde-1a1a80260ec19211.rlib --extern serde_json=/opt/rustwide/target/debug/deps/libserde_json-1f0a525845f2566d.rlib --extern serial_test=/opt/rustwide/target/debug/deps/libserial_test-7a7776d92ff6436a.rlib --extern sha2=/opt/rustwide/target/debug/deps/libsha2-d9b067a48e63d273.rlib --extern test_log=/opt/rustwide/target/debug/deps/libtest_log-732ce7df8c2f49ea.rlib --extern thiserror=/opt/rustwide/target/debug/deps/libthiserror-d2111d7cb6fe900c.rlib --extern tokio_test=/opt/rustwide/target/debug/deps/libtokio_test-3ec3795ec3172ccd.rlib --extern tracing=/opt/rustwide/target/debug/deps/libtracing-f0d739a864924455.rlib --extern tracing_subscriber=/opt/rustwide/target/debug/deps/libtracing_subscriber-f65ecfb5da8277b8.rlib --extern tracing_test=/opt/rustwide/target/debug/deps/libtracing_test-483a6107325e38f0.rlib --extern url=/opt/rustwide/target/debug/deps/liburl-e2bbdc8176814ab9.rlib --extern vaultrs=/opt/rustwide/target/debug/deps/libvaultrs-43e2480a0e87c65a.rlib --cap-lints=warn -L native=/opt/rustwide/target/debug/build/ring-468e83518f023e7f/out` (signal: 9, SIGKILL: kill)
[INFO] [stderr] error: could not compile `vaultrs` (test "pki"); 2 warnings emitted
[INFO] [stderr] 
[INFO] [stderr] Caused by:
[INFO] [stderr]   process didn't exit successfully: `/opt/rustwide/rustup-home/toolchains/1.75.0-x86_64-unknown-linux-gnu/bin/rustc --crate-name pki --edition=2018 tests/pki.rs --error-format=json --json=diagnostic-rendered-ansi,artifacts,future-incompat --emit=dep-info,link -C embed-bitcode=no -C debuginfo=2 --test --cfg 'feature="default"' --cfg 'feature="rustls"' -C metadata=b86ef6ac1ae14cd7 -C extra-filename=-b86ef6ac1ae14cd7 --out-dir /opt/rustwide/target/debug/deps -L dependency=/opt/rustwide/target/debug/deps --extern async_trait=/opt/rustwide/target/debug/deps/libasync_trait-8f969086d48f495e.so --extern base64=/opt/rustwide/target/debug/deps/libbase64-c757f6e1d18850a5.rlib --extern bytes=/opt/rustwide/target/debug/deps/libbytes-0a052f49710012b1.rlib --extern data_encoding=/opt/rustwide/target/debug/deps/libdata_encoding-fb783755ab4c59ac.rlib --extern derive_builder=/opt/rustwide/target/debug/deps/libderive_builder-f757d0328a68db2c.rlib --extern dockertest_server=/opt/rustwide/target/debug/deps/libdockertest_server-edf7872abe1d403c.rlib --extern env_logger=/opt/rustwide/target/debug/deps/libenv_logger-0c7bb1ed604427d9.rlib --extern hmac=/opt/rustwide/target/debug/deps/libhmac-58266636e9405270.rlib --extern http=/opt/rustwide/target/debug/deps/libhttp-087a4805b82b800b.rlib --extern jwt=/opt/rustwide/target/debug/deps/libjwt-30f61880fa88d167.rlib --extern reqwest=/opt/rustwide/target/debug/deps/libreqwest-3b4adf7daf5c02b9.rlib --extern rustify=/opt/rustwide/target/debug/deps/librustify-50818fec6b4368cf.rlib --extern rustify_derive=/opt/rustwide/target/debug/deps/librustify_derive-65ef18ac47a8617e.so --extern serde=/opt/rustwide/target/debug/deps/libserde-1a1a80260ec19211.rlib --extern serde_json=/opt/rustwide/target/debug/deps/libserde_json-1f0a525845f2566d.rlib --extern serial_test=/opt/rustwide/target/debug/deps/libserial_test-7a7776d92ff6436a.rlib --extern sha2=/opt/rustwide/target/debug/deps/libsha2-d9b067a48e63d273.rlib --extern test_log=/opt/rustwide/target/debug/deps/libtest_log-732ce7df8c2f49ea.rlib --extern thiserror=/opt/rustwide/target/debug/deps/libthiserror-d2111d7cb6fe900c.rlib --extern tokio_test=/opt/rustwide/target/debug/deps/libtokio_test-3ec3795ec3172ccd.rlib --extern tracing=/opt/rustwide/target/debug/deps/libtracing-f0d739a864924455.rlib --extern tracing_subscriber=/opt/rustwide/target/debug/deps/libtracing_subscriber-f65ecfb5da8277b8.rlib --extern tracing_test=/opt/rustwide/target/debug/deps/libtracing_test-483a6107325e38f0.rlib --extern url=/opt/rustwide/target/debug/deps/liburl-e2bbdc8176814ab9.rlib --extern vaultrs=/opt/rustwide/target/debug/deps/libvaultrs-43e2480a0e87c65a.rlib --cap-lints=warn -L native=/opt/rustwide/target/debug/build/ring-468e83518f023e7f/out` (signal: 9, SIGKILL: kill)
[INFO] [stdout] error: linking with `cc` failed: exit status: 1
[INFO] [stdout]   |
[INFO] [stdout]   = note: LC_ALL="C" PATH="/opt/rustwide/rustup-home/toolchains/1.75.0-x86_64-unknown-linux-gnu/lib/rustlib/x86_64-unknown-linux-gnu/bin:/opt/rustwide/cargo-home/bin:/usr/local/sbin:/usr/local/bin:/usr/sbin:/usr/bin:/sbin:/bin" VSLANG="1033" "cc" "-m64" "/tmp/rustcuSuhov/symbols.o" "/opt/rustwide/target/debug/deps/ssh-d9a9f4480e920d46.ssh.7f8df04a5b6a9023-cgu.00.rcgu.o" "/opt/rustwide/target/debug/deps/ssh-d9a9f4480e920d46.ssh.7f8df04a5b6a9023-cgu.01.rcgu.o" "/opt/rustwide/target/debug/deps/ssh-d9a9f4480e920d46.ssh.7f8df04a5b6a9023-cgu.02.rcgu.o" "/opt/rustwide/target/debug/deps/ssh-d9a9f4480e920d46.ssh.7f8df04a5b6a9023-cgu.03.rcgu.o" "/opt/rustwide/target/debug/deps/ssh-d9a9f4480e920d46.ssh.7f8df04a5b6a9023-cgu.04.rcgu.o" "/opt/rustwide/target/debug/deps/ssh-d9a9f4480e920d46.ssh.7f8df04a5b6a9023-cgu.05.rcgu.o" "/opt/rustwide/target/debug/deps/ssh-d9a9f4480e920d46.ssh.7f8df04a5b6a9023-cgu.06.rcgu.o" "/opt/rustwide/target/debug/deps/ssh-d9a9f4480e920d46.ssh.7f8df04a5b6a9023-cgu.07.rcgu.o" "/opt/rustwide/target/debug/deps/ssh-d9a9f4480e920d46.ssh.7f8df04a5b6a9023-cgu.08.rcgu.o" "/opt/rustwide/target/debug/deps/ssh-d9a9f4480e920d46.ssh.7f8df04a5b6a9023-cgu.09.rcgu.o" "/opt/rustwide/target/debug/deps/ssh-d9a9f4480e920d46.ssh.7f8df04a5b6a9023-cgu.10.rcgu.o" "/opt/rustwide/target/debug/deps/ssh-d9a9f4480e920d46.ssh.7f8df04a5b6a9023-cgu.11.rcgu.o" "/opt/rustwide/target/debug/deps/ssh-d9a9f4480e920d46.ssh.7f8df04a5b6a9023-cgu.12.rcgu.o" "/opt/rustwide/target/debug/deps/ssh-d9a9f4480e920d46.ssh.7f8df04a5b6a9023-cgu.13.rcgu.o" "/opt/rustwide/target/debug/deps/ssh-d9a9f4480e920d46.ssh.7f8df04a5b6a9023-cgu.14.rcgu.o" "/opt/rustwide/target/debug/deps/ssh-d9a9f4480e920d46.ssh.7f8df04a5b6a9023-cgu.15.rcgu.o" "/opt/rustwide/target/debug/deps/ssh-d9a9f4480e920d46.3kajfih8q10nvx3w.rcgu.o" "-Wl,--as-needed" "-L" "/opt/rustwide/target/debug/deps" "-L" "/opt/rustwide/target/debug/build/ring-468e83518f023e7f/out" "-L" "/opt/rustwide/rustup-home/toolchains/1.75.0-x86_64-unknown-linux-gnu/lib/rustlib/x86_64-unknown-linux-gnu/lib" "-Wl,-Bstatic" "/opt/rustwide/rustup-home/toolchains/1.75.0-x86_64-unknown-linux-gnu/lib/rustlib/x86_64-unknown-linux-gnu/lib/libtest-3df1bed8075ce1de.rlib" "/opt/rustwide/rustup-home/toolchains/1.75.0-x86_64-unknown-linux-gnu/lib/rustlib/x86_64-unknown-linux-gnu/lib/libgetopts-2076fd86b325cb5d.rlib" "/opt/rustwide/rustup-home/toolchains/1.75.0-x86_64-unknown-linux-gnu/lib/rustlib/x86_64-unknown-linux-gnu/lib/libunicode_width-caa7152ee70c190f.rlib" "/opt/rustwide/rustup-home/toolchains/1.75.0-x86_64-unknown-linux-gnu/lib/rustlib/x86_64-unknown-linux-gnu/lib/librustc_std_workspace_std-04e6425e07f02a3c.rlib" "/opt/rustwide/target/debug/deps/libtest_log-732ce7df8c2f49ea.rlib" "/opt/rustwide/target/debug/deps/libenv_logger-0c7bb1ed604427d9.rlib" "/opt/rustwide/target/debug/deps/libtermcolor-6dec0f4bbbe42dd1.rlib" "/opt/rustwide/target/debug/deps/libis_terminal-baf539422834e89a.rlib" "/opt/rustwide/target/debug/deps/libhumantime-e2a10e0b2bfa2002.rlib" "/opt/rustwide/target/debug/deps/libtracing_subscriber-f65ecfb5da8277b8.rlib" "/opt/rustwide/target/debug/deps/libnu_ansi_term-3e05c43b33054704.rlib" "/opt/rustwide/target/debug/deps/liboverload-ed04f4baf105cbd4.rlib" "/opt/rustwide/target/debug/deps/libsharded_slab-3e7ea4dc49abc9de.rlib" "/opt/rustwide/target/debug/deps/libmatchers-09eec00427944fa1.rlib" "/opt/rustwide/target/debug/deps/libregex_automata-4c60e2b0ad265c6c.rlib" "/opt/rustwide/target/debug/deps/libregex_syntax-0dc2d12e01b76027.rlib" "/opt/rustwide/target/debug/deps/libregex-3fdc9a8f6eaf81cf.rlib" "/opt/rustwide/target/debug/deps/libregex_automata-7e239e4b359aa58c.rlib" "/opt/rustwide/target/debug/deps/libaho_corasick-c461b2416345444e.rlib" "/opt/rustwide/target/debug/deps/libregex_syntax-e4dd3c3a3cb10e1d.rlib" "/opt/rustwide/target/debug/deps/libthread_local-146b032562066309.rlib" "/opt/rustwide/target/debug/deps/libtracing_log-a111ee636166283d.rlib" "/opt/rustwide/target/debug/deps/libvaultrs-43e2480a0e87c65a.rlib" "/opt/rustwide/target/debug/deps/librustify-50818fec6b4368cf.rlib" "/opt/rustwide/target/debug/deps/libanyhow-309ab2c875f40ec7.rlib" "/opt/rustwide/target/debug/deps/libreqwest-3b4adf7daf5c02b9.rlib" "/opt/rustwide/target/debug/deps/librustls_pemfile-ffdc2f3224e5aa74.rlib" "/opt/rustwide/target/debug/deps/libhyper_rustls-f00a5b17caf48ffb.rlib" "/opt/rustwide/target/debug/deps/libwebpki_roots-73bb8767336806c8.rlib" "/opt/rustwide/target/debug/deps/libbase64-c757f6e1d18850a5.rlib" "/opt/rustwide/target/debug/deps/libipnet-31f1670f407a9398.rlib" "/opt/rustwide/target/debug/deps/libtokio_rustls-eb2962c204fa9533.rlib" "/opt/rustwide/target/debug/deps/libmime-7e306270d8ceb372.rlib" "/opt/rustwide/target/debug/deps/libencoding_rs-000c97fafd38c2ed.rlib" "/opt/rustwide/target/debug/deps/librustls-b1b58a411b2bcad1.rlib" "/opt/rustwide/target/debug/deps/libsct-d69fe3521b01c82a.rlib" "/opt/rustwide/target/debug/deps/libwebpki-4d13f7637e591fe0.rlib" "/opt/rustwide/target/debug/deps/libring-76368ca987d789cf.rlib" "/opt/rustwide/target/debug/deps/libspin-1881e9d9c2fdf875.rlib" "/opt/rustwide/target/debug/deps/libuntrusted-66bbe55c9f09dd46.rlib" "/opt/rustwide/target/debug/deps/libderive_builder-f757d0328a68db2c.rlib" "/opt/rustwide/target/debug/deps/libdockertest_server-edf7872abe1d403c.rlib" "/opt/rustwide/target/debug/deps/libtype_map-393c321bb9fe73a4.rlib" "/opt/rustwide/target/debug/deps/librustc_hash-3fb13bc50a653a23.rlib" "/opt/rustwide/target/debug/deps/libtempfile-5644e3b25c2cf69e.rlib" "/opt/rustwide/target/debug/deps/libfastrand-10bb5c97af1a52e6.rlib" "/opt/rustwide/target/debug/deps/librustix-103ccd1ef98b030f.rlib" "/opt/rustwide/target/debug/deps/libbitflags-912d270082a3a4ea.rlib" "/opt/rustwide/target/debug/deps/liblinux_raw_sys-2091734e5f15aeaa.rlib" "/opt/rustwide/target/debug/deps/libderive_builder-90eb096305618b4c.rlib" "/opt/rustwide/target/debug/deps/libdockertest-2006e92fe8beb6d4.rlib" "/opt/rustwide/target/debug/deps/libdyn_clone-9450e4caca538bf4.rlib" "/opt/rustwide/target/debug/deps/liblazy_static-591486ebcb9a7ead.rlib" "/opt/rustwide/target/debug/deps/libsecrecy-b9af3cfc2ebfcb8e.rlib" "/opt/rustwide/target/debug/deps/libzeroize-0727ba7a6fea7de2.rlib" "/opt/rustwide/target/debug/deps/libfutures-bfc75e49ef7a590e.rlib" "/opt/rustwide/target/debug/deps/libfutures_executor-ffb07bb17c9b305b.rlib" "/opt/rustwide/target/debug/deps/libbollard-75ce1c46d9ed872a.rlib" "/opt/rustwide/target/debug/deps/libserde_urlencoded-76aa43271ff79d1d.rlib" "/opt/rustwide/target/debug/deps/libbase64-b09bba5046b087ce.rlib" "/opt/rustwide/target/debug/deps/libthiserror-d2111d7cb6fe900c.rlib" "/opt/rustwide/target/debug/deps/libbollard_stubs-f1b3e985e2e28c48.rlib" "/opt/rustwide/target/debug/deps/libserde_with-75e989aae658a1d2.rlib" "/opt/rustwide/target/debug/deps/liburl-e2bbdc8176814ab9.rlib" "/opt/rustwide/target/debug/deps/libidna-be495c60b826cafb.rlib" "/opt/rustwide/target/debug/deps/libunicode_normalization-e04a0b39935fba30.rlib" "/opt/rustwide/target/debug/deps/libtinyvec-cf6c9f6b792a5507.rlib" "/opt/rustwide/target/debug/deps/libtinyvec_macros-b1cb7f53f58c9f87.rlib" "/opt/rustwide/target/debug/deps/libunicode_bidi-091e6a375aa15ffb.rlib" "/opt/rustwide/target/debug/deps/libform_urlencoded-ef5eb70334031c86.rlib" "/opt/rustwide/target/debug/deps/libpercent_encoding-fe0d57427b4d92e0.rlib" "/opt/rustwide/target/debug/deps/libserde_json-1f0a525845f2566d.rlib" "/opt/rustwide/target/debug/deps/libryu-5f304b1b6393964f.rlib" "/opt/rustwide/target/debug/deps/libhyperlocal-aad8398929c482f3.rlib" "/opt/rustwide/target/debug/deps/libpin_project-7359831ff78c47f6.rlib" "/opt/rustwide/target/debug/deps/libhex-05644b5497b79c5b.rlib" "/opt/rustwide/target/debug/deps/libserde-1a1a80260ec19211.rlib" "/opt/rustwide/target/debug/deps/libhyper-f83e75358a7777db.rlib" "/opt/rustwide/target/debug/deps/libwant-0be28e71d2a5cee8.rlib" "/opt/rustwide/target/debug/deps/libtry_lock-ba0ec0947155aa20.rlib" "/opt/rustwide/target/debug/deps/libhttparse-64f1ffbeda450424.rlib" "/opt/rustwide/target/debug/deps/libh2-ce3ac7c4be9e0869.rlib" "/opt/rustwide/target/debug/deps/libindexmap-8fc97cbaa956011a.rlib" "/opt/rustwide/target/debug/deps/libequivalent-daf5c71f5fc642dd.rlib" "/opt/rustwide/target/debug/deps/libhashbrown-3d9e58c92093ae49.rlib" "/opt/rustwide/target/debug/deps/libtokio_util-a865e1204a859fad.rlib" "/opt/rustwide/target/debug/deps/libtower_service-104d6e83d5ce383d.rlib" "/opt/rustwide/target/debug/deps/libhttp_body-3c42bd17f1cfc680.rlib" "/opt/rustwide/target/debug/deps/libfutures_util-0937b475760a3864.rlib" "/opt/rustwide/target/debug/deps/libmemchr-94009dd89ebb9d8d.rlib" "/opt/rustwide/target/debug/deps/libfutures_io-06ca5b85b7f1c406.rlib" "/opt/rustwide/target/debug/deps/libslab-6eb39baadbe9101c.rlib" "/opt/rustwide/target/debug/deps/libfutures_channel-a299c85500052389.rlib" "/opt/rustwide/target/debug/deps/libfutures_sink-8957e1e23a8e4733.rlib" "/opt/rustwide/target/debug/deps/libfutures_task-c1403167034c79e1.rlib" "/opt/rustwide/target/debug/deps/libpin_utils-741f7d9d160e4a16.rlib" "/opt/rustwide/target/debug/deps/libtokio-101571f151295972.rlib" "/opt/rustwide/target/debug/deps/libsignal_hook_registry-4537d93dfe483f1b.rlib" "/opt/rustwide/target/debug/deps/libnum_cpus-d4708e9618b376f9.rlib" "/opt/rustwide/target/debug/deps/libsocket2-0d88c912de52bbf6.rlib" "/opt/rustwide/target/debug/deps/libmio-8968d6dd6f9690eb.rlib" "/opt/rustwide/target/debug/deps/libparking_lot-a753e0f9a35f1d55.rlib" "/opt/rustwide/target/debug/deps/libparking_lot_core-f470c455380c2e9e.rlib" "/opt/rustwide/target/debug/deps/libsmallvec-19f6a51af3f3c214.rlib" "/opt/rustwide/target/debug/deps/liblock_api-2e3cdc36e2d071f0.rlib" "/opt/rustwide/target/debug/deps/libscopeguard-012e5ed929fc2fe6.rlib" "/opt/rustwide/target/debug/deps/libhttpdate-60c45fdec07c28d7.rlib" "/opt/rustwide/target/debug/deps/libhttp-087a4805b82b800b.rlib" "/opt/rustwide/target/debug/deps/libitoa-5f181af53b99b92c.rlib" "/opt/rustwide/target/debug/deps/libbytes-0a052f49710012b1.rlib" "/opt/rustwide/target/debug/deps/libfnv-18bf5144d055e772.rlib" "/opt/rustwide/target/debug/deps/libfutures_core-9cff0d103c3b3c9e.rlib" "/opt/rustwide/target/debug/deps/librand-6b1751f97fc780d8.rlib" "/opt/rustwide/target/debug/deps/librand_chacha-190d94af5566d2d7.rlib" "/opt/rustwide/target/debug/deps/libppv_lite86-9f808eb911999ef2.rlib" "/opt/rustwide/target/debug/deps/librand_core-6b5cc83d202a6ca4.rlib" "/opt/rustwide/target/debug/deps/libgetrandom-6f8cebb06b407ea9.rlib" "/opt/rustwide/target/debug/deps/liblibc-4f34ddd04c373408.rlib" "/opt/rustwide/target/debug/deps/libcfg_if-61dc7a6799e72b18.rlib" "/opt/rustwide/target/debug/deps/libtracing-f0d739a864924455.rlib" "/opt/rustwide/target/debug/deps/liblog-e491f2c1d0b13538.rlib" "/opt/rustwide/target/debug/deps/libpin_project_lite-e0757e0deaa2f8a0.rlib" "/opt/rustwide/target/debug/deps/libtracing_core-b9b83a99752e221d.rlib" "/opt/rustwide/target/debug/deps/libonce_cell-63be820ac0ed0954.rlib" "/opt/rustwide/rustup-home/toolchains/1.75.0-x86_64-unknown-linux-gnu/lib/rustlib/x86_64-unknown-linux-gnu/lib/libstd-90f6ddbf82de36ec.rlib" "/opt/rustwide/rustup-home/toolchains/1.75.0-x86_64-unknown-linux-gnu/lib/rustlib/x86_64-unknown-linux-gnu/lib/libpanic_unwind-480c41e9d4e1f677.rlib" "/opt/rustwide/rustup-home/toolchains/1.75.0-x86_64-unknown-linux-gnu/lib/rustlib/x86_64-unknown-linux-gnu/lib/libobject-db744c0ca03eed1d.rlib" "/opt/rustwide/rustup-home/toolchains/1.75.0-x86_64-unknown-linux-gnu/lib/rustlib/x86_64-unknown-linux-gnu/lib/libmemchr-8ba652dc7d4b285a.rlib" "/opt/rustwide/rustup-home/toolchains/1.75.0-x86_64-unknown-linux-gnu/lib/rustlib/x86_64-unknown-linux-gnu/lib/libaddr2line-d5f4520a9ebc0d58.rlib" "/opt/rustwide/rustup-home/toolchains/1.75.0-x86_64-unknown-linux-gnu/lib/rustlib/x86_64-unknown-linux-gnu/lib/libgimli-4ad84de58f0cb463.rlib" "/opt/rustwide/rustup-home/toolchains/1.75.0-x86_64-unknown-linux-gnu/lib/rustlib/x86_64-unknown-linux-gnu/lib/librustc_demangle-0d10aae2e0f38735.rlib" "/opt/rustwide/rustup-home/toolchains/1.75.0-x86_64-unknown-linux-gnu/lib/rustlib/x86_64-unknown-linux-gnu/lib/libstd_detect-0c17cff739e6745b.rlib" "/opt/rustwide/rustup-home/toolchains/1.75.0-x86_64-unknown-linux-gnu/lib/rustlib/x86_64-unknown-linux-gnu/lib/libhashbrown-b29e17139dde1aa8.rlib" "/opt/rustwide/rustup-home/toolchains/1.75.0-x86_64-unknown-linux-gnu/lib/rustlib/x86_64-unknown-linux-gnu/lib/librustc_std_workspace_alloc-1f975299829cc7bd.rlib" "/opt/rustwide/rustup-home/toolchains/1.75.0-x86_64-unknown-linux-gnu/lib/rustlib/x86_64-unknown-linux-gnu/lib/libminiz_oxide-86bae3bc3079f89b.rlib" "/opt/rustwide/rustup-home/toolchains/1.75.0-x86_64-unknown-linux-gnu/lib/rustlib/x86_64-unknown-linux-gnu/lib/libadler-321b82c30dffdf5f.rlib" "/opt/rustwide/rustup-home/toolchains/1.75.0-x86_64-unknown-linux-gnu/lib/rustlib/x86_64-unknown-linux-gnu/lib/libunwind-3dd8a6810a0bdfef.rlib" "/opt/rustwide/rustup-home/toolchains/1.75.0-x86_64-unknown-linux-gnu/lib/rustlib/x86_64-unknown-linux-gnu/lib/libcfg_if-eb39a61c0c879984.rlib" "/opt/rustwide/rustup-home/toolchains/1.75.0-x86_64-unknown-linux-gnu/lib/rustlib/x86_64-unknown-linux-gnu/lib/liblibc-aa769569f91c3548.rlib" "/opt/rustwide/rustup-home/toolchains/1.75.0-x86_64-unknown-linux-gnu/lib/rustlib/x86_64-unknown-linux-gnu/lib/liballoc-510a192a50a983ed.rlib" "/opt/rustwide/rustup-home/toolchains/1.75.0-x86_64-unknown-linux-gnu/lib/rustlib/x86_64-unknown-linux-gnu/lib/librustc_std_workspace_core-0577018320f99037.rlib" "/opt/rustwide/rustup-home/toolchains/1.75.0-x86_64-unknown-linux-gnu/lib/rustlib/x86_64-unknown-linux-gnu/lib/libcore-193cf992125ccd4c.rlib" "/opt/rustwide/rustup-home/toolchains/1.75.0-x86_64-unknown-linux-gnu/lib/rustlib/x86_64-unknown-linux-gnu/lib/libcompiler_builtins-8e138eaf26ebb4a8.rlib" "-Wl,-Bdynamic" "-lgcc_s" "-lutil" "-lrt" "-lpthread" "-lm" "-ldl" "-lc" "-Wl,--eh-frame-hdr" "-Wl,-z,noexecstack" "-L" "/opt/rustwide/rustup-home/toolchains/1.75.0-x86_64-unknown-linux-gnu/lib/rustlib/x86_64-unknown-linux-gnu/lib" "-o" "/opt/rustwide/target/debug/deps/ssh-d9a9f4480e920d46" "-Wl,--gc-sections" "-pie" "-Wl,-z,relro,-z,now" "-nodefaultlibs"
[INFO] [stdout]   = note: collect2: fatal error: ld terminated with signal 9 [Killed]
[INFO] [stdout]           compilation terminated.
[INFO] [stdout]           
[INFO] [stdout] 
[INFO] [stdout] 
[INFO] [stdout] error: aborting due to previous error; 2 warnings emitted
[INFO] [stdout] 
[INFO] [stdout] 
[INFO] [stderr] error: could not compile `vaultrs` (test "ssh") due to 2 previous errors; 2 warnings emitted
[INFO] [stdout] error: linking with `cc` failed: exit status: 1
[INFO] [stdout]   |
[INFO] [stdout]   = note: LC_ALL="C" PATH="/opt/rustwide/rustup-home/toolchains/1.75.0-x86_64-unknown-linux-gnu/lib/rustlib/x86_64-unknown-linux-gnu/bin:/opt/rustwide/cargo-home/bin:/usr/local/sbin:/usr/local/bin:/usr/sbin:/usr/bin:/sbin:/bin" VSLANG="1033" "cc" "-m64" "/tmp/rustc7jxOfk/symbols.o" "/opt/rustwide/target/debug/deps/kubernetes-86c6bb9073b4bd5f.kubernetes.c7cb9512d347cc24-cgu.00.rcgu.o" "/opt/rustwide/target/debug/deps/kubernetes-86c6bb9073b4bd5f.kubernetes.c7cb9512d347cc24-cgu.01.rcgu.o" "/opt/rustwide/target/debug/deps/kubernetes-86c6bb9073b4bd5f.kubernetes.c7cb9512d347cc24-cgu.02.rcgu.o" "/opt/rustwide/target/debug/deps/kubernetes-86c6bb9073b4bd5f.kubernetes.c7cb9512d347cc24-cgu.03.rcgu.o" "/opt/rustwide/target/debug/deps/kubernetes-86c6bb9073b4bd5f.kubernetes.c7cb9512d347cc24-cgu.04.rcgu.o" "/opt/rustwide/target/debug/deps/kubernetes-86c6bb9073b4bd5f.kubernetes.c7cb9512d347cc24-cgu.05.rcgu.o" "/opt/rustwide/target/debug/deps/kubernetes-86c6bb9073b4bd5f.kubernetes.c7cb9512d347cc24-cgu.06.rcgu.o" "/opt/rustwide/target/debug/deps/kubernetes-86c6bb9073b4bd5f.kubernetes.c7cb9512d347cc24-cgu.07.rcgu.o" "/opt/rustwide/target/debug/deps/kubernetes-86c6bb9073b4bd5f.kubernetes.c7cb9512d347cc24-cgu.08.rcgu.o" "/opt/rustwide/target/debug/deps/kubernetes-86c6bb9073b4bd5f.kubernetes.c7cb9512d347cc24-cgu.09.rcgu.o" "/opt/rustwide/target/debug/deps/kubernetes-86c6bb9073b4bd5f.kubernetes.c7cb9512d347cc24-cgu.10.rcgu.o" "/opt/rustwide/target/debug/deps/kubernetes-86c6bb9073b4bd5f.kubernetes.c7cb9512d347cc24-cgu.11.rcgu.o" "/opt/rustwide/target/debug/deps/kubernetes-86c6bb9073b4bd5f.kubernetes.c7cb9512d347cc24-cgu.12.rcgu.o" "/opt/rustwide/target/debug/deps/kubernetes-86c6bb9073b4bd5f.kubernetes.c7cb9512d347cc24-cgu.13.rcgu.o" "/opt/rustwide/target/debug/deps/kubernetes-86c6bb9073b4bd5f.kubernetes.c7cb9512d347cc24-cgu.14.rcgu.o" "/opt/rustwide/target/debug/deps/kubernetes-86c6bb9073b4bd5f.kubernetes.c7cb9512d347cc24-cgu.15.rcgu.o" "/opt/rustwide/target/debug/deps/kubernetes-86c6bb9073b4bd5f.1jckkngqlqqkvcfb.rcgu.o" "-Wl,--as-needed" "-L" "/opt/rustwide/target/debug/deps" "-L" "/opt/rustwide/target/debug/build/ring-468e83518f023e7f/out" "-L" "/opt/rustwide/rustup-home/toolchains/1.75.0-x86_64-unknown-linux-gnu/lib/rustlib/x86_64-unknown-linux-gnu/lib" "-Wl,-Bstatic" "/opt/rustwide/rustup-home/toolchains/1.75.0-x86_64-unknown-linux-gnu/lib/rustlib/x86_64-unknown-linux-gnu/lib/libtest-3df1bed8075ce1de.rlib" "/opt/rustwide/rustup-home/toolchains/1.75.0-x86_64-unknown-linux-gnu/lib/rustlib/x86_64-unknown-linux-gnu/lib/libgetopts-2076fd86b325cb5d.rlib" "/opt/rustwide/rustup-home/toolchains/1.75.0-x86_64-unknown-linux-gnu/lib/rustlib/x86_64-unknown-linux-gnu/lib/libunicode_width-caa7152ee70c190f.rlib" "/opt/rustwide/rustup-home/toolchains/1.75.0-x86_64-unknown-linux-gnu/lib/rustlib/x86_64-unknown-linux-gnu/lib/librustc_std_workspace_std-04e6425e07f02a3c.rlib" "/opt/rustwide/target/debug/deps/libjwt-30f61880fa88d167.rlib" "/opt/rustwide/target/debug/deps/libsha2-d9b067a48e63d273.rlib" "/opt/rustwide/target/debug/deps/libcpufeatures-b8d9ed5bb45874e9.rlib" "/opt/rustwide/target/debug/deps/libhmac-58266636e9405270.rlib" "/opt/rustwide/target/debug/deps/libdigest-68278d6a0ee6afac.rlib" "/opt/rustwide/target/debug/deps/libsubtle-32983fc17c133a89.rlib" "/opt/rustwide/target/debug/deps/libblock_buffer-7e9270fb9b7ff635.rlib" "/opt/rustwide/target/debug/deps/libcrypto_common-145014adf1649651.rlib" "/opt/rustwide/target/debug/deps/libgeneric_array-18b3188a0c567140.rlib" "/opt/rustwide/target/debug/deps/libtypenum-da95465dc70d2c95.rlib" "/opt/rustwide/target/debug/deps/libtest_log-732ce7df8c2f49ea.rlib" "/opt/rustwide/target/debug/deps/libenv_logger-0c7bb1ed604427d9.rlib" "/opt/rustwide/target/debug/deps/libtermcolor-6dec0f4bbbe42dd1.rlib" "/opt/rustwide/target/debug/deps/libis_terminal-baf539422834e89a.rlib" "/opt/rustwide/target/debug/deps/libhumantime-e2a10e0b2bfa2002.rlib" "/opt/rustwide/target/debug/deps/libtracing_subscriber-f65ecfb5da8277b8.rlib" "/opt/rustwide/target/debug/deps/libnu_ansi_term-3e05c43b33054704.rlib" "/opt/rustwide/target/debug/deps/liboverload-ed04f4baf105cbd4.rlib" "/opt/rustwide/target/debug/deps/libsharded_slab-3e7ea4dc49abc9de.rlib" "/opt/rustwide/target/debug/deps/libmatchers-09eec00427944fa1.rlib" "/opt/rustwide/target/debug/deps/libregex_automata-4c60e2b0ad265c6c.rlib" "/opt/rustwide/target/debug/deps/libregex_syntax-0dc2d12e01b76027.rlib" "/opt/rustwide/target/debug/deps/libregex-3fdc9a8f6eaf81cf.rlib" "/opt/rustwide/target/debug/deps/libregex_automata-7e239e4b359aa58c.rlib" "/opt/rustwide/target/debug/deps/libaho_corasick-c461b2416345444e.rlib" "/opt/rustwide/target/debug/deps/libregex_syntax-e4dd3c3a3cb10e1d.rlib" "/opt/rustwide/target/debug/deps/libthread_local-146b032562066309.rlib" "/opt/rustwide/target/debug/deps/libtracing_log-a111ee636166283d.rlib" "/opt/rustwide/target/debug/deps/libvaultrs-43e2480a0e87c65a.rlib" "/opt/rustwide/target/debug/deps/librustify-50818fec6b4368cf.rlib" "/opt/rustwide/target/debug/deps/libanyhow-309ab2c875f40ec7.rlib" "/opt/rustwide/target/debug/deps/libreqwest-3b4adf7daf5c02b9.rlib" "/opt/rustwide/target/debug/deps/librustls_pemfile-ffdc2f3224e5aa74.rlib" "/opt/rustwide/target/debug/deps/libhyper_rustls-f00a5b17caf48ffb.rlib" "/opt/rustwide/target/debug/deps/libwebpki_roots-73bb8767336806c8.rlib" "/opt/rustwide/target/debug/deps/libbase64-c757f6e1d18850a5.rlib" "/opt/rustwide/target/debug/deps/libipnet-31f1670f407a9398.rlib" "/opt/rustwide/target/debug/deps/libtokio_rustls-eb2962c204fa9533.rlib" "/opt/rustwide/target/debug/deps/libmime-7e306270d8ceb372.rlib" "/opt/rustwide/target/debug/deps/libencoding_rs-000c97fafd38c2ed.rlib" "/opt/rustwide/target/debug/deps/librustls-b1b58a411b2bcad1.rlib" "/opt/rustwide/target/debug/deps/libsct-d69fe3521b01c82a.rlib" "/opt/rustwide/target/debug/deps/libwebpki-4d13f7637e591fe0.rlib" "/opt/rustwide/target/debug/deps/libring-76368ca987d789cf.rlib" "/opt/rustwide/target/debug/deps/libspin-1881e9d9c2fdf875.rlib" "/opt/rustwide/target/debug/deps/libuntrusted-66bbe55c9f09dd46.rlib" "/opt/rustwide/target/debug/deps/libderive_builder-f757d0328a68db2c.rlib" "/opt/rustwide/target/debug/deps/libdockertest_server-edf7872abe1d403c.rlib" "/opt/rustwide/target/debug/deps/libtype_map-393c321bb9fe73a4.rlib" "/opt/rustwide/target/debug/deps/librustc_hash-3fb13bc50a653a23.rlib" "/opt/rustwide/target/debug/deps/libtempfile-5644e3b25c2cf69e.rlib" "/opt/rustwide/target/debug/deps/libfastrand-10bb5c97af1a52e6.rlib" "/opt/rustwide/target/debug/deps/librustix-103ccd1ef98b030f.rlib" "/opt/rustwide/target/debug/deps/libbitflags-912d270082a3a4ea.rlib" "/opt/rustwide/target/debug/deps/liblinux_raw_sys-2091734e5f15aeaa.rlib" "/opt/rustwide/target/debug/deps/libderive_builder-90eb096305618b4c.rlib" "/opt/rustwide/target/debug/deps/libdockertest-2006e92fe8beb6d4.rlib" "/opt/rustwide/target/debug/deps/libdyn_clone-9450e4caca538bf4.rlib" "/opt/rustwide/target/debug/deps/liblazy_static-591486ebcb9a7ead.rlib" "/opt/rustwide/target/debug/deps/libsecrecy-b9af3cfc2ebfcb8e.rlib" "/opt/rustwide/target/debug/deps/libzeroize-0727ba7a6fea7de2.rlib" "/opt/rustwide/target/debug/deps/libfutures-bfc75e49ef7a590e.rlib" "/opt/rustwide/target/debug/deps/libfutures_executor-ffb07bb17c9b305b.rlib" "/opt/rustwide/target/debug/deps/libbollard-75ce1c46d9ed872a.rlib" "/opt/rustwide/target/debug/deps/libserde_urlencoded-76aa43271ff79d1d.rlib" "/opt/rustwide/target/debug/deps/libbase64-b09bba5046b087ce.rlib" "/opt/rustwide/target/debug/deps/libthiserror-d2111d7cb6fe900c.rlib" "/opt/rustwide/target/debug/deps/libbollard_stubs-f1b3e985e2e28c48.rlib" "/opt/rustwide/target/debug/deps/libserde_with-75e989aae658a1d2.rlib" "/opt/rustwide/target/debug/deps/liburl-e2bbdc8176814ab9.rlib" "/opt/rustwide/target/debug/deps/libidna-be495c60b826cafb.rlib" "/opt/rustwide/target/debug/deps/libunicode_normalization-e04a0b39935fba30.rlib" "/opt/rustwide/target/debug/deps/libtinyvec-cf6c9f6b792a5507.rlib" "/opt/rustwide/target/debug/deps/libtinyvec_macros-b1cb7f53f58c9f87.rlib" "/opt/rustwide/target/debug/deps/libunicode_bidi-091e6a375aa15ffb.rlib" "/opt/rustwide/target/debug/deps/libform_urlencoded-ef5eb70334031c86.rlib" "/opt/rustwide/target/debug/deps/libpercent_encoding-fe0d57427b4d92e0.rlib" "/opt/rustwide/target/debug/deps/libserde_json-1f0a525845f2566d.rlib" "/opt/rustwide/target/debug/deps/libryu-5f304b1b6393964f.rlib" "/opt/rustwide/target/debug/deps/libhyperlocal-aad8398929c482f3.rlib" "/opt/rustwide/target/debug/deps/libpin_project-7359831ff78c47f6.rlib" "/opt/rustwide/target/debug/deps/libhex-05644b5497b79c5b.rlib" "/opt/rustwide/target/debug/deps/libserde-1a1a80260ec19211.rlib" "/opt/rustwide/target/debug/deps/libhyper-f83e75358a7777db.rlib" "/opt/rustwide/target/debug/deps/libwant-0be28e71d2a5cee8.rlib" "/opt/rustwide/target/debug/deps/libtry_lock-ba0ec0947155aa20.rlib" "/opt/rustwide/target/debug/deps/libhttparse-64f1ffbeda450424.rlib" "/opt/rustwide/target/debug/deps/libh2-ce3ac7c4be9e0869.rlib" "/opt/rustwide/target/debug/deps/libindexmap-8fc97cbaa956011a.rlib" "/opt/rustwide/target/debug/deps/libequivalent-daf5c71f5fc642dd.rlib" "/opt/rustwide/target/debug/deps/libhashbrown-3d9e58c92093ae49.rlib" "/opt/rustwide/target/debug/deps/libtokio_util-a865e1204a859fad.rlib" "/opt/rustwide/target/debug/deps/libtower_service-104d6e83d5ce383d.rlib" "/opt/rustwide/target/debug/deps/libhttp_body-3c42bd17f1cfc680.rlib" "/opt/rustwide/target/debug/deps/libfutures_util-0937b475760a3864.rlib" "/opt/rustwide/target/debug/deps/libmemchr-94009dd89ebb9d8d.rlib" "/opt/rustwide/target/debug/deps/libfutures_io-06ca5b85b7f1c406.rlib" "/opt/rustwide/target/debug/deps/libslab-6eb39baadbe9101c.rlib" "/opt/rustwide/target/debug/deps/libfutures_channel-a299c85500052389.rlib" "/opt/rustwide/target/debug/deps/libfutures_sink-8957e1e23a8e4733.rlib" "/opt/rustwide/target/debug/deps/libfutures_task-c1403167034c79e1.rlib" "/opt/rustwide/target/debug/deps/libpin_utils-741f7d9d160e4a16.rlib" "/opt/rustwide/target/debug/deps/libtokio-101571f151295972.rlib" "/opt/rustwide/target/debug/deps/libsignal_hook_registry-4537d93dfe483f1b.rlib" "/opt/rustwide/target/debug/deps/libnum_cpus-d4708e9618b376f9.rlib" "/opt/rustwide/target/debug/deps/libsocket2-0d88c912de52bbf6.rlib" "/opt/rustwide/target/debug/deps/libmio-8968d6dd6f9690eb.rlib" "/opt/rustwide/target/debug/deps/libparking_lot-a753e0f9a35f1d55.rlib" "/opt/rustwide/target/debug/deps/libparking_lot_core-f470c455380c2e9e.rlib" "/opt/rustwide/target/debug/deps/libsmallvec-19f6a51af3f3c214.rlib" "/opt/rustwide/target/debug/deps/liblock_api-2e3cdc36e2d071f0.rlib" "/opt/rustwide/target/debug/deps/libscopeguard-012e5ed929fc2fe6.rlib" "/opt/rustwide/target/debug/deps/libhttpdate-60c45fdec07c28d7.rlib" "/opt/rustwide/target/debug/deps/libhttp-087a4805b82b800b.rlib" "/opt/rustwide/target/debug/deps/libitoa-5f181af53b99b92c.rlib" "/opt/rustwide/target/debug/deps/libbytes-0a052f49710012b1.rlib" "/opt/rustwide/target/debug/deps/libfnv-18bf5144d055e772.rlib" "/opt/rustwide/target/debug/deps/libfutures_core-9cff0d103c3b3c9e.rlib" "/opt/rustwide/target/debug/deps/librand-6b1751f97fc780d8.rlib" "/opt/rustwide/target/debug/deps/librand_chacha-190d94af5566d2d7.rlib" "/opt/rustwide/target/debug/deps/libppv_lite86-9f808eb911999ef2.rlib" "/opt/rustwide/target/debug/deps/librand_core-6b5cc83d202a6ca4.rlib" "/opt/rustwide/target/debug/deps/libgetrandom-6f8cebb06b407ea9.rlib" "/opt/rustwide/target/debug/deps/liblibc-4f34ddd04c373408.rlib" "/opt/rustwide/target/debug/deps/libcfg_if-61dc7a6799e72b18.rlib" "/opt/rustwide/target/debug/deps/libtracing-f0d739a864924455.rlib" "/opt/rustwide/target/debug/deps/liblog-e491f2c1d0b13538.rlib" "/opt/rustwide/target/debug/deps/libpin_project_lite-e0757e0deaa2f8a0.rlib" "/opt/rustwide/target/debug/deps/libtracing_core-b9b83a99752e221d.rlib" "/opt/rustwide/target/debug/deps/libonce_cell-63be820ac0ed0954.rlib" "/opt/rustwide/rustup-home/toolchains/1.75.0-x86_64-unknown-linux-gnu/lib/rustlib/x86_64-unknown-linux-gnu/lib/libstd-90f6ddbf82de36ec.rlib" "/opt/rustwide/rustup-home/toolchains/1.75.0-x86_64-unknown-linux-gnu/lib/rustlib/x86_64-unknown-linux-gnu/lib/libpanic_unwind-480c41e9d4e1f677.rlib" "/opt/rustwide/rustup-home/toolchains/1.75.0-x86_64-unknown-linux-gnu/lib/rustlib/x86_64-unknown-linux-gnu/lib/libobject-db744c0ca03eed1d.rlib" "/opt/rustwide/rustup-home/toolchains/1.75.0-x86_64-unknown-linux-gnu/lib/rustlib/x86_64-unknown-linux-gnu/lib/libmemchr-8ba652dc7d4b285a.rlib" "/opt/rustwide/rustup-home/toolchains/1.75.0-x86_64-unknown-linux-gnu/lib/rustlib/x86_64-unknown-linux-gnu/lib/libaddr2line-d5f4520a9ebc0d58.rlib" "/opt/rustwide/rustup-home/toolchains/1.75.0-x86_64-unknown-linux-gnu/lib/rustlib/x86_64-unknown-linux-gnu/lib/libgimli-4ad84de58f0cb463.rlib" "/opt/rustwide/rustup-home/toolchains/1.75.0-x86_64-unknown-linux-gnu/lib/rustlib/x86_64-unknown-linux-gnu/lib/librustc_demangle-0d10aae2e0f38735.rlib" "/opt/rustwide/rustup-home/toolchains/1.75.0-x86_64-unknown-linux-gnu/lib/rustlib/x86_64-unknown-linux-gnu/lib/libstd_detect-0c17cff739e6745b.rlib" "/opt/rustwide/rustup-home/toolchains/1.75.0-x86_64-unknown-linux-gnu/lib/rustlib/x86_64-unknown-linux-gnu/lib/libhashbrown-b29e17139dde1aa8.rlib" "/opt/rustwide/rustup-home/toolchains/1.75.0-x86_64-unknown-linux-gnu/lib/rustlib/x86_64-unknown-linux-gnu/lib/librustc_std_workspace_alloc-1f975299829cc7bd.rlib" "/opt/rustwide/rustup-home/toolchains/1.75.0-x86_64-unknown-linux-gnu/lib/rustlib/x86_64-unknown-linux-gnu/lib/libminiz_oxide-86bae3bc3079f89b.rlib" "/opt/rustwide/rustup-home/toolchains/1.75.0-x86_64-unknown-linux-gnu/lib/rustlib/x86_64-unknown-linux-gnu/lib/libadler-321b82c30dffdf5f.rlib" "/opt/rustwide/rustup-home/toolchains/1.75.0-x86_64-unknown-linux-gnu/lib/rustlib/x86_64-unknown-linux-gnu/lib/libunwind-3dd8a6810a0bdfef.rlib" "/opt/rustwide/rustup-home/toolchains/1.75.0-x86_64-unknown-linux-gnu/lib/rustlib/x86_64-unknown-linux-gnu/lib/libcfg_if-eb39a61c0c879984.rlib" "/opt/rustwide/rustup-home/toolchains/1.75.0-x86_64-unknown-linux-gnu/lib/rustlib/x86_64-unknown-linux-gnu/lib/liblibc-aa769569f91c3548.rlib" "/opt/rustwide/rustup-home/toolchains/1.75.0-x86_64-unknown-linux-gnu/lib/rustlib/x86_64-unknown-linux-gnu/lib/liballoc-510a192a50a983ed.rlib" "/opt/rustwide/rustup-home/toolchains/1.75.0-x86_64-unknown-linux-gnu/lib/rustlib/x86_64-unknown-linux-gnu/lib/librustc_std_workspace_core-0577018320f99037.rlib" "/opt/rustwide/rustup-home/toolchains/1.75.0-x86_64-unknown-linux-gnu/lib/rustlib/x86_64-unknown-linux-gnu/lib/libcore-193cf992125ccd4c.rlib" "/opt/rustwide/rustup-home/toolchains/1.75.0-x86_64-unknown-linux-gnu/lib/rustlib/x86_64-unknown-linux-gnu/lib/libcompiler_builtins-8e138eaf26ebb4a8.rlib" "-Wl,-Bdynamic" "-lgcc_s" "-lutil" "-lrt" "-lpthread" "-lm" "-ldl" "-lc" "-Wl,--eh-frame-hdr" "-Wl,-z,noexecstack" "-L" "/opt/rustwide/rustup-home/toolchains/1.75.0-x86_64-unknown-linux-gnu/lib/rustlib/x86_64-unknown-linux-gnu/lib" "-o" "/opt/rustwide/target/debug/deps/kubernetes-86c6bb9073b4bd5f" "-Wl,--gc-sections" "-pie" "-Wl,-z,relro,-z,now" "-nodefaultlibs"
[INFO] [stdout]   = note: collect2: fatal error: ld terminated with signal 9 [Killed]
[INFO] [stdout]           compilation terminated.
[INFO] [stdout]           
[INFO] [stdout] 
[INFO] [stdout] 
[INFO] [stdout] error: aborting due to previous error; 2 warnings emitted
[INFO] [stdout] 
[INFO] [stdout] 
[INFO] [stderr] error: could not compile `vaultrs` (test "kubernetes") due to 2 previous errors; 2 warnings emitted
[INFO] [stdout] warning: 2 warnings emitted
[INFO] [stdout] 
[INFO] [stdout] 
[INFO] [stdout] warning: 2 warnings emitted
[INFO] [stdout] 
[INFO] [stdout] 
[INFO] running `Command { std: "docker" "inspect" "a656f59d43083f33ff78bead50ea961ac292c02256e771ce38f150e21fb14e29", kill_on_drop: false }`
[INFO] running `Command { std: "docker" "rm" "-f" "a656f59d43083f33ff78bead50ea961ac292c02256e771ce38f150e21fb14e29", kill_on_drop: false }`
[INFO] [stdout] a656f59d43083f33ff78bead50ea961ac292c02256e771ce38f150e21fb14e29
[INFO] testing vaultrs-0.7.0 against beta-2023-12-22 for beta-1.76-1
[INFO] extracting crate vaultrs 0.7.0 into /workspace/builds/worker-3-tc2/source
[INFO] validating manifest of crates.io crate vaultrs 0.7.0 on toolchain beta-2023-12-22
[INFO] running `Command { std: CARGO_HOME="/workspace/cargo-home" RUSTUP_HOME="/workspace/rustup-home" "/workspace/cargo-home/bin/cargo" "+beta-2023-12-22" "metadata" "--manifest-path" "Cargo.toml" "--no-deps", kill_on_drop: false }`
[INFO] started tweaking crates.io crate vaultrs 0.7.0
[INFO] finished tweaking crates.io crate vaultrs 0.7.0
[INFO] tweaked toml for crates.io crate vaultrs 0.7.0 written to /workspace/builds/worker-3-tc2/source/Cargo.toml
[INFO] running `Command { std: CARGO_HOME="/workspace/cargo-home" RUSTUP_HOME="/workspace/rustup-home" "/workspace/cargo-home/bin/cargo" "+beta-2023-12-22" "generate-lockfile" "--manifest-path" "Cargo.toml", kill_on_drop: false }`
[INFO] [stderr]     Updating crates.io index
[INFO] running `Command { std: CARGO_HOME="/workspace/cargo-home" RUSTUP_HOME="/workspace/rustup-home" "/workspace/cargo-home/bin/cargo" "+beta-2023-12-22" "fetch" "--manifest-path" "Cargo.toml", kill_on_drop: false }`
[INFO] running `Command { std: "docker" "create" "-v" "/var/lib/crater-agent-workspace/builds/worker-3-tc2/target:/opt/rustwide/target:rw,Z" "-v" "/var/lib/crater-agent-workspace/builds/worker-3-tc2/source:/opt/rustwide/workdir:ro,Z" "-v" "/var/lib/crater-agent-workspace/cargo-home:/opt/rustwide/cargo-home:ro,Z" "-v" "/var/lib/crater-agent-workspace/rustup-home:/opt/rustwide/rustup-home:ro,Z" "-e" "SOURCE_DIR=/opt/rustwide/workdir" "-e" "CARGO_TARGET_DIR=/opt/rustwide/target" "-e" "CARGO_HOME=/opt/rustwide/cargo-home" "-e" "RUSTUP_HOME=/opt/rustwide/rustup-home" "-w" "/opt/rustwide/workdir" "-m" "1610612736" "--user" "0:0" "--network" "none" "ghcr.io/rust-lang/crates-build-env/linux@sha256:2788e3201cd34a07e3172128adcd8b3090168a8e3bcc40d7c032b9dda1df7d1c" "/opt/rustwide/cargo-home/bin/cargo" "+beta-2023-12-22" "metadata" "--no-deps" "--format-version=1", kill_on_drop: false }`
[INFO] [stdout] 3d3fe7eeb441cbdf0962a7445ab10db770f829f9e1fa25fdff3e54df9c4a3835
[INFO] running `Command { std: "docker" "start" "-a" "3d3fe7eeb441cbdf0962a7445ab10db770f829f9e1fa25fdff3e54df9c4a3835", kill_on_drop: false }`
[INFO] running `Command { std: "docker" "inspect" "3d3fe7eeb441cbdf0962a7445ab10db770f829f9e1fa25fdff3e54df9c4a3835", kill_on_drop: false }`
[INFO] running `Command { std: "docker" "rm" "-f" "3d3fe7eeb441cbdf0962a7445ab10db770f829f9e1fa25fdff3e54df9c4a3835", kill_on_drop: false }`
[INFO] [stdout] 3d3fe7eeb441cbdf0962a7445ab10db770f829f9e1fa25fdff3e54df9c4a3835
[INFO] running `Command { std: "docker" "create" "-v" "/var/lib/crater-agent-workspace/builds/worker-3-tc2/target:/opt/rustwide/target:rw,Z" "-v" "/var/lib/crater-agent-workspace/builds/worker-3-tc2/source:/opt/rustwide/workdir:ro,Z" "-v" "/var/lib/crater-agent-workspace/cargo-home:/opt/rustwide/cargo-home:ro,Z" "-v" "/var/lib/crater-agent-workspace/rustup-home:/opt/rustwide/rustup-home:ro,Z" "-e" "SOURCE_DIR=/opt/rustwide/workdir" "-e" "CARGO_TARGET_DIR=/opt/rustwide/target" "-e" "CARGO_INCREMENTAL=0" "-e" "RUST_BACKTRACE=full" "-e" "RUSTFLAGS=--cap-lints=warn" "-e" "RUSTDOCFLAGS=--cap-lints=warn" "-e" "CARGO_HOME=/opt/rustwide/cargo-home" "-e" "RUSTUP_HOME=/opt/rustwide/rustup-home" "-w" "/opt/rustwide/workdir" "-m" "1610612736" "--user" "0:0" "--network" "none" "ghcr.io/rust-lang/crates-build-env/linux@sha256:2788e3201cd34a07e3172128adcd8b3090168a8e3bcc40d7c032b9dda1df7d1c" "/opt/rustwide/cargo-home/bin/cargo" "+beta-2023-12-22" "build" "--frozen" "--message-format=json", kill_on_drop: false }`
[INFO] [stdout] c7240429d8bdc94360d142bb4a1a258be6e44fb9692c2f532b4dcbc7ac98f33a
[INFO] running `Command { std: "docker" "start" "-a" "c7240429d8bdc94360d142bb4a1a258be6e44fb9692c2f532b4dcbc7ac98f33a", kill_on_drop: false }`
[INFO] [stderr]    Compiling libc v0.2.151
[INFO] [stderr]    Compiling fnv v1.0.7
[INFO] [stderr]    Compiling parking_lot_core v0.9.9
[INFO] [stderr]    Compiling syn v1.0.109
[INFO] [stderr]    Compiling bytes v1.5.0
[INFO] [stderr]    Compiling memchr v2.7.1
[INFO] [stderr]    Compiling smallvec v1.11.2
[INFO] [stderr]    Compiling log v0.4.20
[INFO] [stderr]    Compiling slab v0.4.9
[INFO] [stderr]    Compiling untrusted v0.9.0
[INFO] [stderr]    Compiling spin v0.9.8
[INFO] [stderr]    Compiling syn v2.0.48
[INFO] [stderr]    Compiling futures-sink v0.3.30
[INFO] [stderr]    Compiling futures-core v0.3.30
[INFO] [stderr]    Compiling tracing-core v0.1.32
[INFO] [stderr]    Compiling httparse v1.8.0
[INFO] [stderr]    Compiling futures-io v0.3.30
[INFO] [stderr]    Compiling ident_case v1.0.1
[INFO] [stderr]    Compiling percent-encoding v2.3.1
[INFO] [stderr]    Compiling futures-channel v0.3.30
[INFO] [stderr]    Compiling rustls v0.21.10
[INFO] [stderr]    Compiling strsim v0.10.0
[INFO] [stderr]    Compiling futures-task v0.3.30
[INFO] [stderr]    Compiling form_urlencoded v1.2.1
[INFO] [stderr]    Compiling try-lock v0.2.5
[INFO] [stderr]    Compiling unicode-normalization v0.1.22
[INFO] [stderr]    Compiling want v0.3.1
[INFO] [stderr]    Compiling unicode-bidi v0.3.14
[INFO] [stderr]    Compiling regex-syntax v0.8.2
[INFO] [stderr]    Compiling tower-service v0.3.2
[INFO] [stderr]    Compiling httpdate v1.0.3
[INFO] [stderr]    Compiling base64 v0.21.5
[INFO] [stderr]    Compiling anyhow v1.0.79
[INFO] [stderr]    Compiling async-trait v0.1.77
[INFO] [stderr]    Compiling http v0.2.11
[INFO] [stderr]    Compiling unicode-xid v0.2.4
[INFO] [stderr]    Compiling webpki-roots v0.25.3
[INFO] [stderr]    Compiling aho-corasick v1.1.2
[INFO] [stderr]    Compiling rustls-pemfile v1.0.4
[INFO] [stderr]    Compiling mime v0.3.17
[INFO] [stderr]    Compiling idna v0.5.0
[INFO] [stderr]    Compiling ipnet v2.9.0
[INFO] [stderr]    Compiling url v2.5.0
[INFO] [stderr]    Compiling http-body v0.4.6
[INFO] [stderr]    Compiling cc v1.0.83
[INFO] [stderr]    Compiling signal-hook-registry v1.4.1
[INFO] [stderr]    Compiling getrandom v0.2.11
[INFO] [stderr]    Compiling num_cpus v1.16.0
[INFO] [stderr]    Compiling socket2 v0.5.5
[INFO] [stderr]    Compiling mio v0.8.10
[INFO] [stderr]    Compiling parking_lot v0.12.1
[INFO] [stderr]    Compiling regex-automata v0.4.3
[INFO] [stderr]    Compiling ring v0.17.7
[INFO] [stderr]    Compiling darling_core v0.14.4
[INFO] [stderr]    Compiling synstructure v0.12.6
[INFO] [stderr]    Compiling tokio-macros v2.2.0
[INFO] [stderr]    Compiling tracing-attributes v0.1.27
[INFO] [stderr]    Compiling futures-macro v0.3.30
[INFO] [stderr]    Compiling serde_derive v1.0.194
[INFO] [stderr]    Compiling thiserror-impl v1.0.56
[INFO] [stderr]    Compiling regex v1.10.2
[INFO] [stderr]    Compiling tokio v1.35.1
[INFO] [stderr]    Compiling futures-util v0.3.30
[INFO] [stderr]    Compiling darling_macro v0.14.4
[INFO] [stderr]    Compiling tracing v0.1.40
[INFO] [stderr]    Compiling thiserror v1.0.56
[INFO] [stderr]    Compiling darling v0.14.4
[INFO] [stderr]    Compiling derive_builder_core v0.12.0
[INFO] [stderr]    Compiling rustls-webpki v0.101.7
[INFO] [stderr]    Compiling sct v0.7.1
[INFO] [stderr]    Compiling derive_builder_macro v0.12.0
[INFO] [stderr]    Compiling serde v1.0.194
[INFO] [stderr]    Compiling derive_builder v0.12.0
[INFO] [stderr]    Compiling tokio-util v0.7.10
[INFO] [stderr]    Compiling tokio-rustls v0.24.1
[INFO] [stderr]    Compiling h2 v0.3.22
[INFO] [stderr]    Compiling serde_urlencoded v0.7.1
[INFO] [stderr]    Compiling serde_json v1.0.111
[INFO] [stderr]    Compiling rustify_derive v0.5.2
[INFO] [stderr]    Compiling hyper v0.14.28
[INFO] [stderr]    Compiling hyper-rustls v0.24.2
[INFO] [stderr]    Compiling reqwest v0.11.23
[INFO] [stderr]    Compiling rustify v0.5.3
[INFO] [stderr]    Compiling vaultrs v0.7.0 (/opt/rustwide/workdir)
[INFO] [stderr]     Finished dev [unoptimized + debuginfo] target(s) in 27.38s
[INFO] running `Command { std: "docker" "inspect" "c7240429d8bdc94360d142bb4a1a258be6e44fb9692c2f532b4dcbc7ac98f33a", kill_on_drop: false }`
[INFO] running `Command { std: "docker" "rm" "-f" "c7240429d8bdc94360d142bb4a1a258be6e44fb9692c2f532b4dcbc7ac98f33a", kill_on_drop: false }`
[INFO] [stdout] c7240429d8bdc94360d142bb4a1a258be6e44fb9692c2f532b4dcbc7ac98f33a
[INFO] running `Command { std: "docker" "create" "-v" "/var/lib/crater-agent-workspace/builds/worker-3-tc2/target:/opt/rustwide/target:rw,Z" "-v" "/var/lib/crater-agent-workspace/builds/worker-3-tc2/source:/opt/rustwide/workdir:ro,Z" "-v" "/var/lib/crater-agent-workspace/cargo-home:/opt/rustwide/cargo-home:ro,Z" "-v" "/var/lib/crater-agent-workspace/rustup-home:/opt/rustwide/rustup-home:ro,Z" "-e" "SOURCE_DIR=/opt/rustwide/workdir" "-e" "CARGO_TARGET_DIR=/opt/rustwide/target" "-e" "CARGO_INCREMENTAL=0" "-e" "RUST_BACKTRACE=full" "-e" "RUSTFLAGS=--cap-lints=warn" "-e" "RUSTDOCFLAGS=--cap-lints=warn" "-e" "CARGO_HOME=/opt/rustwide/cargo-home" "-e" "RUSTUP_HOME=/opt/rustwide/rustup-home" "-w" "/opt/rustwide/workdir" "-m" "1610612736" "--user" "0:0" "--network" "none" "ghcr.io/rust-lang/crates-build-env/linux@sha256:2788e3201cd34a07e3172128adcd8b3090168a8e3bcc40d7c032b9dda1df7d1c" "/opt/rustwide/cargo-home/bin/cargo" "+beta-2023-12-22" "test" "--frozen" "--no-run" "--message-format=json", kill_on_drop: false }`
[INFO] [stdout] b520d3ceb3c847047f7ef12cf06a48b91682b391184ad13363f8a9aa16d7ee68
[INFO] running `Command { std: "docker" "start" "-a" "b520d3ceb3c847047f7ef12cf06a48b91682b391184ad13363f8a9aa16d7ee68", kill_on_drop: false }`
[INFO] [stderr]    Compiling aho-corasick v1.1.2
[INFO] [stderr]    Compiling typenum v1.17.0
[INFO] [stderr]    Compiling regex-syntax v0.8.2
[INFO] [stderr]    Compiling generic-array v0.14.7
[INFO] [stderr]    Compiling darling_core v0.13.4
[INFO] [stderr]    Compiling rustix v0.38.28
[INFO] [stderr]    Compiling linux-raw-sys v0.4.12
[INFO] [stderr]    Compiling bitflags v2.4.1
[INFO] [stderr]    Compiling pin-project-internal v1.1.3
[INFO] [stderr]    Compiling regex-syntax v0.6.29
[INFO] [stderr]    Compiling futures-executor v0.3.30
[INFO] [stderr]    Compiling rand_core v0.6.4
[INFO] [stderr]    Compiling overload v0.1.1
[INFO] [stderr]    Compiling hex v0.4.3
[INFO] [stderr]    Compiling subtle v2.5.0
[INFO] [stderr]    Compiling base64 v0.13.1
[INFO] [stderr]    Compiling nu-ansi-term v0.46.0
[INFO] [stderr]    Compiling rand_chacha v0.3.1
[INFO] [stderr]    Compiling futures v0.3.30
[INFO] [stderr]    Compiling dockertest v0.3.1
[INFO] [stderr]    Compiling derive_builder_core v0.11.2
[INFO] [stderr]    Compiling sharded-slab v0.1.7
[INFO] [stderr]    Compiling tracing-log v0.2.0
[INFO] [stderr]    Compiling thread_local v1.1.7
[INFO] [stderr]    Compiling zeroize v1.7.0
[INFO] [stderr]    Compiling rand v0.8.5
[INFO] [stderr]    Compiling async-stream-impl v0.3.5
[INFO] [stderr]    Compiling secrecy v0.8.0
[INFO] [stderr]    Compiling termcolor v1.4.0
[INFO] [stderr]    Compiling fastrand v2.0.1
[INFO] [stderr]    Compiling rustc-hash v1.1.0
[INFO] [stderr]    Compiling dyn-clone v1.0.16
[INFO] [stderr]    Compiling cpufeatures v0.2.12
[INFO] [stderr]    Compiling humantime v2.1.0
[INFO] [stderr]    Compiling type-map v0.5.0
[INFO] [stderr]    Compiling tokio-stream v0.1.14
[INFO] [stderr]    Compiling tracing-test-macro v0.2.4
[INFO] [stderr]    Compiling dashmap v5.5.3
[INFO] [stderr]    Compiling serial_test_derive v1.0.0
[INFO] [stderr]    Compiling test-log-macros v0.2.14
[INFO] [stderr]    Compiling data-encoding v2.5.0
[INFO] [stderr]    Compiling async-stream v0.3.5
[INFO] [stderr]    Compiling derive_builder_macro v0.11.2
[INFO] [stderr]    Compiling tokio-test v0.4.3
[INFO] [stderr]    Compiling regex-automata v0.1.10
[INFO] [stderr]    Compiling pin-project v1.1.3
[INFO] [stderr]    Compiling serial_test v1.0.0
[INFO] [stderr]    Compiling hyperlocal v0.8.0
[INFO] [stderr]    Compiling crypto-common v0.1.6
[INFO] [stderr]    Compiling block-buffer v0.10.4
[INFO] [stderr]    Compiling regex-automata v0.4.3
[INFO] [stderr]    Compiling derive_builder v0.11.2
[INFO] [stderr]    Compiling digest v0.10.7
[INFO] [stderr]    Compiling darling_macro v0.13.4
[INFO] [stderr]    Compiling sha2 v0.10.8
[INFO] [stderr]    Compiling hmac v0.12.1
[INFO] [stderr]    Compiling matchers v0.1.0
[INFO] [stderr]    Compiling jwt v0.16.0
[INFO] [stderr]    Compiling is-terminal v0.4.10
[INFO] [stderr]    Compiling tempfile v3.9.0
[INFO] [stderr]    Compiling darling v0.13.4
[INFO] [stderr]    Compiling serde_with_macros v1.5.2
[INFO] [stderr]    Compiling serde_with v1.14.0
[INFO] [stderr]    Compiling regex v1.10.2
[INFO] [stderr]    Compiling tracing-subscriber v0.3.18
[INFO] [stderr]    Compiling env_logger v0.10.1
[INFO] [stderr]    Compiling bollard-stubs v1.42.0-rc.3
[INFO] [stderr]    Compiling rustify_derive v0.5.2
[INFO] [stderr]    Compiling test-log v0.2.14
[INFO] [stderr]    Compiling tracing-test v0.2.4
[INFO] [stderr]    Compiling rustify v0.5.3
[INFO] [stderr]    Compiling vaultrs v0.7.0 (/opt/rustwide/workdir)
[INFO] [stderr]    Compiling bollard v0.13.0
[INFO] [stderr]    Compiling dockertest-server v0.1.7
[INFO] [stdout] warning: unused import: `LocalStackServer`
[INFO] [stdout]  --> tests/common.rs:2:57
[INFO] [stdout]   |
[INFO] [stdout] 2 | pub use dockertest_server::servers::cloud::localstack::{LocalStackServer, LocalStackServerConfig};
[INFO] [stdout]   |                                                         ^^^^^^^^^^^^^^^^
[INFO] [stdout]   |
[INFO] [stdout]   = note: `#[warn(unused_imports)]` on by default
[INFO] [stdout] 
[INFO] [stdout] 
[INFO] [stdout] warning: unused import: `PostgresServer`
[INFO] [stdout]  --> tests/common.rs:3:58
[INFO] [stdout]   |
[INFO] [stdout] 3 | pub use dockertest_server::servers::database::postgres::{PostgresServer, PostgresServerConfig};
[INFO] [stdout]   |                                                          ^^^^^^^^^^^^^^
[INFO] [stdout] 
[INFO] [stdout] 
[INFO] [stdout] warning: unused import: `LocalStackServer`
[INFO] [stdout]  --> tests/common.rs:2:57
[INFO] [stdout]   |
[INFO] [stdout] 2 | pub use dockertest_server::servers::cloud::localstack::{LocalStackServer, LocalStackServerConfig};
[INFO] [stdout]   |                                                         ^^^^^^^^^^^^^^^^
[INFO] [stdout]   |
[INFO] [stdout]   = note: `#[warn(unused_imports)]` on by default
[INFO] [stdout] 
[INFO] [stdout] 
[INFO] [stdout] warning: unused import: `LocalStackServer`
[INFO] [stdout]  --> tests/common.rs:2:57
[INFO] [stdout]   |
[INFO] [stdout] 2 | pub use dockertest_server::servers::cloud::localstack::{LocalStackServer, LocalStackServerConfig};
[INFO] [stdout]   |                                                         ^^^^^^^^^^^^^^^^
[INFO] [stdout]   |
[INFO] [stdout]   = note: `#[warn(unused_imports)]` on by default
[INFO] [stdout] 
[INFO] [stdout] 
[INFO] [stdout] warning: unused import: `PostgresServer`
[INFO] [stdout]  --> tests/common.rs:3:58
[INFO] [stdout]   |
[INFO] [stdout] 3 | pub use dockertest_server::servers::database::postgres::{PostgresServer, PostgresServerConfig};
[INFO] [stdout]   |                                                          ^^^^^^^^^^^^^^
[INFO] [stdout] 
[INFO] [stdout] 
[INFO] [stdout] warning: unused import: `LocalStackServer`
[INFO] [stdout]  --> tests/common.rs:2:57
[INFO] [stdout]   |
[INFO] [stdout] 2 | pub use dockertest_server::servers::cloud::localstack::{LocalStackServer, LocalStackServerConfig};
[INFO] [stdout]   |                                                         ^^^^^^^^^^^^^^^^
[INFO] [stdout]   |
[INFO] [stdout]   = note: `#[warn(unused_imports)]` on by default
[INFO] [stdout] 
[INFO] [stdout] 
[INFO] [stdout] warning: unused import: `PostgresServer`
[INFO] [stdout]  --> tests/common.rs:3:58
[INFO] [stdout]   |
[INFO] [stdout] 3 | pub use dockertest_server::servers::database::postgres::{PostgresServer, PostgresServerConfig};
[INFO] [stdout]   |                                                          ^^^^^^^^^^^^^^
[INFO] [stdout] 
[INFO] [stdout] 
[INFO] [stdout] warning: unused import: `LocalStackServer`
[INFO] [stdout]  --> tests/common.rs:2:57
[INFO] [stdout]   |
[INFO] [stdout] 2 | pub use dockertest_server::servers::cloud::localstack::{LocalStackServer, LocalStackServerConfig};
[INFO] [stdout]   |                                                         ^^^^^^^^^^^^^^^^
[INFO] [stdout]   |
[INFO] [stdout]   = note: `#[warn(unused_imports)]` on by default
[INFO] [stdout] 
[INFO] [stdout] 
[INFO] [stdout] warning: unused import: `PostgresServer`
[INFO] [stdout]  --> tests/common.rs:3:58
[INFO] [stdout]   |
[INFO] [stdout] 3 | pub use dockertest_server::servers::database::postgres::{PostgresServer, PostgresServerConfig};
[INFO] [stdout]   |                                                          ^^^^^^^^^^^^^^
[INFO] [stdout] 
[INFO] [stdout] 
[INFO] [stdout] warning: unused import: `LocalStackServer`
[INFO] [stdout]  --> tests/common.rs:2:57
[INFO] [stdout]   |
[INFO] [stdout] 2 | pub use dockertest_server::servers::cloud::localstack::{LocalStackServer, LocalStackServerConfig};
[INFO] [stdout]   |                                                         ^^^^^^^^^^^^^^^^
[INFO] [stdout]   |
[INFO] [stdout]   = note: `#[warn(unused_imports)]` on by default
[INFO] [stdout] 
[INFO] [stdout] 
[INFO] [stdout] warning: unused import: `PostgresServer`
[INFO] [stdout]  --> tests/common.rs:3:58
[INFO] [stdout]   |
[INFO] [stdout] 3 | pub use dockertest_server::servers::database::postgres::{PostgresServer, PostgresServerConfig};
[INFO] [stdout]   |                                                          ^^^^^^^^^^^^^^
[INFO] [stdout] 
[INFO] [stdout] 
[INFO] [stdout] warning: unused import: `LocalStackServer`
[INFO] [stdout]  --> tests/common.rs:2:57
[INFO] [stdout]   |
[INFO] [stdout] 2 | pub use dockertest_server::servers::cloud::localstack::{LocalStackServer, LocalStackServerConfig};
[INFO] [stdout]   |                                                         ^^^^^^^^^^^^^^^^
[INFO] [stdout]   |
[INFO] [stdout]   = note: `#[warn(unused_imports)]` on by default
[INFO] [stdout] 
[INFO] [stdout] 
[INFO] [stdout] warning: unused import: `PostgresServer`
[INFO] [stdout]  --> tests/common.rs:3:58
[INFO] [stdout]   |
[INFO] [stdout] 3 | pub use dockertest_server::servers::database::postgres::{PostgresServer, PostgresServerConfig};
[INFO] [stdout]   |                                                          ^^^^^^^^^^^^^^
[INFO] [stdout] 
[INFO] [stdout] 
[INFO] [stdout] warning: unused import: `LocalStackServer`
[INFO] [stdout]  --> tests/common.rs:2:57
[INFO] [stdout]   |
[INFO] [stdout] 2 | pub use dockertest_server::servers::cloud::localstack::{LocalStackServer, LocalStackServerConfig};
[INFO] [stdout]   |                                                         ^^^^^^^^^^^^^^^^
[INFO] [stdout]   |
[INFO] [stdout]   = note: `#[warn(unused_imports)]` on by default
[INFO] [stdout] 
[INFO] [stdout] 
[INFO] [stdout] warning: unused import: `PostgresServer`
[INFO] [stdout]  --> tests/common.rs:3:58
[INFO] [stdout]   |
[INFO] [stdout] 3 | pub use dockertest_server::servers::database::postgres::{PostgresServer, PostgresServerConfig};
[INFO] [stdout]   |                                                          ^^^^^^^^^^^^^^
[INFO] [stdout] 
[INFO] [stdout] 
[INFO] [stdout] warning: unused import: `LocalStackServer`
[INFO] [stdout]  --> tests/common.rs:2:57
[INFO] [stdout]   |
[INFO] [stdout] 2 | pub use dockertest_server::servers::cloud::localstack::{LocalStackServer, LocalStackServerConfig};
[INFO] [stdout]   |                                                         ^^^^^^^^^^^^^^^^
[INFO] [stdout]   |
[INFO] [stdout]   = note: `#[warn(unused_imports)]` on by default
[INFO] [stdout] 
[INFO] [stdout] 
[INFO] [stdout] warning: unused import: `PostgresServer`
[INFO] [stdout]  --> tests/common.rs:3:58
[INFO] [stdout]   |
[INFO] [stdout] 3 | pub use dockertest_server::servers::database::postgres::{PostgresServer, PostgresServerConfig};
[INFO] [stdout]   |                                                          ^^^^^^^^^^^^^^
[INFO] [stdout]   |
[INFO] [stdout]   = note: `#[warn(unused_imports)]` on by default
[INFO] [stdout] 
[INFO] [stdout] 
[INFO] [stdout] warning: unused import: `PostgresServer`
[INFO] [stdout]  --> tests/common.rs:3:58
[INFO] [stdout]   |
[INFO] [stdout] 3 | pub use dockertest_server::servers::database::postgres::{PostgresServer, PostgresServerConfig};
[INFO] [stdout]   |                                                          ^^^^^^^^^^^^^^
[INFO] [stdout] 
[INFO] [stdout] 
[INFO] [stdout] warning: unused import: `LocalStackServer`
[INFO] [stdout]  --> tests/common.rs:2:57
[INFO] [stdout]   |
[INFO] [stdout] 2 | pub use dockertest_server::servers::cloud::localstack::{LocalStackServer, LocalStackServerConfig};
[INFO] [stdout]   |                                                         ^^^^^^^^^^^^^^^^
[INFO] [stdout]   |
[INFO] [stdout]   = note: `#[warn(unused_imports)]` on by default
[INFO] [stdout] 
[INFO] [stdout] 
[INFO] [stdout] warning: unused import: `PostgresServer`
[INFO] [stdout]  --> tests/common.rs:3:58
[INFO] [stdout]   |
[INFO] [stdout] 3 | pub use dockertest_server::servers::database::postgres::{PostgresServer, PostgresServerConfig};
[INFO] [stdout]   |                                                          ^^^^^^^^^^^^^^
[INFO] [stdout] 
[INFO] [stdout] 
[INFO] [stdout] warning: unused import: `LocalStackServer`
[INFO] [stdout]  --> tests/common.rs:2:57
[INFO] [stdout]   |
[INFO] [stdout] 2 | pub use dockertest_server::servers::cloud::localstack::{LocalStackServer, LocalStackServerConfig};
[INFO] [stdout]   |                                                         ^^^^^^^^^^^^^^^^
[INFO] [stdout]   |
[INFO] [stdout]   = note: `#[warn(unused_imports)]` on by default
[INFO] [stdout] 
[INFO] [stdout] 
[INFO] [stdout] warning: unused import: `PostgresServer`
[INFO] [stdout]  --> tests/common.rs:3:58
[INFO] [stdout]   |
[INFO] [stdout] 3 | pub use dockertest_server::servers::database::postgres::{PostgresServer, PostgresServerConfig};
[INFO] [stdout]   |                                                          ^^^^^^^^^^^^^^
[INFO] [stdout] 
[INFO] [stdout] 
[INFO] [stdout] warning: unused import: `LocalStackServer`
[INFO] [stdout]  --> tests/common.rs:2:57
[INFO] [stdout]   |
[INFO] [stdout] 2 | pub use dockertest_server::servers::cloud::localstack::{LocalStackServer, LocalStackServerConfig};
[INFO] [stdout]   |                                                         ^^^^^^^^^^^^^^^^
[INFO] [stdout]   |
[INFO] [stdout]   = note: `#[warn(unused_imports)]` on by default
[INFO] [stdout] 
[INFO] [stdout] 
[INFO] [stdout] warning: unused import: `PostgresServer`
[INFO] [stdout]  --> tests/common.rs:3:58
[INFO] [stdout]   |
[INFO] [stdout] 3 | pub use dockertest_server::servers::database::postgres::{PostgresServer, PostgresServerConfig};
[INFO] [stdout]   |                                                          ^^^^^^^^^^^^^^
[INFO] [stdout] 
[INFO] [stdout] 
[INFO] [stderr] error: could not compile `vaultrs` (lib test)
[INFO] [stderr] 
[INFO] [stderr] Caused by:
[INFO] [stderr]   process didn't exit successfully: `/opt/rustwide/rustup-home/toolchains/beta-2023-12-22-x86_64-unknown-linux-gnu/bin/rustc --crate-name vaultrs --edition=2018 src/lib.rs --error-format=json --json=diagnostic-rendered-ansi,artifacts,future-incompat --emit=dep-info,link -C embed-bitcode=no -C debuginfo=2 --test --cfg 'feature="default"' --cfg 'feature="rustls"' -C metadata=3956b8662cd03e76 -C extra-filename=-3956b8662cd03e76 --out-dir /opt/rustwide/target/debug/deps -L dependency=/opt/rustwide/target/debug/deps --extern async_trait=/opt/rustwide/target/debug/deps/libasync_trait-dbc0c96de77f4adb.so --extern base64=/opt/rustwide/target/debug/deps/libbase64-47ce12bf5fcc4351.rlib --extern bytes=/opt/rustwide/target/debug/deps/libbytes-d5ef6100ae69ca23.rlib --extern data_encoding=/opt/rustwide/target/debug/deps/libdata_encoding-0d6f0ae9219eabbd.rlib --extern derive_builder=/opt/rustwide/target/debug/deps/libderive_builder-0a3fecacc917d225.rlib --extern dockertest_server=/opt/rustwide/target/debug/deps/libdockertest_server-da0a309416cbaef2.rlib --extern env_logger=/opt/rustwide/target/debug/deps/libenv_logger-0e664ee8a8ad5db6.rlib --extern hmac=/opt/rustwide/target/debug/deps/libhmac-068abb98ff81a09a.rlib --extern http=/opt/rustwide/target/debug/deps/libhttp-fc2ed756fd650dd3.rlib --extern jwt=/opt/rustwide/target/debug/deps/libjwt-1edd55f27d98114d.rlib --extern reqwest=/opt/rustwide/target/debug/deps/libreqwest-79f222608ad1c2c0.rlib --extern rustify=/opt/rustwide/target/debug/deps/librustify-0a7706bc3353d043.rlib --extern rustify_derive=/opt/rustwide/target/debug/deps/librustify_derive-657587b98d4c0ab7.so --extern serde=/opt/rustwide/target/debug/deps/libserde-c57784dd3a27a94c.rlib --extern serde_json=/opt/rustwide/target/debug/deps/libserde_json-470d0f52725b2c76.rlib --extern serial_test=/opt/rustwide/target/debug/deps/libserial_test-75577d364e587e23.rlib --extern sha2=/opt/rustwide/target/debug/deps/libsha2-d464f42310e79334.rlib --extern test_log=/opt/rustwide/target/debug/deps/libtest_log-f31425e91c4d64fc.rlib --extern thiserror=/opt/rustwide/target/debug/deps/libthiserror-9e92442654f9ad90.rlib --extern tokio_test=/opt/rustwide/target/debug/deps/libtokio_test-5c0b12286e8203f0.rlib --extern tracing=/opt/rustwide/target/debug/deps/libtracing-885620f289bd282b.rlib --extern tracing_subscriber=/opt/rustwide/target/debug/deps/libtracing_subscriber-fdc89e93491ae886.rlib --extern tracing_test=/opt/rustwide/target/debug/deps/libtracing_test-6a080ff84ba04275.rlib --extern url=/opt/rustwide/target/debug/deps/liburl-5bc26e3f04caa07a.rlib --cap-lints=warn -L native=/opt/rustwide/target/debug/build/ring-d74758becb065d1b/out` (signal: 9, SIGKILL: kill)
[INFO] [stderr] warning: build failed, waiting for other jobs to finish...
[INFO] [stderr] error: could not compile `vaultrs` (test "userpass"); 2 warnings emitted
[INFO] [stderr] 
[INFO] [stderr] Caused by:
[INFO] [stderr]   process didn't exit successfully: `/opt/rustwide/rustup-home/toolchains/beta-2023-12-22-x86_64-unknown-linux-gnu/bin/rustc --crate-name userpass --edition=2018 tests/userpass.rs --error-format=json --json=diagnostic-rendered-ansi,artifacts,future-incompat --emit=dep-info,link -C embed-bitcode=no -C debuginfo=2 --test --cfg 'feature="default"' --cfg 'feature="rustls"' -C metadata=f04c545d73e048de -C extra-filename=-f04c545d73e048de --out-dir /opt/rustwide/target/debug/deps -L dependency=/opt/rustwide/target/debug/deps --extern async_trait=/opt/rustwide/target/debug/deps/libasync_trait-dbc0c96de77f4adb.so --extern base64=/opt/rustwide/target/debug/deps/libbase64-47ce12bf5fcc4351.rlib --extern bytes=/opt/rustwide/target/debug/deps/libbytes-d5ef6100ae69ca23.rlib --extern data_encoding=/opt/rustwide/target/debug/deps/libdata_encoding-0d6f0ae9219eabbd.rlib --extern derive_builder=/opt/rustwide/target/debug/deps/libderive_builder-0a3fecacc917d225.rlib --extern dockertest_server=/opt/rustwide/target/debug/deps/libdockertest_server-da0a309416cbaef2.rlib --extern env_logger=/opt/rustwide/target/debug/deps/libenv_logger-0e664ee8a8ad5db6.rlib --extern hmac=/opt/rustwide/target/debug/deps/libhmac-068abb98ff81a09a.rlib --extern http=/opt/rustwide/target/debug/deps/libhttp-fc2ed756fd650dd3.rlib --extern jwt=/opt/rustwide/target/debug/deps/libjwt-1edd55f27d98114d.rlib --extern reqwest=/opt/rustwide/target/debug/deps/libreqwest-79f222608ad1c2c0.rlib --extern rustify=/opt/rustwide/target/debug/deps/librustify-0a7706bc3353d043.rlib --extern rustify_derive=/opt/rustwide/target/debug/deps/librustify_derive-657587b98d4c0ab7.so --extern serde=/opt/rustwide/target/debug/deps/libserde-c57784dd3a27a94c.rlib --extern serde_json=/opt/rustwide/target/debug/deps/libserde_json-470d0f52725b2c76.rlib --extern serial_test=/opt/rustwide/target/debug/deps/libserial_test-75577d364e587e23.rlib --extern sha2=/opt/rustwide/target/debug/deps/libsha2-d464f42310e79334.rlib --extern test_log=/opt/rustwide/target/debug/deps/libtest_log-f31425e91c4d64fc.rlib --extern thiserror=/opt/rustwide/target/debug/deps/libthiserror-9e92442654f9ad90.rlib --extern tokio_test=/opt/rustwide/target/debug/deps/libtokio_test-5c0b12286e8203f0.rlib --extern tracing=/opt/rustwide/target/debug/deps/libtracing-885620f289bd282b.rlib --extern tracing_subscriber=/opt/rustwide/target/debug/deps/libtracing_subscriber-fdc89e93491ae886.rlib --extern tracing_test=/opt/rustwide/target/debug/deps/libtracing_test-6a080ff84ba04275.rlib --extern url=/opt/rustwide/target/debug/deps/liburl-5bc26e3f04caa07a.rlib --extern vaultrs=/opt/rustwide/target/debug/deps/libvaultrs-dec6e2121eefbdd2.rlib --cap-lints=warn -L native=/opt/rustwide/target/debug/build/ring-d74758becb065d1b/out` (signal: 9, SIGKILL: kill)
[INFO] [stderr] error: could not compile `vaultrs` (test "sys"); 2 warnings emitted
[INFO] [stderr] 
[INFO] [stderr] Caused by:
[INFO] [stderr]   process didn't exit successfully: `/opt/rustwide/rustup-home/toolchains/beta-2023-12-22-x86_64-unknown-linux-gnu/bin/rustc --crate-name sys --edition=2018 tests/sys.rs --error-format=json --json=diagnostic-rendered-ansi,artifacts,future-incompat --emit=dep-info,link -C embed-bitcode=no -C debuginfo=2 --test --cfg 'feature="default"' --cfg 'feature="rustls"' -C metadata=79a5fc1d6aafa7d3 -C extra-filename=-79a5fc1d6aafa7d3 --out-dir /opt/rustwide/target/debug/deps -L dependency=/opt/rustwide/target/debug/deps --extern async_trait=/opt/rustwide/target/debug/deps/libasync_trait-dbc0c96de77f4adb.so --extern base64=/opt/rustwide/target/debug/deps/libbase64-47ce12bf5fcc4351.rlib --extern bytes=/opt/rustwide/target/debug/deps/libbytes-d5ef6100ae69ca23.rlib --extern data_encoding=/opt/rustwide/target/debug/deps/libdata_encoding-0d6f0ae9219eabbd.rlib --extern derive_builder=/opt/rustwide/target/debug/deps/libderive_builder-0a3fecacc917d225.rlib --extern dockertest_server=/opt/rustwide/target/debug/deps/libdockertest_server-da0a309416cbaef2.rlib --extern env_logger=/opt/rustwide/target/debug/deps/libenv_logger-0e664ee8a8ad5db6.rlib --extern hmac=/opt/rustwide/target/debug/deps/libhmac-068abb98ff81a09a.rlib --extern http=/opt/rustwide/target/debug/deps/libhttp-fc2ed756fd650dd3.rlib --extern jwt=/opt/rustwide/target/debug/deps/libjwt-1edd55f27d98114d.rlib --extern reqwest=/opt/rustwide/target/debug/deps/libreqwest-79f222608ad1c2c0.rlib --extern rustify=/opt/rustwide/target/debug/deps/librustify-0a7706bc3353d043.rlib --extern rustify_derive=/opt/rustwide/target/debug/deps/librustify_derive-657587b98d4c0ab7.so --extern serde=/opt/rustwide/target/debug/deps/libserde-c57784dd3a27a94c.rlib --extern serde_json=/opt/rustwide/target/debug/deps/libserde_json-470d0f52725b2c76.rlib --extern serial_test=/opt/rustwide/target/debug/deps/libserial_test-75577d364e587e23.rlib --extern sha2=/opt/rustwide/target/debug/deps/libsha2-d464f42310e79334.rlib --extern test_log=/opt/rustwide/target/debug/deps/libtest_log-f31425e91c4d64fc.rlib --extern thiserror=/opt/rustwide/target/debug/deps/libthiserror-9e92442654f9ad90.rlib --extern tokio_test=/opt/rustwide/target/debug/deps/libtokio_test-5c0b12286e8203f0.rlib --extern tracing=/opt/rustwide/target/debug/deps/libtracing-885620f289bd282b.rlib --extern tracing_subscriber=/opt/rustwide/target/debug/deps/libtracing_subscriber-fdc89e93491ae886.rlib --extern tracing_test=/opt/rustwide/target/debug/deps/libtracing_test-6a080ff84ba04275.rlib --extern url=/opt/rustwide/target/debug/deps/liburl-5bc26e3f04caa07a.rlib --extern vaultrs=/opt/rustwide/target/debug/deps/libvaultrs-dec6e2121eefbdd2.rlib --cap-lints=warn -L native=/opt/rustwide/target/debug/build/ring-d74758becb065d1b/out` (signal: 9, SIGKILL: kill)
[INFO] [stderr] error: could not compile `vaultrs` (test "kv1"); 2 warnings emitted
[INFO] [stderr] 
[INFO] [stderr] Caused by:
[INFO] [stderr]   process didn't exit successfully: `/opt/rustwide/rustup-home/toolchains/beta-2023-12-22-x86_64-unknown-linux-gnu/bin/rustc --crate-name kv1 --edition=2018 tests/kv1.rs --error-format=json --json=diagnostic-rendered-ansi,artifacts,future-incompat --emit=dep-info,link -C embed-bitcode=no -C debuginfo=2 --test --cfg 'feature="default"' --cfg 'feature="rustls"' -C metadata=9665a1eb1c9aaef4 -C extra-filename=-9665a1eb1c9aaef4 --out-dir /opt/rustwide/target/debug/deps -L dependency=/opt/rustwide/target/debug/deps --extern async_trait=/opt/rustwide/target/debug/deps/libasync_trait-dbc0c96de77f4adb.so --extern base64=/opt/rustwide/target/debug/deps/libbase64-47ce12bf5fcc4351.rlib --extern bytes=/opt/rustwide/target/debug/deps/libbytes-d5ef6100ae69ca23.rlib --extern data_encoding=/opt/rustwide/target/debug/deps/libdata_encoding-0d6f0ae9219eabbd.rlib --extern derive_builder=/opt/rustwide/target/debug/deps/libderive_builder-0a3fecacc917d225.rlib --extern dockertest_server=/opt/rustwide/target/debug/deps/libdockertest_server-da0a309416cbaef2.rlib --extern env_logger=/opt/rustwide/target/debug/deps/libenv_logger-0e664ee8a8ad5db6.rlib --extern hmac=/opt/rustwide/target/debug/deps/libhmac-068abb98ff81a09a.rlib --extern http=/opt/rustwide/target/debug/deps/libhttp-fc2ed756fd650dd3.rlib --extern jwt=/opt/rustwide/target/debug/deps/libjwt-1edd55f27d98114d.rlib --extern reqwest=/opt/rustwide/target/debug/deps/libreqwest-79f222608ad1c2c0.rlib --extern rustify=/opt/rustwide/target/debug/deps/librustify-0a7706bc3353d043.rlib --extern rustify_derive=/opt/rustwide/target/debug/deps/librustify_derive-657587b98d4c0ab7.so --extern serde=/opt/rustwide/target/debug/deps/libserde-c57784dd3a27a94c.rlib --extern serde_json=/opt/rustwide/target/debug/deps/libserde_json-470d0f52725b2c76.rlib --extern serial_test=/opt/rustwide/target/debug/deps/libserial_test-75577d364e587e23.rlib --extern sha2=/opt/rustwide/target/debug/deps/libsha2-d464f42310e79334.rlib --extern test_log=/opt/rustwide/target/debug/deps/libtest_log-f31425e91c4d64fc.rlib --extern thiserror=/opt/rustwide/target/debug/deps/libthiserror-9e92442654f9ad90.rlib --extern tokio_test=/opt/rustwide/target/debug/deps/libtokio_test-5c0b12286e8203f0.rlib --extern tracing=/opt/rustwide/target/debug/deps/libtracing-885620f289bd282b.rlib --extern tracing_subscriber=/opt/rustwide/target/debug/deps/libtracing_subscriber-fdc89e93491ae886.rlib --extern tracing_test=/opt/rustwide/target/debug/deps/libtracing_test-6a080ff84ba04275.rlib --extern url=/opt/rustwide/target/debug/deps/liburl-5bc26e3f04caa07a.rlib --extern vaultrs=/opt/rustwide/target/debug/deps/libvaultrs-dec6e2121eefbdd2.rlib --cap-lints=warn -L native=/opt/rustwide/target/debug/build/ring-d74758becb065d1b/out` (signal: 9, SIGKILL: kill)
[INFO] [stderr] error: could not compile `vaultrs` (test "approle"); 2 warnings emitted
[INFO] [stderr] 
[INFO] [stderr] Caused by:
[INFO] [stderr]   process didn't exit successfully: `/opt/rustwide/rustup-home/toolchains/beta-2023-12-22-x86_64-unknown-linux-gnu/bin/rustc --crate-name approle --edition=2018 tests/approle.rs --error-format=json --json=diagnostic-rendered-ansi,artifacts,future-incompat --emit=dep-info,link -C embed-bitcode=no -C debuginfo=2 --test --cfg 'feature="default"' --cfg 'feature="rustls"' -C metadata=aa0f55ef9508333a -C extra-filename=-aa0f55ef9508333a --out-dir /opt/rustwide/target/debug/deps -L dependency=/opt/rustwide/target/debug/deps --extern async_trait=/opt/rustwide/target/debug/deps/libasync_trait-dbc0c96de77f4adb.so --extern base64=/opt/rustwide/target/debug/deps/libbase64-47ce12bf5fcc4351.rlib --extern bytes=/opt/rustwide/target/debug/deps/libbytes-d5ef6100ae69ca23.rlib --extern data_encoding=/opt/rustwide/target/debug/deps/libdata_encoding-0d6f0ae9219eabbd.rlib --extern derive_builder=/opt/rustwide/target/debug/deps/libderive_builder-0a3fecacc917d225.rlib --extern dockertest_server=/opt/rustwide/target/debug/deps/libdockertest_server-da0a309416cbaef2.rlib --extern env_logger=/opt/rustwide/target/debug/deps/libenv_logger-0e664ee8a8ad5db6.rlib --extern hmac=/opt/rustwide/target/debug/deps/libhmac-068abb98ff81a09a.rlib --extern http=/opt/rustwide/target/debug/deps/libhttp-fc2ed756fd650dd3.rlib --extern jwt=/opt/rustwide/target/debug/deps/libjwt-1edd55f27d98114d.rlib --extern reqwest=/opt/rustwide/target/debug/deps/libreqwest-79f222608ad1c2c0.rlib --extern rustify=/opt/rustwide/target/debug/deps/librustify-0a7706bc3353d043.rlib --extern rustify_derive=/opt/rustwide/target/debug/deps/librustify_derive-657587b98d4c0ab7.so --extern serde=/opt/rustwide/target/debug/deps/libserde-c57784dd3a27a94c.rlib --extern serde_json=/opt/rustwide/target/debug/deps/libserde_json-470d0f52725b2c76.rlib --extern serial_test=/opt/rustwide/target/debug/deps/libserial_test-75577d364e587e23.rlib --extern sha2=/opt/rustwide/target/debug/deps/libsha2-d464f42310e79334.rlib --extern test_log=/opt/rustwide/target/debug/deps/libtest_log-f31425e91c4d64fc.rlib --extern thiserror=/opt/rustwide/target/debug/deps/libthiserror-9e92442654f9ad90.rlib --extern tokio_test=/opt/rustwide/target/debug/deps/libtokio_test-5c0b12286e8203f0.rlib --extern tracing=/opt/rustwide/target/debug/deps/libtracing-885620f289bd282b.rlib --extern tracing_subscriber=/opt/rustwide/target/debug/deps/libtracing_subscriber-fdc89e93491ae886.rlib --extern tracing_test=/opt/rustwide/target/debug/deps/libtracing_test-6a080ff84ba04275.rlib --extern url=/opt/rustwide/target/debug/deps/liburl-5bc26e3f04caa07a.rlib --extern vaultrs=/opt/rustwide/target/debug/deps/libvaultrs-dec6e2121eefbdd2.rlib --cap-lints=warn -L native=/opt/rustwide/target/debug/build/ring-d74758becb065d1b/out` (signal: 9, SIGKILL: kill)
[INFO] [stderr] error: could not compile `vaultrs` (test "token"); 2 warnings emitted
[INFO] [stderr] 
[INFO] [stderr] Caused by:
[INFO] [stderr]   process didn't exit successfully: `/opt/rustwide/rustup-home/toolchains/beta-2023-12-22-x86_64-unknown-linux-gnu/bin/rustc --crate-name token --edition=2018 tests/token.rs --error-format=json --json=diagnostic-rendered-ansi,artifacts,future-incompat --emit=dep-info,link -C embed-bitcode=no -C debuginfo=2 --test --cfg 'feature="default"' --cfg 'feature="rustls"' -C metadata=a1f9a867b2fed7c1 -C extra-filename=-a1f9a867b2fed7c1 --out-dir /opt/rustwide/target/debug/deps -L dependency=/opt/rustwide/target/debug/deps --extern async_trait=/opt/rustwide/target/debug/deps/libasync_trait-dbc0c96de77f4adb.so --extern base64=/opt/rustwide/target/debug/deps/libbase64-47ce12bf5fcc4351.rlib --extern bytes=/opt/rustwide/target/debug/deps/libbytes-d5ef6100ae69ca23.rlib --extern data_encoding=/opt/rustwide/target/debug/deps/libdata_encoding-0d6f0ae9219eabbd.rlib --extern derive_builder=/opt/rustwide/target/debug/deps/libderive_builder-0a3fecacc917d225.rlib --extern dockertest_server=/opt/rustwide/target/debug/deps/libdockertest_server-da0a309416cbaef2.rlib --extern env_logger=/opt/rustwide/target/debug/deps/libenv_logger-0e664ee8a8ad5db6.rlib --extern hmac=/opt/rustwide/target/debug/deps/libhmac-068abb98ff81a09a.rlib --extern http=/opt/rustwide/target/debug/deps/libhttp-fc2ed756fd650dd3.rlib --extern jwt=/opt/rustwide/target/debug/deps/libjwt-1edd55f27d98114d.rlib --extern reqwest=/opt/rustwide/target/debug/deps/libreqwest-79f222608ad1c2c0.rlib --extern rustify=/opt/rustwide/target/debug/deps/librustify-0a7706bc3353d043.rlib --extern rustify_derive=/opt/rustwide/target/debug/deps/librustify_derive-657587b98d4c0ab7.so --extern serde=/opt/rustwide/target/debug/deps/libserde-c57784dd3a27a94c.rlib --extern serde_json=/opt/rustwide/target/debug/deps/libserde_json-470d0f52725b2c76.rlib --extern serial_test=/opt/rustwide/target/debug/deps/libserial_test-75577d364e587e23.rlib --extern sha2=/opt/rustwide/target/debug/deps/libsha2-d464f42310e79334.rlib --extern test_log=/opt/rustwide/target/debug/deps/libtest_log-f31425e91c4d64fc.rlib --extern thiserror=/opt/rustwide/target/debug/deps/libthiserror-9e92442654f9ad90.rlib --extern tokio_test=/opt/rustwide/target/debug/deps/libtokio_test-5c0b12286e8203f0.rlib --extern tracing=/opt/rustwide/target/debug/deps/libtracing-885620f289bd282b.rlib --extern tracing_subscriber=/opt/rustwide/target/debug/deps/libtracing_subscriber-fdc89e93491ae886.rlib --extern tracing_test=/opt/rustwide/target/debug/deps/libtracing_test-6a080ff84ba04275.rlib --extern url=/opt/rustwide/target/debug/deps/liburl-5bc26e3f04caa07a.rlib --extern vaultrs=/opt/rustwide/target/debug/deps/libvaultrs-dec6e2121eefbdd2.rlib --cap-lints=warn -L native=/opt/rustwide/target/debug/build/ring-d74758becb065d1b/out` (signal: 9, SIGKILL: kill)
[INFO] [stderr] error: could not compile `vaultrs` (test "kv2"); 2 warnings emitted
[INFO] [stderr] 
[INFO] [stderr] Caused by:
[INFO] [stderr]   process didn't exit successfully: `/opt/rustwide/rustup-home/toolchains/beta-2023-12-22-x86_64-unknown-linux-gnu/bin/rustc --crate-name kv2 --edition=2018 tests/kv2.rs --error-format=json --json=diagnostic-rendered-ansi,artifacts,future-incompat --emit=dep-info,link -C embed-bitcode=no -C debuginfo=2 --test --cfg 'feature="default"' --cfg 'feature="rustls"' -C metadata=4a0462a92a58d912 -C extra-filename=-4a0462a92a58d912 --out-dir /opt/rustwide/target/debug/deps -L dependency=/opt/rustwide/target/debug/deps --extern async_trait=/opt/rustwide/target/debug/deps/libasync_trait-dbc0c96de77f4adb.so --extern base64=/opt/rustwide/target/debug/deps/libbase64-47ce12bf5fcc4351.rlib --extern bytes=/opt/rustwide/target/debug/deps/libbytes-d5ef6100ae69ca23.rlib --extern data_encoding=/opt/rustwide/target/debug/deps/libdata_encoding-0d6f0ae9219eabbd.rlib --extern derive_builder=/opt/rustwide/target/debug/deps/libderive_builder-0a3fecacc917d225.rlib --extern dockertest_server=/opt/rustwide/target/debug/deps/libdockertest_server-da0a309416cbaef2.rlib --extern env_logger=/opt/rustwide/target/debug/deps/libenv_logger-0e664ee8a8ad5db6.rlib --extern hmac=/opt/rustwide/target/debug/deps/libhmac-068abb98ff81a09a.rlib --extern http=/opt/rustwide/target/debug/deps/libhttp-fc2ed756fd650dd3.rlib --extern jwt=/opt/rustwide/target/debug/deps/libjwt-1edd55f27d98114d.rlib --extern reqwest=/opt/rustwide/target/debug/deps/libreqwest-79f222608ad1c2c0.rlib --extern rustify=/opt/rustwide/target/debug/deps/librustify-0a7706bc3353d043.rlib --extern rustify_derive=/opt/rustwide/target/debug/deps/librustify_derive-657587b98d4c0ab7.so --extern serde=/opt/rustwide/target/debug/deps/libserde-c57784dd3a27a94c.rlib --extern serde_json=/opt/rustwide/target/debug/deps/libserde_json-470d0f52725b2c76.rlib --extern serial_test=/opt/rustwide/target/debug/deps/libserial_test-75577d364e587e23.rlib --extern sha2=/opt/rustwide/target/debug/deps/libsha2-d464f42310e79334.rlib --extern test_log=/opt/rustwide/target/debug/deps/libtest_log-f31425e91c4d64fc.rlib --extern thiserror=/opt/rustwide/target/debug/deps/libthiserror-9e92442654f9ad90.rlib --extern tokio_test=/opt/rustwide/target/debug/deps/libtokio_test-5c0b12286e8203f0.rlib --extern tracing=/opt/rustwide/target/debug/deps/libtracing-885620f289bd282b.rlib --extern tracing_subscriber=/opt/rustwide/target/debug/deps/libtracing_subscriber-fdc89e93491ae886.rlib --extern tracing_test=/opt/rustwide/target/debug/deps/libtracing_test-6a080ff84ba04275.rlib --extern url=/opt/rustwide/target/debug/deps/liburl-5bc26e3f04caa07a.rlib --extern vaultrs=/opt/rustwide/target/debug/deps/libvaultrs-dec6e2121eefbdd2.rlib --cap-lints=warn -L native=/opt/rustwide/target/debug/build/ring-d74758becb065d1b/out` (signal: 9, SIGKILL: kill)
[INFO] [stderr] error: could not compile `vaultrs` (test "database"); 1 warning emitted
[INFO] [stderr] 
[INFO] [stderr] Caused by:
[INFO] [stderr]   process didn't exit successfully: `/opt/rustwide/rustup-home/toolchains/beta-2023-12-22-x86_64-unknown-linux-gnu/bin/rustc --crate-name database --edition=2018 tests/database.rs --error-format=json --json=diagnostic-rendered-ansi,artifacts,future-incompat --emit=dep-info,link -C embed-bitcode=no -C debuginfo=2 --test --cfg 'feature="default"' --cfg 'feature="rustls"' -C metadata=dd0809e2308bfab1 -C extra-filename=-dd0809e2308bfab1 --out-dir /opt/rustwide/target/debug/deps -L dependency=/opt/rustwide/target/debug/deps --extern async_trait=/opt/rustwide/target/debug/deps/libasync_trait-dbc0c96de77f4adb.so --extern base64=/opt/rustwide/target/debug/deps/libbase64-47ce12bf5fcc4351.rlib --extern bytes=/opt/rustwide/target/debug/deps/libbytes-d5ef6100ae69ca23.rlib --extern data_encoding=/opt/rustwide/target/debug/deps/libdata_encoding-0d6f0ae9219eabbd.rlib --extern derive_builder=/opt/rustwide/target/debug/deps/libderive_builder-0a3fecacc917d225.rlib --extern dockertest_server=/opt/rustwide/target/debug/deps/libdockertest_server-da0a309416cbaef2.rlib --extern env_logger=/opt/rustwide/target/debug/deps/libenv_logger-0e664ee8a8ad5db6.rlib --extern hmac=/opt/rustwide/target/debug/deps/libhmac-068abb98ff81a09a.rlib --extern http=/opt/rustwide/target/debug/deps/libhttp-fc2ed756fd650dd3.rlib --extern jwt=/opt/rustwide/target/debug/deps/libjwt-1edd55f27d98114d.rlib --extern reqwest=/opt/rustwide/target/debug/deps/libreqwest-79f222608ad1c2c0.rlib --extern rustify=/opt/rustwide/target/debug/deps/librustify-0a7706bc3353d043.rlib --extern rustify_derive=/opt/rustwide/target/debug/deps/librustify_derive-657587b98d4c0ab7.so --extern serde=/opt/rustwide/target/debug/deps/libserde-c57784dd3a27a94c.rlib --extern serde_json=/opt/rustwide/target/debug/deps/libserde_json-470d0f52725b2c76.rlib --extern serial_test=/opt/rustwide/target/debug/deps/libserial_test-75577d364e587e23.rlib --extern sha2=/opt/rustwide/target/debug/deps/libsha2-d464f42310e79334.rlib --extern test_log=/opt/rustwide/target/debug/deps/libtest_log-f31425e91c4d64fc.rlib --extern thiserror=/opt/rustwide/target/debug/deps/libthiserror-9e92442654f9ad90.rlib --extern tokio_test=/opt/rustwide/target/debug/deps/libtokio_test-5c0b12286e8203f0.rlib --extern tracing=/opt/rustwide/target/debug/deps/libtracing-885620f289bd282b.rlib --extern tracing_subscriber=/opt/rustwide/target/debug/deps/libtracing_subscriber-fdc89e93491ae886.rlib --extern tracing_test=/opt/rustwide/target/debug/deps/libtracing_test-6a080ff84ba04275.rlib --extern url=/opt/rustwide/target/debug/deps/liburl-5bc26e3f04caa07a.rlib --extern vaultrs=/opt/rustwide/target/debug/deps/libvaultrs-dec6e2121eefbdd2.rlib --cap-lints=warn -L native=/opt/rustwide/target/debug/build/ring-d74758becb065d1b/out` (signal: 9, SIGKILL: kill)
[INFO] [stderr] error: could not compile `vaultrs` (test "aws"); 1 warning emitted
[INFO] [stderr] 
[INFO] [stderr] Caused by:
[INFO] [stderr]   process didn't exit successfully: `/opt/rustwide/rustup-home/toolchains/beta-2023-12-22-x86_64-unknown-linux-gnu/bin/rustc --crate-name aws --edition=2018 tests/aws.rs --error-format=json --json=diagnostic-rendered-ansi,artifacts,future-incompat --emit=dep-info,link -C embed-bitcode=no -C debuginfo=2 --test --cfg 'feature="default"' --cfg 'feature="rustls"' -C metadata=8e6f84eaf1a0c0f9 -C extra-filename=-8e6f84eaf1a0c0f9 --out-dir /opt/rustwide/target/debug/deps -L dependency=/opt/rustwide/target/debug/deps --extern async_trait=/opt/rustwide/target/debug/deps/libasync_trait-dbc0c96de77f4adb.so --extern base64=/opt/rustwide/target/debug/deps/libbase64-47ce12bf5fcc4351.rlib --extern bytes=/opt/rustwide/target/debug/deps/libbytes-d5ef6100ae69ca23.rlib --extern data_encoding=/opt/rustwide/target/debug/deps/libdata_encoding-0d6f0ae9219eabbd.rlib --extern derive_builder=/opt/rustwide/target/debug/deps/libderive_builder-0a3fecacc917d225.rlib --extern dockertest_server=/opt/rustwide/target/debug/deps/libdockertest_server-da0a309416cbaef2.rlib --extern env_logger=/opt/rustwide/target/debug/deps/libenv_logger-0e664ee8a8ad5db6.rlib --extern hmac=/opt/rustwide/target/debug/deps/libhmac-068abb98ff81a09a.rlib --extern http=/opt/rustwide/target/debug/deps/libhttp-fc2ed756fd650dd3.rlib --extern jwt=/opt/rustwide/target/debug/deps/libjwt-1edd55f27d98114d.rlib --extern reqwest=/opt/rustwide/target/debug/deps/libreqwest-79f222608ad1c2c0.rlib --extern rustify=/opt/rustwide/target/debug/deps/librustify-0a7706bc3353d043.rlib --extern rustify_derive=/opt/rustwide/target/debug/deps/librustify_derive-657587b98d4c0ab7.so --extern serde=/opt/rustwide/target/debug/deps/libserde-c57784dd3a27a94c.rlib --extern serde_json=/opt/rustwide/target/debug/deps/libserde_json-470d0f52725b2c76.rlib --extern serial_test=/opt/rustwide/target/debug/deps/libserial_test-75577d364e587e23.rlib --extern sha2=/opt/rustwide/target/debug/deps/libsha2-d464f42310e79334.rlib --extern test_log=/opt/rustwide/target/debug/deps/libtest_log-f31425e91c4d64fc.rlib --extern thiserror=/opt/rustwide/target/debug/deps/libthiserror-9e92442654f9ad90.rlib --extern tokio_test=/opt/rustwide/target/debug/deps/libtokio_test-5c0b12286e8203f0.rlib --extern tracing=/opt/rustwide/target/debug/deps/libtracing-885620f289bd282b.rlib --extern tracing_subscriber=/opt/rustwide/target/debug/deps/libtracing_subscriber-fdc89e93491ae886.rlib --extern tracing_test=/opt/rustwide/target/debug/deps/libtracing_test-6a080ff84ba04275.rlib --extern url=/opt/rustwide/target/debug/deps/liburl-5bc26e3f04caa07a.rlib --extern vaultrs=/opt/rustwide/target/debug/deps/libvaultrs-dec6e2121eefbdd2.rlib --cap-lints=warn -L native=/opt/rustwide/target/debug/build/ring-d74758becb065d1b/out` (signal: 9, SIGKILL: kill)
[INFO] [stderr] error: could not compile `vaultrs` (test "transit"); 2 warnings emitted
[INFO] [stderr] 
[INFO] [stderr] Caused by:
[INFO] [stderr]   process didn't exit successfully: `/opt/rustwide/rustup-home/toolchains/beta-2023-12-22-x86_64-unknown-linux-gnu/bin/rustc --crate-name transit --edition=2018 tests/transit.rs --error-format=json --json=diagnostic-rendered-ansi,artifacts,future-incompat --emit=dep-info,link -C embed-bitcode=no -C debuginfo=2 --test --cfg 'feature="default"' --cfg 'feature="rustls"' -C metadata=ebab774f526e1109 -C extra-filename=-ebab774f526e1109 --out-dir /opt/rustwide/target/debug/deps -L dependency=/opt/rustwide/target/debug/deps --extern async_trait=/opt/rustwide/target/debug/deps/libasync_trait-dbc0c96de77f4adb.so --extern base64=/opt/rustwide/target/debug/deps/libbase64-47ce12bf5fcc4351.rlib --extern bytes=/opt/rustwide/target/debug/deps/libbytes-d5ef6100ae69ca23.rlib --extern data_encoding=/opt/rustwide/target/debug/deps/libdata_encoding-0d6f0ae9219eabbd.rlib --extern derive_builder=/opt/rustwide/target/debug/deps/libderive_builder-0a3fecacc917d225.rlib --extern dockertest_server=/opt/rustwide/target/debug/deps/libdockertest_server-da0a309416cbaef2.rlib --extern env_logger=/opt/rustwide/target/debug/deps/libenv_logger-0e664ee8a8ad5db6.rlib --extern hmac=/opt/rustwide/target/debug/deps/libhmac-068abb98ff81a09a.rlib --extern http=/opt/rustwide/target/debug/deps/libhttp-fc2ed756fd650dd3.rlib --extern jwt=/opt/rustwide/target/debug/deps/libjwt-1edd55f27d98114d.rlib --extern reqwest=/opt/rustwide/target/debug/deps/libreqwest-79f222608ad1c2c0.rlib --extern rustify=/opt/rustwide/target/debug/deps/librustify-0a7706bc3353d043.rlib --extern rustify_derive=/opt/rustwide/target/debug/deps/librustify_derive-657587b98d4c0ab7.so --extern serde=/opt/rustwide/target/debug/deps/libserde-c57784dd3a27a94c.rlib --extern serde_json=/opt/rustwide/target/debug/deps/libserde_json-470d0f52725b2c76.rlib --extern serial_test=/opt/rustwide/target/debug/deps/libserial_test-75577d364e587e23.rlib --extern sha2=/opt/rustwide/target/debug/deps/libsha2-d464f42310e79334.rlib --extern test_log=/opt/rustwide/target/debug/deps/libtest_log-f31425e91c4d64fc.rlib --extern thiserror=/opt/rustwide/target/debug/deps/libthiserror-9e92442654f9ad90.rlib --extern tokio_test=/opt/rustwide/target/debug/deps/libtokio_test-5c0b12286e8203f0.rlib --extern tracing=/opt/rustwide/target/debug/deps/libtracing-885620f289bd282b.rlib --extern tracing_subscriber=/opt/rustwide/target/debug/deps/libtracing_subscriber-fdc89e93491ae886.rlib --extern tracing_test=/opt/rustwide/target/debug/deps/libtracing_test-6a080ff84ba04275.rlib --extern url=/opt/rustwide/target/debug/deps/liburl-5bc26e3f04caa07a.rlib --extern vaultrs=/opt/rustwide/target/debug/deps/libvaultrs-dec6e2121eefbdd2.rlib --cap-lints=warn -L native=/opt/rustwide/target/debug/build/ring-d74758becb065d1b/out` (signal: 9, SIGKILL: kill)
[INFO] [stdout] error: linking with `cc` failed: exit status: 1
[INFO] [stdout]   |
[INFO] [stdout]   = note: LC_ALL="C" PATH="/opt/rustwide/rustup-home/toolchains/beta-2023-12-22-x86_64-unknown-linux-gnu/lib/rustlib/x86_64-unknown-linux-gnu/bin:/opt/rustwide/cargo-home/bin:/usr/local/sbin:/usr/local/bin:/usr/sbin:/usr/bin:/sbin:/bin" VSLANG="1033" "cc" "-m64" "/tmp/rustcJ5f9zA/symbols.o" "/opt/rustwide/target/debug/deps/ssh-bed391b4fe5324b7.ssh.a69709c14aa5dcc5-cgu.00.rcgu.o" "/opt/rustwide/target/debug/deps/ssh-bed391b4fe5324b7.ssh.a69709c14aa5dcc5-cgu.01.rcgu.o" "/opt/rustwide/target/debug/deps/ssh-bed391b4fe5324b7.ssh.a69709c14aa5dcc5-cgu.02.rcgu.o" "/opt/rustwide/target/debug/deps/ssh-bed391b4fe5324b7.ssh.a69709c14aa5dcc5-cgu.03.rcgu.o" "/opt/rustwide/target/debug/deps/ssh-bed391b4fe5324b7.ssh.a69709c14aa5dcc5-cgu.04.rcgu.o" "/opt/rustwide/target/debug/deps/ssh-bed391b4fe5324b7.ssh.a69709c14aa5dcc5-cgu.05.rcgu.o" "/opt/rustwide/target/debug/deps/ssh-bed391b4fe5324b7.ssh.a69709c14aa5dcc5-cgu.06.rcgu.o" "/opt/rustwide/target/debug/deps/ssh-bed391b4fe5324b7.ssh.a69709c14aa5dcc5-cgu.07.rcgu.o" "/opt/rustwide/target/debug/deps/ssh-bed391b4fe5324b7.ssh.a69709c14aa5dcc5-cgu.08.rcgu.o" "/opt/rustwide/target/debug/deps/ssh-bed391b4fe5324b7.ssh.a69709c14aa5dcc5-cgu.09.rcgu.o" "/opt/rustwide/target/debug/deps/ssh-bed391b4fe5324b7.ssh.a69709c14aa5dcc5-cgu.10.rcgu.o" "/opt/rustwide/target/debug/deps/ssh-bed391b4fe5324b7.ssh.a69709c14aa5dcc5-cgu.11.rcgu.o" "/opt/rustwide/target/debug/deps/ssh-bed391b4fe5324b7.ssh.a69709c14aa5dcc5-cgu.12.rcgu.o" "/opt/rustwide/target/debug/deps/ssh-bed391b4fe5324b7.ssh.a69709c14aa5dcc5-cgu.13.rcgu.o" "/opt/rustwide/target/debug/deps/ssh-bed391b4fe5324b7.ssh.a69709c14aa5dcc5-cgu.14.rcgu.o" "/opt/rustwide/target/debug/deps/ssh-bed391b4fe5324b7.ssh.a69709c14aa5dcc5-cgu.15.rcgu.o" "/opt/rustwide/target/debug/deps/ssh-bed391b4fe5324b7.4vbktexaz2g37n7y.rcgu.o" "-Wl,--as-needed" "-L" "/opt/rustwide/target/debug/deps" "-L" "/opt/rustwide/target/debug/build/ring-d74758becb065d1b/out" "-L" "/opt/rustwide/rustup-home/toolchains/beta-2023-12-22-x86_64-unknown-linux-gnu/lib/rustlib/x86_64-unknown-linux-gnu/lib" "-Wl,-Bstatic" "/opt/rustwide/rustup-home/toolchains/beta-2023-12-22-x86_64-unknown-linux-gnu/lib/rustlib/x86_64-unknown-linux-gnu/lib/libtest-cbab71697df97b00.rlib" "/opt/rustwide/rustup-home/toolchains/beta-2023-12-22-x86_64-unknown-linux-gnu/lib/rustlib/x86_64-unknown-linux-gnu/lib/libgetopts-2a2cf8f16c536007.rlib" "/opt/rustwide/rustup-home/toolchains/beta-2023-12-22-x86_64-unknown-linux-gnu/lib/rustlib/x86_64-unknown-linux-gnu/lib/libunicode_width-c5f3cc3cceaf9070.rlib" "/opt/rustwide/rustup-home/toolchains/beta-2023-12-22-x86_64-unknown-linux-gnu/lib/rustlib/x86_64-unknown-linux-gnu/lib/librustc_std_workspace_std-a31324ec815b09db.rlib" "/opt/rustwide/target/debug/deps/libtest_log-f31425e91c4d64fc.rlib" "/opt/rustwide/target/debug/deps/libenv_logger-0e664ee8a8ad5db6.rlib" "/opt/rustwide/target/debug/deps/libtermcolor-35be6d70e8358f35.rlib" "/opt/rustwide/target/debug/deps/libis_terminal-acca73330faec473.rlib" "/opt/rustwide/target/debug/deps/libhumantime-ce381c4933d03978.rlib" "/opt/rustwide/target/debug/deps/libtracing_subscriber-fdc89e93491ae886.rlib" "/opt/rustwide/target/debug/deps/libnu_ansi_term-573528bd560ec1a5.rlib" "/opt/rustwide/target/debug/deps/liboverload-983ca80356c666b7.rlib" "/opt/rustwide/target/debug/deps/libsharded_slab-4aac6980d7a458df.rlib" "/opt/rustwide/target/debug/deps/libmatchers-0f5379b8184c4eda.rlib" "/opt/rustwide/target/debug/deps/libregex_automata-d0c3ae8cf67481e6.rlib" "/opt/rustwide/target/debug/deps/libregex_syntax-b113d34fa562c5bb.rlib" "/opt/rustwide/target/debug/deps/libregex-6b2e15812834269a.rlib" "/opt/rustwide/target/debug/deps/libregex_automata-18e9b4bafe25d656.rlib" "/opt/rustwide/target/debug/deps/libaho_corasick-0efee17d6ff570a3.rlib" "/opt/rustwide/target/debug/deps/libregex_syntax-2fba322c2516c6a3.rlib" "/opt/rustwide/target/debug/deps/libthread_local-722798ceeba69c57.rlib" "/opt/rustwide/target/debug/deps/libtracing_log-8730943dce7ace01.rlib" "/opt/rustwide/target/debug/deps/libvaultrs-dec6e2121eefbdd2.rlib" "/opt/rustwide/target/debug/deps/librustify-0a7706bc3353d043.rlib" "/opt/rustwide/target/debug/deps/libanyhow-5d20277346359413.rlib" "/opt/rustwide/target/debug/deps/libreqwest-79f222608ad1c2c0.rlib" "/opt/rustwide/target/debug/deps/librustls_pemfile-1fe6076733394665.rlib" "/opt/rustwide/target/debug/deps/libhyper_rustls-e991dcd57944218c.rlib" "/opt/rustwide/target/debug/deps/libwebpki_roots-f000c85bf6856b2f.rlib" "/opt/rustwide/target/debug/deps/libbase64-47ce12bf5fcc4351.rlib" "/opt/rustwide/target/debug/deps/libipnet-5d86936adafddcc9.rlib" "/opt/rustwide/target/debug/deps/libtokio_rustls-06f52dbdc65d976e.rlib" "/opt/rustwide/target/debug/deps/libmime-a9df5a780629fb7d.rlib" "/opt/rustwide/target/debug/deps/libencoding_rs-4339e23ae7924400.rlib" "/opt/rustwide/target/debug/deps/librustls-9b7aa3871c8e87ef.rlib" "/opt/rustwide/target/debug/deps/libsct-714eb38618a72cc4.rlib" "/opt/rustwide/target/debug/deps/libwebpki-a4078b778f604de6.rlib" "/opt/rustwide/target/debug/deps/libring-77bd0e5ac7106e55.rlib" "/opt/rustwide/target/debug/deps/libspin-662b5629bfbcd837.rlib" "/opt/rustwide/target/debug/deps/libuntrusted-8bad1cf01f539b56.rlib" "/opt/rustwide/target/debug/deps/libderive_builder-0a3fecacc917d225.rlib" "/opt/rustwide/target/debug/deps/libdockertest_server-da0a309416cbaef2.rlib" "/opt/rustwide/target/debug/deps/libtype_map-db2c079260e0e74a.rlib" "/opt/rustwide/target/debug/deps/librustc_hash-d8dd0847b35f1832.rlib" "/opt/rustwide/target/debug/deps/libtempfile-27461965e0bb62a7.rlib" "/opt/rustwide/target/debug/deps/libfastrand-c5a132108b9e8ad0.rlib" "/opt/rustwide/target/debug/deps/librustix-d4a60c17bff8ad24.rlib" "/opt/rustwide/target/debug/deps/libbitflags-52f05aea2267c407.rlib" "/opt/rustwide/target/debug/deps/liblinux_raw_sys-5bf670d0b82b06d1.rlib" "/opt/rustwide/target/debug/deps/libderive_builder-800e17d41f221376.rlib" "/opt/rustwide/target/debug/deps/libdockertest-2213d8628c23c314.rlib" "/opt/rustwide/target/debug/deps/libdyn_clone-457562791d6b0bb4.rlib" "/opt/rustwide/target/debug/deps/liblazy_static-efa3519517df6cf0.rlib" "/opt/rustwide/target/debug/deps/libsecrecy-90b34668fb876290.rlib" "/opt/rustwide/target/debug/deps/libzeroize-17e8e245719d1b95.rlib" "/opt/rustwide/target/debug/deps/libfutures-4b5d660ae3092677.rlib" "/opt/rustwide/target/debug/deps/libfutures_executor-36a1b23c1422d80e.rlib" "/opt/rustwide/target/debug/deps/libbollard-313d6cb9f0343b64.rlib" "/opt/rustwide/target/debug/deps/libserde_urlencoded-21237b69daff1276.rlib" "/opt/rustwide/target/debug/deps/libbase64-fca76a9e376e88b4.rlib" "/opt/rustwide/target/debug/deps/libthiserror-9e92442654f9ad90.rlib" "/opt/rustwide/target/debug/deps/libbollard_stubs-0e2647e48b22bda6.rlib" "/opt/rustwide/target/debug/deps/libserde_with-6c20cd693029fcf7.rlib" "/opt/rustwide/target/debug/deps/liburl-5bc26e3f04caa07a.rlib" "/opt/rustwide/target/debug/deps/libidna-16be4ea6a8a60d54.rlib" "/opt/rustwide/target/debug/deps/libunicode_normalization-a49209942f8cb303.rlib" "/opt/rustwide/target/debug/deps/libtinyvec-dcbbce603bc23510.rlib" "/opt/rustwide/target/debug/deps/libtinyvec_macros-333661e3b238a9a3.rlib" "/opt/rustwide/target/debug/deps/libunicode_bidi-36757df894a8afbe.rlib" "/opt/rustwide/target/debug/deps/libform_urlencoded-00b3292b537cfa9a.rlib" "/opt/rustwide/target/debug/deps/libpercent_encoding-9ca315f6c750067f.rlib" "/opt/rustwide/target/debug/deps/libserde_json-470d0f52725b2c76.rlib" "/opt/rustwide/target/debug/deps/libryu-4b03a7708da1319d.rlib" "/opt/rustwide/target/debug/deps/libhyperlocal-dd84c1510267dbae.rlib" "/opt/rustwide/target/debug/deps/libpin_project-b256efacb39f3a2c.rlib" "/opt/rustwide/target/debug/deps/libhex-bf5d7c1623e40692.rlib" "/opt/rustwide/target/debug/deps/libserde-c57784dd3a27a94c.rlib" "/opt/rustwide/target/debug/deps/libhyper-4cc16715e61a8fd8.rlib" "/opt/rustwide/target/debug/deps/libwant-980d1be1e9789ecd.rlib" "/opt/rustwide/target/debug/deps/libtry_lock-61552f3200b10770.rlib" "/opt/rustwide/target/debug/deps/libhttparse-2dbc320ca65411a3.rlib" "/opt/rustwide/target/debug/deps/libh2-d69dfcb2e86f90ad.rlib" "/opt/rustwide/target/debug/deps/libindexmap-b97987b991fa7705.rlib" "/opt/rustwide/target/debug/deps/libequivalent-e4dc2e1acc32de2c.rlib" "/opt/rustwide/target/debug/deps/libhashbrown-ad909cf2cd84416e.rlib" "/opt/rustwide/target/debug/deps/libtokio_util-f58b2d0001cdea0e.rlib" "/opt/rustwide/target/debug/deps/libtower_service-92bbc7b5a1dd8782.rlib" "/opt/rustwide/target/debug/deps/libhttp_body-72c2ae490c1bf76f.rlib" "/opt/rustwide/target/debug/deps/libfutures_util-14d1e78deadd6223.rlib" "/opt/rustwide/target/debug/deps/libmemchr-14a47255884553ca.rlib" "/opt/rustwide/target/debug/deps/libfutures_io-fd3828dd557c3cad.rlib" "/opt/rustwide/target/debug/deps/libslab-0a39a638bccea296.rlib" "/opt/rustwide/target/debug/deps/libfutures_channel-45ba62bcbb6333cc.rlib" "/opt/rustwide/target/debug/deps/libfutures_sink-eb701a2145b3f560.rlib" "/opt/rustwide/target/debug/deps/libfutures_task-a05886844ea8dd2c.rlib" "/opt/rustwide/target/debug/deps/libpin_utils-9c5dcf17efb91bff.rlib" "/opt/rustwide/target/debug/deps/libtokio-89aec6f1052fc895.rlib" "/opt/rustwide/target/debug/deps/libsignal_hook_registry-26b7220e3ede78de.rlib" "/opt/rustwide/target/debug/deps/libnum_cpus-aef0cfcece38ac8d.rlib" "/opt/rustwide/target/debug/deps/libsocket2-8609d02ccaf88de4.rlib" "/opt/rustwide/target/debug/deps/libmio-d23646a067650d1b.rlib" "/opt/rustwide/target/debug/deps/libparking_lot-77cc1c5b37a1b555.rlib" "/opt/rustwide/target/debug/deps/libparking_lot_core-c3e1e7b78dea6d3a.rlib" "/opt/rustwide/target/debug/deps/libsmallvec-2fe51d264bce6b98.rlib" "/opt/rustwide/target/debug/deps/liblock_api-af608386887ddd92.rlib" "/opt/rustwide/target/debug/deps/libscopeguard-f937485db0060aca.rlib" "/opt/rustwide/target/debug/deps/libhttpdate-bf64bff9ff5092d8.rlib" "/opt/rustwide/target/debug/deps/libhttp-fc2ed756fd650dd3.rlib" "/opt/rustwide/target/debug/deps/libitoa-34968a9f29c36fec.rlib" "/opt/rustwide/target/debug/deps/libbytes-d5ef6100ae69ca23.rlib" "/opt/rustwide/target/debug/deps/libfnv-953831fe314029b4.rlib" "/opt/rustwide/target/debug/deps/libfutures_core-d95b0086a92f44b8.rlib" "/opt/rustwide/target/debug/deps/librand-aadd239b75ed3e20.rlib" "/opt/rustwide/target/debug/deps/librand_chacha-ad940925a0b3835e.rlib" "/opt/rustwide/target/debug/deps/libppv_lite86-db48c90fa293bcfe.rlib" "/opt/rustwide/target/debug/deps/librand_core-36bf1cf2a338c822.rlib" "/opt/rustwide/target/debug/deps/libgetrandom-1ff3a1dfc3f32fd8.rlib" "/opt/rustwide/target/debug/deps/liblibc-a3863744b2422075.rlib" "/opt/rustwide/target/debug/deps/libcfg_if-e7002d307f97bc56.rlib" "/opt/rustwide/target/debug/deps/libtracing-885620f289bd282b.rlib" "/opt/rustwide/target/debug/deps/liblog-2cf4a51dfa4e790a.rlib" "/opt/rustwide/target/debug/deps/libpin_project_lite-085b19c93bbb2231.rlib" "/opt/rustwide/target/debug/deps/libtracing_core-9f77338b6383eb64.rlib" "/opt/rustwide/target/debug/deps/libonce_cell-334d739f4e3a4961.rlib" "/opt/rustwide/rustup-home/toolchains/beta-2023-12-22-x86_64-unknown-linux-gnu/lib/rustlib/x86_64-unknown-linux-gnu/lib/libstd-0672489a78b613de.rlib" "/opt/rustwide/rustup-home/toolchains/beta-2023-12-22-x86_64-unknown-linux-gnu/lib/rustlib/x86_64-unknown-linux-gnu/lib/libpanic_unwind-7eb3ffc34a49f675.rlib" "/opt/rustwide/rustup-home/toolchains/beta-2023-12-22-x86_64-unknown-linux-gnu/lib/rustlib/x86_64-unknown-linux-gnu/lib/libobject-6478a9daa4bee8e2.rlib" "/opt/rustwide/rustup-home/toolchains/beta-2023-12-22-x86_64-unknown-linux-gnu/lib/rustlib/x86_64-unknown-linux-gnu/lib/libmemchr-0c75d871a5c3923d.rlib" "/opt/rustwide/rustup-home/toolchains/beta-2023-12-22-x86_64-unknown-linux-gnu/lib/rustlib/x86_64-unknown-linux-gnu/lib/libaddr2line-d163ef63ad37bb71.rlib" "/opt/rustwide/rustup-home/toolchains/beta-2023-12-22-x86_64-unknown-linux-gnu/lib/rustlib/x86_64-unknown-linux-gnu/lib/libgimli-8a3fd810a85b9f4c.rlib" "/opt/rustwide/rustup-home/toolchains/beta-2023-12-22-x86_64-unknown-linux-gnu/lib/rustlib/x86_64-unknown-linux-gnu/lib/librustc_demangle-462a2cde8c5dfc10.rlib" "/opt/rustwide/rustup-home/toolchains/beta-2023-12-22-x86_64-unknown-linux-gnu/lib/rustlib/x86_64-unknown-linux-gnu/lib/libstd_detect-cb06ac9f54713f71.rlib" "/opt/rustwide/rustup-home/toolchains/beta-2023-12-22-x86_64-unknown-linux-gnu/lib/rustlib/x86_64-unknown-linux-gnu/lib/libhashbrown-f20bfd1f8e59b393.rlib" "/opt/rustwide/rustup-home/toolchains/beta-2023-12-22-x86_64-unknown-linux-gnu/lib/rustlib/x86_64-unknown-linux-gnu/lib/librustc_std_workspace_alloc-1ef460949b49da4b.rlib" "/opt/rustwide/rustup-home/toolchains/beta-2023-12-22-x86_64-unknown-linux-gnu/lib/rustlib/x86_64-unknown-linux-gnu/lib/libminiz_oxide-2cb0c0ffe4f87514.rlib" "/opt/rustwide/rustup-home/toolchains/beta-2023-12-22-x86_64-unknown-linux-gnu/lib/rustlib/x86_64-unknown-linux-gnu/lib/libadler-58d841eb322a11a2.rlib" "/opt/rustwide/rustup-home/toolchains/beta-2023-12-22-x86_64-unknown-linux-gnu/lib/rustlib/x86_64-unknown-linux-gnu/lib/libunwind-aa2ae0b0a9d11533.rlib" "/opt/rustwide/rustup-home/toolchains/beta-2023-12-22-x86_64-unknown-linux-gnu/lib/rustlib/x86_64-unknown-linux-gnu/lib/libcfg_if-23874e15830ed336.rlib" "/opt/rustwide/rustup-home/toolchains/beta-2023-12-22-x86_64-unknown-linux-gnu/lib/rustlib/x86_64-unknown-linux-gnu/lib/liblibc-e47cddc003bce885.rlib" "/opt/rustwide/rustup-home/toolchains/beta-2023-12-22-x86_64-unknown-linux-gnu/lib/rustlib/x86_64-unknown-linux-gnu/lib/liballoc-c22b13b48a8f128e.rlib" "/opt/rustwide/rustup-home/toolchains/beta-2023-12-22-x86_64-unknown-linux-gnu/lib/rustlib/x86_64-unknown-linux-gnu/lib/librustc_std_workspace_core-e46bc3da6d7c462f.rlib" "/opt/rustwide/rustup-home/toolchains/beta-2023-12-22-x86_64-unknown-linux-gnu/lib/rustlib/x86_64-unknown-linux-gnu/lib/libcore-8d1ac131d3cb2645.rlib" "/opt/rustwide/rustup-home/toolchains/beta-2023-12-22-x86_64-unknown-linux-gnu/lib/rustlib/x86_64-unknown-linux-gnu/lib/libcompiler_builtins-a1b43df8c6899c1f.rlib" "-Wl,-Bdynamic" "-lgcc_s" "-lutil" "-lrt" "-lpthread" "-lm" "-ldl" "-lc" "-Wl,--eh-frame-hdr" "-Wl,-z,noexecstack" "-L" "/opt/rustwide/rustup-home/toolchains/beta-2023-12-22-x86_64-unknown-linux-gnu/lib/rustlib/x86_64-unknown-linux-gnu/lib" "-o" "/opt/rustwide/target/debug/deps/ssh-bed391b4fe5324b7" "-Wl,--gc-sections" "-pie" "-Wl,-z,relro,-z,now" "-nodefaultlibs"
[INFO] [stdout]   = note: collect2: fatal error: ld terminated with signal 9 [Killed]
[INFO] [stdout]           compilation terminated.
[INFO] [stdout]           
[INFO] [stdout] 
[INFO] [stdout] 
[INFO] [stdout] error: aborting due to 1 previous error; 2 warnings emitted
[INFO] [stdout] 
[INFO] [stdout] 
[INFO] [stderr] error: could not compile `vaultrs` (test "ssh") due to 2 previous errors; 2 warnings emitted
[INFO] [stdout] error: linking with `cc` failed: exit status: 1
[INFO] [stdout]   |
[INFO] [stdout]   = note: LC_ALL="C" PATH="/opt/rustwide/rustup-home/toolchains/beta-2023-12-22-x86_64-unknown-linux-gnu/lib/rustlib/x86_64-unknown-linux-gnu/bin:/opt/rustwide/cargo-home/bin:/usr/local/sbin:/usr/local/bin:/usr/sbin:/usr/bin:/sbin:/bin" VSLANG="1033" "cc" "-m64" "/tmp/rustcsdscqw/symbols.o" "/opt/rustwide/target/debug/deps/pki-717f510fc74e77bc.pki.49ab7f50e42c9b2-cgu.00.rcgu.o" "/opt/rustwide/target/debug/deps/pki-717f510fc74e77bc.pki.49ab7f50e42c9b2-cgu.01.rcgu.o" "/opt/rustwide/target/debug/deps/pki-717f510fc74e77bc.pki.49ab7f50e42c9b2-cgu.02.rcgu.o" "/opt/rustwide/target/debug/deps/pki-717f510fc74e77bc.pki.49ab7f50e42c9b2-cgu.03.rcgu.o" "/opt/rustwide/target/debug/deps/pki-717f510fc74e77bc.pki.49ab7f50e42c9b2-cgu.04.rcgu.o" "/opt/rustwide/target/debug/deps/pki-717f510fc74e77bc.pki.49ab7f50e42c9b2-cgu.05.rcgu.o" "/opt/rustwide/target/debug/deps/pki-717f510fc74e77bc.pki.49ab7f50e42c9b2-cgu.06.rcgu.o" "/opt/rustwide/target/debug/deps/pki-717f510fc74e77bc.pki.49ab7f50e42c9b2-cgu.07.rcgu.o" "/opt/rustwide/target/debug/deps/pki-717f510fc74e77bc.pki.49ab7f50e42c9b2-cgu.08.rcgu.o" "/opt/rustwide/target/debug/deps/pki-717f510fc74e77bc.pki.49ab7f50e42c9b2-cgu.09.rcgu.o" "/opt/rustwide/target/debug/deps/pki-717f510fc74e77bc.pki.49ab7f50e42c9b2-cgu.10.rcgu.o" "/opt/rustwide/target/debug/deps/pki-717f510fc74e77bc.pki.49ab7f50e42c9b2-cgu.11.rcgu.o" "/opt/rustwide/target/debug/deps/pki-717f510fc74e77bc.pki.49ab7f50e42c9b2-cgu.12.rcgu.o" "/opt/rustwide/target/debug/deps/pki-717f510fc74e77bc.pki.49ab7f50e42c9b2-cgu.13.rcgu.o" "/opt/rustwide/target/debug/deps/pki-717f510fc74e77bc.pki.49ab7f50e42c9b2-cgu.14.rcgu.o" "/opt/rustwide/target/debug/deps/pki-717f510fc74e77bc.pki.49ab7f50e42c9b2-cgu.15.rcgu.o" "/opt/rustwide/target/debug/deps/pki-717f510fc74e77bc.1nrr2dcjkcc92h6c.rcgu.o" "-Wl,--as-needed" "-L" "/opt/rustwide/target/debug/deps" "-L" "/opt/rustwide/target/debug/build/ring-d74758becb065d1b/out" "-L" "/opt/rustwide/rustup-home/toolchains/beta-2023-12-22-x86_64-unknown-linux-gnu/lib/rustlib/x86_64-unknown-linux-gnu/lib" "-Wl,-Bstatic" "/opt/rustwide/rustup-home/toolchains/beta-2023-12-22-x86_64-unknown-linux-gnu/lib/rustlib/x86_64-unknown-linux-gnu/lib/libtest-cbab71697df97b00.rlib" "/opt/rustwide/rustup-home/toolchains/beta-2023-12-22-x86_64-unknown-linux-gnu/lib/rustlib/x86_64-unknown-linux-gnu/lib/libgetopts-2a2cf8f16c536007.rlib" "/opt/rustwide/rustup-home/toolchains/beta-2023-12-22-x86_64-unknown-linux-gnu/lib/rustlib/x86_64-unknown-linux-gnu/lib/libunicode_width-c5f3cc3cceaf9070.rlib" "/opt/rustwide/rustup-home/toolchains/beta-2023-12-22-x86_64-unknown-linux-gnu/lib/rustlib/x86_64-unknown-linux-gnu/lib/librustc_std_workspace_std-a31324ec815b09db.rlib" "/opt/rustwide/target/debug/deps/libtest_log-f31425e91c4d64fc.rlib" "/opt/rustwide/target/debug/deps/libenv_logger-0e664ee8a8ad5db6.rlib" "/opt/rustwide/target/debug/deps/libtermcolor-35be6d70e8358f35.rlib" "/opt/rustwide/target/debug/deps/libis_terminal-acca73330faec473.rlib" "/opt/rustwide/target/debug/deps/libhumantime-ce381c4933d03978.rlib" "/opt/rustwide/target/debug/deps/libtracing_subscriber-fdc89e93491ae886.rlib" "/opt/rustwide/target/debug/deps/libnu_ansi_term-573528bd560ec1a5.rlib" "/opt/rustwide/target/debug/deps/liboverload-983ca80356c666b7.rlib" "/opt/rustwide/target/debug/deps/libsharded_slab-4aac6980d7a458df.rlib" "/opt/rustwide/target/debug/deps/libmatchers-0f5379b8184c4eda.rlib" "/opt/rustwide/target/debug/deps/libregex_automata-d0c3ae8cf67481e6.rlib" "/opt/rustwide/target/debug/deps/libregex_syntax-b113d34fa562c5bb.rlib" "/opt/rustwide/target/debug/deps/libregex-6b2e15812834269a.rlib" "/opt/rustwide/target/debug/deps/libregex_automata-18e9b4bafe25d656.rlib" "/opt/rustwide/target/debug/deps/libaho_corasick-0efee17d6ff570a3.rlib" "/opt/rustwide/target/debug/deps/libregex_syntax-2fba322c2516c6a3.rlib" "/opt/rustwide/target/debug/deps/libthread_local-722798ceeba69c57.rlib" "/opt/rustwide/target/debug/deps/libtracing_log-8730943dce7ace01.rlib" "/opt/rustwide/target/debug/deps/libvaultrs-dec6e2121eefbdd2.rlib" "/opt/rustwide/target/debug/deps/librustify-0a7706bc3353d043.rlib" "/opt/rustwide/target/debug/deps/libanyhow-5d20277346359413.rlib" "/opt/rustwide/target/debug/deps/libreqwest-79f222608ad1c2c0.rlib" "/opt/rustwide/target/debug/deps/librustls_pemfile-1fe6076733394665.rlib" "/opt/rustwide/target/debug/deps/libhyper_rustls-e991dcd57944218c.rlib" "/opt/rustwide/target/debug/deps/libwebpki_roots-f000c85bf6856b2f.rlib" "/opt/rustwide/target/debug/deps/libbase64-47ce12bf5fcc4351.rlib" "/opt/rustwide/target/debug/deps/libipnet-5d86936adafddcc9.rlib" "/opt/rustwide/target/debug/deps/libtokio_rustls-06f52dbdc65d976e.rlib" "/opt/rustwide/target/debug/deps/libmime-a9df5a780629fb7d.rlib" "/opt/rustwide/target/debug/deps/libencoding_rs-4339e23ae7924400.rlib" "/opt/rustwide/target/debug/deps/librustls-9b7aa3871c8e87ef.rlib" "/opt/rustwide/target/debug/deps/libsct-714eb38618a72cc4.rlib" "/opt/rustwide/target/debug/deps/libwebpki-a4078b778f604de6.rlib" "/opt/rustwide/target/debug/deps/libring-77bd0e5ac7106e55.rlib" "/opt/rustwide/target/debug/deps/libspin-662b5629bfbcd837.rlib" "/opt/rustwide/target/debug/deps/libuntrusted-8bad1cf01f539b56.rlib" "/opt/rustwide/target/debug/deps/libderive_builder-0a3fecacc917d225.rlib" "/opt/rustwide/target/debug/deps/libdockertest_server-da0a309416cbaef2.rlib" "/opt/rustwide/target/debug/deps/libtype_map-db2c079260e0e74a.rlib" "/opt/rustwide/target/debug/deps/librustc_hash-d8dd0847b35f1832.rlib" "/opt/rustwide/target/debug/deps/libtempfile-27461965e0bb62a7.rlib" "/opt/rustwide/target/debug/deps/libfastrand-c5a132108b9e8ad0.rlib" "/opt/rustwide/target/debug/deps/librustix-d4a60c17bff8ad24.rlib" "/opt/rustwide/target/debug/deps/libbitflags-52f05aea2267c407.rlib" "/opt/rustwide/target/debug/deps/liblinux_raw_sys-5bf670d0b82b06d1.rlib" "/opt/rustwide/target/debug/deps/libderive_builder-800e17d41f221376.rlib" "/opt/rustwide/target/debug/deps/libdockertest-2213d8628c23c314.rlib" "/opt/rustwide/target/debug/deps/libdyn_clone-457562791d6b0bb4.rlib" "/opt/rustwide/target/debug/deps/liblazy_static-efa3519517df6cf0.rlib" "/opt/rustwide/target/debug/deps/libsecrecy-90b34668fb876290.rlib" "/opt/rustwide/target/debug/deps/libzeroize-17e8e245719d1b95.rlib" "/opt/rustwide/target/debug/deps/libfutures-4b5d660ae3092677.rlib" "/opt/rustwide/target/debug/deps/libfutures_executor-36a1b23c1422d80e.rlib" "/opt/rustwide/target/debug/deps/libbollard-313d6cb9f0343b64.rlib" "/opt/rustwide/target/debug/deps/libserde_urlencoded-21237b69daff1276.rlib" "/opt/rustwide/target/debug/deps/libbase64-fca76a9e376e88b4.rlib" "/opt/rustwide/target/debug/deps/libthiserror-9e92442654f9ad90.rlib" "/opt/rustwide/target/debug/deps/libbollard_stubs-0e2647e48b22bda6.rlib" "/opt/rustwide/target/debug/deps/libserde_with-6c20cd693029fcf7.rlib" "/opt/rustwide/target/debug/deps/liburl-5bc26e3f04caa07a.rlib" "/opt/rustwide/target/debug/deps/libidna-16be4ea6a8a60d54.rlib" "/opt/rustwide/target/debug/deps/libunicode_normalization-a49209942f8cb303.rlib" "/opt/rustwide/target/debug/deps/libtinyvec-dcbbce603bc23510.rlib" "/opt/rustwide/target/debug/deps/libtinyvec_macros-333661e3b238a9a3.rlib" "/opt/rustwide/target/debug/deps/libunicode_bidi-36757df894a8afbe.rlib" "/opt/rustwide/target/debug/deps/libform_urlencoded-00b3292b537cfa9a.rlib" "/opt/rustwide/target/debug/deps/libpercent_encoding-9ca315f6c750067f.rlib" "/opt/rustwide/target/debug/deps/libserde_json-470d0f52725b2c76.rlib" "/opt/rustwide/target/debug/deps/libryu-4b03a7708da1319d.rlib" "/opt/rustwide/target/debug/deps/libhyperlocal-dd84c1510267dbae.rlib" "/opt/rustwide/target/debug/deps/libpin_project-b256efacb39f3a2c.rlib" "/opt/rustwide/target/debug/deps/libhex-bf5d7c1623e40692.rlib" "/opt/rustwide/target/debug/deps/libserde-c57784dd3a27a94c.rlib" "/opt/rustwide/target/debug/deps/libhyper-4cc16715e61a8fd8.rlib" "/opt/rustwide/target/debug/deps/libwant-980d1be1e9789ecd.rlib" "/opt/rustwide/target/debug/deps/libtry_lock-61552f3200b10770.rlib" "/opt/rustwide/target/debug/deps/libhttparse-2dbc320ca65411a3.rlib" "/opt/rustwide/target/debug/deps/libh2-d69dfcb2e86f90ad.rlib" "/opt/rustwide/target/debug/deps/libindexmap-b97987b991fa7705.rlib" "/opt/rustwide/target/debug/deps/libequivalent-e4dc2e1acc32de2c.rlib" "/opt/rustwide/target/debug/deps/libhashbrown-ad909cf2cd84416e.rlib" "/opt/rustwide/target/debug/deps/libtokio_util-f58b2d0001cdea0e.rlib" "/opt/rustwide/target/debug/deps/libtower_service-92bbc7b5a1dd8782.rlib" "/opt/rustwide/target/debug/deps/libhttp_body-72c2ae490c1bf76f.rlib" "/opt/rustwide/target/debug/deps/libfutures_util-14d1e78deadd6223.rlib" "/opt/rustwide/target/debug/deps/libmemchr-14a47255884553ca.rlib" "/opt/rustwide/target/debug/deps/libfutures_io-fd3828dd557c3cad.rlib" "/opt/rustwide/target/debug/deps/libslab-0a39a638bccea296.rlib" "/opt/rustwide/target/debug/deps/libfutures_channel-45ba62bcbb6333cc.rlib" "/opt/rustwide/target/debug/deps/libfutures_sink-eb701a2145b3f560.rlib" "/opt/rustwide/target/debug/deps/libfutures_task-a05886844ea8dd2c.rlib" "/opt/rustwide/target/debug/deps/libpin_utils-9c5dcf17efb91bff.rlib" "/opt/rustwide/target/debug/deps/libtokio-89aec6f1052fc895.rlib" "/opt/rustwide/target/debug/deps/libsignal_hook_registry-26b7220e3ede78de.rlib" "/opt/rustwide/target/debug/deps/libnum_cpus-aef0cfcece38ac8d.rlib" "/opt/rustwide/target/debug/deps/libsocket2-8609d02ccaf88de4.rlib" "/opt/rustwide/target/debug/deps/libmio-d23646a067650d1b.rlib" "/opt/rustwide/target/debug/deps/libparking_lot-77cc1c5b37a1b555.rlib" "/opt/rustwide/target/debug/deps/libparking_lot_core-c3e1e7b78dea6d3a.rlib" "/opt/rustwide/target/debug/deps/libsmallvec-2fe51d264bce6b98.rlib" "/opt/rustwide/target/debug/deps/liblock_api-af608386887ddd92.rlib" "/opt/rustwide/target/debug/deps/libscopeguard-f937485db0060aca.rlib" "/opt/rustwide/target/debug/deps/libhttpdate-bf64bff9ff5092d8.rlib" "/opt/rustwide/target/debug/deps/libhttp-fc2ed756fd650dd3.rlib" "/opt/rustwide/target/debug/deps/libitoa-34968a9f29c36fec.rlib" "/opt/rustwide/target/debug/deps/libbytes-d5ef6100ae69ca23.rlib" "/opt/rustwide/target/debug/deps/libfnv-953831fe314029b4.rlib" "/opt/rustwide/target/debug/deps/libfutures_core-d95b0086a92f44b8.rlib" "/opt/rustwide/target/debug/deps/librand-aadd239b75ed3e20.rlib" "/opt/rustwide/target/debug/deps/librand_chacha-ad940925a0b3835e.rlib" "/opt/rustwide/target/debug/deps/libppv_lite86-db48c90fa293bcfe.rlib" "/opt/rustwide/target/debug/deps/librand_core-36bf1cf2a338c822.rlib" "/opt/rustwide/target/debug/deps/libgetrandom-1ff3a1dfc3f32fd8.rlib" "/opt/rustwide/target/debug/deps/liblibc-a3863744b2422075.rlib" "/opt/rustwide/target/debug/deps/libcfg_if-e7002d307f97bc56.rlib" "/opt/rustwide/target/debug/deps/libtracing-885620f289bd282b.rlib" "/opt/rustwide/target/debug/deps/liblog-2cf4a51dfa4e790a.rlib" "/opt/rustwide/target/debug/deps/libpin_project_lite-085b19c93bbb2231.rlib" "/opt/rustwide/target/debug/deps/libtracing_core-9f77338b6383eb64.rlib" "/opt/rustwide/target/debug/deps/libonce_cell-334d739f4e3a4961.rlib" "/opt/rustwide/rustup-home/toolchains/beta-2023-12-22-x86_64-unknown-linux-gnu/lib/rustlib/x86_64-unknown-linux-gnu/lib/libstd-0672489a78b613de.rlib" "/opt/rustwide/rustup-home/toolchains/beta-2023-12-22-x86_64-unknown-linux-gnu/lib/rustlib/x86_64-unknown-linux-gnu/lib/libpanic_unwind-7eb3ffc34a49f675.rlib" "/opt/rustwide/rustup-home/toolchains/beta-2023-12-22-x86_64-unknown-linux-gnu/lib/rustlib/x86_64-unknown-linux-gnu/lib/libobject-6478a9daa4bee8e2.rlib" "/opt/rustwide/rustup-home/toolchains/beta-2023-12-22-x86_64-unknown-linux-gnu/lib/rustlib/x86_64-unknown-linux-gnu/lib/libmemchr-0c75d871a5c3923d.rlib" "/opt/rustwide/rustup-home/toolchains/beta-2023-12-22-x86_64-unknown-linux-gnu/lib/rustlib/x86_64-unknown-linux-gnu/lib/libaddr2line-d163ef63ad37bb71.rlib" "/opt/rustwide/rustup-home/toolchains/beta-2023-12-22-x86_64-unknown-linux-gnu/lib/rustlib/x86_64-unknown-linux-gnu/lib/libgimli-8a3fd810a85b9f4c.rlib" "/opt/rustwide/rustup-home/toolchains/beta-2023-12-22-x86_64-unknown-linux-gnu/lib/rustlib/x86_64-unknown-linux-gnu/lib/librustc_demangle-462a2cde8c5dfc10.rlib" "/opt/rustwide/rustup-home/toolchains/beta-2023-12-22-x86_64-unknown-linux-gnu/lib/rustlib/x86_64-unknown-linux-gnu/lib/libstd_detect-cb06ac9f54713f71.rlib" "/opt/rustwide/rustup-home/toolchains/beta-2023-12-22-x86_64-unknown-linux-gnu/lib/rustlib/x86_64-unknown-linux-gnu/lib/libhashbrown-f20bfd1f8e59b393.rlib" "/opt/rustwide/rustup-home/toolchains/beta-2023-12-22-x86_64-unknown-linux-gnu/lib/rustlib/x86_64-unknown-linux-gnu/lib/librustc_std_workspace_alloc-1ef460949b49da4b.rlib" "/opt/rustwide/rustup-home/toolchains/beta-2023-12-22-x86_64-unknown-linux-gnu/lib/rustlib/x86_64-unknown-linux-gnu/lib/libminiz_oxide-2cb0c0ffe4f87514.rlib" "/opt/rustwide/rustup-home/toolchains/beta-2023-12-22-x86_64-unknown-linux-gnu/lib/rustlib/x86_64-unknown-linux-gnu/lib/libadler-58d841eb322a11a2.rlib" "/opt/rustwide/rustup-home/toolchains/beta-2023-12-22-x86_64-unknown-linux-gnu/lib/rustlib/x86_64-unknown-linux-gnu/lib/libunwind-aa2ae0b0a9d11533.rlib" "/opt/rustwide/rustup-home/toolchains/beta-2023-12-22-x86_64-unknown-linux-gnu/lib/rustlib/x86_64-unknown-linux-gnu/lib/libcfg_if-23874e15830ed336.rlib" "/opt/rustwide/rustup-home/toolchains/beta-2023-12-22-x86_64-unknown-linux-gnu/lib/rustlib/x86_64-unknown-linux-gnu/lib/liblibc-e47cddc003bce885.rlib" "/opt/rustwide/rustup-home/toolchains/beta-2023-12-22-x86_64-unknown-linux-gnu/lib/rustlib/x86_64-unknown-linux-gnu/lib/liballoc-c22b13b48a8f128e.rlib" "/opt/rustwide/rustup-home/toolchains/beta-2023-12-22-x86_64-unknown-linux-gnu/lib/rustlib/x86_64-unknown-linux-gnu/lib/librustc_std_workspace_core-e46bc3da6d7c462f.rlib" "/opt/rustwide/rustup-home/toolchains/beta-2023-12-22-x86_64-unknown-linux-gnu/lib/rustlib/x86_64-unknown-linux-gnu/lib/libcore-8d1ac131d3cb2645.rlib" "/opt/rustwide/rustup-home/toolchains/beta-2023-12-22-x86_64-unknown-linux-gnu/lib/rustlib/x86_64-unknown-linux-gnu/lib/libcompiler_builtins-a1b43df8c6899c1f.rlib" "-Wl,-Bdynamic" "-lgcc_s" "-lutil" "-lrt" "-lpthread" "-lm" "-ldl" "-lc" "-Wl,--eh-frame-hdr" "-Wl,-z,noexecstack" "-L" "/opt/rustwide/rustup-home/toolchains/beta-2023-12-22-x86_64-unknown-linux-gnu/lib/rustlib/x86_64-unknown-linux-gnu/lib" "-o" "/opt/rustwide/target/debug/deps/pki-717f510fc74e77bc" "-Wl,--gc-sections" "-pie" "-Wl,-z,relro,-z,now" "-nodefaultlibs"
[INFO] [stdout]   = note: collect2: fatal error: ld terminated with signal 9 [Killed]
[INFO] [stdout]           compilation terminated.
[INFO] [stdout]           
[INFO] [stdout] 
[INFO] [stdout] 
[INFO] [stdout] error: aborting due to 1 previous error; 2 warnings emitted
[INFO] [stdout] 
[INFO] [stdout] 
[INFO] [stderr] error: could not compile `vaultrs` (test "pki") due to 2 previous errors; 2 warnings emitted
[INFO] [stdout] warning: 2 warnings emitted
[INFO] [stdout] 
[INFO] [stdout] 
[INFO] [stdout] warning: 2 warnings emitted
[INFO] [stdout] 
[INFO] [stdout] 
[INFO] running `Command { std: "docker" "inspect" "b520d3ceb3c847047f7ef12cf06a48b91682b391184ad13363f8a9aa16d7ee68", kill_on_drop: false }`
[INFO] running `Command { std: "docker" "rm" "-f" "b520d3ceb3c847047f7ef12cf06a48b91682b391184ad13363f8a9aa16d7ee68", kill_on_drop: false }`
[INFO] [stdout] b520d3ceb3c847047f7ef12cf06a48b91682b391184ad13363f8a9aa16d7ee68
