[INFO] fetching crate vapjson 0.1.0...
[INFO] testing vapjson-0.1.0 against 1.75.0 for beta-1.76-1
[INFO] extracting crate vapjson 0.1.0 into /workspace/builds/worker-0-tc1/source
[INFO] validating manifest of crates.io crate vapjson 0.1.0 on toolchain 1.75.0
[INFO] running `Command { std: CARGO_HOME="/workspace/cargo-home" RUSTUP_HOME="/workspace/rustup-home" "/workspace/cargo-home/bin/cargo" "+1.75.0" "metadata" "--manifest-path" "Cargo.toml" "--no-deps", kill_on_drop: false }`
[INFO] started tweaking crates.io crate vapjson 0.1.0
[INFO] finished tweaking crates.io crate vapjson 0.1.0
[INFO] tweaked toml for crates.io crate vapjson 0.1.0 written to /workspace/builds/worker-0-tc1/source/Cargo.toml
[INFO] running `Command { std: CARGO_HOME="/workspace/cargo-home" RUSTUP_HOME="/workspace/rustup-home" "/workspace/cargo-home/bin/cargo" "+1.75.0" "generate-lockfile" "--manifest-path" "Cargo.toml", kill_on_drop: false }`
[INFO] [stderr]     Updating crates.io index
[INFO] running `Command { std: CARGO_HOME="/workspace/cargo-home" RUSTUP_HOME="/workspace/rustup-home" "/workspace/cargo-home/bin/cargo" "+1.75.0" "fetch" "--manifest-path" "Cargo.toml", kill_on_drop: false }`
[INFO] [stderr]  Downloading crates ...
[INFO] [stderr]   Downloaded vapbloom v0.8.0
[INFO] [stderr]   Downloaded tetsy-fixed-hash v0.5.0
[INFO] [stderr]   Downloaded tetsy-impl-rlp v0.2.0
[INFO] [stderr]   Downloaded uint-crate v0.8.1
[INFO] [stderr]   Downloaded rustc-hex v1.0.0
[INFO] [stderr]   Downloaded tetsy-impl-codec v0.4.1
[INFO] [stderr]   Downloaded tetsy-scale-codec v1.3.0
[INFO] [stderr]   Downloaded tetsy-primitive-types v0.6.0
[INFO] [stderr]   Downloaded tetsy-rlp v0.4.5
[INFO] [stderr]   Downloaded tetsy-impl-serde v0.2.2
[INFO] [stderr]   Downloaded vapory-types v0.8.0
[INFO] running `Command { std: "docker" "create" "-v" "/var/lib/crater-agent-workspace/builds/worker-0-tc1/target:/opt/rustwide/target:rw,Z" "-v" "/var/lib/crater-agent-workspace/builds/worker-0-tc1/source:/opt/rustwide/workdir:ro,Z" "-v" "/var/lib/crater-agent-workspace/cargo-home:/opt/rustwide/cargo-home:ro,Z" "-v" "/var/lib/crater-agent-workspace/rustup-home:/opt/rustwide/rustup-home:ro,Z" "-e" "SOURCE_DIR=/opt/rustwide/workdir" "-e" "CARGO_TARGET_DIR=/opt/rustwide/target" "-e" "CARGO_HOME=/opt/rustwide/cargo-home" "-e" "RUSTUP_HOME=/opt/rustwide/rustup-home" "-w" "/opt/rustwide/workdir" "-m" "1610612736" "--user" "0:0" "--network" "none" "ghcr.io/rust-lang/crates-build-env/linux@sha256:2788e3201cd34a07e3172128adcd8b3090168a8e3bcc40d7c032b9dda1df7d1c" "/opt/rustwide/cargo-home/bin/cargo" "+1.75.0" "metadata" "--no-deps" "--format-version=1", kill_on_drop: false }`
[INFO] [stdout] a07ea0e260f0b2cb6b56b4e6a5c5743b3e11ebf9eaf57f75c8f8c7de9f9c12d1
[INFO] running `Command { std: "docker" "start" "-a" "a07ea0e260f0b2cb6b56b4e6a5c5743b3e11ebf9eaf57f75c8f8c7de9f9c12d1", kill_on_drop: false }`
[INFO] running `Command { std: "docker" "inspect" "a07ea0e260f0b2cb6b56b4e6a5c5743b3e11ebf9eaf57f75c8f8c7de9f9c12d1", kill_on_drop: false }`
[INFO] running `Command { std: "docker" "rm" "-f" "a07ea0e260f0b2cb6b56b4e6a5c5743b3e11ebf9eaf57f75c8f8c7de9f9c12d1", kill_on_drop: false }`
[INFO] [stdout] a07ea0e260f0b2cb6b56b4e6a5c5743b3e11ebf9eaf57f75c8f8c7de9f9c12d1
[INFO] running `Command { std: "docker" "create" "-v" "/var/lib/crater-agent-workspace/builds/worker-0-tc1/target:/opt/rustwide/target:rw,Z" "-v" "/var/lib/crater-agent-workspace/builds/worker-0-tc1/source:/opt/rustwide/workdir:ro,Z" "-v" "/var/lib/crater-agent-workspace/cargo-home:/opt/rustwide/cargo-home:ro,Z" "-v" "/var/lib/crater-agent-workspace/rustup-home:/opt/rustwide/rustup-home:ro,Z" "-e" "SOURCE_DIR=/opt/rustwide/workdir" "-e" "CARGO_TARGET_DIR=/opt/rustwide/target" "-e" "CARGO_INCREMENTAL=0" "-e" "RUST_BACKTRACE=full" "-e" "RUSTFLAGS=--cap-lints=warn" "-e" "RUSTDOCFLAGS=--cap-lints=warn" "-e" "CARGO_HOME=/opt/rustwide/cargo-home" "-e" "RUSTUP_HOME=/opt/rustwide/rustup-home" "-w" "/opt/rustwide/workdir" "-m" "1610612736" "--user" "0:0" "--network" "none" "ghcr.io/rust-lang/crates-build-env/linux@sha256:2788e3201cd34a07e3172128adcd8b3090168a8e3bcc40d7c032b9dda1df7d1c" "/opt/rustwide/cargo-home/bin/cargo" "+1.75.0" "build" "--frozen" "--message-format=json", kill_on_drop: false }`
[INFO] [stdout] 6bfd7cd951dc969823c2931d2096ef17bcafd3011ec92f9502cadfa269aa18f9
[INFO] running `Command { std: "docker" "start" "-a" "6bfd7cd951dc969823c2931d2096ef17bcafd3011ec92f9502cadfa269aa18f9", kill_on_drop: false }`
[INFO] [stderr]    Compiling libc v0.2.151
[INFO] [stderr]    Compiling serde v1.0.194
[INFO] [stderr]    Compiling crunchy v0.2.2
[INFO] [stderr]    Compiling rustc-hex v2.1.0
[INFO] [stderr]    Compiling ppv-lite86 v0.2.17
[INFO] [stderr]    Compiling radium v0.3.0
[INFO] [stderr]    Compiling byteorder v1.5.0
[INFO] [stderr]    Compiling serde_derive v1.0.194
[INFO] [stderr]    Compiling either v1.9.0
[INFO] [stderr]    Compiling static_assertions v1.1.0
[INFO] [stderr]    Compiling bitvec v0.17.4
[INFO] [stderr]    Compiling tetsy-rlp v0.4.5
[INFO] [stderr]    Compiling arrayvec v0.5.2
[INFO] [stderr]    Compiling byte-slice-cast v0.3.5
[INFO] [stderr]    Compiling uint-crate v0.8.1
[INFO] [stderr]    Compiling tiny-keccak v1.5.0
[INFO] [stderr]    Compiling tetsy-impl-rlp v0.2.0
[INFO] [stderr]    Compiling serde_json v1.0.111
[INFO] [stderr]    Compiling itoa v1.0.10
[INFO] [stderr]    Compiling ryu v1.0.16
[INFO] [stderr]    Compiling rustc-hex v1.0.0
[INFO] [stderr]    Compiling getrandom v0.1.16
[INFO] [stderr]    Compiling rand_core v0.5.1
[INFO] [stderr]    Compiling rand_chacha v0.2.2
[INFO] [stderr]    Compiling rand v0.7.3
[INFO] [stderr]    Compiling tetsy-fixed-hash v0.5.0
[INFO] [stderr]    Compiling tetsy-impl-serde v0.2.2
[INFO] [stderr]    Compiling tetsy-scale-codec v1.3.0
[INFO] [stderr]    Compiling vapbloom v0.8.0
[INFO] [stderr]    Compiling tetsy-impl-codec v0.4.1
[INFO] [stderr]    Compiling tetsy-primitive-types v0.6.0
[INFO] [stderr]    Compiling vapory-types v0.8.0
[INFO] [stderr]    Compiling vapjson v0.1.0 (/opt/rustwide/workdir)
[INFO] [stderr]     Finished dev [unoptimized + debuginfo] target(s) in 6.88s
[INFO] running `Command { std: "docker" "inspect" "6bfd7cd951dc969823c2931d2096ef17bcafd3011ec92f9502cadfa269aa18f9", kill_on_drop: false }`
[INFO] running `Command { std: "docker" "rm" "-f" "6bfd7cd951dc969823c2931d2096ef17bcafd3011ec92f9502cadfa269aa18f9", kill_on_drop: false }`
[INFO] [stdout] 6bfd7cd951dc969823c2931d2096ef17bcafd3011ec92f9502cadfa269aa18f9
[INFO] running `Command { std: "docker" "create" "-v" "/var/lib/crater-agent-workspace/builds/worker-0-tc1/target:/opt/rustwide/target:rw,Z" "-v" "/var/lib/crater-agent-workspace/builds/worker-0-tc1/source:/opt/rustwide/workdir:ro,Z" "-v" "/var/lib/crater-agent-workspace/cargo-home:/opt/rustwide/cargo-home:ro,Z" "-v" "/var/lib/crater-agent-workspace/rustup-home:/opt/rustwide/rustup-home:ro,Z" "-e" "SOURCE_DIR=/opt/rustwide/workdir" "-e" "CARGO_TARGET_DIR=/opt/rustwide/target" "-e" "CARGO_INCREMENTAL=0" "-e" "RUST_BACKTRACE=full" "-e" "RUSTFLAGS=--cap-lints=warn" "-e" "RUSTDOCFLAGS=--cap-lints=warn" "-e" "CARGO_HOME=/opt/rustwide/cargo-home" "-e" "RUSTUP_HOME=/opt/rustwide/rustup-home" "-w" "/opt/rustwide/workdir" "-m" "1610612736" "--user" "0:0" "--network" "none" "ghcr.io/rust-lang/crates-build-env/linux@sha256:2788e3201cd34a07e3172128adcd8b3090168a8e3bcc40d7c032b9dda1df7d1c" "/opt/rustwide/cargo-home/bin/cargo" "+1.75.0" "test" "--frozen" "--no-run" "--message-format=json", kill_on_drop: false }`
[INFO] [stdout] 83cb867fc431e59a4bc8062ef5dba1dbf0a9bdc3a70c8ff4effe44fc7c8418d2
[INFO] running `Command { std: "docker" "start" "-a" "83cb867fc431e59a4bc8062ef5dba1dbf0a9bdc3a70c8ff4effe44fc7c8418d2", kill_on_drop: false }`
[INFO] [stderr]    Compiling vapjson v0.1.0 (/opt/rustwide/workdir)
[INFO] [stdout] error[E0432]: unresolved import `macros`
[INFO] [stdout]    --> src/spec/builtin.rs:143:6
[INFO] [stdout]     |
[INFO] [stdout] 143 |     use macros::map;
[INFO] [stdout]     |         ^^^^^^ use of undeclared crate or module `macros`
[INFO] [stdout] 
[INFO] [stdout] 
[INFO] [stdout] error[E0432]: unresolved import `macros`
[INFO] [stdout]    --> src/vm.rs:132:6
[INFO] [stdout]     |
[INFO] [stdout] 132 |     use macros::map;
[INFO] [stdout]     |         ^^^^^^ use of undeclared crate or module `macros`
[INFO] [stdout] 
[INFO] [stdout] 
[INFO] [stdout] error: cannot determine resolution for the macro `map`
[INFO] [stdout]    --> src/spec/builtin.rs:153:31
[INFO] [stdout]     |
[INFO] [stdout] 153 |         assert_eq!(builtin.pricing, map![
[INFO] [stdout]     |                                     ^^^
[INFO] [stdout]     |
[INFO] [stdout]     = note: import resolution is stuck, try simplifying macro imports
[INFO] [stdout] 
[INFO] [stdout] 
[INFO] [stdout] error: cannot determine resolution for the macro `map`
[INFO] [stdout]    --> src/spec/builtin.rs:177:31
[INFO] [stdout]     |
[INFO] [stdout] 177 |         assert_eq!(builtin.pricing, map![
[INFO] [stdout]     |                                     ^^^
[INFO] [stdout]     |
[INFO] [stdout]     = note: import resolution is stuck, try simplifying macro imports
[INFO] [stdout] 
[INFO] [stdout] 
[INFO] [stdout] error: cannot determine resolution for the macro `map`
[INFO] [stdout]    --> src/spec/builtin.rs:198:31
[INFO] [stdout]     |
[INFO] [stdout] 198 |         assert_eq!(builtin.pricing, map![
[INFO] [stdout]     |                                     ^^^
[INFO] [stdout]     |
[INFO] [stdout]     = note: import resolution is stuck, try simplifying macro imports
[INFO] [stdout] 
[INFO] [stdout] 
[INFO] [stdout] error: cannot determine resolution for the macro `map`
[INFO] [stdout]    --> src/spec/builtin.rs:218:31
[INFO] [stdout]     |
[INFO] [stdout] 218 |         assert_eq!(builtin.pricing, map![
[INFO] [stdout]     |                                     ^^^
[INFO] [stdout]     |
[INFO] [stdout]     = note: import resolution is stuck, try simplifying macro imports
[INFO] [stdout] 
[INFO] [stdout] 
[INFO] [stdout] error: cannot determine resolution for the macro `map`
[INFO] [stdout]    --> src/spec/builtin.rs:238:31
[INFO] [stdout]     |
[INFO] [stdout] 238 |         assert_eq!(builtin.pricing, map![
[INFO] [stdout]     |                                     ^^^
[INFO] [stdout]     |
[INFO] [stdout]     = note: import resolution is stuck, try simplifying macro imports
[INFO] [stdout] 
[INFO] [stdout] 
[INFO] [stdout] error: cannot determine resolution for the macro `map`
[INFO] [stdout]    --> src/vm.rs:210:5
[INFO] [stdout]     |
[INFO] [stdout] 210 |                 map![
[INFO] [stdout]     |                 ^^^
[INFO] [stdout]     |
[INFO] [stdout]     = note: import resolution is stuck, try simplifying macro imports
[INFO] [stdout] 
[INFO] [stdout] 
[INFO] [stdout] error: cannot determine resolution for the macro `map`
[INFO] [stdout]    --> src/vm.rs:225:7
[INFO] [stdout]     |
[INFO] [stdout] 225 |                         map![
[INFO] [stdout]     |                         ^^^
[INFO] [stdout]     |
[INFO] [stdout]     = note: import resolution is stuck, try simplifying macro imports
[INFO] [stdout] 
[INFO] [stdout] 
[INFO] [stdout] warning: unused imports: `AltBn128ConstOperations`, `BTreeMap`, `Linear`, `Modexp`, `PricingAt`, `Pricing`
[INFO] [stdout]    --> src/spec/builtin.rs:142:38
[INFO] [stdout]     |
[INFO] [stdout] 142 |     use super::{Builtin, BuiltinCompat, BTreeMap, Pricing, PricingAt, Linear, Modexp, AltBn128ConstOperations};
[INFO] [stdout]     |                                         ^^^^^^^^  ^^^^^^^  ^^^^^^^^^  ^^^^^^  ^^^^^^  ^^^^^^^^^^^^^^^^^^^^^^^
[INFO] [stdout]     |
[INFO] [stdout]     = note: `#[warn(unused_imports)]` on by default
[INFO] [stdout] 
[INFO] [stdout] 
[INFO] [stdout] warning: unused import: `collections::BTreeMap`
[INFO] [stdout]    --> src/vm.rs:125:3
[INFO] [stdout]     |
[INFO] [stdout] 125 |         collections::BTreeMap,
[INFO] [stdout]     |         ^^^^^^^^^^^^^^^^^^^^^
[INFO] [stdout] 
[INFO] [stdout] 
[INFO] [stdout] warning: unused import: `Account`
[INFO] [stdout]    --> src/vm.rs:130:20
[INFO] [stdout]     |
[INFO] [stdout] 130 |     use crate::spec::{Account, HashOrMap};
[INFO] [stdout]     |                       ^^^^^^^
[INFO] [stdout] 
[INFO] [stdout] 
[INFO] [stdout] error: aborting due to 9 previous errors; 3 warnings emitted
[INFO] [stdout] 
[INFO] [stdout] 
[INFO] [stdout] For more information about this error, try `rustc --explain E0432`.
[INFO] [stdout] 
[INFO] [stderr] error: could not compile `vapjson` (lib test) due to 10 previous errors; 3 warnings emitted
[INFO] running `Command { std: "docker" "inspect" "83cb867fc431e59a4bc8062ef5dba1dbf0a9bdc3a70c8ff4effe44fc7c8418d2", kill_on_drop: false }`
[INFO] running `Command { std: "docker" "rm" "-f" "83cb867fc431e59a4bc8062ef5dba1dbf0a9bdc3a70c8ff4effe44fc7c8418d2", kill_on_drop: false }`
[INFO] [stdout] 83cb867fc431e59a4bc8062ef5dba1dbf0a9bdc3a70c8ff4effe44fc7c8418d2
[INFO] testing vapjson-0.1.0 against beta-2023-12-22 for beta-1.76-1
[INFO] extracting crate vapjson 0.1.0 into /workspace/builds/worker-0-tc2/source
[INFO] validating manifest of crates.io crate vapjson 0.1.0 on toolchain beta-2023-12-22
[INFO] running `Command { std: CARGO_HOME="/workspace/cargo-home" RUSTUP_HOME="/workspace/rustup-home" "/workspace/cargo-home/bin/cargo" "+beta-2023-12-22" "metadata" "--manifest-path" "Cargo.toml" "--no-deps", kill_on_drop: false }`
[INFO] started tweaking crates.io crate vapjson 0.1.0
[INFO] finished tweaking crates.io crate vapjson 0.1.0
[INFO] tweaked toml for crates.io crate vapjson 0.1.0 written to /workspace/builds/worker-0-tc2/source/Cargo.toml
[INFO] running `Command { std: CARGO_HOME="/workspace/cargo-home" RUSTUP_HOME="/workspace/rustup-home" "/workspace/cargo-home/bin/cargo" "+beta-2023-12-22" "generate-lockfile" "--manifest-path" "Cargo.toml", kill_on_drop: false }`
[INFO] [stderr]     Updating crates.io index
[INFO] running `Command { std: CARGO_HOME="/workspace/cargo-home" RUSTUP_HOME="/workspace/rustup-home" "/workspace/cargo-home/bin/cargo" "+beta-2023-12-22" "fetch" "--manifest-path" "Cargo.toml", kill_on_drop: false }`
[INFO] running `Command { std: "docker" "create" "-v" "/var/lib/crater-agent-workspace/builds/worker-0-tc2/target:/opt/rustwide/target:rw,Z" "-v" "/var/lib/crater-agent-workspace/builds/worker-0-tc2/source:/opt/rustwide/workdir:ro,Z" "-v" "/var/lib/crater-agent-workspace/cargo-home:/opt/rustwide/cargo-home:ro,Z" "-v" "/var/lib/crater-agent-workspace/rustup-home:/opt/rustwide/rustup-home:ro,Z" "-e" "SOURCE_DIR=/opt/rustwide/workdir" "-e" "CARGO_TARGET_DIR=/opt/rustwide/target" "-e" "CARGO_HOME=/opt/rustwide/cargo-home" "-e" "RUSTUP_HOME=/opt/rustwide/rustup-home" "-w" "/opt/rustwide/workdir" "-m" "1610612736" "--user" "0:0" "--network" "none" "ghcr.io/rust-lang/crates-build-env/linux@sha256:2788e3201cd34a07e3172128adcd8b3090168a8e3bcc40d7c032b9dda1df7d1c" "/opt/rustwide/cargo-home/bin/cargo" "+beta-2023-12-22" "metadata" "--no-deps" "--format-version=1", kill_on_drop: false }`
[INFO] [stdout] fc293efd22b3856fc90d47c722c2b77fcc1c0996e99f1b7ace8a1f8e824a03e2
[INFO] running `Command { std: "docker" "start" "-a" "fc293efd22b3856fc90d47c722c2b77fcc1c0996e99f1b7ace8a1f8e824a03e2", kill_on_drop: false }`
[INFO] running `Command { std: "docker" "inspect" "fc293efd22b3856fc90d47c722c2b77fcc1c0996e99f1b7ace8a1f8e824a03e2", kill_on_drop: false }`
[INFO] running `Command { std: "docker" "rm" "-f" "fc293efd22b3856fc90d47c722c2b77fcc1c0996e99f1b7ace8a1f8e824a03e2", kill_on_drop: false }`
[INFO] [stdout] fc293efd22b3856fc90d47c722c2b77fcc1c0996e99f1b7ace8a1f8e824a03e2
[INFO] running `Command { std: "docker" "create" "-v" "/var/lib/crater-agent-workspace/builds/worker-0-tc2/target:/opt/rustwide/target:rw,Z" "-v" "/var/lib/crater-agent-workspace/builds/worker-0-tc2/source:/opt/rustwide/workdir:ro,Z" "-v" "/var/lib/crater-agent-workspace/cargo-home:/opt/rustwide/cargo-home:ro,Z" "-v" "/var/lib/crater-agent-workspace/rustup-home:/opt/rustwide/rustup-home:ro,Z" "-e" "SOURCE_DIR=/opt/rustwide/workdir" "-e" "CARGO_TARGET_DIR=/opt/rustwide/target" "-e" "CARGO_INCREMENTAL=0" "-e" "RUST_BACKTRACE=full" "-e" "RUSTFLAGS=--cap-lints=warn" "-e" "RUSTDOCFLAGS=--cap-lints=warn" "-e" "CARGO_HOME=/opt/rustwide/cargo-home" "-e" "RUSTUP_HOME=/opt/rustwide/rustup-home" "-w" "/opt/rustwide/workdir" "-m" "1610612736" "--user" "0:0" "--network" "none" "ghcr.io/rust-lang/crates-build-env/linux@sha256:2788e3201cd34a07e3172128adcd8b3090168a8e3bcc40d7c032b9dda1df7d1c" "/opt/rustwide/cargo-home/bin/cargo" "+beta-2023-12-22" "build" "--frozen" "--message-format=json", kill_on_drop: false }`
[INFO] [stdout] 3f16efd87a23e317d0405eafe3aeef86e2d8a14093a8b0876e5bf471b58a5785
[INFO] running `Command { std: "docker" "start" "-a" "3f16efd87a23e317d0405eafe3aeef86e2d8a14093a8b0876e5bf471b58a5785", kill_on_drop: false }`
[INFO] [stderr]    Compiling libc v0.2.151
[INFO] [stderr]    Compiling serde v1.0.194
[INFO] [stderr]    Compiling crunchy v0.2.2
[INFO] [stderr]    Compiling rustc-hex v2.1.0
[INFO] [stderr]    Compiling ppv-lite86 v0.2.17
[INFO] [stderr]    Compiling byteorder v1.5.0
[INFO] [stderr]    Compiling radium v0.3.0
[INFO] [stderr]    Compiling serde_derive v1.0.194
[INFO] [stderr]    Compiling static_assertions v1.1.0
[INFO] [stderr]    Compiling either v1.9.0
[INFO] [stderr]    Compiling tetsy-rlp v0.4.5
[INFO] [stderr]    Compiling arrayvec v0.5.2
[INFO] [stderr]    Compiling bitvec v0.17.4
[INFO] [stderr]    Compiling byte-slice-cast v0.3.5
[INFO] [stderr]    Compiling uint-crate v0.8.1
[INFO] [stderr]    Compiling tiny-keccak v1.5.0
[INFO] [stderr]    Compiling tetsy-impl-rlp v0.2.0
[INFO] [stderr]    Compiling serde_json v1.0.111
[INFO] [stderr]    Compiling itoa v1.0.10
[INFO] [stderr]    Compiling ryu v1.0.16
[INFO] [stderr]    Compiling rustc-hex v1.0.0
[INFO] [stderr]    Compiling getrandom v0.1.16
[INFO] [stderr]    Compiling rand_core v0.5.1
[INFO] [stderr]    Compiling rand_chacha v0.2.2
[INFO] [stderr]    Compiling rand v0.7.3
[INFO] [stderr]    Compiling tetsy-fixed-hash v0.5.0
[INFO] [stderr]    Compiling tetsy-impl-serde v0.2.2
[INFO] [stderr]    Compiling tetsy-scale-codec v1.3.0
[INFO] [stderr]    Compiling vapbloom v0.8.0
[INFO] [stderr]    Compiling tetsy-impl-codec v0.4.1
[INFO] [stderr]    Compiling tetsy-primitive-types v0.6.0
[INFO] [stderr]    Compiling vapory-types v0.8.0
[INFO] [stderr]    Compiling vapjson v0.1.0 (/opt/rustwide/workdir)
[INFO] [stderr]     Finished dev [unoptimized + debuginfo] target(s) in 7.00s
[INFO] running `Command { std: "docker" "inspect" "3f16efd87a23e317d0405eafe3aeef86e2d8a14093a8b0876e5bf471b58a5785", kill_on_drop: false }`
[INFO] running `Command { std: "docker" "rm" "-f" "3f16efd87a23e317d0405eafe3aeef86e2d8a14093a8b0876e5bf471b58a5785", kill_on_drop: false }`
[INFO] [stdout] 3f16efd87a23e317d0405eafe3aeef86e2d8a14093a8b0876e5bf471b58a5785
[INFO] running `Command { std: "docker" "create" "-v" "/var/lib/crater-agent-workspace/builds/worker-0-tc2/target:/opt/rustwide/target:rw,Z" "-v" "/var/lib/crater-agent-workspace/builds/worker-0-tc2/source:/opt/rustwide/workdir:ro,Z" "-v" "/var/lib/crater-agent-workspace/cargo-home:/opt/rustwide/cargo-home:ro,Z" "-v" "/var/lib/crater-agent-workspace/rustup-home:/opt/rustwide/rustup-home:ro,Z" "-e" "SOURCE_DIR=/opt/rustwide/workdir" "-e" "CARGO_TARGET_DIR=/opt/rustwide/target" "-e" "CARGO_INCREMENTAL=0" "-e" "RUST_BACKTRACE=full" "-e" "RUSTFLAGS=--cap-lints=warn" "-e" "RUSTDOCFLAGS=--cap-lints=warn" "-e" "CARGO_HOME=/opt/rustwide/cargo-home" "-e" "RUSTUP_HOME=/opt/rustwide/rustup-home" "-w" "/opt/rustwide/workdir" "-m" "1610612736" "--user" "0:0" "--network" "none" "ghcr.io/rust-lang/crates-build-env/linux@sha256:2788e3201cd34a07e3172128adcd8b3090168a8e3bcc40d7c032b9dda1df7d1c" "/opt/rustwide/cargo-home/bin/cargo" "+beta-2023-12-22" "test" "--frozen" "--no-run" "--message-format=json", kill_on_drop: false }`
[INFO] [stdout] 3446f91af853da7eddfdef396bd6943bb28ffcd8aa89c1dab3f9fed4668e56c4
[INFO] running `Command { std: "docker" "start" "-a" "3446f91af853da7eddfdef396bd6943bb28ffcd8aa89c1dab3f9fed4668e56c4", kill_on_drop: false }`
[INFO] [stderr]    Compiling vapjson v0.1.0 (/opt/rustwide/workdir)
[INFO] [stdout] error[E0432]: unresolved import `macros`
[INFO] [stdout]    --> src/spec/builtin.rs:143:6
[INFO] [stdout]     |
[INFO] [stdout] 143 |     use macros::map;
[INFO] [stdout]     |         ^^^^^^ use of undeclared crate or module `macros`
[INFO] [stdout] 
[INFO] [stdout] 
[INFO] [stdout] error[E0432]: unresolved import `macros`
[INFO] [stdout]    --> src/vm.rs:132:6
[INFO] [stdout]     |
[INFO] [stdout] 132 |     use macros::map;
[INFO] [stdout]     |         ^^^^^^ use of undeclared crate or module `macros`
[INFO] [stdout] 
[INFO] [stdout] 
[INFO] [stdout] error: cannot determine resolution for the macro `map`
[INFO] [stdout]    --> src/spec/builtin.rs:153:31
[INFO] [stdout]     |
[INFO] [stdout] 153 |         assert_eq!(builtin.pricing, map![
[INFO] [stdout]     |                                     ^^^
[INFO] [stdout]     |
[INFO] [stdout]     = note: import resolution is stuck, try simplifying macro imports
[INFO] [stdout] 
[INFO] [stdout] 
[INFO] [stdout] error: cannot determine resolution for the macro `map`
[INFO] [stdout]    --> src/spec/builtin.rs:177:31
[INFO] [stdout]     |
[INFO] [stdout] 177 |         assert_eq!(builtin.pricing, map![
[INFO] [stdout]     |                                     ^^^
[INFO] [stdout]     |
[INFO] [stdout]     = note: import resolution is stuck, try simplifying macro imports
[INFO] [stdout] 
[INFO] [stdout] 
[INFO] [stdout] error: cannot determine resolution for the macro `map`
[INFO] [stdout]    --> src/spec/builtin.rs:198:31
[INFO] [stdout]     |
[INFO] [stdout] 198 |         assert_eq!(builtin.pricing, map![
[INFO] [stdout]     |                                     ^^^
[INFO] [stdout]     |
[INFO] [stdout]     = note: import resolution is stuck, try simplifying macro imports
[INFO] [stdout] 
[INFO] [stdout] 
[INFO] [stdout] error: cannot determine resolution for the macro `map`
[INFO] [stdout]    --> src/spec/builtin.rs:218:31
[INFO] [stdout]     |
[INFO] [stdout] 218 |         assert_eq!(builtin.pricing, map![
[INFO] [stdout]     |                                     ^^^
[INFO] [stdout]     |
[INFO] [stdout]     = note: import resolution is stuck, try simplifying macro imports
[INFO] [stdout] 
[INFO] [stdout] 
[INFO] [stdout] error: cannot determine resolution for the macro `map`
[INFO] [stdout]    --> src/spec/builtin.rs:238:31
[INFO] [stdout]     |
[INFO] [stdout] 238 |         assert_eq!(builtin.pricing, map![
[INFO] [stdout]     |                                     ^^^
[INFO] [stdout]     |
[INFO] [stdout]     = note: import resolution is stuck, try simplifying macro imports
[INFO] [stdout] 
[INFO] [stdout] 
[INFO] [stdout] error: cannot determine resolution for the macro `map`
[INFO] [stdout]    --> src/vm.rs:210:5
[INFO] [stdout]     |
[INFO] [stdout] 210 |                 map![
[INFO] [stdout]     |                 ^^^
[INFO] [stdout]     |
[INFO] [stdout]     = note: import resolution is stuck, try simplifying macro imports
[INFO] [stdout] 
[INFO] [stdout] 
[INFO] [stdout] error: cannot determine resolution for the macro `map`
[INFO] [stdout]    --> src/vm.rs:225:7
[INFO] [stdout]     |
[INFO] [stdout] 225 |                         map![
[INFO] [stdout]     |                         ^^^
[INFO] [stdout]     |
[INFO] [stdout]     = note: import resolution is stuck, try simplifying macro imports
[INFO] [stdout] 
[INFO] [stdout] 
[INFO] [stdout] warning: unused imports: `AltBn128ConstOperations`, `BTreeMap`, `Linear`, `Modexp`, `PricingAt`, `Pricing`
[INFO] [stdout]    --> src/spec/builtin.rs:142:38
[INFO] [stdout]     |
[INFO] [stdout] 142 |     use super::{Builtin, BuiltinCompat, BTreeMap, Pricing, PricingAt, Linear, Modexp, AltBn128ConstOperations};
[INFO] [stdout]     |                                         ^^^^^^^^  ^^^^^^^  ^^^^^^^^^  ^^^^^^  ^^^^^^  ^^^^^^^^^^^^^^^^^^^^^^^
[INFO] [stdout]     |
[INFO] [stdout]     = note: `#[warn(unused_imports)]` on by default
[INFO] [stdout] 
[INFO] [stdout] 
[INFO] [stdout] warning: unused import: `collections::BTreeMap`
[INFO] [stdout]    --> src/vm.rs:125:3
[INFO] [stdout]     |
[INFO] [stdout] 125 |         collections::BTreeMap,
[INFO] [stdout]     |         ^^^^^^^^^^^^^^^^^^^^^
[INFO] [stdout] 
[INFO] [stdout] 
[INFO] [stdout] warning: unused import: `Account`
[INFO] [stdout]    --> src/vm.rs:130:20
[INFO] [stdout]     |
[INFO] [stdout] 130 |     use crate::spec::{Account, HashOrMap};
[INFO] [stdout]     |                       ^^^^^^^
[INFO] [stdout] 
[INFO] [stdout] 
[INFO] [stdout] error: aborting due to 9 previous errors; 3 warnings emitted
[INFO] [stdout] 
[INFO] [stdout] 
[INFO] [stdout] For more information about this error, try `rustc --explain E0432`.
[INFO] [stdout] 
[INFO] [stderr] error: could not compile `vapjson` (lib test) due to 10 previous errors; 3 warnings emitted
[INFO] running `Command { std: "docker" "inspect" "3446f91af853da7eddfdef396bd6943bb28ffcd8aa89c1dab3f9fed4668e56c4", kill_on_drop: false }`
[INFO] running `Command { std: "docker" "rm" "-f" "3446f91af853da7eddfdef396bd6943bb28ffcd8aa89c1dab3f9fed4668e56c4", kill_on_drop: false }`
[INFO] [stdout] 3446f91af853da7eddfdef396bd6943bb28ffcd8aa89c1dab3f9fed4668e56c4
