[INFO] fetching crate valkyrie 1.0.8-beta.1...
[INFO] testing valkyrie-1.0.8-beta.1 against 1.75.0 for beta-1.76-1
[INFO] extracting crate valkyrie 1.0.8-beta.1 into /workspace/builds/worker-7-tc1/source
[INFO] validating manifest of crates.io crate valkyrie 1.0.8-beta.1 on toolchain 1.75.0
[INFO] running `Command { std: CARGO_HOME="/workspace/cargo-home" RUSTUP_HOME="/workspace/rustup-home" "/workspace/cargo-home/bin/cargo" "+1.75.0" "metadata" "--manifest-path" "Cargo.toml" "--no-deps", kill_on_drop: false }`
[INFO] removed /workspace/builds/worker-7-tc1/source/.cargo/config
[INFO] started tweaking crates.io crate valkyrie 1.0.8-beta.1
[INFO] finished tweaking crates.io crate valkyrie 1.0.8-beta.1
[INFO] tweaked toml for crates.io crate valkyrie 1.0.8-beta.1 written to /workspace/builds/worker-7-tc1/source/Cargo.toml
[INFO] running `Command { std: CARGO_HOME="/workspace/cargo-home" RUSTUP_HOME="/workspace/rustup-home" "/workspace/cargo-home/bin/cargo" "+1.75.0" "generate-lockfile" "--manifest-path" "Cargo.toml", kill_on_drop: false }`
[INFO] [stderr]     Updating crates.io index
[INFO] running `Command { std: CARGO_HOME="/workspace/cargo-home" RUSTUP_HOME="/workspace/rustup-home" "/workspace/cargo-home/bin/cargo" "+1.75.0" "fetch" "--manifest-path" "Cargo.toml", kill_on_drop: false }`
[INFO] [stderr]  Downloading crates ...
[INFO] [stderr]   Downloaded terra-cosmwasm v2.2.0
[INFO] [stderr]   Downloaded cw-storage-plus v0.8.1
[INFO] running `Command { std: "docker" "create" "-v" "/var/lib/crater-agent-workspace/builds/worker-7-tc1/target:/opt/rustwide/target:rw,Z" "-v" "/var/lib/crater-agent-workspace/builds/worker-7-tc1/source:/opt/rustwide/workdir:ro,Z" "-v" "/var/lib/crater-agent-workspace/cargo-home:/opt/rustwide/cargo-home:ro,Z" "-v" "/var/lib/crater-agent-workspace/rustup-home:/opt/rustwide/rustup-home:ro,Z" "-e" "SOURCE_DIR=/opt/rustwide/workdir" "-e" "CARGO_TARGET_DIR=/opt/rustwide/target" "-e" "CARGO_HOME=/opt/rustwide/cargo-home" "-e" "RUSTUP_HOME=/opt/rustwide/rustup-home" "-w" "/opt/rustwide/workdir" "-m" "1610612736" "--user" "0:0" "--network" "none" "ghcr.io/rust-lang/crates-build-env/linux@sha256:2788e3201cd34a07e3172128adcd8b3090168a8e3bcc40d7c032b9dda1df7d1c" "/opt/rustwide/cargo-home/bin/cargo" "+1.75.0" "metadata" "--no-deps" "--format-version=1", kill_on_drop: false }`
[INFO] [stdout] 69d1a3d4eec8ae7e030805548621cb7aabe5afe25cd8055279b6d040167839eb
[INFO] running `Command { std: "docker" "start" "-a" "69d1a3d4eec8ae7e030805548621cb7aabe5afe25cd8055279b6d040167839eb", kill_on_drop: false }`
[INFO] running `Command { std: "docker" "inspect" "69d1a3d4eec8ae7e030805548621cb7aabe5afe25cd8055279b6d040167839eb", kill_on_drop: false }`
[INFO] running `Command { std: "docker" "rm" "-f" "69d1a3d4eec8ae7e030805548621cb7aabe5afe25cd8055279b6d040167839eb", kill_on_drop: false }`
[INFO] [stdout] 69d1a3d4eec8ae7e030805548621cb7aabe5afe25cd8055279b6d040167839eb
[INFO] running `Command { std: "docker" "create" "-v" "/var/lib/crater-agent-workspace/builds/worker-7-tc1/target:/opt/rustwide/target:rw,Z" "-v" "/var/lib/crater-agent-workspace/builds/worker-7-tc1/source:/opt/rustwide/workdir:ro,Z" "-v" "/var/lib/crater-agent-workspace/cargo-home:/opt/rustwide/cargo-home:ro,Z" "-v" "/var/lib/crater-agent-workspace/rustup-home:/opt/rustwide/rustup-home:ro,Z" "-e" "SOURCE_DIR=/opt/rustwide/workdir" "-e" "CARGO_TARGET_DIR=/opt/rustwide/target" "-e" "CARGO_INCREMENTAL=0" "-e" "RUST_BACKTRACE=full" "-e" "RUSTFLAGS=--cap-lints=warn" "-e" "RUSTDOCFLAGS=--cap-lints=warn" "-e" "CARGO_HOME=/opt/rustwide/cargo-home" "-e" "RUSTUP_HOME=/opt/rustwide/rustup-home" "-w" "/opt/rustwide/workdir" "-m" "1610612736" "--user" "0:0" "--network" "none" "ghcr.io/rust-lang/crates-build-env/linux@sha256:2788e3201cd34a07e3172128adcd8b3090168a8e3bcc40d7c032b9dda1df7d1c" "/opt/rustwide/cargo-home/bin/cargo" "+1.75.0" "build" "--frozen" "--message-format=json", kill_on_drop: false }`
[INFO] [stdout] 098ec240a8e985dfc61305eaa3ffc26ebea2e3dac97f5290d1fb906316851161
[INFO] running `Command { std: "docker" "start" "-a" "098ec240a8e985dfc61305eaa3ffc26ebea2e3dac97f5290d1fb906316851161", kill_on_drop: false }`
[INFO] [stderr]    Compiling generic-array v0.14.7
[INFO] [stderr]    Compiling proc-macro2 v1.0.75
[INFO] [stderr]    Compiling subtle v2.4.1
[INFO] [stderr]    Compiling unicode-ident v1.0.12
[INFO] [stderr]    Compiling zeroize v1.4.3
[INFO] [stderr]    Compiling serde v1.0.194
[INFO] [stderr]    Compiling getrandom v0.1.16
[INFO] [stderr]    Compiling opaque-debug v0.3.0
[INFO] [stderr]    Compiling byteorder v1.5.0
[INFO] [stderr]    Compiling syn v1.0.109
[INFO] [stderr]    Compiling hex v0.4.3
[INFO] [stderr]    Compiling thiserror v1.0.56
[INFO] [stderr]    Compiling serde_json v1.0.111
[INFO] [stderr]    Compiling crunchy v0.2.2
[INFO] [stderr]    Compiling getrandom v0.2.11
[INFO] [stderr]    Compiling ryu v1.0.16
[INFO] [stderr]    Compiling schemars v0.8.16
[INFO] [stderr]    Compiling itoa v1.0.10
[INFO] [stderr]    Compiling const-oid v0.7.1
[INFO] [stderr]    Compiling static_assertions v1.1.0
[INFO] [stderr]    Compiling rand_core v0.6.4
[INFO] [stderr]    Compiling dyn-clone v1.0.16
[INFO] [stderr]    Compiling base64ct v1.6.0
[INFO] [stderr]    Compiling forward_ref v1.0.0
[INFO] [stderr]    Compiling const-oid v0.6.2
[INFO] [stderr]    Compiling der v0.5.1
[INFO] [stderr]    Compiling base64 v0.13.1
[INFO] [stderr]    Compiling ahash v0.7.7
[INFO] [stderr]    Compiling once_cell v1.19.0
[INFO] [stderr]    Compiling base16ct v0.1.1
[INFO] [stderr]    Compiling protobuf v2.28.0
[INFO] [stderr]    Compiling ff v0.11.1
[INFO] [stderr]    Compiling uint v0.9.5
[INFO] [stderr]    Compiling ff v0.10.1
[INFO] [stderr]    Compiling crunchy v0.1.6
[INFO] [stderr]    Compiling der v0.4.5
[INFO] [stderr]    Compiling rand_core v0.5.1
[INFO] [stderr]    Compiling group v0.11.0
[INFO] [stderr]    Compiling group v0.10.0
[INFO] [stderr]    Compiling bytes v1.5.0
[INFO] [stderr]    Compiling digest v0.9.0
[INFO] [stderr]    Compiling crypto-mac v0.11.1
[INFO] [stderr]    Compiling block-buffer v0.9.0
[INFO] [stderr]    Compiling crypto-bigint v0.3.2
[INFO] [stderr]    Compiling crypto-bigint v0.2.11
[INFO] [stderr]    Compiling hmac v0.11.0
[INFO] [stderr]    Compiling signature v1.3.2
[INFO] [stderr]    Compiling curve25519-dalek v3.2.0
[INFO] [stderr]    Compiling sha2 v0.9.9
[INFO] [stderr]    Compiling bigint v4.4.3
[INFO] [stderr]    Compiling hashbrown v0.12.3
[INFO] [stderr]    Compiling quote v1.0.35
[INFO] [stderr]    Compiling spki v0.4.1
[INFO] [stderr]    Compiling pkcs8 v0.7.6
[INFO] [stderr]    Compiling syn v2.0.48
[INFO] [stderr]    Compiling spki v0.5.4
[INFO] [stderr]    Compiling pkcs8 v0.8.0
[INFO] [stderr]    Compiling elliptic-curve v0.10.6
[INFO] [stderr]    Compiling sec1 v0.2.1
[INFO] [stderr]    Compiling rfc6979 v0.1.0
[INFO] [stderr]    Compiling ecdsa v0.12.4
[INFO] [stderr]    Compiling elliptic-curve v0.11.12
[INFO] [stderr]    Compiling k256 v0.9.6
[INFO] [stderr]    Compiling ecdsa v0.13.4
[INFO] [stderr]    Compiling k256 v0.10.4
[INFO] [stderr]    Compiling serde_derive v1.0.194
[INFO] [stderr]    Compiling thiserror-impl v1.0.56
[INFO] [stderr]    Compiling serde_derive_internals v0.26.0
[INFO] [stderr]    Compiling schemars_derive v0.8.16
[INFO] [stderr]    Compiling cosmwasm-derive v1.5.0
[INFO] [stderr]    Compiling cosmwasm-derive v0.16.7
[INFO] [stderr]    Compiling ed25519-zebra v3.1.0
[INFO] [stderr]    Compiling ed25519-zebra v2.2.0
[INFO] [stderr]    Compiling serde-json-wasm v0.4.1
[INFO] [stderr]    Compiling serde-json-wasm v0.3.2
[INFO] [stderr]    Compiling cosmwasm-crypto v1.0.1
[INFO] [stderr]    Compiling cosmwasm-crypto v0.16.7
[INFO] [stderr]    Compiling cosmwasm-std v1.0.1
[INFO] [stderr]    Compiling cosmwasm-std v0.16.7
[INFO] [stderr]    Compiling cw0 v0.8.1
[INFO] [stderr]    Compiling terra-cosmwasm v2.2.0
[INFO] [stderr]    Compiling cosmwasm-storage v0.16.7
[INFO] [stderr]    Compiling cw-storage-plus v0.8.1
[INFO] [stderr]    Compiling cw20 v0.8.1
[INFO] [stderr]    Compiling cw-storage-plus v0.13.4
[INFO] [stderr]    Compiling cw-utils v0.13.4
[INFO] [stderr]    Compiling cosmwasm-storage v1.0.1
[INFO] [stderr]    Compiling cw20 v0.13.4
[INFO] [stderr]    Compiling cw2 v0.13.4
[INFO] [stderr]    Compiling terraswap v2.9.0
[INFO] [stderr]    Compiling valkyrie v1.0.8-beta.1 (/opt/rustwide/workdir)
[INFO] [stdout] error[E0308]: mismatched types
[INFO] [stdout]    --> src/mock_querier.rs:378:33
[INFO] [stdout]     |
[INFO] [stdout] 378 |                         amount: Uint128::new(amount),
[INFO] [stdout]     |                                 ^^^^^^^^^^^^^^^^^^^^ expected `Uint128`, found a different `Uint128`
[INFO] [stdout]     |
[INFO] [stdout]     = note: `Uint128` and `Uint128` have similar names, but are actually distinct types
[INFO] [stdout] note: `Uint128` is defined in crate `cosmwasm_std`
[INFO] [stdout]    --> /opt/rustwide/cargo-home/registry/src/index.crates.io-6f17d22bba15001f/cosmwasm-std-0.16.7/src/math/uint128.rs:34:1
[INFO] [stdout]     |
[INFO] [stdout] 34  | pub struct Uint128(#[schemars(with = "String")] u128);
[INFO] [stdout]     | ^^^^^^^^^^^^^^^^^^
[INFO] [stdout] note: `Uint128` is defined in crate `cosmwasm_std`
[INFO] [stdout]    --> /opt/rustwide/cargo-home/registry/src/index.crates.io-6f17d22bba15001f/cosmwasm-std-1.0.1/src/math/uint128.rs:35:1
[INFO] [stdout]     |
[INFO] [stdout] 35  | pub struct Uint128(#[schemars(with = "String")] u128);
[INFO] [stdout]     | ^^^^^^^^^^^^^^^^^^
[INFO] [stdout]     = note: perhaps two different versions of crate `cosmwasm_std` are being used?
[INFO] [stdout] 
[INFO] [stdout] 
[INFO] [stdout] error[E0599]: no variant named `NativeSwap` found for enum `SwapOperation`
[INFO] [stdout]    --> src/mock_querier.rs:700:24
[INFO] [stdout]     |
[INFO] [stdout] 700 |         SwapOperation::NativeSwap { offer_denom, ask_denom } => {
[INFO] [stdout]     |                        ^^^^^^^^^^ variant not found in `SwapOperation`
[INFO] [stdout] 
[INFO] [stdout] 
[INFO] [stdout] error: aborting due to 2 previous errors
[INFO] [stdout] 
[INFO] [stdout] 
[INFO] [stdout] Some errors have detailed explanations: E0308, E0599.
[INFO] [stdout] 
[INFO] [stdout] For more information about an error, try `rustc --explain E0308`.
[INFO] [stdout] 
[INFO] [stderr] error: could not compile `valkyrie` (lib) due to 3 previous errors
[INFO] running `Command { std: "docker" "inspect" "098ec240a8e985dfc61305eaa3ffc26ebea2e3dac97f5290d1fb906316851161", kill_on_drop: false }`
[INFO] running `Command { std: "docker" "rm" "-f" "098ec240a8e985dfc61305eaa3ffc26ebea2e3dac97f5290d1fb906316851161", kill_on_drop: false }`
[INFO] [stdout] 098ec240a8e985dfc61305eaa3ffc26ebea2e3dac97f5290d1fb906316851161
[INFO] testing valkyrie-1.0.8-beta.1 against beta-2023-12-22 for beta-1.76-1
[INFO] extracting crate valkyrie 1.0.8-beta.1 into /workspace/builds/worker-7-tc2/source
[INFO] validating manifest of crates.io crate valkyrie 1.0.8-beta.1 on toolchain beta-2023-12-22
[INFO] running `Command { std: CARGO_HOME="/workspace/cargo-home" RUSTUP_HOME="/workspace/rustup-home" "/workspace/cargo-home/bin/cargo" "+beta-2023-12-22" "metadata" "--manifest-path" "Cargo.toml" "--no-deps", kill_on_drop: false }`
[INFO] removed /workspace/builds/worker-7-tc2/source/.cargo/config
[INFO] started tweaking crates.io crate valkyrie 1.0.8-beta.1
[INFO] finished tweaking crates.io crate valkyrie 1.0.8-beta.1
[INFO] tweaked toml for crates.io crate valkyrie 1.0.8-beta.1 written to /workspace/builds/worker-7-tc2/source/Cargo.toml
[INFO] running `Command { std: CARGO_HOME="/workspace/cargo-home" RUSTUP_HOME="/workspace/rustup-home" "/workspace/cargo-home/bin/cargo" "+beta-2023-12-22" "generate-lockfile" "--manifest-path" "Cargo.toml", kill_on_drop: false }`
[INFO] [stderr]     Updating crates.io index
[INFO] running `Command { std: CARGO_HOME="/workspace/cargo-home" RUSTUP_HOME="/workspace/rustup-home" "/workspace/cargo-home/bin/cargo" "+beta-2023-12-22" "fetch" "--manifest-path" "Cargo.toml", kill_on_drop: false }`
[INFO] running `Command { std: "docker" "create" "-v" "/var/lib/crater-agent-workspace/builds/worker-7-tc2/target:/opt/rustwide/target:rw,Z" "-v" "/var/lib/crater-agent-workspace/builds/worker-7-tc2/source:/opt/rustwide/workdir:ro,Z" "-v" "/var/lib/crater-agent-workspace/cargo-home:/opt/rustwide/cargo-home:ro,Z" "-v" "/var/lib/crater-agent-workspace/rustup-home:/opt/rustwide/rustup-home:ro,Z" "-e" "SOURCE_DIR=/opt/rustwide/workdir" "-e" "CARGO_TARGET_DIR=/opt/rustwide/target" "-e" "CARGO_HOME=/opt/rustwide/cargo-home" "-e" "RUSTUP_HOME=/opt/rustwide/rustup-home" "-w" "/opt/rustwide/workdir" "-m" "1610612736" "--user" "0:0" "--network" "none" "ghcr.io/rust-lang/crates-build-env/linux@sha256:2788e3201cd34a07e3172128adcd8b3090168a8e3bcc40d7c032b9dda1df7d1c" "/opt/rustwide/cargo-home/bin/cargo" "+beta-2023-12-22" "metadata" "--no-deps" "--format-version=1", kill_on_drop: false }`
[INFO] [stdout] 338bbf3c4f13f86e10ddd19134994d7135b9fba3018569ae446bd5991b4a2da2
[INFO] running `Command { std: "docker" "start" "-a" "338bbf3c4f13f86e10ddd19134994d7135b9fba3018569ae446bd5991b4a2da2", kill_on_drop: false }`
[INFO] running `Command { std: "docker" "inspect" "338bbf3c4f13f86e10ddd19134994d7135b9fba3018569ae446bd5991b4a2da2", kill_on_drop: false }`
[INFO] running `Command { std: "docker" "rm" "-f" "338bbf3c4f13f86e10ddd19134994d7135b9fba3018569ae446bd5991b4a2da2", kill_on_drop: false }`
[INFO] [stdout] 338bbf3c4f13f86e10ddd19134994d7135b9fba3018569ae446bd5991b4a2da2
[INFO] running `Command { std: "docker" "create" "-v" "/var/lib/crater-agent-workspace/builds/worker-7-tc2/target:/opt/rustwide/target:rw,Z" "-v" "/var/lib/crater-agent-workspace/builds/worker-7-tc2/source:/opt/rustwide/workdir:ro,Z" "-v" "/var/lib/crater-agent-workspace/cargo-home:/opt/rustwide/cargo-home:ro,Z" "-v" "/var/lib/crater-agent-workspace/rustup-home:/opt/rustwide/rustup-home:ro,Z" "-e" "SOURCE_DIR=/opt/rustwide/workdir" "-e" "CARGO_TARGET_DIR=/opt/rustwide/target" "-e" "CARGO_INCREMENTAL=0" "-e" "RUST_BACKTRACE=full" "-e" "RUSTFLAGS=--cap-lints=warn" "-e" "RUSTDOCFLAGS=--cap-lints=warn" "-e" "CARGO_HOME=/opt/rustwide/cargo-home" "-e" "RUSTUP_HOME=/opt/rustwide/rustup-home" "-w" "/opt/rustwide/workdir" "-m" "1610612736" "--user" "0:0" "--network" "none" "ghcr.io/rust-lang/crates-build-env/linux@sha256:2788e3201cd34a07e3172128adcd8b3090168a8e3bcc40d7c032b9dda1df7d1c" "/opt/rustwide/cargo-home/bin/cargo" "+beta-2023-12-22" "build" "--frozen" "--message-format=json", kill_on_drop: false }`
[INFO] [stdout] e99a7a0ef083a0a5480a94c49fb065d4f716a49c52584f48d5e60bd62d33fdbb
[INFO] running `Command { std: "docker" "start" "-a" "e99a7a0ef083a0a5480a94c49fb065d4f716a49c52584f48d5e60bd62d33fdbb", kill_on_drop: false }`
[INFO] [stderr]    Compiling generic-array v0.14.7
[INFO] [stderr]    Compiling subtle v2.4.1
[INFO] [stderr]    Compiling proc-macro2 v1.0.75
[INFO] [stderr]    Compiling unicode-ident v1.0.12
[INFO] [stderr]    Compiling zeroize v1.4.3
[INFO] [stderr]    Compiling serde v1.0.194
[INFO] [stderr]    Compiling getrandom v0.1.16
[INFO] [stderr]    Compiling syn v1.0.109
[INFO] [stderr]    Compiling byteorder v1.5.0
[INFO] [stderr]    Compiling opaque-debug v0.3.0
[INFO] [stderr]    Compiling hex v0.4.3
[INFO] [stderr]    Compiling thiserror v1.0.56
[INFO] [stderr]    Compiling crunchy v0.2.2
[INFO] [stderr]    Compiling serde_json v1.0.111
[INFO] [stderr]    Compiling getrandom v0.2.11
[INFO] [stderr]    Compiling itoa v1.0.10
[INFO] [stderr]    Compiling schemars v0.8.16
[INFO] [stderr]    Compiling ryu v1.0.16
[INFO] [stderr]    Compiling const-oid v0.7.1
[INFO] [stderr]    Compiling static_assertions v1.1.0
[INFO] [stderr]    Compiling base64ct v1.6.0
[INFO] [stderr]    Compiling rand_core v0.6.4
[INFO] [stderr]    Compiling der v0.5.1
[INFO] [stderr]    Compiling dyn-clone v1.0.16
[INFO] [stderr]    Compiling base64 v0.13.1
[INFO] [stderr]    Compiling const-oid v0.6.2
[INFO] [stderr]    Compiling forward_ref v1.0.0
[INFO] [stderr]    Compiling ahash v0.7.7
[INFO] [stderr]    Compiling ff v0.11.1
[INFO] [stderr]    Compiling ff v0.10.1
[INFO] [stderr]    Compiling once_cell v1.19.0
[INFO] [stderr]    Compiling base16ct v0.1.1
[INFO] [stderr]    Compiling group v0.11.0
[INFO] [stderr]    Compiling crunchy v0.1.6
[INFO] [stderr]    Compiling protobuf v2.28.0
[INFO] [stderr]    Compiling bytes v1.5.0
[INFO] [stderr]    Compiling uint v0.9.5
[INFO] [stderr]    Compiling der v0.4.5
[INFO] [stderr]    Compiling rand_core v0.5.1
[INFO] [stderr]    Compiling group v0.10.0
[INFO] [stderr]    Compiling digest v0.9.0
[INFO] [stderr]    Compiling crypto-mac v0.11.1
[INFO] [stderr]    Compiling block-buffer v0.9.0
[INFO] [stderr]    Compiling crypto-bigint v0.3.2
[INFO] [stderr]    Compiling crypto-bigint v0.2.11
[INFO] [stderr]    Compiling hmac v0.11.0
[INFO] [stderr]    Compiling signature v1.3.2
[INFO] [stderr]    Compiling sha2 v0.9.9
[INFO] [stderr]    Compiling curve25519-dalek v3.2.0
[INFO] [stderr]    Compiling bigint v4.4.3
[INFO] [stderr]    Compiling hashbrown v0.12.3
[INFO] [stderr]    Compiling quote v1.0.35
[INFO] [stderr]    Compiling spki v0.4.1
[INFO] [stderr]    Compiling spki v0.5.4
[INFO] [stderr]    Compiling syn v2.0.48
[INFO] [stderr]    Compiling pkcs8 v0.8.0
[INFO] [stderr]    Compiling pkcs8 v0.7.6
[INFO] [stderr]    Compiling sec1 v0.2.1
[INFO] [stderr]    Compiling elliptic-curve v0.10.6
[INFO] [stderr]    Compiling rfc6979 v0.1.0
[INFO] [stderr]    Compiling elliptic-curve v0.11.12
[INFO] [stderr]    Compiling ecdsa v0.12.4
[INFO] [stderr]    Compiling k256 v0.9.6
[INFO] [stderr]    Compiling ecdsa v0.13.4
[INFO] [stderr]    Compiling k256 v0.10.4
[INFO] [stderr]    Compiling serde_derive v1.0.194
[INFO] [stderr]    Compiling thiserror-impl v1.0.56
[INFO] [stderr]    Compiling serde_derive_internals v0.26.0
[INFO] [stderr]    Compiling schemars_derive v0.8.16
[INFO] [stderr]    Compiling cosmwasm-derive v1.5.0
[INFO] [stderr]    Compiling cosmwasm-derive v0.16.7
[INFO] [stderr]    Compiling ed25519-zebra v3.1.0
[INFO] [stderr]    Compiling ed25519-zebra v2.2.0
[INFO] [stderr]    Compiling serde-json-wasm v0.4.1
[INFO] [stderr]    Compiling serde-json-wasm v0.3.2
[INFO] [stderr]    Compiling cosmwasm-crypto v1.0.1
[INFO] [stderr]    Compiling cosmwasm-crypto v0.16.7
[INFO] [stderr]    Compiling cosmwasm-std v1.0.1
[INFO] [stderr]    Compiling cosmwasm-std v0.16.7
[INFO] [stderr]    Compiling cw0 v0.8.1
[INFO] [stderr]    Compiling cosmwasm-storage v0.16.7
[INFO] [stderr]    Compiling terra-cosmwasm v2.2.0
[INFO] [stderr]    Compiling cw-storage-plus v0.8.1
[INFO] [stderr]    Compiling cw20 v0.8.1
[INFO] [stderr]    Compiling cw-storage-plus v0.13.4
[INFO] [stderr]    Compiling cw-utils v0.13.4
[INFO] [stderr]    Compiling cosmwasm-storage v1.0.1
[INFO] [stderr]    Compiling cw20 v0.13.4
[INFO] [stderr]    Compiling cw2 v0.13.4
[INFO] [stderr]    Compiling terraswap v2.9.0
[INFO] [stderr]    Compiling valkyrie v1.0.8-beta.1 (/opt/rustwide/workdir)
[INFO] [stdout] error[E0308]: mismatched types
[INFO] [stdout]    --> src/mock_querier.rs:378:33
[INFO] [stdout]     |
[INFO] [stdout] 378 |                         amount: Uint128::new(amount),
[INFO] [stdout]     |                                 ^^^^^^^^^^^^^^^^^^^^ expected `Uint128`, found a different `Uint128`
[INFO] [stdout]     |
[INFO] [stdout]     = note: `Uint128` and `Uint128` have similar names, but are actually distinct types
[INFO] [stdout] note: `Uint128` is defined in crate `cosmwasm_std`
[INFO] [stdout]    --> /opt/rustwide/cargo-home/registry/src/index.crates.io-6f17d22bba15001f/cosmwasm-std-0.16.7/src/math/uint128.rs:34:1
[INFO] [stdout]     |
[INFO] [stdout] 34  | pub struct Uint128(#[schemars(with = "String")] u128);
[INFO] [stdout]     | ^^^^^^^^^^^^^^^^^^
[INFO] [stdout] note: `Uint128` is defined in crate `cosmwasm_std`
[INFO] [stdout]    --> /opt/rustwide/cargo-home/registry/src/index.crates.io-6f17d22bba15001f/cosmwasm-std-1.0.1/src/math/uint128.rs:35:1
[INFO] [stdout]     |
[INFO] [stdout] 35  | pub struct Uint128(#[schemars(with = "String")] u128);
[INFO] [stdout]     | ^^^^^^^^^^^^^^^^^^
[INFO] [stdout]     = note: perhaps two different versions of crate `cosmwasm_std` are being used?
[INFO] [stdout] 
[INFO] [stdout] 
[INFO] [stdout] error[E0599]: no variant named `NativeSwap` found for enum `SwapOperation`
[INFO] [stdout]    --> src/mock_querier.rs:700:24
[INFO] [stdout]     |
[INFO] [stdout] 700 |         SwapOperation::NativeSwap { offer_denom, ask_denom } => {
[INFO] [stdout]     |                        ^^^^^^^^^^ variant not found in `SwapOperation`
[INFO] [stdout] 
[INFO] [stdout] 
[INFO] [stdout] error: aborting due to 2 previous errors
[INFO] [stdout] 
[INFO] [stdout] 
[INFO] [stdout] Some errors have detailed explanations: E0308, E0599.
[INFO] [stdout] 
[INFO] [stdout] For more information about an error, try `rustc --explain E0308`.
[INFO] [stdout] 
[INFO] [stderr] error: could not compile `valkyrie` (lib) due to 3 previous errors
[INFO] running `Command { std: "docker" "inspect" "e99a7a0ef083a0a5480a94c49fb065d4f716a49c52584f48d5e60bd62d33fdbb", kill_on_drop: false }`
[INFO] running `Command { std: "docker" "rm" "-f" "e99a7a0ef083a0a5480a94c49fb065d4f716a49c52584f48d5e60bd62d33fdbb", kill_on_drop: false }`
[INFO] [stdout] e99a7a0ef083a0a5480a94c49fb065d4f716a49c52584f48d5e60bd62d33fdbb
