[INFO] fetching crate valkyrie-std-units 0.0.0...
[INFO] testing valkyrie-std-units-0.0.0 against 1.75.0 for beta-1.76-1
[INFO] extracting crate valkyrie-std-units 0.0.0 into /workspace/builds/worker-3-tc1/source
[INFO] validating manifest of crates.io crate valkyrie-std-units 0.0.0 on toolchain 1.75.0
[INFO] running `Command { std: CARGO_HOME="/workspace/cargo-home" RUSTUP_HOME="/workspace/rustup-home" "/workspace/cargo-home/bin/cargo" "+1.75.0" "metadata" "--manifest-path" "Cargo.toml" "--no-deps", kill_on_drop: false }`
[INFO] started tweaking crates.io crate valkyrie-std-units 0.0.0
[INFO] finished tweaking crates.io crate valkyrie-std-units 0.0.0
[INFO] tweaked toml for crates.io crate valkyrie-std-units 0.0.0 written to /workspace/builds/worker-3-tc1/source/Cargo.toml
[INFO] running `Command { std: CARGO_HOME="/workspace/cargo-home" RUSTUP_HOME="/workspace/rustup-home" "/workspace/cargo-home/bin/cargo" "+1.75.0" "generate-lockfile" "--manifest-path" "Cargo.toml", kill_on_drop: false }`
[INFO] [stderr]     Updating crates.io index
[INFO] running `Command { std: CARGO_HOME="/workspace/cargo-home" RUSTUP_HOME="/workspace/rustup-home" "/workspace/cargo-home/bin/cargo" "+1.75.0" "fetch" "--manifest-path" "Cargo.toml", kill_on_drop: false }`
[INFO] [stderr]  Downloading crates ...
[INFO] [stderr]   Downloaded uom v0.33.0
[INFO] running `Command { std: "docker" "create" "-v" "/var/lib/crater-agent-workspace/builds/worker-3-tc1/target:/opt/rustwide/target:rw,Z" "-v" "/var/lib/crater-agent-workspace/builds/worker-3-tc1/source:/opt/rustwide/workdir:ro,Z" "-v" "/var/lib/crater-agent-workspace/cargo-home:/opt/rustwide/cargo-home:ro,Z" "-v" "/var/lib/crater-agent-workspace/rustup-home:/opt/rustwide/rustup-home:ro,Z" "-e" "SOURCE_DIR=/opt/rustwide/workdir" "-e" "CARGO_TARGET_DIR=/opt/rustwide/target" "-e" "CARGO_HOME=/opt/rustwide/cargo-home" "-e" "RUSTUP_HOME=/opt/rustwide/rustup-home" "-w" "/opt/rustwide/workdir" "-m" "1610612736" "--user" "0:0" "--network" "none" "ghcr.io/rust-lang/crates-build-env/linux@sha256:2788e3201cd34a07e3172128adcd8b3090168a8e3bcc40d7c032b9dda1df7d1c" "/opt/rustwide/cargo-home/bin/cargo" "+1.75.0" "metadata" "--no-deps" "--format-version=1", kill_on_drop: false }`
[INFO] [stdout] a1968c7e6c69cd49bb0f526610f0098cad61af10534a5280e38b731d30c6c06c
[INFO] running `Command { std: "docker" "start" "-a" "a1968c7e6c69cd49bb0f526610f0098cad61af10534a5280e38b731d30c6c06c", kill_on_drop: false }`
[INFO] running `Command { std: "docker" "inspect" "a1968c7e6c69cd49bb0f526610f0098cad61af10534a5280e38b731d30c6c06c", kill_on_drop: false }`
[INFO] running `Command { std: "docker" "rm" "-f" "a1968c7e6c69cd49bb0f526610f0098cad61af10534a5280e38b731d30c6c06c", kill_on_drop: false }`
[INFO] [stdout] a1968c7e6c69cd49bb0f526610f0098cad61af10534a5280e38b731d30c6c06c
[INFO] running `Command { std: "docker" "create" "-v" "/var/lib/crater-agent-workspace/builds/worker-3-tc1/target:/opt/rustwide/target:rw,Z" "-v" "/var/lib/crater-agent-workspace/builds/worker-3-tc1/source:/opt/rustwide/workdir:ro,Z" "-v" "/var/lib/crater-agent-workspace/cargo-home:/opt/rustwide/cargo-home:ro,Z" "-v" "/var/lib/crater-agent-workspace/rustup-home:/opt/rustwide/rustup-home:ro,Z" "-e" "SOURCE_DIR=/opt/rustwide/workdir" "-e" "CARGO_TARGET_DIR=/opt/rustwide/target" "-e" "CARGO_INCREMENTAL=0" "-e" "RUST_BACKTRACE=full" "-e" "RUSTFLAGS=--cap-lints=warn" "-e" "RUSTDOCFLAGS=--cap-lints=warn" "-e" "CARGO_HOME=/opt/rustwide/cargo-home" "-e" "RUSTUP_HOME=/opt/rustwide/rustup-home" "-w" "/opt/rustwide/workdir" "-m" "1610612736" "--user" "0:0" "--network" "none" "ghcr.io/rust-lang/crates-build-env/linux@sha256:2788e3201cd34a07e3172128adcd8b3090168a8e3bcc40d7c032b9dda1df7d1c" "/opt/rustwide/cargo-home/bin/cargo" "+1.75.0" "build" "--frozen" "--message-format=json", kill_on_drop: false }`
[INFO] [stdout] f09708c7eadb3dcc440174c1f575a237a572c8aa4a93fda78a61d0ea890191c2
[INFO] running `Command { std: "docker" "start" "-a" "f09708c7eadb3dcc440174c1f575a237a572c8aa4a93fda78a61d0ea890191c2", kill_on_drop: false }`
[INFO] [stderr]    Compiling valkyrie-std-units v0.0.0 (/opt/rustwide/workdir)
[INFO] [stderr]     Finished dev [unoptimized + debuginfo] target(s) in 0.14s
[INFO] running `Command { std: "docker" "inspect" "f09708c7eadb3dcc440174c1f575a237a572c8aa4a93fda78a61d0ea890191c2", kill_on_drop: false }`
[INFO] running `Command { std: "docker" "rm" "-f" "f09708c7eadb3dcc440174c1f575a237a572c8aa4a93fda78a61d0ea890191c2", kill_on_drop: false }`
[INFO] [stdout] f09708c7eadb3dcc440174c1f575a237a572c8aa4a93fda78a61d0ea890191c2
[INFO] running `Command { std: "docker" "create" "-v" "/var/lib/crater-agent-workspace/builds/worker-3-tc1/target:/opt/rustwide/target:rw,Z" "-v" "/var/lib/crater-agent-workspace/builds/worker-3-tc1/source:/opt/rustwide/workdir:ro,Z" "-v" "/var/lib/crater-agent-workspace/cargo-home:/opt/rustwide/cargo-home:ro,Z" "-v" "/var/lib/crater-agent-workspace/rustup-home:/opt/rustwide/rustup-home:ro,Z" "-e" "SOURCE_DIR=/opt/rustwide/workdir" "-e" "CARGO_TARGET_DIR=/opt/rustwide/target" "-e" "CARGO_INCREMENTAL=0" "-e" "RUST_BACKTRACE=full" "-e" "RUSTFLAGS=--cap-lints=warn" "-e" "RUSTDOCFLAGS=--cap-lints=warn" "-e" "CARGO_HOME=/opt/rustwide/cargo-home" "-e" "RUSTUP_HOME=/opt/rustwide/rustup-home" "-w" "/opt/rustwide/workdir" "-m" "1610612736" "--user" "0:0" "--network" "none" "ghcr.io/rust-lang/crates-build-env/linux@sha256:2788e3201cd34a07e3172128adcd8b3090168a8e3bcc40d7c032b9dda1df7d1c" "/opt/rustwide/cargo-home/bin/cargo" "+1.75.0" "test" "--frozen" "--no-run" "--message-format=json", kill_on_drop: false }`
[INFO] [stdout] e0544d4063deb73ed01144bb4d652ad2b74fa1decc8c32e8a46789ca0b06046d
[INFO] running `Command { std: "docker" "start" "-a" "e0544d4063deb73ed01144bb4d652ad2b74fa1decc8c32e8a46789ca0b06046d", kill_on_drop: false }`
[INFO] [stderr]    Compiling num-traits v0.2.17
[INFO] [stderr]    Compiling uom v0.33.0
[INFO] [stderr]    Compiling valkyrie-std-units v0.0.0 (/opt/rustwide/workdir)
[INFO] [stdout] error[E0433]: failed to resolve: use of undeclared crate or module `valkyrie_types`
[INFO] [stdout]  --> tests/main.rs:4:5
[INFO] [stdout]   |
[INFO] [stdout] 4 | use valkyrie_types::testing::assert_type;
[INFO] [stdout]   |     ^^^^^^^^^^^^^^ use of undeclared crate or module `valkyrie_types`
[INFO] [stdout] 
[INFO] [stdout] 
[INFO] [stdout] error[E0432]: unresolved import `num`
[INFO] [stdout]  --> tests/main.rs:1:5
[INFO] [stdout]   |
[INFO] [stdout] 1 | use num::BigInt;
[INFO] [stdout]   |     ^^^ help: a similar path exists: `uom::num`
[INFO] [stdout] 
[INFO] [stdout] 
[INFO] [stdout] warning: unused import: `std::any::type_name`
[INFO] [stdout]  --> tests/main.rs:2:5
[INFO] [stdout]   |
[INFO] [stdout] 2 | use std::any::type_name;
[INFO] [stdout]   |     ^^^^^^^^^^^^^^^^^^^
[INFO] [stdout]   |
[INFO] [stdout]   = note: `#[warn(unused_imports)]` on by default
[INFO] [stdout] 
[INFO] [stdout] 
[INFO] [stdout] error: aborting due to 2 previous errors; 1 warning emitted
[INFO] [stdout] 
[INFO] [stdout] 
[INFO] [stdout] Some errors have detailed explanations: E0432, E0433.
[INFO] [stdout] 
[INFO] [stdout] For more information about an error, try `rustc --explain E0432`.
[INFO] [stdout] 
[INFO] [stderr] error: could not compile `valkyrie-std-units` (test "main") due to 3 previous errors; 1 warning emitted
[INFO] [stderr] warning: build failed, waiting for other jobs to finish...
[INFO] running `Command { std: "docker" "inspect" "e0544d4063deb73ed01144bb4d652ad2b74fa1decc8c32e8a46789ca0b06046d", kill_on_drop: false }`
[INFO] running `Command { std: "docker" "rm" "-f" "e0544d4063deb73ed01144bb4d652ad2b74fa1decc8c32e8a46789ca0b06046d", kill_on_drop: false }`
[INFO] [stdout] e0544d4063deb73ed01144bb4d652ad2b74fa1decc8c32e8a46789ca0b06046d
[INFO] testing valkyrie-std-units-0.0.0 against beta-2023-12-22 for beta-1.76-1
[INFO] extracting crate valkyrie-std-units 0.0.0 into /workspace/builds/worker-3-tc2/source
[INFO] validating manifest of crates.io crate valkyrie-std-units 0.0.0 on toolchain beta-2023-12-22
[INFO] running `Command { std: CARGO_HOME="/workspace/cargo-home" RUSTUP_HOME="/workspace/rustup-home" "/workspace/cargo-home/bin/cargo" "+beta-2023-12-22" "metadata" "--manifest-path" "Cargo.toml" "--no-deps", kill_on_drop: false }`
[INFO] started tweaking crates.io crate valkyrie-std-units 0.0.0
[INFO] finished tweaking crates.io crate valkyrie-std-units 0.0.0
[INFO] tweaked toml for crates.io crate valkyrie-std-units 0.0.0 written to /workspace/builds/worker-3-tc2/source/Cargo.toml
[INFO] running `Command { std: CARGO_HOME="/workspace/cargo-home" RUSTUP_HOME="/workspace/rustup-home" "/workspace/cargo-home/bin/cargo" "+beta-2023-12-22" "generate-lockfile" "--manifest-path" "Cargo.toml", kill_on_drop: false }`
[INFO] [stderr]     Updating crates.io index
[INFO] running `Command { std: CARGO_HOME="/workspace/cargo-home" RUSTUP_HOME="/workspace/rustup-home" "/workspace/cargo-home/bin/cargo" "+beta-2023-12-22" "fetch" "--manifest-path" "Cargo.toml", kill_on_drop: false }`
[INFO] running `Command { std: "docker" "create" "-v" "/var/lib/crater-agent-workspace/builds/worker-3-tc2/target:/opt/rustwide/target:rw,Z" "-v" "/var/lib/crater-agent-workspace/builds/worker-3-tc2/source:/opt/rustwide/workdir:ro,Z" "-v" "/var/lib/crater-agent-workspace/cargo-home:/opt/rustwide/cargo-home:ro,Z" "-v" "/var/lib/crater-agent-workspace/rustup-home:/opt/rustwide/rustup-home:ro,Z" "-e" "SOURCE_DIR=/opt/rustwide/workdir" "-e" "CARGO_TARGET_DIR=/opt/rustwide/target" "-e" "CARGO_HOME=/opt/rustwide/cargo-home" "-e" "RUSTUP_HOME=/opt/rustwide/rustup-home" "-w" "/opt/rustwide/workdir" "-m" "1610612736" "--user" "0:0" "--network" "none" "ghcr.io/rust-lang/crates-build-env/linux@sha256:2788e3201cd34a07e3172128adcd8b3090168a8e3bcc40d7c032b9dda1df7d1c" "/opt/rustwide/cargo-home/bin/cargo" "+beta-2023-12-22" "metadata" "--no-deps" "--format-version=1", kill_on_drop: false }`
[INFO] [stdout] f13c3d8978e9c3d1105feb2d6a1cf500ea0cf9cff87a79c592d2904d16f66d5a
[INFO] running `Command { std: "docker" "start" "-a" "f13c3d8978e9c3d1105feb2d6a1cf500ea0cf9cff87a79c592d2904d16f66d5a", kill_on_drop: false }`
[INFO] running `Command { std: "docker" "inspect" "f13c3d8978e9c3d1105feb2d6a1cf500ea0cf9cff87a79c592d2904d16f66d5a", kill_on_drop: false }`
[INFO] running `Command { std: "docker" "rm" "-f" "f13c3d8978e9c3d1105feb2d6a1cf500ea0cf9cff87a79c592d2904d16f66d5a", kill_on_drop: false }`
[INFO] [stdout] f13c3d8978e9c3d1105feb2d6a1cf500ea0cf9cff87a79c592d2904d16f66d5a
[INFO] running `Command { std: "docker" "create" "-v" "/var/lib/crater-agent-workspace/builds/worker-3-tc2/target:/opt/rustwide/target:rw,Z" "-v" "/var/lib/crater-agent-workspace/builds/worker-3-tc2/source:/opt/rustwide/workdir:ro,Z" "-v" "/var/lib/crater-agent-workspace/cargo-home:/opt/rustwide/cargo-home:ro,Z" "-v" "/var/lib/crater-agent-workspace/rustup-home:/opt/rustwide/rustup-home:ro,Z" "-e" "SOURCE_DIR=/opt/rustwide/workdir" "-e" "CARGO_TARGET_DIR=/opt/rustwide/target" "-e" "CARGO_INCREMENTAL=0" "-e" "RUST_BACKTRACE=full" "-e" "RUSTFLAGS=--cap-lints=warn" "-e" "RUSTDOCFLAGS=--cap-lints=warn" "-e" "CARGO_HOME=/opt/rustwide/cargo-home" "-e" "RUSTUP_HOME=/opt/rustwide/rustup-home" "-w" "/opt/rustwide/workdir" "-m" "1610612736" "--user" "0:0" "--network" "none" "ghcr.io/rust-lang/crates-build-env/linux@sha256:2788e3201cd34a07e3172128adcd8b3090168a8e3bcc40d7c032b9dda1df7d1c" "/opt/rustwide/cargo-home/bin/cargo" "+beta-2023-12-22" "build" "--frozen" "--message-format=json", kill_on_drop: false }`
[INFO] [stdout] adfeb7a6f68d338c6519d89148f1abe41fc7b7337a6e73c45f37b632d3fe24d2
[INFO] running `Command { std: "docker" "start" "-a" "adfeb7a6f68d338c6519d89148f1abe41fc7b7337a6e73c45f37b632d3fe24d2", kill_on_drop: false }`
[INFO] [stderr]    Compiling valkyrie-std-units v0.0.0 (/opt/rustwide/workdir)
[INFO] [stderr]     Finished dev [unoptimized + debuginfo] target(s) in 0.05s
[INFO] running `Command { std: "docker" "inspect" "adfeb7a6f68d338c6519d89148f1abe41fc7b7337a6e73c45f37b632d3fe24d2", kill_on_drop: false }`
[INFO] running `Command { std: "docker" "rm" "-f" "adfeb7a6f68d338c6519d89148f1abe41fc7b7337a6e73c45f37b632d3fe24d2", kill_on_drop: false }`
[INFO] [stdout] adfeb7a6f68d338c6519d89148f1abe41fc7b7337a6e73c45f37b632d3fe24d2
[INFO] running `Command { std: "docker" "create" "-v" "/var/lib/crater-agent-workspace/builds/worker-3-tc2/target:/opt/rustwide/target:rw,Z" "-v" "/var/lib/crater-agent-workspace/builds/worker-3-tc2/source:/opt/rustwide/workdir:ro,Z" "-v" "/var/lib/crater-agent-workspace/cargo-home:/opt/rustwide/cargo-home:ro,Z" "-v" "/var/lib/crater-agent-workspace/rustup-home:/opt/rustwide/rustup-home:ro,Z" "-e" "SOURCE_DIR=/opt/rustwide/workdir" "-e" "CARGO_TARGET_DIR=/opt/rustwide/target" "-e" "CARGO_INCREMENTAL=0" "-e" "RUST_BACKTRACE=full" "-e" "RUSTFLAGS=--cap-lints=warn" "-e" "RUSTDOCFLAGS=--cap-lints=warn" "-e" "CARGO_HOME=/opt/rustwide/cargo-home" "-e" "RUSTUP_HOME=/opt/rustwide/rustup-home" "-w" "/opt/rustwide/workdir" "-m" "1610612736" "--user" "0:0" "--network" "none" "ghcr.io/rust-lang/crates-build-env/linux@sha256:2788e3201cd34a07e3172128adcd8b3090168a8e3bcc40d7c032b9dda1df7d1c" "/opt/rustwide/cargo-home/bin/cargo" "+beta-2023-12-22" "test" "--frozen" "--no-run" "--message-format=json", kill_on_drop: false }`
[INFO] [stdout] e00cfd934010af5adb83df444c5e739ce2ada534cd59bc8dd0a1bdd4fa73d0c2
[INFO] running `Command { std: "docker" "start" "-a" "e00cfd934010af5adb83df444c5e739ce2ada534cd59bc8dd0a1bdd4fa73d0c2", kill_on_drop: false }`
[INFO] [stderr]    Compiling num-traits v0.2.17
[INFO] [stderr]    Compiling uom v0.33.0
[INFO] [stderr]    Compiling valkyrie-std-units v0.0.0 (/opt/rustwide/workdir)
[INFO] [stdout] error[E0433]: failed to resolve: use of undeclared crate or module `valkyrie_types`
[INFO] [stdout]  --> tests/main.rs:4:5
[INFO] [stdout]   |
[INFO] [stdout] 4 | use valkyrie_types::testing::assert_type;
[INFO] [stdout]   |     ^^^^^^^^^^^^^^ use of undeclared crate or module `valkyrie_types`
[INFO] [stdout] 
[INFO] [stdout] 
[INFO] [stdout] error[E0432]: unresolved import `num`
[INFO] [stdout]  --> tests/main.rs:1:5
[INFO] [stdout]   |
[INFO] [stdout] 1 | use num::BigInt;
[INFO] [stdout]   |     ^^^ help: a similar path exists: `uom::num`
[INFO] [stdout] 
[INFO] [stdout] 
[INFO] [stdout] warning: unused import: `std::any::type_name`
[INFO] [stdout]  --> tests/main.rs:2:5
[INFO] [stdout]   |
[INFO] [stdout] 2 | use std::any::type_name;
[INFO] [stdout]   |     ^^^^^^^^^^^^^^^^^^^
[INFO] [stdout]   |
[INFO] [stdout]   = note: `#[warn(unused_imports)]` on by default
[INFO] [stdout] 
[INFO] [stdout] 
[INFO] [stdout] error: aborting due to 2 previous errors; 1 warning emitted
[INFO] [stdout] 
[INFO] [stdout] 
[INFO] [stdout] Some errors have detailed explanations: E0432, E0433.
[INFO] [stdout] 
[INFO] [stdout] For more information about an error, try `rustc --explain E0432`.
[INFO] [stdout] 
[INFO] [stderr] error: could not compile `valkyrie-std-units` (test "main") due to 3 previous errors; 1 warning emitted
[INFO] [stderr] warning: build failed, waiting for other jobs to finish...
[INFO] running `Command { std: "docker" "inspect" "e00cfd934010af5adb83df444c5e739ce2ada534cd59bc8dd0a1bdd4fa73d0c2", kill_on_drop: false }`
[INFO] running `Command { std: "docker" "rm" "-f" "e00cfd934010af5adb83df444c5e739ce2ada534cd59bc8dd0a1bdd4fa73d0c2", kill_on_drop: false }`
[INFO] [stdout] e00cfd934010af5adb83df444c5e739ce2ada534cd59bc8dd0a1bdd4fa73d0c2
