[INFO] fetching crate valkyrie-error 0.1.5...
[INFO] testing valkyrie-error-0.1.5 against 1.75.0 for beta-1.76-1
[INFO] extracting crate valkyrie-error 0.1.5 into /workspace/builds/worker-1-tc1/source
[INFO] validating manifest of crates.io crate valkyrie-error 0.1.5 on toolchain 1.75.0
[INFO] running `Command { std: CARGO_HOME="/workspace/cargo-home" RUSTUP_HOME="/workspace/rustup-home" "/workspace/cargo-home/bin/cargo" "+1.75.0" "metadata" "--manifest-path" "Cargo.toml" "--no-deps", kill_on_drop: false }`
[INFO] started tweaking crates.io crate valkyrie-error 0.1.5
[INFO] finished tweaking crates.io crate valkyrie-error 0.1.5
[INFO] tweaked toml for crates.io crate valkyrie-error 0.1.5 written to /workspace/builds/worker-1-tc1/source/Cargo.toml
[INFO] running `Command { std: CARGO_HOME="/workspace/cargo-home" RUSTUP_HOME="/workspace/rustup-home" "/workspace/cargo-home/bin/cargo" "+1.75.0" "generate-lockfile" "--manifest-path" "Cargo.toml", kill_on_drop: false }`
[INFO] [stderr]     Updating crates.io index
[INFO] running `Command { std: CARGO_HOME="/workspace/cargo-home" RUSTUP_HOME="/workspace/rustup-home" "/workspace/cargo-home/bin/cargo" "+1.75.0" "fetch" "--manifest-path" "Cargo.toml", kill_on_drop: false }`
[INFO] [stderr]  Downloading crates ...
[INFO] [stderr]   Downloaded num-order v1.2.0
[INFO] [stderr]   Downloaded dynqueue v0.3.0
[INFO] [stderr]   Downloaded dashu v0.4.0
[INFO] [stderr]   Downloaded validatus v0.0.6
[INFO] [stderr]   Downloaded nyar-number v0.3.5
[INFO] [stderr]   Downloaded shredder_derive v0.2.0
[INFO] [stderr]   Downloaded bigdecimal v0.4.2
[INFO] [stderr]   Downloaded diagnostic v0.5.10
[INFO] [stderr]   Downloaded diagnostic v0.6.1
[INFO] [stderr]   Downloaded dashu-base v0.4.0
[INFO] [stderr]   Downloaded num-modular v0.6.1
[INFO] [stderr]   Downloaded dashu-macros v0.4.0
[INFO] [stderr]   Downloaded shredder v0.2.0
[INFO] [stderr]   Downloaded nyar-error v0.1.12
[INFO] [stderr]   Downloaded dashu-ratio v0.4.0
[INFO] [stderr]   Downloaded dashu-float v0.4.1
[INFO] [stderr]   Downloaded dashu-int v0.4.0
[INFO] running `Command { std: "docker" "create" "-v" "/var/lib/crater-agent-workspace/builds/worker-1-tc1/target:/opt/rustwide/target:rw,Z" "-v" "/var/lib/crater-agent-workspace/builds/worker-1-tc1/source:/opt/rustwide/workdir:ro,Z" "-v" "/var/lib/crater-agent-workspace/cargo-home:/opt/rustwide/cargo-home:ro,Z" "-v" "/var/lib/crater-agent-workspace/rustup-home:/opt/rustwide/rustup-home:ro,Z" "-e" "SOURCE_DIR=/opt/rustwide/workdir" "-e" "CARGO_TARGET_DIR=/opt/rustwide/target" "-e" "CARGO_HOME=/opt/rustwide/cargo-home" "-e" "RUSTUP_HOME=/opt/rustwide/rustup-home" "-w" "/opt/rustwide/workdir" "-m" "1610612736" "--user" "0:0" "--network" "none" "ghcr.io/rust-lang/crates-build-env/linux@sha256:2788e3201cd34a07e3172128adcd8b3090168a8e3bcc40d7c032b9dda1df7d1c" "/opt/rustwide/cargo-home/bin/cargo" "+1.75.0" "metadata" "--no-deps" "--format-version=1", kill_on_drop: false }`
[INFO] [stdout] 4abe862dd4424896afd69d745d4ef0893c1032d0c8db3eab06429653efef3fe9
[INFO] running `Command { std: "docker" "start" "-a" "4abe862dd4424896afd69d745d4ef0893c1032d0c8db3eab06429653efef3fe9", kill_on_drop: false }`
[INFO] running `Command { std: "docker" "inspect" "4abe862dd4424896afd69d745d4ef0893c1032d0c8db3eab06429653efef3fe9", kill_on_drop: false }`
[INFO] running `Command { std: "docker" "rm" "-f" "4abe862dd4424896afd69d745d4ef0893c1032d0c8db3eab06429653efef3fe9", kill_on_drop: false }`
[INFO] [stdout] 4abe862dd4424896afd69d745d4ef0893c1032d0c8db3eab06429653efef3fe9
[INFO] running `Command { std: "docker" "create" "-v" "/var/lib/crater-agent-workspace/builds/worker-1-tc1/target:/opt/rustwide/target:rw,Z" "-v" "/var/lib/crater-agent-workspace/builds/worker-1-tc1/source:/opt/rustwide/workdir:ro,Z" "-v" "/var/lib/crater-agent-workspace/cargo-home:/opt/rustwide/cargo-home:ro,Z" "-v" "/var/lib/crater-agent-workspace/rustup-home:/opt/rustwide/rustup-home:ro,Z" "-e" "SOURCE_DIR=/opt/rustwide/workdir" "-e" "CARGO_TARGET_DIR=/opt/rustwide/target" "-e" "CARGO_INCREMENTAL=0" "-e" "RUST_BACKTRACE=full" "-e" "RUSTFLAGS=--cap-lints=warn" "-e" "RUSTDOCFLAGS=--cap-lints=warn" "-e" "CARGO_HOME=/opt/rustwide/cargo-home" "-e" "RUSTUP_HOME=/opt/rustwide/rustup-home" "-w" "/opt/rustwide/workdir" "-m" "1610612736" "--user" "0:0" "--network" "none" "ghcr.io/rust-lang/crates-build-env/linux@sha256:2788e3201cd34a07e3172128adcd8b3090168a8e3bcc40d7c032b9dda1df7d1c" "/opt/rustwide/cargo-home/bin/cargo" "+1.75.0" "build" "--frozen" "--message-format=json", kill_on_drop: false }`
[INFO] [stdout] 5dfbfdc6e0cbe2438df88273f90182cfec5596399fe8189dc6fc7864df690ce6
[INFO] running `Command { std: "docker" "start" "-a" "5dfbfdc6e0cbe2438df88273f90182cfec5596399fe8189dc6fc7864df690ce6", kill_on_drop: false }`
[INFO] [stderr]    Compiling unicode-width v0.1.11
[INFO] [stderr]    Compiling diagnostic v0.5.10
[INFO] [stderr]    Compiling valkyrie-error v0.1.5 (/opt/rustwide/workdir)
[INFO] [stdout] error[E0432]: unresolved import `diagnostic::DiagnosticLevel`
[INFO] [stdout]  --> src/runtime_error/mod.rs:2:5
[INFO] [stdout]   |
[INFO] [stdout] 2 | use diagnostic::DiagnosticLevel;
[INFO] [stdout]   |     ^^^^^^^^^^^^---------------
[INFO] [stdout]   |     |           |
[INFO] [stdout]   |     |           help: a similar name exists in the module: `Diagnostic`
[INFO] [stdout]   |     no `DiagnosticLevel` in the root
[INFO] [stdout] 
[INFO] [stdout] 
[INFO] [stdout] error[E0432]: unresolved import `diagnostic::DiagnosticLevel`
[INFO] [stdout]   --> src/syntax_error/mod.rs:10:18
[INFO] [stdout]    |
[INFO] [stdout] 10 | use diagnostic::{DiagnosticLevel, FileID};
[INFO] [stdout]    |                  ^^^^^^^^^^^^^^^
[INFO] [stdout]    |                  |
[INFO] [stdout]    |                  no `DiagnosticLevel` in the root
[INFO] [stdout]    |                  help: a similar name exists in the module: `Diagnostic`
[INFO] [stdout] 
[INFO] [stdout] 
[INFO] [stdout] error[E0554]: `#![feature]` may not be used on the stable release channel
[INFO] [stdout]  --> src/lib.rs:1:12
[INFO] [stdout]   |
[INFO] [stdout] 1 | #![feature(error_reporter)]
[INFO] [stdout]   |            ^^^^^^^^^^^^^^
[INFO] [stdout] 
[INFO] [stdout] 
[INFO] [stdout] error[E0277]: the trait bound `FileID: AsRef<Path>` is not satisfied
[INFO] [stdout]   --> src/syntax_error/mod.rs:66:36
[INFO] [stdout]    |
[INFO] [stdout] 66 |         let file = workspace.join(&self.file);
[INFO] [stdout]    |                              ----  ^^^^^^^^^ the trait `AsRef<Path>` is not implemented for `FileID`
[INFO] [stdout]    |                              |
[INFO] [stdout]    |                              required by a bound introduced by this call
[INFO] [stdout]    |
[INFO] [stdout]    = note: required for `&FileID` to implement `AsRef<Path>`
[INFO] [stdout] note: required by a bound in `Path::join`
[INFO] [stdout]   --> /rustc/82e1608dfa6e0b5569232559e3d385fea5a93112/library/std/src/path.rs:2550:5
[INFO] [stdout] 
[INFO] [stdout] 
[INFO] [stdout] error: aborting due to 4 previous errors
[INFO] [stdout] 
[INFO] [stdout] 
[INFO] [stdout] Some errors have detailed explanations: E0277, E0432, E0554.
[INFO] [stdout] 
[INFO] [stdout] For more information about an error, try `rustc --explain E0277`.
[INFO] [stdout] 
[INFO] [stderr] error: could not compile `valkyrie-error` (lib) due to 5 previous errors
[INFO] [stderr] warning: build failed, waiting for other jobs to finish...
[INFO] running `Command { std: "docker" "inspect" "5dfbfdc6e0cbe2438df88273f90182cfec5596399fe8189dc6fc7864df690ce6", kill_on_drop: false }`
[INFO] running `Command { std: "docker" "rm" "-f" "5dfbfdc6e0cbe2438df88273f90182cfec5596399fe8189dc6fc7864df690ce6", kill_on_drop: false }`
[INFO] [stdout] 5dfbfdc6e0cbe2438df88273f90182cfec5596399fe8189dc6fc7864df690ce6
