[INFO] fetching crate valera 0.1.0...
[INFO] testing valera-0.1.0 against 1.75.0 for beta-1.76-1
[INFO] extracting crate valera 0.1.0 into /workspace/builds/worker-4-tc1/source
[INFO] validating manifest of crates.io crate valera 0.1.0 on toolchain 1.75.0
[INFO] running `Command { std: CARGO_HOME="/workspace/cargo-home" RUSTUP_HOME="/workspace/rustup-home" "/workspace/cargo-home/bin/cargo" "+1.75.0" "metadata" "--manifest-path" "Cargo.toml" "--no-deps", kill_on_drop: false }`
[INFO] started tweaking crates.io crate valera 0.1.0
[INFO] finished tweaking crates.io crate valera 0.1.0
[INFO] tweaked toml for crates.io crate valera 0.1.0 written to /workspace/builds/worker-4-tc1/source/Cargo.toml
[INFO] running `Command { std: CARGO_HOME="/workspace/cargo-home" RUSTUP_HOME="/workspace/rustup-home" "/workspace/cargo-home/bin/cargo" "+1.75.0" "generate-lockfile" "--manifest-path" "Cargo.toml", kill_on_drop: false }`
[INFO] [stderr]     Updating crates.io index
[INFO] running `Command { std: CARGO_HOME="/workspace/cargo-home" RUSTUP_HOME="/workspace/rustup-home" "/workspace/cargo-home/bin/cargo" "+1.75.0" "fetch" "--manifest-path" "Cargo.toml", kill_on_drop: false }`
[INFO] running `Command { std: "docker" "create" "-v" "/var/lib/crater-agent-workspace/builds/worker-4-tc1/target:/opt/rustwide/target:rw,Z" "-v" "/var/lib/crater-agent-workspace/builds/worker-4-tc1/source:/opt/rustwide/workdir:ro,Z" "-v" "/var/lib/crater-agent-workspace/cargo-home:/opt/rustwide/cargo-home:ro,Z" "-v" "/var/lib/crater-agent-workspace/rustup-home:/opt/rustwide/rustup-home:ro,Z" "-e" "SOURCE_DIR=/opt/rustwide/workdir" "-e" "CARGO_TARGET_DIR=/opt/rustwide/target" "-e" "CARGO_HOME=/opt/rustwide/cargo-home" "-e" "RUSTUP_HOME=/opt/rustwide/rustup-home" "-w" "/opt/rustwide/workdir" "-m" "1610612736" "--user" "0:0" "--network" "none" "ghcr.io/rust-lang/crates-build-env/linux@sha256:2788e3201cd34a07e3172128adcd8b3090168a8e3bcc40d7c032b9dda1df7d1c" "/opt/rustwide/cargo-home/bin/cargo" "+1.75.0" "metadata" "--no-deps" "--format-version=1", kill_on_drop: false }`
[INFO] [stdout] 99984c470492a22608aec368eda0cb71baf11cb90ccd2282f0abb1189b72b7e3
[INFO] running `Command { std: "docker" "start" "-a" "99984c470492a22608aec368eda0cb71baf11cb90ccd2282f0abb1189b72b7e3", kill_on_drop: false }`
[INFO] running `Command { std: "docker" "inspect" "99984c470492a22608aec368eda0cb71baf11cb90ccd2282f0abb1189b72b7e3", kill_on_drop: false }`
[INFO] running `Command { std: "docker" "rm" "-f" "99984c470492a22608aec368eda0cb71baf11cb90ccd2282f0abb1189b72b7e3", kill_on_drop: false }`
[INFO] [stdout] 99984c470492a22608aec368eda0cb71baf11cb90ccd2282f0abb1189b72b7e3
[INFO] running `Command { std: "docker" "create" "-v" "/var/lib/crater-agent-workspace/builds/worker-4-tc1/target:/opt/rustwide/target:rw,Z" "-v" "/var/lib/crater-agent-workspace/builds/worker-4-tc1/source:/opt/rustwide/workdir:ro,Z" "-v" "/var/lib/crater-agent-workspace/cargo-home:/opt/rustwide/cargo-home:ro,Z" "-v" "/var/lib/crater-agent-workspace/rustup-home:/opt/rustwide/rustup-home:ro,Z" "-e" "SOURCE_DIR=/opt/rustwide/workdir" "-e" "CARGO_TARGET_DIR=/opt/rustwide/target" "-e" "CARGO_INCREMENTAL=0" "-e" "RUST_BACKTRACE=full" "-e" "RUSTFLAGS=--cap-lints=warn" "-e" "RUSTDOCFLAGS=--cap-lints=warn" "-e" "CARGO_HOME=/opt/rustwide/cargo-home" "-e" "RUSTUP_HOME=/opt/rustwide/rustup-home" "-w" "/opt/rustwide/workdir" "-m" "1610612736" "--user" "0:0" "--network" "none" "ghcr.io/rust-lang/crates-build-env/linux@sha256:2788e3201cd34a07e3172128adcd8b3090168a8e3bcc40d7c032b9dda1df7d1c" "/opt/rustwide/cargo-home/bin/cargo" "+1.75.0" "build" "--frozen" "--message-format=json", kill_on_drop: false }`
[INFO] [stdout] f70b41386462d7cf9f220492c60a63d74e92ea74a3784d4e3740ae55f0abd6ff
[INFO] running `Command { std: "docker" "start" "-a" "f70b41386462d7cf9f220492c60a63d74e92ea74a3784d4e3740ae55f0abd6ff", kill_on_drop: false }`
[INFO] [stderr]    Compiling pkg-config v0.3.28
[INFO] [stderr]    Compiling openssl v0.10.62
[INFO] [stderr]    Compiling foreign-types-shared v0.1.1
[INFO] [stderr]    Compiling serde v1.0.194
[INFO] [stderr]    Compiling tracing v0.1.40
[INFO] [stderr]    Compiling native-tls v0.2.11
[INFO] [stderr]    Compiling bitflags v2.4.1
[INFO] [stderr]    Compiling openssl-macros v0.1.1
[INFO] [stderr]    Compiling serde_derive v1.0.194
[INFO] [stderr]    Compiling tokio v1.35.1
[INFO] [stderr]    Compiling openssl-probe v0.1.5
[INFO] [stderr]    Compiling thiserror-impl v1.0.56
[INFO] [stderr]    Compiling unicode-bidi v0.3.14
[INFO] [stderr]    Compiling ipnet v2.9.0
[INFO] [stderr]    Compiling foreign-types v0.3.2
[INFO] [stderr]    Compiling openssl-sys v0.9.98
[INFO] [stderr]    Compiling idna v0.5.0
[INFO] [stderr]    Compiling url v2.5.0
[INFO] [stderr]    Compiling thiserror v1.0.56
[INFO] [stderr]    Compiling tokio-util v0.7.10
[INFO] [stderr]    Compiling tokio-socks v0.5.1
[INFO] [stderr]    Compiling h2 v0.3.22
[INFO] [stderr]    Compiling tokio-native-tls v0.3.1
[INFO] [stderr]    Compiling serde_urlencoded v0.7.1
[INFO] [stderr]    Compiling serde_json v1.0.111
[INFO] [stderr]    Compiling hyper v0.14.28
[INFO] [stderr]    Compiling hyper-tls v0.5.0
[INFO] [stderr]    Compiling reqwest v0.11.23
[INFO] [stderr]    Compiling valera v0.1.0 (/opt/rustwide/workdir)
[INFO] [stdout] error[E0583]: file not found for module `market`
[INFO] [stdout]  --> src/types/mod.rs:1:1
[INFO] [stdout]   |
[INFO] [stdout] 1 | mod market;
[INFO] [stdout]   | ^^^^^^^^^^^
[INFO] [stdout]   |
[INFO] [stdout]   = help: to create the module `market`, create file "src/types/market.rs" or "src/types/market/mod.rs"
[INFO] [stdout]   = note: if there is a `mod market` elsewhere in the crate already, import it with `use crate::...` instead
[INFO] [stdout] 
[INFO] [stdout] 
[INFO] [stdout] error[E0583]: file not found for module `timeframe`
[INFO] [stdout]  --> src/types/mod.rs:2:1
[INFO] [stdout]   |
[INFO] [stdout] 2 | mod timeframe;
[INFO] [stdout]   | ^^^^^^^^^^^^^^
[INFO] [stdout]   |
[INFO] [stdout]   = help: to create the module `timeframe`, create file "src/types/timeframe.rs" or "src/types/timeframe/mod.rs"
[INFO] [stdout]   = note: if there is a `mod timeframe` elsewhere in the crate already, import it with `use crate::...` instead
[INFO] [stdout] 
[INFO] [stdout] 
[INFO] [stdout] error[E0583]: file not found for module `timestamp`
[INFO] [stdout]  --> src/types/mod.rs:3:1
[INFO] [stdout]   |
[INFO] [stdout] 3 | mod timestamp;
[INFO] [stdout]   | ^^^^^^^^^^^^^^
[INFO] [stdout]   |
[INFO] [stdout]   = help: to create the module `timestamp`, create file "src/types/timestamp.rs" or "src/types/timestamp/mod.rs"
[INFO] [stdout]   = note: if there is a `mod timestamp` elsewhere in the crate already, import it with `use crate::...` instead
[INFO] [stdout] 
[INFO] [stdout] 
[INFO] [stdout] error[E0432]: unresolved import `market::Market`
[INFO] [stdout]  --> src/types/mod.rs:6:9
[INFO] [stdout]   |
[INFO] [stdout] 6 | pub use market::Market;
[INFO] [stdout]   |         ^^^^^^^^^^^^^^ no `Market` in `types::market`
[INFO] [stdout] 
[INFO] [stdout] 
[INFO] [stdout] error[E0432]: unresolved import `timeframe::Timeframe`
[INFO] [stdout]  --> src/types/mod.rs:7:9
[INFO] [stdout]   |
[INFO] [stdout] 7 | pub use timeframe::Timeframe;
[INFO] [stdout]   |         ^^^^^^^^^^^^^^^^^^^^ no `Timeframe` in `types::timeframe`
[INFO] [stdout] 
[INFO] [stdout] 
[INFO] [stdout] error[E0432]: unresolved import `timestamp::Timestamp`
[INFO] [stdout]  --> src/types/mod.rs:8:9
[INFO] [stdout]   |
[INFO] [stdout] 8 | pub use timestamp::Timestamp;
[INFO] [stdout]   |         ^^^^^^^^^^^^^^^^^^^^ no `Timestamp` in `types::timestamp`
[INFO] [stdout]   |
[INFO] [stdout] help: consider importing this variant instead
[INFO] [stdout]   |
[INFO] [stdout] 8 | pub use chrono::format::Numeric::Timestamp;
[INFO] [stdout]   |         ~~~~~~~~~~~~~~~~~~~~~~~~~~~~~~~~~~
[INFO] [stdout] 
[INFO] [stdout] 
[INFO] [stdout] error[E0554]: `#![feature]` may not be used on the stable release channel
[INFO] [stdout]   --> src/lib.rs:13:1
[INFO] [stdout]    |
[INFO] [stdout] 13 | #![feature(async_fn_in_trait)]
[INFO] [stdout]    | ^^^^^^^^^^^^^^^^^^^^^^^^^^^^^^ help: remove the attribute
[INFO] [stdout]    |
[INFO] [stdout]    = help: the feature `async_fn_in_trait` has been stable since `1.75.0` and no longer requires an attribute to enable
[INFO] [stdout] 
[INFO] [stdout] 
[INFO] [stdout] warning: lint `private_in_public` has been removed: replaced with another group of lints, see RFC <https://rust-lang.github.io/rfcs/2145-type-privacy.html> for more information
[INFO] [stdout]  --> src/lib.rs:5:26
[INFO] [stdout]   |
[INFO] [stdout] 5 | #![deny(unreachable_pub, private_in_public)]
[INFO] [stdout]   |                          ^^^^^^^^^^^^^^^^^
[INFO] [stdout]   |
[INFO] [stdout]   = note: `#[warn(renamed_and_removed_lints)]` on by default
[INFO] [stdout] 
[INFO] [stdout] 
[INFO] [stdout] warning: unused import: `time::SystemTime`
[INFO] [stdout]  --> src/requests/lib.rs:2:33
[INFO] [stdout]   |
[INFO] [stdout] 2 | use std::{collections::HashMap, time::SystemTime};
[INFO] [stdout]   |                                 ^^^^^^^^^^^^^^^^
[INFO] [stdout]   |
[INFO] [stdout]   = note: `#[warn(unused_imports)]` on by default
[INFO] [stdout] 
[INFO] [stdout] 
[INFO] [stdout] warning: unused import: `tokio`
[INFO] [stdout]  --> src/requests/lib.rs:3:5
[INFO] [stdout]   |
[INFO] [stdout] 3 | use tokio;
[INFO] [stdout]   |     ^^^^^
[INFO] [stdout] 
[INFO] [stdout] 
[INFO] [stdout] warning: the feature `async_fn_in_trait` has been stable since 1.75.0 and no longer requires an attribute to enable
[INFO] [stdout]   --> src/lib.rs:13:12
[INFO] [stdout]    |
[INFO] [stdout] 13 | #![feature(async_fn_in_trait)]
[INFO] [stdout]    |            ^^^^^^^^^^^^^^^^^
[INFO] [stdout]    |
[INFO] [stdout]    = note: `#[warn(stable_features)]` on by default
[INFO] [stdout] 
[INFO] [stdout] 
[INFO] [stdout] error: aborting due to 7 previous errors; 4 warnings emitted
[INFO] [stdout] 
[INFO] [stdout] 
[INFO] [stdout] Some errors have detailed explanations: E0432, E0554, E0583.
[INFO] [stdout] 
[INFO] [stdout] For more information about an error, try `rustc --explain E0432`.
[INFO] [stdout] 
[INFO] [stderr] error: could not compile `valera` (lib) due to 8 previous errors; 4 warnings emitted
[INFO] [stderr] warning: build failed, waiting for other jobs to finish...
[INFO] running `Command { std: "docker" "inspect" "f70b41386462d7cf9f220492c60a63d74e92ea74a3784d4e3740ae55f0abd6ff", kill_on_drop: false }`
[INFO] running `Command { std: "docker" "rm" "-f" "f70b41386462d7cf9f220492c60a63d74e92ea74a3784d4e3740ae55f0abd6ff", kill_on_drop: false }`
[INFO] [stdout] f70b41386462d7cf9f220492c60a63d74e92ea74a3784d4e3740ae55f0abd6ff
[INFO] testing valera-0.1.0 against beta-2023-12-22 for beta-1.76-1
[INFO] extracting crate valera 0.1.0 into /workspace/builds/worker-4-tc2/source
[INFO] validating manifest of crates.io crate valera 0.1.0 on toolchain beta-2023-12-22
[INFO] running `Command { std: CARGO_HOME="/workspace/cargo-home" RUSTUP_HOME="/workspace/rustup-home" "/workspace/cargo-home/bin/cargo" "+beta-2023-12-22" "metadata" "--manifest-path" "Cargo.toml" "--no-deps", kill_on_drop: false }`
[INFO] started tweaking crates.io crate valera 0.1.0
[INFO] finished tweaking crates.io crate valera 0.1.0
[INFO] tweaked toml for crates.io crate valera 0.1.0 written to /workspace/builds/worker-4-tc2/source/Cargo.toml
[INFO] running `Command { std: CARGO_HOME="/workspace/cargo-home" RUSTUP_HOME="/workspace/rustup-home" "/workspace/cargo-home/bin/cargo" "+beta-2023-12-22" "generate-lockfile" "--manifest-path" "Cargo.toml", kill_on_drop: false }`
[INFO] [stderr]     Updating crates.io index
[INFO] running `Command { std: CARGO_HOME="/workspace/cargo-home" RUSTUP_HOME="/workspace/rustup-home" "/workspace/cargo-home/bin/cargo" "+beta-2023-12-22" "fetch" "--manifest-path" "Cargo.toml", kill_on_drop: false }`
[INFO] running `Command { std: "docker" "create" "-v" "/var/lib/crater-agent-workspace/builds/worker-4-tc2/target:/opt/rustwide/target:rw,Z" "-v" "/var/lib/crater-agent-workspace/builds/worker-4-tc2/source:/opt/rustwide/workdir:ro,Z" "-v" "/var/lib/crater-agent-workspace/cargo-home:/opt/rustwide/cargo-home:ro,Z" "-v" "/var/lib/crater-agent-workspace/rustup-home:/opt/rustwide/rustup-home:ro,Z" "-e" "SOURCE_DIR=/opt/rustwide/workdir" "-e" "CARGO_TARGET_DIR=/opt/rustwide/target" "-e" "CARGO_HOME=/opt/rustwide/cargo-home" "-e" "RUSTUP_HOME=/opt/rustwide/rustup-home" "-w" "/opt/rustwide/workdir" "-m" "1610612736" "--user" "0:0" "--network" "none" "ghcr.io/rust-lang/crates-build-env/linux@sha256:2788e3201cd34a07e3172128adcd8b3090168a8e3bcc40d7c032b9dda1df7d1c" "/opt/rustwide/cargo-home/bin/cargo" "+beta-2023-12-22" "metadata" "--no-deps" "--format-version=1", kill_on_drop: false }`
[INFO] [stdout] 73590280079fec52f64cd09bd5a850eac9de1ffeba6a6ad57a9792a26e94b142
[INFO] running `Command { std: "docker" "start" "-a" "73590280079fec52f64cd09bd5a850eac9de1ffeba6a6ad57a9792a26e94b142", kill_on_drop: false }`
[INFO] running `Command { std: "docker" "inspect" "73590280079fec52f64cd09bd5a850eac9de1ffeba6a6ad57a9792a26e94b142", kill_on_drop: false }`
[INFO] running `Command { std: "docker" "rm" "-f" "73590280079fec52f64cd09bd5a850eac9de1ffeba6a6ad57a9792a26e94b142", kill_on_drop: false }`
[INFO] [stdout] 73590280079fec52f64cd09bd5a850eac9de1ffeba6a6ad57a9792a26e94b142
[INFO] running `Command { std: "docker" "create" "-v" "/var/lib/crater-agent-workspace/builds/worker-4-tc2/target:/opt/rustwide/target:rw,Z" "-v" "/var/lib/crater-agent-workspace/builds/worker-4-tc2/source:/opt/rustwide/workdir:ro,Z" "-v" "/var/lib/crater-agent-workspace/cargo-home:/opt/rustwide/cargo-home:ro,Z" "-v" "/var/lib/crater-agent-workspace/rustup-home:/opt/rustwide/rustup-home:ro,Z" "-e" "SOURCE_DIR=/opt/rustwide/workdir" "-e" "CARGO_TARGET_DIR=/opt/rustwide/target" "-e" "CARGO_INCREMENTAL=0" "-e" "RUST_BACKTRACE=full" "-e" "RUSTFLAGS=--cap-lints=warn" "-e" "RUSTDOCFLAGS=--cap-lints=warn" "-e" "CARGO_HOME=/opt/rustwide/cargo-home" "-e" "RUSTUP_HOME=/opt/rustwide/rustup-home" "-w" "/opt/rustwide/workdir" "-m" "1610612736" "--user" "0:0" "--network" "none" "ghcr.io/rust-lang/crates-build-env/linux@sha256:2788e3201cd34a07e3172128adcd8b3090168a8e3bcc40d7c032b9dda1df7d1c" "/opt/rustwide/cargo-home/bin/cargo" "+beta-2023-12-22" "build" "--frozen" "--message-format=json", kill_on_drop: false }`
[INFO] [stdout] 51ee43212b5667ac88d75874f74155e84d524be741ffcd9a92e0dbd14412b4c9
[INFO] running `Command { std: "docker" "start" "-a" "51ee43212b5667ac88d75874f74155e84d524be741ffcd9a92e0dbd14412b4c9", kill_on_drop: false }`
[INFO] [stderr]    Compiling pkg-config v0.3.28
[INFO] [stderr]    Compiling openssl v0.10.62
[INFO] [stderr]    Compiling foreign-types-shared v0.1.1
[INFO] [stderr]    Compiling bitflags v2.4.1
[INFO] [stderr]    Compiling native-tls v0.2.11
[INFO] [stderr]    Compiling tracing v0.1.40
[INFO] [stderr]    Compiling serde v1.0.194
[INFO] [stderr]    Compiling openssl-macros v0.1.1
[INFO] [stderr]    Compiling serde_derive v1.0.194
[INFO] [stderr]    Compiling tokio v1.35.1
[INFO] [stderr]    Compiling openssl-probe v0.1.5
[INFO] [stderr]    Compiling thiserror-impl v1.0.56
[INFO] [stderr]    Compiling unicode-bidi v0.3.14
[INFO] [stderr]    Compiling ipnet v2.9.0
[INFO] [stderr]    Compiling foreign-types v0.3.2
[INFO] [stderr]    Compiling idna v0.5.0
[INFO] [stderr]    Compiling openssl-sys v0.9.98
[INFO] [stderr]    Compiling url v2.5.0
[INFO] [stderr]    Compiling thiserror v1.0.56
[INFO] [stderr]    Compiling tokio-util v0.7.10
[INFO] [stderr]    Compiling tokio-socks v0.5.1
[INFO] [stderr]    Compiling tokio-native-tls v0.3.1
[INFO] [stderr]    Compiling h2 v0.3.22
[INFO] [stderr]    Compiling serde_urlencoded v0.7.1
[INFO] [stderr]    Compiling serde_json v1.0.111
[INFO] [stderr]    Compiling hyper v0.14.28
[INFO] [stderr]    Compiling hyper-tls v0.5.0
[INFO] [stderr]    Compiling reqwest v0.11.23
[INFO] [stderr]    Compiling valera v0.1.0 (/opt/rustwide/workdir)
[INFO] [stdout] error[E0583]: file not found for module `market`
[INFO] [stdout]  --> src/types/mod.rs:1:1
[INFO] [stdout]   |
[INFO] [stdout] 1 | mod market;
[INFO] [stdout]   | ^^^^^^^^^^^
[INFO] [stdout]   |
[INFO] [stdout]   = help: to create the module `market`, create file "src/types/market.rs" or "src/types/market/mod.rs"
[INFO] [stdout]   = note: if there is a `mod market` elsewhere in the crate already, import it with `use crate::...` instead
[INFO] [stdout] 
[INFO] [stdout] 
[INFO] [stdout] error[E0583]: file not found for module `timeframe`
[INFO] [stdout]  --> src/types/mod.rs:2:1
[INFO] [stdout]   |
[INFO] [stdout] 2 | mod timeframe;
[INFO] [stdout]   | ^^^^^^^^^^^^^^
[INFO] [stdout]   |
[INFO] [stdout]   = help: to create the module `timeframe`, create file "src/types/timeframe.rs" or "src/types/timeframe/mod.rs"
[INFO] [stdout]   = note: if there is a `mod timeframe` elsewhere in the crate already, import it with `use crate::...` instead
[INFO] [stdout] 
[INFO] [stdout] 
[INFO] [stdout] error[E0583]: file not found for module `timestamp`
[INFO] [stdout]  --> src/types/mod.rs:3:1
[INFO] [stdout]   |
[INFO] [stdout] 3 | mod timestamp;
[INFO] [stdout]   | ^^^^^^^^^^^^^^
[INFO] [stdout]   |
[INFO] [stdout]   = help: to create the module `timestamp`, create file "src/types/timestamp.rs" or "src/types/timestamp/mod.rs"
[INFO] [stdout]   = note: if there is a `mod timestamp` elsewhere in the crate already, import it with `use crate::...` instead
[INFO] [stdout] 
[INFO] [stdout] 
[INFO] [stdout] error[E0432]: unresolved import `market::Market`
[INFO] [stdout]  --> src/types/mod.rs:6:9
[INFO] [stdout]   |
[INFO] [stdout] 6 | pub use market::Market;
[INFO] [stdout]   |         ^^^^^^^^^^^^^^ no `Market` in `types::market`
[INFO] [stdout] 
[INFO] [stdout] 
[INFO] [stdout] error[E0432]: unresolved import `timeframe::Timeframe`
[INFO] [stdout]  --> src/types/mod.rs:7:9
[INFO] [stdout]   |
[INFO] [stdout] 7 | pub use timeframe::Timeframe;
[INFO] [stdout]   |         ^^^^^^^^^^^^^^^^^^^^ no `Timeframe` in `types::timeframe`
[INFO] [stdout] 
[INFO] [stdout] 
[INFO] [stdout] error[E0432]: unresolved import `timestamp::Timestamp`
[INFO] [stdout]  --> src/types/mod.rs:8:9
[INFO] [stdout]   |
[INFO] [stdout] 8 | pub use timestamp::Timestamp;
[INFO] [stdout]   |         ^^^^^^^^^^^^^^^^^^^^ no `Timestamp` in `types::timestamp`
[INFO] [stdout]   |
[INFO] [stdout] help: consider importing this variant instead
[INFO] [stdout]   |
[INFO] [stdout] 8 | pub use chrono::format::Numeric::Timestamp;
[INFO] [stdout]   |         ~~~~~~~~~~~~~~~~~~~~~~~~~~~~~~~~~~
[INFO] [stdout] 
[INFO] [stdout] 
[INFO] [stdout] error[E0554]: `#![feature]` may not be used on the beta release channel
[INFO] [stdout]   --> src/lib.rs:13:1
[INFO] [stdout]    |
[INFO] [stdout] 13 | #![feature(async_fn_in_trait)]
[INFO] [stdout]    | ^^^^^^^^^^^^^^^^^^^^^^^^^^^^^^ help: remove the attribute
[INFO] [stdout]    |
[INFO] [stdout]    = help: the feature `async_fn_in_trait` has been stable since `1.75.0` and no longer requires an attribute to enable
[INFO] [stdout] 
[INFO] [stdout] 
[INFO] [stdout] warning: lint `private_in_public` has been removed: replaced with another group of lints, see RFC <https://rust-lang.github.io/rfcs/2145-type-privacy.html> for more information
[INFO] [stdout]  --> src/lib.rs:5:26
[INFO] [stdout]   |
[INFO] [stdout] 5 | #![deny(unreachable_pub, private_in_public)]
[INFO] [stdout]   |                          ^^^^^^^^^^^^^^^^^
[INFO] [stdout]   |
[INFO] [stdout]   = note: `#[warn(renamed_and_removed_lints)]` on by default
[INFO] [stdout] 
[INFO] [stdout] 
[INFO] [stdout] warning: unused import: `time::SystemTime`
[INFO] [stdout]  --> src/requests/lib.rs:2:33
[INFO] [stdout]   |
[INFO] [stdout] 2 | use std::{collections::HashMap, time::SystemTime};
[INFO] [stdout]   |                                 ^^^^^^^^^^^^^^^^
[INFO] [stdout]   |
[INFO] [stdout]   = note: `#[warn(unused_imports)]` on by default
[INFO] [stdout] 
[INFO] [stdout] 
[INFO] [stdout] warning: unused import: `tokio`
[INFO] [stdout]  --> src/requests/lib.rs:3:5
[INFO] [stdout]   |
[INFO] [stdout] 3 | use tokio;
[INFO] [stdout]   |     ^^^^^
[INFO] [stdout] 
[INFO] [stdout] 
[INFO] [stdout] warning: the feature `async_fn_in_trait` has been stable since 1.75.0 and no longer requires an attribute to enable
[INFO] [stdout]   --> src/lib.rs:13:12
[INFO] [stdout]    |
[INFO] [stdout] 13 | #![feature(async_fn_in_trait)]
[INFO] [stdout]    |            ^^^^^^^^^^^^^^^^^
[INFO] [stdout]    |
[INFO] [stdout]    = note: `#[warn(stable_features)]` on by default
[INFO] [stdout] 
[INFO] [stdout] 
[INFO] [stdout] error: aborting due to 7 previous errors; 4 warnings emitted
[INFO] [stdout] 
[INFO] [stdout] 
[INFO] [stdout] Some errors have detailed explanations: E0432, E0554, E0583.
[INFO] [stdout] 
[INFO] [stdout] For more information about an error, try `rustc --explain E0432`.
[INFO] [stdout] 
[INFO] [stderr] error: could not compile `valera` (lib) due to 8 previous errors; 4 warnings emitted
[INFO] [stderr] warning: build failed, waiting for other jobs to finish...
[INFO] running `Command { std: "docker" "inspect" "51ee43212b5667ac88d75874f74155e84d524be741ffcd9a92e0dbd14412b4c9", kill_on_drop: false }`
[INFO] running `Command { std: "docker" "rm" "-f" "51ee43212b5667ac88d75874f74155e84d524be741ffcd9a92e0dbd14412b4c9", kill_on_drop: false }`
[INFO] [stdout] 51ee43212b5667ac88d75874f74155e84d524be741ffcd9a92e0dbd14412b4c9
