[INFO] fetching crate vagabond 0.1.1...
[INFO] testing vagabond-0.1.1 against 1.75.0 for beta-1.76-1
[INFO] extracting crate vagabond 0.1.1 into /workspace/builds/worker-6-tc1/source
[INFO] validating manifest of crates.io crate vagabond 0.1.1 on toolchain 1.75.0
[INFO] running `Command { std: CARGO_HOME="/workspace/cargo-home" RUSTUP_HOME="/workspace/rustup-home" "/workspace/cargo-home/bin/cargo" "+1.75.0" "metadata" "--manifest-path" "Cargo.toml" "--no-deps", kill_on_drop: false }`
[INFO] started tweaking crates.io crate vagabond 0.1.1
[INFO] finished tweaking crates.io crate vagabond 0.1.1
[INFO] tweaked toml for crates.io crate vagabond 0.1.1 written to /workspace/builds/worker-6-tc1/source/Cargo.toml
[INFO] running `Command { std: CARGO_HOME="/workspace/cargo-home" RUSTUP_HOME="/workspace/rustup-home" "/workspace/cargo-home/bin/cargo" "+1.75.0" "generate-lockfile" "--manifest-path" "Cargo.toml", kill_on_drop: false }`
[INFO] [stderr]     Updating crates.io index
[INFO] running `Command { std: CARGO_HOME="/workspace/cargo-home" RUSTUP_HOME="/workspace/rustup-home" "/workspace/cargo-home/bin/cargo" "+1.75.0" "fetch" "--manifest-path" "Cargo.toml", kill_on_drop: false }`
[INFO] [stderr]  Downloading crates ...
[INFO] [stderr]   Downloaded lz4-compress v0.1.0
[INFO] [stderr]   Downloaded kankyo v0.2.0
[INFO] [stderr]   Downloaded cdrs v2.3.3
[INFO] [stderr]   Downloaded snap v0.2.5
[INFO] running `Command { std: "docker" "create" "-v" "/var/lib/crater-agent-workspace/builds/worker-6-tc1/target:/opt/rustwide/target:rw,Z" "-v" "/var/lib/crater-agent-workspace/builds/worker-6-tc1/source:/opt/rustwide/workdir:ro,Z" "-v" "/var/lib/crater-agent-workspace/cargo-home:/opt/rustwide/cargo-home:ro,Z" "-v" "/var/lib/crater-agent-workspace/rustup-home:/opt/rustwide/rustup-home:ro,Z" "-e" "SOURCE_DIR=/opt/rustwide/workdir" "-e" "CARGO_TARGET_DIR=/opt/rustwide/target" "-e" "CARGO_HOME=/opt/rustwide/cargo-home" "-e" "RUSTUP_HOME=/opt/rustwide/rustup-home" "-w" "/opt/rustwide/workdir" "-m" "1610612736" "--user" "0:0" "--network" "none" "ghcr.io/rust-lang/crates-build-env/linux@sha256:2788e3201cd34a07e3172128adcd8b3090168a8e3bcc40d7c032b9dda1df7d1c" "/opt/rustwide/cargo-home/bin/cargo" "+1.75.0" "metadata" "--no-deps" "--format-version=1", kill_on_drop: false }`
[INFO] [stdout] 084e688854a490602f23396e36245678412b30d3a785e1849f27ad7972c68608
[INFO] running `Command { std: "docker" "start" "-a" "084e688854a490602f23396e36245678412b30d3a785e1849f27ad7972c68608", kill_on_drop: false }`
[INFO] running `Command { std: "docker" "inspect" "084e688854a490602f23396e36245678412b30d3a785e1849f27ad7972c68608", kill_on_drop: false }`
[INFO] running `Command { std: "docker" "rm" "-f" "084e688854a490602f23396e36245678412b30d3a785e1849f27ad7972c68608", kill_on_drop: false }`
[INFO] [stdout] 084e688854a490602f23396e36245678412b30d3a785e1849f27ad7972c68608
[INFO] running `Command { std: "docker" "create" "-v" "/var/lib/crater-agent-workspace/builds/worker-6-tc1/target:/opt/rustwide/target:rw,Z" "-v" "/var/lib/crater-agent-workspace/builds/worker-6-tc1/source:/opt/rustwide/workdir:ro,Z" "-v" "/var/lib/crater-agent-workspace/cargo-home:/opt/rustwide/cargo-home:ro,Z" "-v" "/var/lib/crater-agent-workspace/rustup-home:/opt/rustwide/rustup-home:ro,Z" "-e" "SOURCE_DIR=/opt/rustwide/workdir" "-e" "CARGO_TARGET_DIR=/opt/rustwide/target" "-e" "CARGO_INCREMENTAL=0" "-e" "RUST_BACKTRACE=full" "-e" "RUSTFLAGS=--cap-lints=warn" "-e" "RUSTDOCFLAGS=--cap-lints=warn" "-e" "CARGO_HOME=/opt/rustwide/cargo-home" "-e" "RUSTUP_HOME=/opt/rustwide/rustup-home" "-w" "/opt/rustwide/workdir" "-m" "1610612736" "--user" "0:0" "--network" "none" "ghcr.io/rust-lang/crates-build-env/linux@sha256:2788e3201cd34a07e3172128adcd8b3090168a8e3bcc40d7c032b9dda1df7d1c" "/opt/rustwide/cargo-home/bin/cargo" "+1.75.0" "build" "--frozen" "--message-format=json", kill_on_drop: false }`
[INFO] [stdout] 53fbac844177ca06325a43422794f27964fb8d2858fbe7c7ecb193acc0259e61
[INFO] running `Command { std: "docker" "start" "-a" "53fbac844177ca06325a43422794f27964fb8d2858fbe7c7ecb193acc0259e61", kill_on_drop: false }`
[INFO] [stderr]    Compiling libc v0.2.151
[INFO] [stderr]    Compiling lock_api v0.4.11
[INFO] [stderr]    Compiling parking_lot_core v0.9.9
[INFO] [stderr]    Compiling scopeguard v1.2.0
[INFO] [stderr]    Compiling smallvec v1.11.2
[INFO] [stderr]    Compiling byteorder v0.5.3
[INFO] [stderr]    Compiling lazy_static v1.4.0
[INFO] [stderr]    Compiling log v0.4.20
[INFO] [stderr]    Compiling byteorder v1.5.0
[INFO] [stderr]    Compiling textwrap v0.11.0
[INFO] [stderr]    Compiling lz4-compress v0.1.0
[INFO] [stderr]    Compiling strsim v0.8.0
[INFO] [stderr]    Compiling uuid v0.8.2
[INFO] [stderr]    Compiling ansi_term v0.12.1
[INFO] [stderr]    Compiling vec_map v0.8.2
[INFO] [stderr]    Compiling snap v0.2.5
[INFO] [stderr]    Compiling kankyo v0.2.0
[INFO] [stderr]    Compiling yansi v0.5.1
[INFO] [stderr]    Compiling atty v0.2.14
[INFO] [stderr]    Compiling time v0.1.45
[INFO] [stderr]    Compiling rand v0.4.6
[INFO] [stderr]    Compiling clap v2.34.0
[INFO] [stderr]    Compiling parking_lot v0.12.1
[INFO] [stderr]    Compiling scheduled-thread-pool v0.2.7
[INFO] [stderr]    Compiling r2d2 v0.8.10
[INFO] [stderr]    Compiling cdrs v2.3.3
[INFO] [stderr]    Compiling vagabond v0.1.1 (/opt/rustwide/workdir)
[INFO] [stdout] error[E0308]: mismatched types
[INFO] [stdout]    --> src/main.rs:163:5
[INFO] [stdout]     |
[INFO] [stdout] 140 | fn init_single_connection(cfg: &Config) -> VBSession {
[INFO] [stdout]     |                                            --------- expected `Session<SingleNode<Pool<TcpConnectionsManager<PasswordOrNoneAuth>>>>` because of return type
[INFO] [stdout] ...
[INFO] [stdout] 163 |     ses
[INFO] [stdout]     |     ^^^ expected `Session<SingleNode<Pool<...>>>`, found `Session<SingleNode<...>>`
[INFO] [stdout]     |
[INFO] [stdout]     = note: expected struct `Session<SingleNode<Pool<TcpConnectionsManager<PasswordOrNoneAuth>>>>`
[INFO] [stdout]                found struct `Session<SingleNode<cluster::generic_connection_pool::ConnectionPool<TcpConnectionsManager<PasswordOrNoneAuth>>>>`
[INFO] [stdout] 
[INFO] [stdout] 
[INFO] [stdout] error[E0599]: the method `query` exists for reference `&Session<SingleNode<Pool<TcpConnectionsManager<PasswordOrNoneAuth>>>>`, but its trait bounds were not satisfied
[INFO] [stdout]    --> src/main.rs:172:17
[INFO] [stdout]     |
[INFO] [stdout] 172 |         session.query(query).ioexpect(&format!("Error applying migration query: {}. You should probably clean this up", query));
[INFO] [stdout]     |                 ^^^^^ method cannot be called due to unsatisfied trait bounds
[INFO] [stdout]     |
[INFO] [stdout]    ::: /opt/rustwide/cargo-home/registry/src/index.crates.io-6f17d22bba15001f/cdrs-2.3.3/src/cluster/session.rs:37:1
[INFO] [stdout]     |
[INFO] [stdout] 37  | pub struct Session<LB> {
[INFO] [stdout]     | ---------------------- doesn't satisfy `_: QueryExecutor<_, _>`
[INFO] [stdout]     |
[INFO] [stdout]    ::: /opt/rustwide/cargo-home/registry/src/index.crates.io-6f17d22bba15001f/cdrs-2.3.3/src/load_balancing/single_node.rs:3:1
[INFO] [stdout]     |
[INFO] [stdout] 3   | pub struct SingleNode<N> {
[INFO] [stdout]     | ------------------------ doesn't satisfy `_: LoadBalancingStrategy<ConnectionPool<_>>`
[INFO] [stdout]     |
[INFO] [stdout]     = note: the following trait bounds were not satisfied:
[INFO] [stdout]             `SingleNode<Pool<TcpConnectionsManager<PasswordOrNoneAuth>>>: LoadBalancingStrategy<cluster::generic_connection_pool::ConnectionPool<_>>`
[INFO] [stdout]             which is required by `Session<SingleNode<Pool<TcpConnectionsManager<PasswordOrNoneAuth>>>>: cdrs::query::QueryExecutor<_, _>`
[INFO] [stdout] 
[INFO] [stdout] 
[INFO] [stdout] error[E0599]: the method `query` exists for reference `&Session<SingleNode<Pool<TcpConnectionsManager<PasswordOrNoneAuth>>>>`, but its trait bounds were not satisfied
[INFO] [stdout]    --> src/main.rs:177:24
[INFO] [stdout]     |
[INFO] [stdout] 177 |     let body = session.query("SELECT migration FROM vagabond").unwrap().get_body().unwrap();
[INFO] [stdout]     |                        ^^^^^ method cannot be called due to unsatisfied trait bounds
[INFO] [stdout]     |
[INFO] [stdout]    ::: /opt/rustwide/cargo-home/registry/src/index.crates.io-6f17d22bba15001f/cdrs-2.3.3/src/cluster/session.rs:37:1
[INFO] [stdout]     |
[INFO] [stdout] 37  | pub struct Session<LB> {
[INFO] [stdout]     | ---------------------- doesn't satisfy `_: QueryExecutor<_, _>`
[INFO] [stdout]     |
[INFO] [stdout]    ::: /opt/rustwide/cargo-home/registry/src/index.crates.io-6f17d22bba15001f/cdrs-2.3.3/src/load_balancing/single_node.rs:3:1
[INFO] [stdout]     |
[INFO] [stdout] 3   | pub struct SingleNode<N> {
[INFO] [stdout]     | ------------------------ doesn't satisfy `_: LoadBalancingStrategy<ConnectionPool<_>>`
[INFO] [stdout]     |
[INFO] [stdout]     = note: the following trait bounds were not satisfied:
[INFO] [stdout]             `SingleNode<Pool<TcpConnectionsManager<PasswordOrNoneAuth>>>: LoadBalancingStrategy<cluster::generic_connection_pool::ConnectionPool<_>>`
[INFO] [stdout]             which is required by `Session<SingleNode<Pool<TcpConnectionsManager<PasswordOrNoneAuth>>>>: cdrs::query::QueryExecutor<_, _>`
[INFO] [stdout] 
[INFO] [stdout] 
[INFO] [stdout] error[E0599]: the method `query` exists for reference `&Session<SingleNode<Pool<TcpConnectionsManager<PasswordOrNoneAuth>>>>`, but its trait bounds were not satisfied
[INFO] [stdout]    --> src/main.rs:188:13
[INFO] [stdout]     |
[INFO] [stdout] 188 |     session.query("TRUNCATE vagabond").unwrap();
[INFO] [stdout]     |             ^^^^^ method cannot be called due to unsatisfied trait bounds
[INFO] [stdout]     |
[INFO] [stdout]    ::: /opt/rustwide/cargo-home/registry/src/index.crates.io-6f17d22bba15001f/cdrs-2.3.3/src/cluster/session.rs:37:1
[INFO] [stdout]     |
[INFO] [stdout] 37  | pub struct Session<LB> {
[INFO] [stdout]     | ---------------------- doesn't satisfy `_: QueryExecutor<_, _>`
[INFO] [stdout]     |
[INFO] [stdout]    ::: /opt/rustwide/cargo-home/registry/src/index.crates.io-6f17d22bba15001f/cdrs-2.3.3/src/load_balancing/single_node.rs:3:1
[INFO] [stdout]     |
[INFO] [stdout] 3   | pub struct SingleNode<N> {
[INFO] [stdout]     | ------------------------ doesn't satisfy `_: LoadBalancingStrategy<ConnectionPool<_>>`
[INFO] [stdout]     |
[INFO] [stdout]     = note: the following trait bounds were not satisfied:
[INFO] [stdout]             `SingleNode<Pool<TcpConnectionsManager<PasswordOrNoneAuth>>>: LoadBalancingStrategy<cluster::generic_connection_pool::ConnectionPool<_>>`
[INFO] [stdout]             which is required by `Session<SingleNode<Pool<TcpConnectionsManager<PasswordOrNoneAuth>>>>: cdrs::query::QueryExecutor<_, _>`
[INFO] [stdout] 
[INFO] [stdout] 
[INFO] [stdout] error[E0599]: the method `query_with_values` exists for reference `&Session<SingleNode<Pool<TcpConnectionsManager<PasswordOrNoneAuth>>>>`, but its trait bounds were not satisfied
[INFO] [stdout]    --> src/main.rs:193:13
[INFO] [stdout]     |
[INFO] [stdout] 193 |     session.query_with_values("INSERT INTO vagabond (migration) VALUES (?)", query_values!(name)).ioexpect("Error setting migration in da...
[INFO] [stdout]     |             ^^^^^^^^^^^^^^^^^ method cannot be called due to unsatisfied trait bounds
[INFO] [stdout]     |
[INFO] [stdout]    ::: /opt/rustwide/cargo-home/registry/src/index.crates.io-6f17d22bba15001f/cdrs-2.3.3/src/cluster/session.rs:37:1
[INFO] [stdout]     |
[INFO] [stdout] 37  | pub struct Session<LB> {
[INFO] [stdout]     | ---------------------- doesn't satisfy `_: QueryExecutor<_, _>`
[INFO] [stdout]     |
[INFO] [stdout]    ::: /opt/rustwide/cargo-home/registry/src/index.crates.io-6f17d22bba15001f/cdrs-2.3.3/src/load_balancing/single_node.rs:3:1
[INFO] [stdout]     |
[INFO] [stdout] 3   | pub struct SingleNode<N> {
[INFO] [stdout]     | ------------------------ doesn't satisfy `_: LoadBalancingStrategy<ConnectionPool<_>>`
[INFO] [stdout]     |
[INFO] [stdout]     = note: the following trait bounds were not satisfied:
[INFO] [stdout]             `SingleNode<Pool<TcpConnectionsManager<PasswordOrNoneAuth>>>: LoadBalancingStrategy<cluster::generic_connection_pool::ConnectionPool<_>>`
[INFO] [stdout]             which is required by `Session<SingleNode<Pool<TcpConnectionsManager<PasswordOrNoneAuth>>>>: cdrs::query::QueryExecutor<_, _>`
[INFO] [stdout] 
[INFO] [stdout] 
[INFO] [stdout] warning: unused import: `cdrs::types::IntoRustByIndex`
[INFO] [stdout]   --> src/main.rs:19:5
[INFO] [stdout]    |
[INFO] [stdout] 19 | use cdrs::types::IntoRustByIndex;
[INFO] [stdout]    |     ^^^^^^^^^^^^^^^^^^^^^^^^^^^^
[INFO] [stdout]    |
[INFO] [stdout]    = note: `#[warn(unused_imports)]` on by default
[INFO] [stdout] 
[INFO] [stdout] 
[INFO] [stdout] error: aborting due to 5 previous errors; 1 warning emitted
[INFO] [stdout] 
[INFO] [stdout] 
[INFO] [stdout] Some errors have detailed explanations: E0308, E0599.
[INFO] [stdout] 
[INFO] [stdout] For more information about an error, try `rustc --explain E0308`.
[INFO] [stdout] 
[INFO] [stderr] error: could not compile `vagabond` (bin "vagabond") due to 6 previous errors; 1 warning emitted
[INFO] running `Command { std: "docker" "inspect" "53fbac844177ca06325a43422794f27964fb8d2858fbe7c7ecb193acc0259e61", kill_on_drop: false }`
[INFO] running `Command { std: "docker" "rm" "-f" "53fbac844177ca06325a43422794f27964fb8d2858fbe7c7ecb193acc0259e61", kill_on_drop: false }`
[INFO] [stdout] 53fbac844177ca06325a43422794f27964fb8d2858fbe7c7ecb193acc0259e61
[INFO] testing vagabond-0.1.1 against beta-2023-12-22 for beta-1.76-1
[INFO] extracting crate vagabond 0.1.1 into /workspace/builds/worker-6-tc2/source
[INFO] validating manifest of crates.io crate vagabond 0.1.1 on toolchain beta-2023-12-22
[INFO] running `Command { std: CARGO_HOME="/workspace/cargo-home" RUSTUP_HOME="/workspace/rustup-home" "/workspace/cargo-home/bin/cargo" "+beta-2023-12-22" "metadata" "--manifest-path" "Cargo.toml" "--no-deps", kill_on_drop: false }`
[INFO] started tweaking crates.io crate vagabond 0.1.1
[INFO] finished tweaking crates.io crate vagabond 0.1.1
[INFO] tweaked toml for crates.io crate vagabond 0.1.1 written to /workspace/builds/worker-6-tc2/source/Cargo.toml
[INFO] running `Command { std: CARGO_HOME="/workspace/cargo-home" RUSTUP_HOME="/workspace/rustup-home" "/workspace/cargo-home/bin/cargo" "+beta-2023-12-22" "generate-lockfile" "--manifest-path" "Cargo.toml", kill_on_drop: false }`
[INFO] [stderr]     Updating crates.io index
[INFO] running `Command { std: CARGO_HOME="/workspace/cargo-home" RUSTUP_HOME="/workspace/rustup-home" "/workspace/cargo-home/bin/cargo" "+beta-2023-12-22" "fetch" "--manifest-path" "Cargo.toml", kill_on_drop: false }`
[INFO] running `Command { std: "docker" "create" "-v" "/var/lib/crater-agent-workspace/builds/worker-6-tc2/target:/opt/rustwide/target:rw,Z" "-v" "/var/lib/crater-agent-workspace/builds/worker-6-tc2/source:/opt/rustwide/workdir:ro,Z" "-v" "/var/lib/crater-agent-workspace/cargo-home:/opt/rustwide/cargo-home:ro,Z" "-v" "/var/lib/crater-agent-workspace/rustup-home:/opt/rustwide/rustup-home:ro,Z" "-e" "SOURCE_DIR=/opt/rustwide/workdir" "-e" "CARGO_TARGET_DIR=/opt/rustwide/target" "-e" "CARGO_HOME=/opt/rustwide/cargo-home" "-e" "RUSTUP_HOME=/opt/rustwide/rustup-home" "-w" "/opt/rustwide/workdir" "-m" "1610612736" "--user" "0:0" "--network" "none" "ghcr.io/rust-lang/crates-build-env/linux@sha256:2788e3201cd34a07e3172128adcd8b3090168a8e3bcc40d7c032b9dda1df7d1c" "/opt/rustwide/cargo-home/bin/cargo" "+beta-2023-12-22" "metadata" "--no-deps" "--format-version=1", kill_on_drop: false }`
[INFO] [stdout] 6f7911d3a96e21c749e5ff8ccbb76807266bafa87ff68132ea7710f66862ff74
[INFO] running `Command { std: "docker" "start" "-a" "6f7911d3a96e21c749e5ff8ccbb76807266bafa87ff68132ea7710f66862ff74", kill_on_drop: false }`
[INFO] running `Command { std: "docker" "inspect" "6f7911d3a96e21c749e5ff8ccbb76807266bafa87ff68132ea7710f66862ff74", kill_on_drop: false }`
[INFO] running `Command { std: "docker" "rm" "-f" "6f7911d3a96e21c749e5ff8ccbb76807266bafa87ff68132ea7710f66862ff74", kill_on_drop: false }`
[INFO] [stdout] 6f7911d3a96e21c749e5ff8ccbb76807266bafa87ff68132ea7710f66862ff74
[INFO] running `Command { std: "docker" "create" "-v" "/var/lib/crater-agent-workspace/builds/worker-6-tc2/target:/opt/rustwide/target:rw,Z" "-v" "/var/lib/crater-agent-workspace/builds/worker-6-tc2/source:/opt/rustwide/workdir:ro,Z" "-v" "/var/lib/crater-agent-workspace/cargo-home:/opt/rustwide/cargo-home:ro,Z" "-v" "/var/lib/crater-agent-workspace/rustup-home:/opt/rustwide/rustup-home:ro,Z" "-e" "SOURCE_DIR=/opt/rustwide/workdir" "-e" "CARGO_TARGET_DIR=/opt/rustwide/target" "-e" "CARGO_INCREMENTAL=0" "-e" "RUST_BACKTRACE=full" "-e" "RUSTFLAGS=--cap-lints=warn" "-e" "RUSTDOCFLAGS=--cap-lints=warn" "-e" "CARGO_HOME=/opt/rustwide/cargo-home" "-e" "RUSTUP_HOME=/opt/rustwide/rustup-home" "-w" "/opt/rustwide/workdir" "-m" "1610612736" "--user" "0:0" "--network" "none" "ghcr.io/rust-lang/crates-build-env/linux@sha256:2788e3201cd34a07e3172128adcd8b3090168a8e3bcc40d7c032b9dda1df7d1c" "/opt/rustwide/cargo-home/bin/cargo" "+beta-2023-12-22" "build" "--frozen" "--message-format=json", kill_on_drop: false }`
[INFO] [stdout] 0729743bf6381bc2f71a150c9b213de9beabd608838f1364f30c116fc584cadd
[INFO] running `Command { std: "docker" "start" "-a" "0729743bf6381bc2f71a150c9b213de9beabd608838f1364f30c116fc584cadd", kill_on_drop: false }`
[INFO] [stderr]    Compiling libc v0.2.151
[INFO] [stderr]    Compiling parking_lot_core v0.9.9
[INFO] [stderr]    Compiling scopeguard v1.2.0
[INFO] [stderr]    Compiling smallvec v1.11.2
[INFO] [stderr]    Compiling byteorder v1.5.0
[INFO] [stderr]    Compiling lock_api v0.4.11
[INFO] [stderr]    Compiling lazy_static v1.4.0
[INFO] [stderr]    Compiling log v0.4.20
[INFO] [stderr]    Compiling byteorder v0.5.3
[INFO] [stderr]    Compiling textwrap v0.11.0
[INFO] [stderr]    Compiling lz4-compress v0.1.0
[INFO] [stderr]    Compiling snap v0.2.5
[INFO] [stderr]    Compiling strsim v0.8.0
[INFO] [stderr]    Compiling uuid v0.8.2
[INFO] [stderr]    Compiling vec_map v0.8.2
[INFO] [stderr]    Compiling ansi_term v0.12.1
[INFO] [stderr]    Compiling yansi v0.5.1
[INFO] [stderr]    Compiling kankyo v0.2.0
[INFO] [stderr]    Compiling atty v0.2.14
[INFO] [stderr]    Compiling time v0.1.45
[INFO] [stderr]    Compiling rand v0.4.6
[INFO] [stderr]    Compiling clap v2.34.0
[INFO] [stderr]    Compiling parking_lot v0.12.1
[INFO] [stderr]    Compiling scheduled-thread-pool v0.2.7
[INFO] [stderr]    Compiling r2d2 v0.8.10
[INFO] [stderr]    Compiling cdrs v2.3.3
[INFO] [stderr]    Compiling vagabond v0.1.1 (/opt/rustwide/workdir)
[INFO] [stdout] error[E0308]: mismatched types
[INFO] [stdout]    --> src/main.rs:163:5
[INFO] [stdout]     |
[INFO] [stdout] 140 | fn init_single_connection(cfg: &Config) -> VBSession {
[INFO] [stdout]     |                                            --------- expected `Session<SingleNode<Pool<TcpConnectionsManager<PasswordOrNoneAuth>>>>` because of return type
[INFO] [stdout] ...
[INFO] [stdout] 163 |     ses
[INFO] [stdout]     |     ^^^ expected `Session<SingleNode<Pool<...>>>`, found `Session<SingleNode<...>>`
[INFO] [stdout]     |
[INFO] [stdout]     = note: expected struct `Session<SingleNode<Pool<TcpConnectionsManager<PasswordOrNoneAuth>>>>`
[INFO] [stdout]                found struct `Session<SingleNode<cluster::generic_connection_pool::ConnectionPool<TcpConnectionsManager<PasswordOrNoneAuth>>>>`
[INFO] [stdout] 
[INFO] [stdout] 
[INFO] [stdout] error[E0599]: the method `query` exists for reference `&Session<SingleNode<Pool<TcpConnectionsManager<PasswordOrNoneAuth>>>>`, but its trait bounds were not satisfied
[INFO] [stdout]    --> src/main.rs:172:17
[INFO] [stdout]     |
[INFO] [stdout] 172 |         session.query(query).ioexpect(&format!("Error applying migration query: {}. You should probably clean this up", query));
[INFO] [stdout]     |                 ^^^^^ method cannot be called due to unsatisfied trait bounds
[INFO] [stdout]     |
[INFO] [stdout]    ::: /opt/rustwide/cargo-home/registry/src/index.crates.io-6f17d22bba15001f/cdrs-2.3.3/src/cluster/session.rs:37:1
[INFO] [stdout]     |
[INFO] [stdout] 37  | pub struct Session<LB> {
[INFO] [stdout]     | ---------------------- doesn't satisfy `_: QueryExecutor<_, _>`
[INFO] [stdout]     |
[INFO] [stdout]    ::: /opt/rustwide/cargo-home/registry/src/index.crates.io-6f17d22bba15001f/cdrs-2.3.3/src/load_balancing/single_node.rs:3:1
[INFO] [stdout]     |
[INFO] [stdout] 3   | pub struct SingleNode<N> {
[INFO] [stdout]     | ------------------------ doesn't satisfy `_: LoadBalancingStrategy<ConnectionPool<_>>`
[INFO] [stdout]     |
[INFO] [stdout]     = note: the following trait bounds were not satisfied:
[INFO] [stdout]             `SingleNode<Pool<TcpConnectionsManager<PasswordOrNoneAuth>>>: LoadBalancingStrategy<cluster::generic_connection_pool::ConnectionPool<_>>`
[INFO] [stdout]             which is required by `Session<SingleNode<Pool<TcpConnectionsManager<PasswordOrNoneAuth>>>>: cdrs::query::QueryExecutor<_, _>`
[INFO] [stdout] 
[INFO] [stdout] 
[INFO] [stdout] error[E0599]: the method `query` exists for reference `&Session<SingleNode<Pool<TcpConnectionsManager<PasswordOrNoneAuth>>>>`, but its trait bounds were not satisfied
[INFO] [stdout]    --> src/main.rs:177:24
[INFO] [stdout]     |
[INFO] [stdout] 177 |     let body = session.query("SELECT migration FROM vagabond").unwrap().get_body().unwrap();
[INFO] [stdout]     |                        ^^^^^ method cannot be called due to unsatisfied trait bounds
[INFO] [stdout]     |
[INFO] [stdout]    ::: /opt/rustwide/cargo-home/registry/src/index.crates.io-6f17d22bba15001f/cdrs-2.3.3/src/cluster/session.rs:37:1
[INFO] [stdout]     |
[INFO] [stdout] 37  | pub struct Session<LB> {
[INFO] [stdout]     | ---------------------- doesn't satisfy `_: QueryExecutor<_, _>`
[INFO] [stdout]     |
[INFO] [stdout]    ::: /opt/rustwide/cargo-home/registry/src/index.crates.io-6f17d22bba15001f/cdrs-2.3.3/src/load_balancing/single_node.rs:3:1
[INFO] [stdout]     |
[INFO] [stdout] 3   | pub struct SingleNode<N> {
[INFO] [stdout]     | ------------------------ doesn't satisfy `_: LoadBalancingStrategy<ConnectionPool<_>>`
[INFO] [stdout]     |
[INFO] [stdout]     = note: the following trait bounds were not satisfied:
[INFO] [stdout]             `SingleNode<Pool<TcpConnectionsManager<PasswordOrNoneAuth>>>: LoadBalancingStrategy<cluster::generic_connection_pool::ConnectionPool<_>>`
[INFO] [stdout]             which is required by `Session<SingleNode<Pool<TcpConnectionsManager<PasswordOrNoneAuth>>>>: cdrs::query::QueryExecutor<_, _>`
[INFO] [stdout] 
[INFO] [stdout] 
[INFO] [stdout] error[E0599]: the method `query` exists for reference `&Session<SingleNode<Pool<TcpConnectionsManager<PasswordOrNoneAuth>>>>`, but its trait bounds were not satisfied
[INFO] [stdout]    --> src/main.rs:188:13
[INFO] [stdout]     |
[INFO] [stdout] 188 |     session.query("TRUNCATE vagabond").unwrap();
[INFO] [stdout]     |             ^^^^^ method cannot be called due to unsatisfied trait bounds
[INFO] [stdout]     |
[INFO] [stdout]    ::: /opt/rustwide/cargo-home/registry/src/index.crates.io-6f17d22bba15001f/cdrs-2.3.3/src/cluster/session.rs:37:1
[INFO] [stdout]     |
[INFO] [stdout] 37  | pub struct Session<LB> {
[INFO] [stdout]     | ---------------------- doesn't satisfy `_: QueryExecutor<_, _>`
[INFO] [stdout]     |
[INFO] [stdout]    ::: /opt/rustwide/cargo-home/registry/src/index.crates.io-6f17d22bba15001f/cdrs-2.3.3/src/load_balancing/single_node.rs:3:1
[INFO] [stdout]     |
[INFO] [stdout] 3   | pub struct SingleNode<N> {
[INFO] [stdout]     | ------------------------ doesn't satisfy `_: LoadBalancingStrategy<ConnectionPool<_>>`
[INFO] [stdout]     |
[INFO] [stdout]     = note: the following trait bounds were not satisfied:
[INFO] [stdout]             `SingleNode<Pool<TcpConnectionsManager<PasswordOrNoneAuth>>>: LoadBalancingStrategy<cluster::generic_connection_pool::ConnectionPool<_>>`
[INFO] [stdout]             which is required by `Session<SingleNode<Pool<TcpConnectionsManager<PasswordOrNoneAuth>>>>: cdrs::query::QueryExecutor<_, _>`
[INFO] [stdout] 
[INFO] [stdout] 
[INFO] [stdout] error[E0599]: the method `query_with_values` exists for reference `&Session<SingleNode<Pool<TcpConnectionsManager<PasswordOrNoneAuth>>>>`, but its trait bounds were not satisfied
[INFO] [stdout]    --> src/main.rs:193:13
[INFO] [stdout]     |
[INFO] [stdout] 193 |     session.query_with_values("INSERT INTO vagabond (migration) VALUES (?)", query_values!(name)).ioexpect("Error setting migration in da...
[INFO] [stdout]     |             ^^^^^^^^^^^^^^^^^ method cannot be called due to unsatisfied trait bounds
[INFO] [stdout]     |
[INFO] [stdout]    ::: /opt/rustwide/cargo-home/registry/src/index.crates.io-6f17d22bba15001f/cdrs-2.3.3/src/cluster/session.rs:37:1
[INFO] [stdout]     |
[INFO] [stdout] 37  | pub struct Session<LB> {
[INFO] [stdout]     | ---------------------- doesn't satisfy `_: QueryExecutor<_, _>`
[INFO] [stdout]     |
[INFO] [stdout]    ::: /opt/rustwide/cargo-home/registry/src/index.crates.io-6f17d22bba15001f/cdrs-2.3.3/src/load_balancing/single_node.rs:3:1
[INFO] [stdout]     |
[INFO] [stdout] 3   | pub struct SingleNode<N> {
[INFO] [stdout]     | ------------------------ doesn't satisfy `_: LoadBalancingStrategy<ConnectionPool<_>>`
[INFO] [stdout]     |
[INFO] [stdout]     = note: the following trait bounds were not satisfied:
[INFO] [stdout]             `SingleNode<Pool<TcpConnectionsManager<PasswordOrNoneAuth>>>: LoadBalancingStrategy<cluster::generic_connection_pool::ConnectionPool<_>>`
[INFO] [stdout]             which is required by `Session<SingleNode<Pool<TcpConnectionsManager<PasswordOrNoneAuth>>>>: cdrs::query::QueryExecutor<_, _>`
[INFO] [stdout] 
[INFO] [stdout] 
[INFO] [stdout] warning: unused import: `cdrs::types::IntoRustByIndex`
[INFO] [stdout]   --> src/main.rs:19:5
[INFO] [stdout]    |
[INFO] [stdout] 19 | use cdrs::types::IntoRustByIndex;
[INFO] [stdout]    |     ^^^^^^^^^^^^^^^^^^^^^^^^^^^^
[INFO] [stdout]    |
[INFO] [stdout]    = note: `#[warn(unused_imports)]` on by default
[INFO] [stdout] 
[INFO] [stdout] 
[INFO] [stdout] error: aborting due to 5 previous errors; 1 warning emitted
[INFO] [stdout] 
[INFO] [stdout] 
[INFO] [stdout] Some errors have detailed explanations: E0308, E0599.
[INFO] [stdout] 
[INFO] [stdout] For more information about an error, try `rustc --explain E0308`.
[INFO] [stdout] 
[INFO] [stderr] error: could not compile `vagabond` (bin "vagabond") due to 6 previous errors; 1 warning emitted
[INFO] running `Command { std: "docker" "inspect" "0729743bf6381bc2f71a150c9b213de9beabd608838f1364f30c116fc584cadd", kill_on_drop: false }`
[INFO] running `Command { std: "docker" "rm" "-f" "0729743bf6381bc2f71a150c9b213de9beabd608838f1364f30c116fc584cadd", kill_on_drop: false }`
[INFO] [stdout] 0729743bf6381bc2f71a150c9b213de9beabd608838f1364f30c116fc584cadd
