[INFO] fetching crate ux-webmachine 0.1.0...
[INFO] testing ux-webmachine-0.1.0 against 1.75.0 for beta-1.76-1
[INFO] extracting crate ux-webmachine 0.1.0 into /workspace/builds/worker-2-tc1/source
[INFO] validating manifest of crates.io crate ux-webmachine 0.1.0 on toolchain 1.75.0
[INFO] running `Command { std: CARGO_HOME="/workspace/cargo-home" RUSTUP_HOME="/workspace/rustup-home" "/workspace/cargo-home/bin/cargo" "+1.75.0" "metadata" "--manifest-path" "Cargo.toml" "--no-deps", kill_on_drop: false }`
[INFO] started tweaking crates.io crate ux-webmachine 0.1.0
[INFO] finished tweaking crates.io crate ux-webmachine 0.1.0
[INFO] tweaked toml for crates.io crate ux-webmachine 0.1.0 written to /workspace/builds/worker-2-tc1/source/Cargo.toml
[INFO] running `Command { std: CARGO_HOME="/workspace/cargo-home" RUSTUP_HOME="/workspace/rustup-home" "/workspace/cargo-home/bin/cargo" "+1.75.0" "generate-lockfile" "--manifest-path" "Cargo.toml", kill_on_drop: false }`
[INFO] [stderr]     Updating crates.io index
[INFO] running `Command { std: CARGO_HOME="/workspace/cargo-home" RUSTUP_HOME="/workspace/rustup-home" "/workspace/cargo-home/bin/cargo" "+1.75.0" "fetch" "--manifest-path" "Cargo.toml", kill_on_drop: false }`
[INFO] [stderr]  Downloading crates ...
[INFO] [stderr]   Downloaded ws v0.7.9
[INFO] [stderr]   Downloaded syncbox v0.2.4
[INFO] [stderr]   Downloaded rmp-serde v0.13.7
[INFO] [stderr]   Downloaded expectest v0.12.0
[INFO] [stderr]   Downloaded argparse v0.2.2
[INFO] [stderr]   Downloaded eventual v0.1.7
[INFO] [stderr]   Downloaded wampire v0.1.2
[INFO] running `Command { std: "docker" "create" "-v" "/var/lib/crater-agent-workspace/builds/worker-2-tc1/target:/opt/rustwide/target:rw,Z" "-v" "/var/lib/crater-agent-workspace/builds/worker-2-tc1/source:/opt/rustwide/workdir:ro,Z" "-v" "/var/lib/crater-agent-workspace/cargo-home:/opt/rustwide/cargo-home:ro,Z" "-v" "/var/lib/crater-agent-workspace/rustup-home:/opt/rustwide/rustup-home:ro,Z" "-e" "SOURCE_DIR=/opt/rustwide/workdir" "-e" "CARGO_TARGET_DIR=/opt/rustwide/target" "-e" "CARGO_HOME=/opt/rustwide/cargo-home" "-e" "RUSTUP_HOME=/opt/rustwide/rustup-home" "-w" "/opt/rustwide/workdir" "-m" "1610612736" "--user" "0:0" "--network" "none" "ghcr.io/rust-lang/crates-build-env/linux@sha256:2788e3201cd34a07e3172128adcd8b3090168a8e3bcc40d7c032b9dda1df7d1c" "/opt/rustwide/cargo-home/bin/cargo" "+1.75.0" "metadata" "--no-deps" "--format-version=1", kill_on_drop: false }`
[INFO] [stdout] 5358fea3c2782959c2d1993e650461b82e75313eca17e21132ac6fa27b64db55
[INFO] running `Command { std: "docker" "start" "-a" "5358fea3c2782959c2d1993e650461b82e75313eca17e21132ac6fa27b64db55", kill_on_drop: false }`
[INFO] running `Command { std: "docker" "inspect" "5358fea3c2782959c2d1993e650461b82e75313eca17e21132ac6fa27b64db55", kill_on_drop: false }`
[INFO] running `Command { std: "docker" "rm" "-f" "5358fea3c2782959c2d1993e650461b82e75313eca17e21132ac6fa27b64db55", kill_on_drop: false }`
[INFO] [stdout] 5358fea3c2782959c2d1993e650461b82e75313eca17e21132ac6fa27b64db55
[INFO] running `Command { std: "docker" "create" "-v" "/var/lib/crater-agent-workspace/builds/worker-2-tc1/target:/opt/rustwide/target:rw,Z" "-v" "/var/lib/crater-agent-workspace/builds/worker-2-tc1/source:/opt/rustwide/workdir:ro,Z" "-v" "/var/lib/crater-agent-workspace/cargo-home:/opt/rustwide/cargo-home:ro,Z" "-v" "/var/lib/crater-agent-workspace/rustup-home:/opt/rustwide/rustup-home:ro,Z" "-e" "SOURCE_DIR=/opt/rustwide/workdir" "-e" "CARGO_TARGET_DIR=/opt/rustwide/target" "-e" "CARGO_INCREMENTAL=0" "-e" "RUST_BACKTRACE=full" "-e" "RUSTFLAGS=--cap-lints=warn" "-e" "RUSTDOCFLAGS=--cap-lints=warn" "-e" "CARGO_HOME=/opt/rustwide/cargo-home" "-e" "RUSTUP_HOME=/opt/rustwide/rustup-home" "-w" "/opt/rustwide/workdir" "-m" "1610612736" "--user" "0:0" "--network" "none" "ghcr.io/rust-lang/crates-build-env/linux@sha256:2788e3201cd34a07e3172128adcd8b3090168a8e3bcc40d7c032b9dda1df7d1c" "/opt/rustwide/cargo-home/bin/cargo" "+1.75.0" "build" "--frozen" "--message-format=json", kill_on_drop: false }`
[INFO] [stdout] 674ca1631e2c549b869025de6d23a6ac9a3a72aeb904082b4d83cf51d4209a5e
[INFO] running `Command { std: "docker" "start" "-a" "674ca1631e2c549b869025de6d23a6ac9a3a72aeb904082b4d83cf51d4209a5e", kill_on_drop: false }`
[INFO] [stderr]    Compiling pin-project-lite v0.2.13
[INFO] [stderr]    Compiling futures-sink v0.3.30
[INFO] [stderr]    Compiling slab v0.4.9
[INFO] [stderr]    Compiling futures-core v0.3.30
[INFO] [stderr]    Compiling num-traits v0.2.17
[INFO] [stderr]    Compiling bytes v1.5.0
[INFO] [stderr]    Compiling syn v2.0.48
[INFO] [stderr]    Compiling iovec v0.1.4
[INFO] [stderr]    Compiling futures-channel v0.3.30
[INFO] [stderr]    Compiling once_cell v1.19.0
[INFO] [stderr]    Compiling cfg-if v0.1.10
[INFO] [stderr]    Compiling futures-io v0.3.30
[INFO] [stderr]    Compiling futures-task v0.3.30
[INFO] [stderr]    Compiling serde v1.0.194
[INFO] [stderr]    Compiling tracing-core v0.1.32
[INFO] [stderr]    Compiling net2 v0.2.39
[INFO] [stderr]    Compiling unicode-normalization v0.1.22
[INFO] [stderr]    Compiling socket2 v0.5.5
[INFO] [stderr]    Compiling mio v0.8.10
[INFO] [stderr]    Compiling unicode-bidi v0.3.14
[INFO] [stderr]    Compiling fnv v1.0.7
[INFO] [stderr]    Compiling matches v0.1.10
[INFO] [stderr]    Compiling http v0.2.11
[INFO] [stderr]    Compiling idna v0.1.5
[INFO] [stderr]    Compiling mio v0.6.23
[INFO] [stderr]    Compiling tracing v0.1.40
[INFO] [stderr]    Compiling time v0.1.45
[INFO] [stderr]    Compiling log v0.3.9
[INFO] [stderr]    Compiling sha1_smol v1.0.0
[INFO] [stderr]    Compiling lazycell v1.3.0
[INFO] [stderr]    Compiling percent-encoding v1.0.1
[INFO] [stderr]    Compiling equivalent v1.0.1
[INFO] [stderr]    Compiling hashbrown v0.14.3
[INFO] [stderr]    Compiling rand_core v0.4.2
[INFO] [stderr]    Compiling url v1.7.2
[INFO] [stderr]    Compiling mio-extras v2.0.6
[INFO] [stderr]    Compiling rand_core v0.3.1
[INFO] [stderr]    Compiling sha1 v0.6.1
[INFO] [stderr]    Compiling syncbox v0.2.4
[INFO] [stderr]    Compiling rmp v0.8.12
[INFO] [stderr]    Compiling bytes v0.4.12
[INFO] [stderr]    Compiling rand v0.4.6
[INFO] [stderr]    Compiling indexmap v2.1.0
[INFO] [stderr]    Compiling try-lock v0.2.5
[INFO] [stderr]    Compiling eventual v0.1.7
[INFO] [stderr]    Compiling want v0.3.1
[INFO] [stderr]    Compiling ws v0.7.9
[INFO] [stderr]    Compiling rand v0.5.6
[INFO] [stderr]    Compiling env_logger v0.5.13
[INFO] [stderr]    Compiling itertools v0.7.11
[INFO] [stderr]    Compiling http-body v0.4.6
[INFO] [stderr]    Compiling tower-service v0.3.2
[INFO] [stderr]    Compiling iana-time-zone v0.1.59
[INFO] [stderr]    Compiling argparse v0.2.2
[INFO] [stderr]    Compiling httpdate v1.0.3
[INFO] [stderr]    Compiling env_logger v0.9.3
[INFO] [stderr]    Compiling chrono v0.4.31
[INFO] [stderr]    Compiling hex v0.4.3
[INFO] [stderr]    Compiling rmp-serde v0.13.7
[INFO] [stderr]    Compiling serde_json v1.0.111
[INFO] [stderr]    Compiling futures-macro v0.3.30
[INFO] [stderr]    Compiling tokio-macros v2.2.0
[INFO] [stderr]    Compiling serde_derive v1.0.194
[INFO] [stderr]    Compiling tokio v1.35.1
[INFO] [stderr]    Compiling futures-util v0.3.30
[INFO] [stderr]    Compiling wampire v0.1.2
[INFO] [stderr]    Compiling futures-executor v0.3.30
[INFO] [stderr]    Compiling futures v0.3.30
[INFO] [stderr]    Compiling tokio-util v0.7.10
[INFO] [stderr]    Compiling h2 v0.3.22
[INFO] [stderr]    Compiling hyper v0.14.28
[INFO] [stderr]    Compiling ux-webmachine v0.1.0 (/opt/rustwide/workdir)
[INFO] [stdout] warning: using `.clone()` on a double reference, which returns `&str` instead of cloning the inner type
[INFO] [stdout]    --> src/lib.rs:899:49
[INFO] [stdout]     |
[INFO] [stdout] 899 |             .map(|h| HeaderValue::parse_string(h.clone()))
[INFO] [stdout]     |                                                 ^^^^^^^^
[INFO] [stdout]     |
[INFO] [stdout]     = note: `#[warn(suspicious_double_ref_op)]` on by default
[INFO] [stdout] 
[INFO] [stdout] 
[INFO] [stdout] warning: 1 warning emitted
[INFO] [stdout] 
[INFO] [stdout] 
[INFO] [stderr]     Finished dev [unoptimized + debuginfo] target(s) in 25.15s
[INFO] running `Command { std: "docker" "inspect" "674ca1631e2c549b869025de6d23a6ac9a3a72aeb904082b4d83cf51d4209a5e", kill_on_drop: false }`
[INFO] running `Command { std: "docker" "rm" "-f" "674ca1631e2c549b869025de6d23a6ac9a3a72aeb904082b4d83cf51d4209a5e", kill_on_drop: false }`
[INFO] [stdout] 674ca1631e2c549b869025de6d23a6ac9a3a72aeb904082b4d83cf51d4209a5e
[INFO] running `Command { std: "docker" "create" "-v" "/var/lib/crater-agent-workspace/builds/worker-2-tc1/target:/opt/rustwide/target:rw,Z" "-v" "/var/lib/crater-agent-workspace/builds/worker-2-tc1/source:/opt/rustwide/workdir:ro,Z" "-v" "/var/lib/crater-agent-workspace/cargo-home:/opt/rustwide/cargo-home:ro,Z" "-v" "/var/lib/crater-agent-workspace/rustup-home:/opt/rustwide/rustup-home:ro,Z" "-e" "SOURCE_DIR=/opt/rustwide/workdir" "-e" "CARGO_TARGET_DIR=/opt/rustwide/target" "-e" "CARGO_INCREMENTAL=0" "-e" "RUST_BACKTRACE=full" "-e" "RUSTFLAGS=--cap-lints=warn" "-e" "RUSTDOCFLAGS=--cap-lints=warn" "-e" "CARGO_HOME=/opt/rustwide/cargo-home" "-e" "RUSTUP_HOME=/opt/rustwide/rustup-home" "-w" "/opt/rustwide/workdir" "-m" "1610612736" "--user" "0:0" "--network" "none" "ghcr.io/rust-lang/crates-build-env/linux@sha256:2788e3201cd34a07e3172128adcd8b3090168a8e3bcc40d7c032b9dda1df7d1c" "/opt/rustwide/cargo-home/bin/cargo" "+1.75.0" "test" "--frozen" "--no-run" "--message-format=json", kill_on_drop: false }`
[INFO] [stdout] 44f4824e53733096aa5d2546654477d896096ce296ddec9646312b636bbd1671
[INFO] running `Command { std: "docker" "start" "-a" "44f4824e53733096aa5d2546654477d896096ce296ddec9646312b636bbd1671", kill_on_drop: false }`
[INFO] [stderr]    Compiling async-stream-impl v0.3.5
[INFO] [stderr]    Compiling tokio-stream v0.1.14
[INFO] [stderr]    Compiling expectest v0.12.0
[INFO] [stdout] warning: using `.clone()` on a double reference, which returns `&str` instead of cloning the inner type
[INFO] [stdout]    --> src/lib.rs:899:49
[INFO] [stdout]     |
[INFO] [stdout] 899 |             .map(|h| HeaderValue::parse_string(h.clone()))
[INFO] [stdout]     |                                                 ^^^^^^^^
[INFO] [stdout]     |
[INFO] [stdout]     = note: `#[warn(suspicious_double_ref_op)]` on by default
[INFO] [stdout] 
[INFO] [stdout] 
[INFO] [stdout] warning: 1 warning emitted
[INFO] [stdout] 
[INFO] [stdout] 
[INFO] [stderr]    Compiling async-stream v0.3.5
[INFO] [stderr]    Compiling tokio-test v0.4.3
[INFO] [stderr]    Compiling ux-webmachine v0.1.0 (/opt/rustwide/workdir)
[INFO] [stdout] error: unexpected end of macro invocation
[INFO] [stdout]    --> src/tests.rs:27:56
[INFO] [stdout]     |
[INFO] [stdout] 27  |     expect!(dispatcher.match_paths(&resource("/path1"))).to(be_equal_to(vec!["/", "/path1"]));
[INFO] [stdout]     |                                                        ^ missing tokens in macro arguments
[INFO] [stdout]     |
[INFO] [stdout] note: while trying to match `,`
[INFO] [stdout]    --> /opt/rustwide/cargo-home/registry/src/index.crates.io-6f17d22bba15001f/chrono-0.4.31/src/lib.rs:613:13
[INFO] [stdout]     |
[INFO] [stdout] 613 |     ($e:expr, $m:literal) => {
[INFO] [stdout]     |             ^
[INFO] [stdout] 
[INFO] [stdout] 
[INFO] [stdout] error: unexpected end of macro invocation
[INFO] [stdout]    --> src/tests.rs:28:57
[INFO] [stdout]     |
[INFO] [stdout] 28  |     expect!(dispatcher.match_paths(&resource("/path1/"))).to(be_equal_to(vec!["/", "/path1"]));
[INFO] [stdout]     |                                                         ^ missing tokens in macro arguments
[INFO] [stdout]     |
[INFO] [stdout] note: while trying to match `,`
[INFO] [stdout]    --> /opt/rustwide/cargo-home/registry/src/index.crates.io-6f17d22bba15001f/chrono-0.4.31/src/lib.rs:613:13
[INFO] [stdout]     |
[INFO] [stdout] 613 |     ($e:expr, $m:literal) => {
[INFO] [stdout]     |             ^
[INFO] [stdout] 
[INFO] [stdout] 
[INFO] [stdout] error: unexpected end of macro invocation
[INFO] [stdout]    --> src/tests.rs:29:62
[INFO] [stdout]     |
[INFO] [stdout] 29  |     expect!(dispatcher.match_paths(&resource("/path1/path3"))).to(be_equal_to(vec![
[INFO] [stdout]     |                                                              ^ missing tokens in macro arguments
[INFO] [stdout]     |
[INFO] [stdout] note: while trying to match `,`
[INFO] [stdout]    --> /opt/rustwide/cargo-home/registry/src/index.crates.io-6f17d22bba15001f/chrono-0.4.31/src/lib.rs:613:13
[INFO] [stdout]     |
[INFO] [stdout] 613 |     ($e:expr, $m:literal) => {
[INFO] [stdout]     |             ^
[INFO] [stdout] 
[INFO] [stdout] 
[INFO] [stdout] error: unexpected end of macro invocation
[INFO] [stdout]    --> src/tests.rs:34:68
[INFO] [stdout]     |
[INFO] [stdout] 34  |     expect!(dispatcher.match_paths(&resource("/path1/path3/path4"))).to(be_equal_to(vec![
[INFO] [stdout]     |                                                                    ^ missing tokens in macro arguments
[INFO] [stdout]     |
[INFO] [stdout] note: while trying to match `,`
[INFO] [stdout]    --> /opt/rustwide/cargo-home/registry/src/index.crates.io-6f17d22bba15001f/chrono-0.4.31/src/lib.rs:613:13
[INFO] [stdout]     |
[INFO] [stdout] 613 |     ($e:expr, $m:literal) => {
[INFO] [stdout]     |             ^
[INFO] [stdout] 
[INFO] [stdout] 
[INFO] [stdout] error: unexpected end of macro invocation
[INFO] [stdout]    --> src/tests.rs:39:62
[INFO] [stdout]     |
[INFO] [stdout] 39  |     expect!(dispatcher.match_paths(&resource("/path1/other"))).to(be_equal_to(vec!["/", "/path1"]));
[INFO] [stdout]     |                                                              ^ missing tokens in macro arguments
[INFO] [stdout]     |
[INFO] [stdout] note: while trying to match `,`
[INFO] [stdout]    --> /opt/rustwide/cargo-home/registry/src/index.crates.io-6f17d22bba15001f/chrono-0.4.31/src/lib.rs:613:13
[INFO] [stdout]     |
[INFO] [stdout] 613 |     ($e:expr, $m:literal) => {
[INFO] [stdout]     |             ^
[INFO] [stdout] 
[INFO] [stdout] 
[INFO] [stdout] error: unexpected end of macro invocation
[INFO] [stdout]    --> src/tests.rs:40:57
[INFO] [stdout]     |
[INFO] [stdout] 40  |     expect!(dispatcher.match_paths(&resource("/path12"))).to(be_equal_to(vec!["/"]));
[INFO] [stdout]     |                                                         ^ missing tokens in macro arguments
[INFO] [stdout]     |
[INFO] [stdout] note: while trying to match `,`
[INFO] [stdout]    --> /opt/rustwide/cargo-home/registry/src/index.crates.io-6f17d22bba15001f/chrono-0.4.31/src/lib.rs:613:13
[INFO] [stdout]     |
[INFO] [stdout] 613 |     ($e:expr, $m:literal) => {
[INFO] [stdout]     |             ^
[INFO] [stdout] 
[INFO] [stdout] 
[INFO] [stdout] error: unexpected end of macro invocation
[INFO] [stdout]    --> src/tests.rs:41:51
[INFO] [stdout]     |
[INFO] [stdout] 41  |     expect!(dispatcher.match_paths(&resource("/"))).to(be_equal_to(vec!["/"]));
[INFO] [stdout]     |                                                   ^ missing tokens in macro arguments
[INFO] [stdout]     |
[INFO] [stdout] note: while trying to match `,`
[INFO] [stdout]    --> /opt/rustwide/cargo-home/registry/src/index.crates.io-6f17d22bba15001f/chrono-0.4.31/src/lib.rs:613:13
[INFO] [stdout]     |
[INFO] [stdout] 613 |     ($e:expr, $m:literal) => {
[INFO] [stdout]     |             ^
[INFO] [stdout] 
[INFO] [stdout] 
[INFO] [stdout] error: unexpected end of macro invocation
[INFO] [stdout]    --> src/tests.rs:46:51
[INFO] [stdout]     |
[INFO] [stdout] 46  |     expect!(sanitise_path(&"/".to_string()).iter()).to(be_empty());
[INFO] [stdout]     |                                                   ^ missing tokens in macro arguments
[INFO] [stdout]     |
[INFO] [stdout] note: while trying to match `,`
[INFO] [stdout]    --> /opt/rustwide/cargo-home/registry/src/index.crates.io-6f17d22bba15001f/chrono-0.4.31/src/lib.rs:613:13
[INFO] [stdout]     |
[INFO] [stdout] 613 |     ($e:expr, $m:literal) => {
[INFO] [stdout]     |             ^
[INFO] [stdout] 
[INFO] [stdout] 
[INFO] [stdout] error: unexpected end of macro invocation
[INFO] [stdout]    --> src/tests.rs:47:52
[INFO] [stdout]     |
[INFO] [stdout] 47  |     expect!(sanitise_path(&"//".to_string()).iter()).to(be_empty());
[INFO] [stdout]     |                                                    ^ missing tokens in macro arguments
[INFO] [stdout]     |
[INFO] [stdout] note: while trying to match `,`
[INFO] [stdout]    --> /opt/rustwide/cargo-home/registry/src/index.crates.io-6f17d22bba15001f/chrono-0.4.31/src/lib.rs:613:13
[INFO] [stdout]     |
[INFO] [stdout] 613 |     ($e:expr, $m:literal) => {
[INFO] [stdout]     |             ^
[INFO] [stdout] 
[INFO] [stdout] 
[INFO] [stdout] error: unexpected end of macro invocation
[INFO] [stdout]    --> src/tests.rs:48:49
[INFO] [stdout]     |
[INFO] [stdout] 48  |     expect!(sanitise_path(&"/a/b/c".to_string())).to(be_equal_to(vec!["a", "b", "c"]));
[INFO] [stdout]     |                                                 ^ missing tokens in macro arguments
[INFO] [stdout]     |
[INFO] [stdout] note: while trying to match `,`
[INFO] [stdout]    --> /opt/rustwide/cargo-home/registry/src/index.crates.io-6f17d22bba15001f/chrono-0.4.31/src/lib.rs:613:13
[INFO] [stdout]     |
[INFO] [stdout] 613 |     ($e:expr, $m:literal) => {
[INFO] [stdout]     |             ^
[INFO] [stdout] 
[INFO] [stdout] 
[INFO] [stdout] error: unexpected end of macro invocation
[INFO] [stdout]    --> src/tests.rs:49:50
[INFO] [stdout]     |
[INFO] [stdout] 49  |     expect!(sanitise_path(&"/a/b/c/".to_string())).to(be_equal_to(vec!["a", "b", "c"]));
[INFO] [stdout]     |                                                  ^ missing tokens in macro arguments
[INFO] [stdout]     |
[INFO] [stdout] note: while trying to match `,`
[INFO] [stdout]    --> /opt/rustwide/cargo-home/registry/src/index.crates.io-6f17d22bba15001f/chrono-0.4.31/src/lib.rs:613:13
[INFO] [stdout]     |
[INFO] [stdout] 613 |     ($e:expr, $m:literal) => {
[INFO] [stdout]     |             ^
[INFO] [stdout] 
[INFO] [stdout] 
[INFO] [stdout] error: unexpected end of macro invocation
[INFO] [stdout]    --> src/tests.rs:50:50
[INFO] [stdout]     |
[INFO] [stdout] 50  |     expect!(sanitise_path(&"/a//b/c".to_string())).to(be_equal_to(vec!["a", "b", "c"]));
[INFO] [stdout]     |                                                  ^ missing tokens in macro arguments
[INFO] [stdout]     |
[INFO] [stdout] note: while trying to match `,`
[INFO] [stdout]    --> /opt/rustwide/cargo-home/registry/src/index.crates.io-6f17d22bba15001f/chrono-0.4.31/src/lib.rs:613:13
[INFO] [stdout]     |
[INFO] [stdout] 613 |     ($e:expr, $m:literal) => {
[INFO] [stdout]     |             ^
[INFO] [stdout] 
[INFO] [stdout] 
[INFO] [stdout] error: unexpected end of macro invocation
[INFO] [stdout]    --> src/tests.rs:949:49
[INFO] [stdout]     |
[INFO] [stdout] 949 |     expect!(join_paths(&Vec::new(), &Vec::new())).to(be_equal_to("/".to_string()));
[INFO] [stdout]     |                                                 ^ missing tokens in macro arguments
[INFO] [stdout]     |
[INFO] [stdout] note: while trying to match `,`
[INFO] [stdout]    --> /opt/rustwide/cargo-home/registry/src/index.crates.io-6f17d22bba15001f/chrono-0.4.31/src/lib.rs:613:13
[INFO] [stdout]     |
[INFO] [stdout] 613 |     ($e:expr, $m:literal) => {
[INFO] [stdout]     |             ^
[INFO] [stdout] 
[INFO] [stdout] 
[INFO] [stdout] error: unexpected end of macro invocation
[INFO] [stdout]    --> src/tests.rs:950:59
[INFO] [stdout]     |
[INFO] [stdout] 950 |     expect!(join_paths(&vec!["".to_string()], &Vec::new())).to(be_equal_to("/".to_string()));
[INFO] [stdout]     |                                                           ^ missing tokens in macro arguments
[INFO] [stdout]     |
[INFO] [stdout] note: while trying to match `,`
[INFO] [stdout]    --> /opt/rustwide/cargo-home/registry/src/index.crates.io-6f17d22bba15001f/chrono-0.4.31/src/lib.rs:613:13
[INFO] [stdout]     |
[INFO] [stdout] 613 |     ($e:expr, $m:literal) => {
[INFO] [stdout]     |             ^
[INFO] [stdout] 
[INFO] [stdout] 
[INFO] [stdout] error: unexpected end of macro invocation
[INFO] [stdout]    --> src/tests.rs:951:59
[INFO] [stdout]     |
[INFO] [stdout] 951 |     expect!(join_paths(&Vec::new(), &vec!["".to_string()])).to(be_equal_to("/".to_string()));
[INFO] [stdout]     |                                                           ^ missing tokens in macro arguments
[INFO] [stdout]     |
[INFO] [stdout] note: while trying to match `,`
[INFO] [stdout]    --> /opt/rustwide/cargo-home/registry/src/index.crates.io-6f17d22bba15001f/chrono-0.4.31/src/lib.rs:613:13
[INFO] [stdout]     |
[INFO] [stdout] 613 |     ($e:expr, $m:literal) => {
[INFO] [stdout]     |             ^
[INFO] [stdout] 
[INFO] [stdout] 
[INFO] [stdout] error: unexpected end of macro invocation
[INFO] [stdout]    --> src/tests.rs:955:6
[INFO] [stdout]     |
[INFO] [stdout] 955 |     ))
[INFO] [stdout]     |      ^ missing tokens in macro arguments
[INFO] [stdout]     |
[INFO] [stdout] note: while trying to match `,`
[INFO] [stdout]    --> /opt/rustwide/cargo-home/registry/src/index.crates.io-6f17d22bba15001f/chrono-0.4.31/src/lib.rs:613:13
[INFO] [stdout]     |
[INFO] [stdout] 613 |     ($e:expr, $m:literal) => {
[INFO] [stdout]     |             ^
[INFO] [stdout] 
[INFO] [stdout] 
[INFO] [stdout] error: unexpected end of macro invocation
[INFO] [stdout]    --> src/tests.rs:960:6
[INFO] [stdout]     |
[INFO] [stdout] 960 |     ))
[INFO] [stdout]     |      ^ missing tokens in macro arguments
[INFO] [stdout]     |
[INFO] [stdout] note: while trying to match `,`
[INFO] [stdout]    --> /opt/rustwide/cargo-home/registry/src/index.crates.io-6f17d22bba15001f/chrono-0.4.31/src/lib.rs:613:13
[INFO] [stdout]     |
[INFO] [stdout] 613 |     ($e:expr, $m:literal) => {
[INFO] [stdout]     |             ^
[INFO] [stdout] 
[INFO] [stdout] 
[INFO] [stdout] error: unexpected end of macro invocation
[INFO] [stdout]    --> src/tests.rs:965:6
[INFO] [stdout]     |
[INFO] [stdout] 965 |     ))
[INFO] [stdout]     |      ^ missing tokens in macro arguments
[INFO] [stdout]     |
[INFO] [stdout] note: while trying to match `,`
[INFO] [stdout]    --> /opt/rustwide/cargo-home/registry/src/index.crates.io-6f17d22bba15001f/chrono-0.4.31/src/lib.rs:613:13
[INFO] [stdout]     |
[INFO] [stdout] 613 |     ($e:expr, $m:literal) => {
[INFO] [stdout]     |             ^
[INFO] [stdout] 
[INFO] [stdout] 
[INFO] [stdout] error: unexpected end of macro invocation
[INFO] [stdout]    --> src/tests.rs:970:6
[INFO] [stdout]     |
[INFO] [stdout] 970 |     ))
[INFO] [stdout]     |      ^ missing tokens in macro arguments
[INFO] [stdout]     |
[INFO] [stdout] note: while trying to match `,`
[INFO] [stdout]    --> /opt/rustwide/cargo-home/registry/src/index.crates.io-6f17d22bba15001f/chrono-0.4.31/src/lib.rs:613:13
[INFO] [stdout]     |
[INFO] [stdout] 613 |     ($e:expr, $m:literal) => {
[INFO] [stdout]     |             ^
[INFO] [stdout] 
[INFO] [stdout] 
[INFO] [stdout] error: unexpected end of macro invocation
[INFO] [stdout]     --> src/tests.rs:1256:32
[INFO] [stdout]      |
[INFO] [stdout] 1256 |     expect!(parse_query(&query)).to(be_equal_to(expected));
[INFO] [stdout]      |                                ^ missing tokens in macro arguments
[INFO] [stdout]      |
[INFO] [stdout] note: while trying to match `,`
[INFO] [stdout]     --> /opt/rustwide/cargo-home/registry/src/index.crates.io-6f17d22bba15001f/chrono-0.4.31/src/lib.rs:613:13
[INFO] [stdout]      |
[INFO] [stdout] 613  |     ($e:expr, $m:literal) => {
[INFO] [stdout]      |             ^
[INFO] [stdout] 
[INFO] [stdout] 
[INFO] [stdout] error: unexpected end of macro invocation
[INFO] [stdout]     --> src/tests.rs:1262:32
[INFO] [stdout]      |
[INFO] [stdout] 1262 |     expect!(parse_query(&query)).to(be_equal_to(hashmap! {}));
[INFO] [stdout]      |                                ^ missing tokens in macro arguments
[INFO] [stdout]      |
[INFO] [stdout] note: while trying to match `,`
[INFO] [stdout]     --> /opt/rustwide/cargo-home/registry/src/index.crates.io-6f17d22bba15001f/chrono-0.4.31/src/lib.rs:613:13
[INFO] [stdout]      |
[INFO] [stdout] 613  |     ($e:expr, $m:literal) => {
[INFO] [stdout]      |             ^
[INFO] [stdout] 
[INFO] [stdout] 
[INFO] [stdout] error: unexpected end of macro invocation
[INFO] [stdout]     --> src/tests.rs:1272:32
[INFO] [stdout]      |
[INFO] [stdout] 1272 |     expect!(parse_query(&query)).to(be_equal_to(expected));
[INFO] [stdout]      |                                ^ missing tokens in macro arguments
[INFO] [stdout]      |
[INFO] [stdout] note: while trying to match `,`
[INFO] [stdout]     --> /opt/rustwide/cargo-home/registry/src/index.crates.io-6f17d22bba15001f/chrono-0.4.31/src/lib.rs:613:13
[INFO] [stdout]      |
[INFO] [stdout] 613  |     ($e:expr, $m:literal) => {
[INFO] [stdout]      |             ^
[INFO] [stdout] 
[INFO] [stdout] 
[INFO] [stdout] error: unexpected end of macro invocation
[INFO] [stdout]     --> src/tests.rs:1282:32
[INFO] [stdout]      |
[INFO] [stdout] 1282 |     expect!(parse_query(&query)).to(be_equal_to(expected));
[INFO] [stdout]      |                                ^ missing tokens in macro arguments
[INFO] [stdout]      |
[INFO] [stdout] note: while trying to match `,`
[INFO] [stdout]     --> /opt/rustwide/cargo-home/registry/src/index.crates.io-6f17d22bba15001f/chrono-0.4.31/src/lib.rs:613:13
[INFO] [stdout]      |
[INFO] [stdout] 613  |     ($e:expr, $m:literal) => {
[INFO] [stdout]      |             ^
[INFO] [stdout] 
[INFO] [stdout] 
[INFO] [stdout] error: unexpected end of macro invocation
[INFO] [stdout]     --> src/tests.rs:1291:32
[INFO] [stdout]      |
[INFO] [stdout] 1291 |     expect!(parse_query(&query)).to(be_equal_to(expected));
[INFO] [stdout]      |                                ^ missing tokens in macro arguments
[INFO] [stdout]      |
[INFO] [stdout] note: while trying to match `,`
[INFO] [stdout]     --> /opt/rustwide/cargo-home/registry/src/index.crates.io-6f17d22bba15001f/chrono-0.4.31/src/lib.rs:613:13
[INFO] [stdout]      |
[INFO] [stdout] 613  |     ($e:expr, $m:literal) => {
[INFO] [stdout]      |             ^
[INFO] [stdout] 
[INFO] [stdout] 
[INFO] [stdout] error[E0659]: `expect` is ambiguous
[INFO] [stdout]   --> src/tests.rs:27:5
[INFO] [stdout]    |
[INFO] [stdout] 27 |     expect!(dispatcher.match_paths(&resource("/path1"))).to(be_equal_to(vec!["/", "/path1"]));
[INFO] [stdout]    |     ^^^^^^ ambiguous name
[INFO] [stdout]    |
[INFO] [stdout]    = note: ambiguous because of multiple glob imports of a name in the same module
[INFO] [stdout] note: `expect` could refer to the macro imported here
[INFO] [stdout]   --> src/tests.rs:2:5
[INFO] [stdout]    |
[INFO] [stdout] 2  | use chrono::*;
[INFO] [stdout]    |     ^^^^^^^^^
[INFO] [stdout]    = help: consider adding an explicit import of `expect` to disambiguate
[INFO] [stdout] note: `expect` could also refer to the macro imported here
[INFO] [stdout]   --> src/tests.rs:3:5
[INFO] [stdout]    |
[INFO] [stdout] 3  | use expectest::prelude::*;
[INFO] [stdout]    |     ^^^^^^^^^^^^^^^^^^^^^
[INFO] [stdout]    = help: consider adding an explicit import of `expect` to disambiguate
[INFO] [stdout] 
[INFO] [stdout] 
[INFO] [stdout] error[E0659]: `expect` is ambiguous
[INFO] [stdout]   --> src/tests.rs:28:5
[INFO] [stdout]    |
[INFO] [stdout] 28 |     expect!(dispatcher.match_paths(&resource("/path1/"))).to(be_equal_to(vec!["/", "/path1"]));
[INFO] [stdout]    |     ^^^^^^ ambiguous name
[INFO] [stdout]    |
[INFO] [stdout]    = note: ambiguous because of multiple glob imports of a name in the same module
[INFO] [stdout] note: `expect` could refer to the macro imported here
[INFO] [stdout]   --> src/tests.rs:2:5
[INFO] [stdout]    |
[INFO] [stdout] 2  | use chrono::*;
[INFO] [stdout]    |     ^^^^^^^^^
[INFO] [stdout]    = help: consider adding an explicit import of `expect` to disambiguate
[INFO] [stdout] note: `expect` could also refer to the macro imported here
[INFO] [stdout]   --> src/tests.rs:3:5
[INFO] [stdout]    |
[INFO] [stdout] 3  | use expectest::prelude::*;
[INFO] [stdout]    |     ^^^^^^^^^^^^^^^^^^^^^
[INFO] [stdout]    = help: consider adding an explicit import of `expect` to disambiguate
[INFO] [stdout] 
[INFO] [stdout] 
[INFO] [stdout] error[E0659]: `expect` is ambiguous
[INFO] [stdout]   --> src/tests.rs:29:5
[INFO] [stdout]    |
[INFO] [stdout] 29 |     expect!(dispatcher.match_paths(&resource("/path1/path3"))).to(be_equal_to(vec![
[INFO] [stdout]    |     ^^^^^^ ambiguous name
[INFO] [stdout]    |
[INFO] [stdout]    = note: ambiguous because of multiple glob imports of a name in the same module
[INFO] [stdout] note: `expect` could refer to the macro imported here
[INFO] [stdout]   --> src/tests.rs:2:5
[INFO] [stdout]    |
[INFO] [stdout] 2  | use chrono::*;
[INFO] [stdout]    |     ^^^^^^^^^
[INFO] [stdout]    = help: consider adding an explicit import of `expect` to disambiguate
[INFO] [stdout] note: `expect` could also refer to the macro imported here
[INFO] [stdout]   --> src/tests.rs:3:5
[INFO] [stdout]    |
[INFO] [stdout] 3  | use expectest::prelude::*;
[INFO] [stdout]    |     ^^^^^^^^^^^^^^^^^^^^^
[INFO] [stdout]    = help: consider adding an explicit import of `expect` to disambiguate
[INFO] [stdout] 
[INFO] [stdout] 
[INFO] [stdout] error[E0659]: `expect` is ambiguous
[INFO] [stdout]   --> src/tests.rs:34:5
[INFO] [stdout]    |
[INFO] [stdout] 34 |     expect!(dispatcher.match_paths(&resource("/path1/path3/path4"))).to(be_equal_to(vec![
[INFO] [stdout]    |     ^^^^^^ ambiguous name
[INFO] [stdout]    |
[INFO] [stdout]    = note: ambiguous because of multiple glob imports of a name in the same module
[INFO] [stdout] note: `expect` could refer to the macro imported here
[INFO] [stdout]   --> src/tests.rs:2:5
[INFO] [stdout]    |
[INFO] [stdout] 2  | use chrono::*;
[INFO] [stdout]    |     ^^^^^^^^^
[INFO] [stdout]    = help: consider adding an explicit import of `expect` to disambiguate
[INFO] [stdout] note: `expect` could also refer to the macro imported here
[INFO] [stdout]   --> src/tests.rs:3:5
[INFO] [stdout]    |
[INFO] [stdout] 3  | use expectest::prelude::*;
[INFO] [stdout]    |     ^^^^^^^^^^^^^^^^^^^^^
[INFO] [stdout]    = help: consider adding an explicit import of `expect` to disambiguate
[INFO] [stdout] 
[INFO] [stdout] 
[INFO] [stdout] error[E0659]: `expect` is ambiguous
[INFO] [stdout]   --> src/tests.rs:39:5
[INFO] [stdout]    |
[INFO] [stdout] 39 |     expect!(dispatcher.match_paths(&resource("/path1/other"))).to(be_equal_to(vec!["/", "/path1"]));
[INFO] [stdout]    |     ^^^^^^ ambiguous name
[INFO] [stdout]    |
[INFO] [stdout]    = note: ambiguous because of multiple glob imports of a name in the same module
[INFO] [stdout] note: `expect` could refer to the macro imported here
[INFO] [stdout]   --> src/tests.rs:2:5
[INFO] [stdout]    |
[INFO] [stdout] 2  | use chrono::*;
[INFO] [stdout]    |     ^^^^^^^^^
[INFO] [stdout]    = help: consider adding an explicit import of `expect` to disambiguate
[INFO] [stdout] note: `expect` could also refer to the macro imported here
[INFO] [stdout]   --> src/tests.rs:3:5
[INFO] [stdout]    |
[INFO] [stdout] 3  | use expectest::prelude::*;
[INFO] [stdout]    |     ^^^^^^^^^^^^^^^^^^^^^
[INFO] [stdout]    = help: consider adding an explicit import of `expect` to disambiguate
[INFO] [stdout] 
[INFO] [stdout] 
[INFO] [stdout] error[E0659]: `expect` is ambiguous
[INFO] [stdout]   --> src/tests.rs:40:5
[INFO] [stdout]    |
[INFO] [stdout] 40 |     expect!(dispatcher.match_paths(&resource("/path12"))).to(be_equal_to(vec!["/"]));
[INFO] [stdout]    |     ^^^^^^ ambiguous name
[INFO] [stdout]    |
[INFO] [stdout]    = note: ambiguous because of multiple glob imports of a name in the same module
[INFO] [stdout] note: `expect` could refer to the macro imported here
[INFO] [stdout]   --> src/tests.rs:2:5
[INFO] [stdout]    |
[INFO] [stdout] 2  | use chrono::*;
[INFO] [stdout]    |     ^^^^^^^^^
[INFO] [stdout]    = help: consider adding an explicit import of `expect` to disambiguate
[INFO] [stdout] note: `expect` could also refer to the macro imported here
[INFO] [stdout]   --> src/tests.rs:3:5
[INFO] [stdout]    |
[INFO] [stdout] 3  | use expectest::prelude::*;
[INFO] [stdout]    |     ^^^^^^^^^^^^^^^^^^^^^
[INFO] [stdout]    = help: consider adding an explicit import of `expect` to disambiguate
[INFO] [stdout] 
[INFO] [stdout] 
[INFO] [stdout] error[E0659]: `expect` is ambiguous
[INFO] [stdout]   --> src/tests.rs:41:5
[INFO] [stdout]    |
[INFO] [stdout] 41 |     expect!(dispatcher.match_paths(&resource("/"))).to(be_equal_to(vec!["/"]));
[INFO] [stdout]    |     ^^^^^^ ambiguous name
[INFO] [stdout]    |
[INFO] [stdout]    = note: ambiguous because of multiple glob imports of a name in the same module
[INFO] [stdout] note: `expect` could refer to the macro imported here
[INFO] [stdout]   --> src/tests.rs:2:5
[INFO] [stdout]    |
[INFO] [stdout] 2  | use chrono::*;
[INFO] [stdout]    |     ^^^^^^^^^
[INFO] [stdout]    = help: consider adding an explicit import of `expect` to disambiguate
[INFO] [stdout] note: `expect` could also refer to the macro imported here
[INFO] [stdout]   --> src/tests.rs:3:5
[INFO] [stdout]    |
[INFO] [stdout] 3  | use expectest::prelude::*;
[INFO] [stdout]    |     ^^^^^^^^^^^^^^^^^^^^^
[INFO] [stdout]    = help: consider adding an explicit import of `expect` to disambiguate
[INFO] [stdout] 
[INFO] [stdout] 
[INFO] [stdout] error[E0659]: `expect` is ambiguous
[INFO] [stdout]   --> src/tests.rs:46:5
[INFO] [stdout]    |
[INFO] [stdout] 46 |     expect!(sanitise_path(&"/".to_string()).iter()).to(be_empty());
[INFO] [stdout]    |     ^^^^^^ ambiguous name
[INFO] [stdout]    |
[INFO] [stdout]    = note: ambiguous because of multiple glob imports of a name in the same module
[INFO] [stdout] note: `expect` could refer to the macro imported here
[INFO] [stdout]   --> src/tests.rs:2:5
[INFO] [stdout]    |
[INFO] [stdout] 2  | use chrono::*;
[INFO] [stdout]    |     ^^^^^^^^^
[INFO] [stdout]    = help: consider adding an explicit import of `expect` to disambiguate
[INFO] [stdout] note: `expect` could also refer to the macro imported here
[INFO] [stdout]   --> src/tests.rs:3:5
[INFO] [stdout]    |
[INFO] [stdout] 3  | use expectest::prelude::*;
[INFO] [stdout]    |     ^^^^^^^^^^^^^^^^^^^^^
[INFO] [stdout]    = help: consider adding an explicit import of `expect` to disambiguate
[INFO] [stdout] 
[INFO] [stdout] 
[INFO] [stdout] error[E0659]: `expect` is ambiguous
[INFO] [stdout]   --> src/tests.rs:47:5
[INFO] [stdout]    |
[INFO] [stdout] 47 |     expect!(sanitise_path(&"//".to_string()).iter()).to(be_empty());
[INFO] [stdout]    |     ^^^^^^ ambiguous name
[INFO] [stdout]    |
[INFO] [stdout]    = note: ambiguous because of multiple glob imports of a name in the same module
[INFO] [stdout] note: `expect` could refer to the macro imported here
[INFO] [stdout]   --> src/tests.rs:2:5
[INFO] [stdout]    |
[INFO] [stdout] 2  | use chrono::*;
[INFO] [stdout]    |     ^^^^^^^^^
[INFO] [stdout]    = help: consider adding an explicit import of `expect` to disambiguate
[INFO] [stdout] note: `expect` could also refer to the macro imported here
[INFO] [stdout]   --> src/tests.rs:3:5
[INFO] [stdout]    |
[INFO] [stdout] 3  | use expectest::prelude::*;
[INFO] [stdout]    |     ^^^^^^^^^^^^^^^^^^^^^
[INFO] [stdout]    = help: consider adding an explicit import of `expect` to disambiguate
[INFO] [stdout] 
[INFO] [stdout] 
[INFO] [stdout] error[E0659]: `expect` is ambiguous
[INFO] [stdout]   --> src/tests.rs:48:5
[INFO] [stdout]    |
[INFO] [stdout] 48 |     expect!(sanitise_path(&"/a/b/c".to_string())).to(be_equal_to(vec!["a", "b", "c"]));
[INFO] [stdout]    |     ^^^^^^ ambiguous name
[INFO] [stdout]    |
[INFO] [stdout]    = note: ambiguous because of multiple glob imports of a name in the same module
[INFO] [stdout] note: `expect` could refer to the macro imported here
[INFO] [stdout]   --> src/tests.rs:2:5
[INFO] [stdout]    |
[INFO] [stdout] 2  | use chrono::*;
[INFO] [stdout]    |     ^^^^^^^^^
[INFO] [stdout]    = help: consider adding an explicit import of `expect` to disambiguate
[INFO] [stdout] note: `expect` could also refer to the macro imported here
[INFO] [stdout]   --> src/tests.rs:3:5
[INFO] [stdout]    |
[INFO] [stdout] 3  | use expectest::prelude::*;
[INFO] [stdout]    |     ^^^^^^^^^^^^^^^^^^^^^
[INFO] [stdout]    = help: consider adding an explicit import of `expect` to disambiguate
[INFO] [stdout] 
[INFO] [stdout] 
[INFO] [stdout] error[E0659]: `expect` is ambiguous
[INFO] [stdout]   --> src/tests.rs:49:5
[INFO] [stdout]    |
[INFO] [stdout] 49 |     expect!(sanitise_path(&"/a/b/c/".to_string())).to(be_equal_to(vec!["a", "b", "c"]));
[INFO] [stdout]    |     ^^^^^^ ambiguous name
[INFO] [stdout]    |
[INFO] [stdout]    = note: ambiguous because of multiple glob imports of a name in the same module
[INFO] [stdout] note: `expect` could refer to the macro imported here
[INFO] [stdout]   --> src/tests.rs:2:5
[INFO] [stdout]    |
[INFO] [stdout] 2  | use chrono::*;
[INFO] [stdout]    |     ^^^^^^^^^
[INFO] [stdout]    = help: consider adding an explicit import of `expect` to disambiguate
[INFO] [stdout] note: `expect` could also refer to the macro imported here
[INFO] [stdout]   --> src/tests.rs:3:5
[INFO] [stdout]    |
[INFO] [stdout] 3  | use expectest::prelude::*;
[INFO] [stdout]    |     ^^^^^^^^^^^^^^^^^^^^^
[INFO] [stdout]    = help: consider adding an explicit import of `expect` to disambiguate
[INFO] [stdout] 
[INFO] [stdout] 
[INFO] [stdout] error[E0659]: `expect` is ambiguous
[INFO] [stdout]   --> src/tests.rs:50:5
[INFO] [stdout]    |
[INFO] [stdout] 50 |     expect!(sanitise_path(&"/a//b/c".to_string())).to(be_equal_to(vec!["a", "b", "c"]));
[INFO] [stdout]    |     ^^^^^^ ambiguous name
[INFO] [stdout]    |
[INFO] [stdout]    = note: ambiguous because of multiple glob imports of a name in the same module
[INFO] [stdout] note: `expect` could refer to the macro imported here
[INFO] [stdout]   --> src/tests.rs:2:5
[INFO] [stdout]    |
[INFO] [stdout] 2  | use chrono::*;
[INFO] [stdout]    |     ^^^^^^^^^
[INFO] [stdout]    = help: consider adding an explicit import of `expect` to disambiguate
[INFO] [stdout] note: `expect` could also refer to the macro imported here
[INFO] [stdout]   --> src/tests.rs:3:5
[INFO] [stdout]    |
[INFO] [stdout] 3  | use expectest::prelude::*;
[INFO] [stdout]    |     ^^^^^^^^^^^^^^^^^^^^^
[INFO] [stdout]    = help: consider adding an explicit import of `expect` to disambiguate
[INFO] [stdout] 
[INFO] [stdout] 
[INFO] [stdout] error[E0659]: `expect` is ambiguous
[INFO] [stdout]    --> src/tests.rs:949:5
[INFO] [stdout]     |
[INFO] [stdout] 949 |     expect!(join_paths(&Vec::new(), &Vec::new())).to(be_equal_to("/".to_string()));
[INFO] [stdout]     |     ^^^^^^ ambiguous name
[INFO] [stdout]     |
[INFO] [stdout]     = note: ambiguous because of multiple glob imports of a name in the same module
[INFO] [stdout] note: `expect` could refer to the macro imported here
[INFO] [stdout]    --> src/tests.rs:2:5
[INFO] [stdout]     |
[INFO] [stdout] 2   | use chrono::*;
[INFO] [stdout]     |     ^^^^^^^^^
[INFO] [stdout]     = help: consider adding an explicit import of `expect` to disambiguate
[INFO] [stdout] note: `expect` could also refer to the macro imported here
[INFO] [stdout]    --> src/tests.rs:3:5
[INFO] [stdout]     |
[INFO] [stdout] 3   | use expectest::prelude::*;
[INFO] [stdout]     |     ^^^^^^^^^^^^^^^^^^^^^
[INFO] [stdout]     = help: consider adding an explicit import of `expect` to disambiguate
[INFO] [stdout] 
[INFO] [stdout] 
[INFO] [stdout] error[E0659]: `expect` is ambiguous
[INFO] [stdout]    --> src/tests.rs:950:5
[INFO] [stdout]     |
[INFO] [stdout] 950 |     expect!(join_paths(&vec!["".to_string()], &Vec::new())).to(be_equal_to("/".to_string()));
[INFO] [stdout]     |     ^^^^^^ ambiguous name
[INFO] [stdout]     |
[INFO] [stdout]     = note: ambiguous because of multiple glob imports of a name in the same module
[INFO] [stdout] note: `expect` could refer to the macro imported here
[INFO] [stdout]    --> src/tests.rs:2:5
[INFO] [stdout]     |
[INFO] [stdout] 2   | use chrono::*;
[INFO] [stdout]     |     ^^^^^^^^^
[INFO] [stdout]     = help: consider adding an explicit import of `expect` to disambiguate
[INFO] [stdout] note: `expect` could also refer to the macro imported here
[INFO] [stdout]    --> src/tests.rs:3:5
[INFO] [stdout]     |
[INFO] [stdout] 3   | use expectest::prelude::*;
[INFO] [stdout]     |     ^^^^^^^^^^^^^^^^^^^^^
[INFO] [stdout]     = help: consider adding an explicit import of `expect` to disambiguate
[INFO] [stdout] 
[INFO] [stdout] 
[INFO] [stdout] error[E0659]: `expect` is ambiguous
[INFO] [stdout]    --> src/tests.rs:951:5
[INFO] [stdout]     |
[INFO] [stdout] 951 |     expect!(join_paths(&Vec::new(), &vec!["".to_string()])).to(be_equal_to("/".to_string()));
[INFO] [stdout]     |     ^^^^^^ ambiguous name
[INFO] [stdout]     |
[INFO] [stdout]     = note: ambiguous because of multiple glob imports of a name in the same module
[INFO] [stdout] note: `expect` could refer to the macro imported here
[INFO] [stdout]    --> src/tests.rs:2:5
[INFO] [stdout]     |
[INFO] [stdout] 2   | use chrono::*;
[INFO] [stdout]     |     ^^^^^^^^^
[INFO] [stdout]     = help: consider adding an explicit import of `expect` to disambiguate
[INFO] [stdout] note: `expect` could also refer to the macro imported here
[INFO] [stdout]    --> src/tests.rs:3:5
[INFO] [stdout]     |
[INFO] [stdout] 3   | use expectest::prelude::*;
[INFO] [stdout]     |     ^^^^^^^^^^^^^^^^^^^^^
[INFO] [stdout]     = help: consider adding an explicit import of `expect` to disambiguate
[INFO] [stdout] 
[INFO] [stdout] 
[INFO] [stdout] error[E0659]: `expect` is ambiguous
[INFO] [stdout]    --> src/tests.rs:952:5
[INFO] [stdout]     |
[INFO] [stdout] 952 |     expect!(join_paths(
[INFO] [stdout]     |     ^^^^^^ ambiguous name
[INFO] [stdout]     |
[INFO] [stdout]     = note: ambiguous because of multiple glob imports of a name in the same module
[INFO] [stdout] note: `expect` could refer to the macro imported here
[INFO] [stdout]    --> src/tests.rs:2:5
[INFO] [stdout]     |
[INFO] [stdout] 2   | use chrono::*;
[INFO] [stdout]     |     ^^^^^^^^^
[INFO] [stdout]     = help: consider adding an explicit import of `expect` to disambiguate
[INFO] [stdout] note: `expect` could also refer to the macro imported here
[INFO] [stdout]    --> src/tests.rs:3:5
[INFO] [stdout]     |
[INFO] [stdout] 3   | use expectest::prelude::*;
[INFO] [stdout]     |     ^^^^^^^^^^^^^^^^^^^^^
[INFO] [stdout]     = help: consider adding an explicit import of `expect` to disambiguate
[INFO] [stdout] 
[INFO] [stdout] 
[INFO] [stdout] error[E0659]: `expect` is ambiguous
[INFO] [stdout]    --> src/tests.rs:957:5
[INFO] [stdout]     |
[INFO] [stdout] 957 |     expect!(join_paths(
[INFO] [stdout]     |     ^^^^^^ ambiguous name
[INFO] [stdout]     |
[INFO] [stdout]     = note: ambiguous because of multiple glob imports of a name in the same module
[INFO] [stdout] note: `expect` could refer to the macro imported here
[INFO] [stdout]    --> src/tests.rs:2:5
[INFO] [stdout]     |
[INFO] [stdout] 2   | use chrono::*;
[INFO] [stdout]     |     ^^^^^^^^^
[INFO] [stdout]     = help: consider adding an explicit import of `expect` to disambiguate
[INFO] [stdout] note: `expect` could also refer to the macro imported here
[INFO] [stdout]    --> src/tests.rs:3:5
[INFO] [stdout]     |
[INFO] [stdout] 3   | use expectest::prelude::*;
[INFO] [stdout]     |     ^^^^^^^^^^^^^^^^^^^^^
[INFO] [stdout]     = help: consider adding an explicit import of `expect` to disambiguate
[INFO] [stdout] 
[INFO] [stdout] 
[INFO] [stdout] error[E0659]: `expect` is ambiguous
[INFO] [stdout]    --> src/tests.rs:962:5
[INFO] [stdout]     |
[INFO] [stdout] 962 |     expect!(join_paths(
[INFO] [stdout]     |     ^^^^^^ ambiguous name
[INFO] [stdout]     |
[INFO] [stdout]     = note: ambiguous because of multiple glob imports of a name in the same module
[INFO] [stdout] note: `expect` could refer to the macro imported here
[INFO] [stdout]    --> src/tests.rs:2:5
[INFO] [stdout]     |
[INFO] [stdout] 2   | use chrono::*;
[INFO] [stdout]     |     ^^^^^^^^^
[INFO] [stdout]     = help: consider adding an explicit import of `expect` to disambiguate
[INFO] [stdout] note: `expect` could also refer to the macro imported here
[INFO] [stdout]    --> src/tests.rs:3:5
[INFO] [stdout]     |
[INFO] [stdout] 3   | use expectest::prelude::*;
[INFO] [stdout]     |     ^^^^^^^^^^^^^^^^^^^^^
[INFO] [stdout]     = help: consider adding an explicit import of `expect` to disambiguate
[INFO] [stdout] 
[INFO] [stdout] 
[INFO] [stdout] error[E0659]: `expect` is ambiguous
[INFO] [stdout]    --> src/tests.rs:967:5
[INFO] [stdout]     |
[INFO] [stdout] 967 |     expect!(join_paths(
[INFO] [stdout]     |     ^^^^^^ ambiguous name
[INFO] [stdout]     |
[INFO] [stdout]     = note: ambiguous because of multiple glob imports of a name in the same module
[INFO] [stdout] note: `expect` could refer to the macro imported here
[INFO] [stdout]    --> src/tests.rs:2:5
[INFO] [stdout]     |
[INFO] [stdout] 2   | use chrono::*;
[INFO] [stdout]     |     ^^^^^^^^^
[INFO] [stdout]     = help: consider adding an explicit import of `expect` to disambiguate
[INFO] [stdout] note: `expect` could also refer to the macro imported here
[INFO] [stdout]    --> src/tests.rs:3:5
[INFO] [stdout]     |
[INFO] [stdout] 3   | use expectest::prelude::*;
[INFO] [stdout]     |     ^^^^^^^^^^^^^^^^^^^^^
[INFO] [stdout]     = help: consider adding an explicit import of `expect` to disambiguate
[INFO] [stdout] 
[INFO] [stdout] 
[INFO] [stdout] error[E0659]: `expect` is ambiguous
[INFO] [stdout]     --> src/tests.rs:1256:5
[INFO] [stdout]      |
[INFO] [stdout] 1256 |     expect!(parse_query(&query)).to(be_equal_to(expected));
[INFO] [stdout]      |     ^^^^^^ ambiguous name
[INFO] [stdout]      |
[INFO] [stdout]      = note: ambiguous because of multiple glob imports of a name in the same module
[INFO] [stdout] note: `expect` could refer to the macro imported here
[INFO] [stdout]     --> src/tests.rs:2:5
[INFO] [stdout]      |
[INFO] [stdout] 2    | use chrono::*;
[INFO] [stdout]      |     ^^^^^^^^^
[INFO] [stdout]      = help: consider adding an explicit import of `expect` to disambiguate
[INFO] [stdout] note: `expect` could also refer to the macro imported here
[INFO] [stdout]     --> src/tests.rs:3:5
[INFO] [stdout]      |
[INFO] [stdout] 3    | use expectest::prelude::*;
[INFO] [stdout]      |     ^^^^^^^^^^^^^^^^^^^^^
[INFO] [stdout]      = help: consider adding an explicit import of `expect` to disambiguate
[INFO] [stdout] 
[INFO] [stdout] 
[INFO] [stdout] error[E0659]: `expect` is ambiguous
[INFO] [stdout]     --> src/tests.rs:1262:5
[INFO] [stdout]      |
[INFO] [stdout] 1262 |     expect!(parse_query(&query)).to(be_equal_to(hashmap! {}));
[INFO] [stdout]      |     ^^^^^^ ambiguous name
[INFO] [stdout]      |
[INFO] [stdout]      = note: ambiguous because of multiple glob imports of a name in the same module
[INFO] [stdout] note: `expect` could refer to the macro imported here
[INFO] [stdout]     --> src/tests.rs:2:5
[INFO] [stdout]      |
[INFO] [stdout] 2    | use chrono::*;
[INFO] [stdout]      |     ^^^^^^^^^
[INFO] [stdout]      = help: consider adding an explicit import of `expect` to disambiguate
[INFO] [stdout] note: `expect` could also refer to the macro imported here
[INFO] [stdout]     --> src/tests.rs:3:5
[INFO] [stdout]      |
[INFO] [stdout] 3    | use expectest::prelude::*;
[INFO] [stdout]      |     ^^^^^^^^^^^^^^^^^^^^^
[INFO] [stdout]      = help: consider adding an explicit import of `expect` to disambiguate
[INFO] [stdout] 
[INFO] [stdout] 
[INFO] [stdout] error[E0659]: `expect` is ambiguous
[INFO] [stdout]     --> src/tests.rs:1272:5
[INFO] [stdout]      |
[INFO] [stdout] 1272 |     expect!(parse_query(&query)).to(be_equal_to(expected));
[INFO] [stdout]      |     ^^^^^^ ambiguous name
[INFO] [stdout]      |
[INFO] [stdout]      = note: ambiguous because of multiple glob imports of a name in the same module
[INFO] [stdout] note: `expect` could refer to the macro imported here
[INFO] [stdout]     --> src/tests.rs:2:5
[INFO] [stdout]      |
[INFO] [stdout] 2    | use chrono::*;
[INFO] [stdout]      |     ^^^^^^^^^
[INFO] [stdout]      = help: consider adding an explicit import of `expect` to disambiguate
[INFO] [stdout] note: `expect` could also refer to the macro imported here
[INFO] [stdout]     --> src/tests.rs:3:5
[INFO] [stdout]      |
[INFO] [stdout] 3    | use expectest::prelude::*;
[INFO] [stdout]      |     ^^^^^^^^^^^^^^^^^^^^^
[INFO] [stdout]      = help: consider adding an explicit import of `expect` to disambiguate
[INFO] [stdout] 
[INFO] [stdout] 
[INFO] [stdout] error[E0659]: `expect` is ambiguous
[INFO] [stdout]     --> src/tests.rs:1282:5
[INFO] [stdout]      |
[INFO] [stdout] 1282 |     expect!(parse_query(&query)).to(be_equal_to(expected));
[INFO] [stdout]      |     ^^^^^^ ambiguous name
[INFO] [stdout]      |
[INFO] [stdout]      = note: ambiguous because of multiple glob imports of a name in the same module
[INFO] [stdout] note: `expect` could refer to the macro imported here
[INFO] [stdout]     --> src/tests.rs:2:5
[INFO] [stdout]      |
[INFO] [stdout] 2    | use chrono::*;
[INFO] [stdout]      |     ^^^^^^^^^
[INFO] [stdout]      = help: consider adding an explicit import of `expect` to disambiguate
[INFO] [stdout] note: `expect` could also refer to the macro imported here
[INFO] [stdout]     --> src/tests.rs:3:5
[INFO] [stdout]      |
[INFO] [stdout] 3    | use expectest::prelude::*;
[INFO] [stdout]      |     ^^^^^^^^^^^^^^^^^^^^^
[INFO] [stdout]      = help: consider adding an explicit import of `expect` to disambiguate
[INFO] [stdout] 
[INFO] [stdout] 
[INFO] [stdout] error[E0659]: `expect` is ambiguous
[INFO] [stdout]     --> src/tests.rs:1291:5
[INFO] [stdout]      |
[INFO] [stdout] 1291 |     expect!(parse_query(&query)).to(be_equal_to(expected));
[INFO] [stdout]      |     ^^^^^^ ambiguous name
[INFO] [stdout]      |
[INFO] [stdout]      = note: ambiguous because of multiple glob imports of a name in the same module
[INFO] [stdout] note: `expect` could refer to the macro imported here
[INFO] [stdout]     --> src/tests.rs:2:5
[INFO] [stdout]      |
[INFO] [stdout] 2    | use chrono::*;
[INFO] [stdout]      |     ^^^^^^^^^
[INFO] [stdout]      = help: consider adding an explicit import of `expect` to disambiguate
[INFO] [stdout] note: `expect` could also refer to the macro imported here
[INFO] [stdout]     --> src/tests.rs:3:5
[INFO] [stdout]      |
[INFO] [stdout] 3    | use expectest::prelude::*;
[INFO] [stdout]      |     ^^^^^^^^^^^^^^^^^^^^^
[INFO] [stdout]      = help: consider adding an explicit import of `expect` to disambiguate
[INFO] [stdout] 
[INFO] [stdout] 
[INFO] [stdout] warning: use of deprecated associated function `chrono::FixedOffset::east`: use `east_opt()` instead
[INFO] [stdout]    --> src/tests.rs:771:61
[INFO] [stdout]     |
[INFO] [stdout] 771 |     let datetime = Local::now().with_timezone(&FixedOffset::east(10 * 3600));
[INFO] [stdout]     |                                                             ^^^^
[INFO] [stdout]     |
[INFO] [stdout]     = note: `#[warn(deprecated)]` on by default
[INFO] [stdout] 
[INFO] [stdout] 
[INFO] [stdout] warning: use of deprecated associated function `chrono::FixedOffset::east`: use `east_opt()` instead
[INFO] [stdout]    --> src/tests.rs:785:76
[INFO] [stdout]     |
[INFO] [stdout] 785 |             Box::pin(async { Some(Local::now().with_timezone(&FixedOffset::east(10 * 3600))) })
[INFO] [stdout]     |                                                                            ^^^^
[INFO] [stdout] 
[INFO] [stdout] 
[INFO] [stdout] warning: use of deprecated associated function `chrono::FixedOffset::east`: use `east_opt()` instead
[INFO] [stdout]    --> src/tests.rs:882:50
[INFO] [stdout]     |
[INFO] [stdout] 882 |         Local::now().with_timezone(&FixedOffset::east(10 * 3600)) - Duration::minutes(15);
[INFO] [stdout]     |                                                  ^^^^
[INFO] [stdout] 
[INFO] [stdout] 
[INFO] [stdout] warning: use of deprecated associated function `chrono::FixedOffset::east`: use `east_opt()` instead
[INFO] [stdout]    --> src/tests.rs:898:62
[INFO] [stdout]     |
[INFO] [stdout] 898 |                     Local::now().with_timezone(&FixedOffset::east(10 * 3600))
[INFO] [stdout]     |                                                              ^^^^
[INFO] [stdout] 
[INFO] [stdout] 
[INFO] [stdout] error: aborting due to 48 previous errors; 4 warnings emitted
[INFO] [stdout] 
[INFO] [stdout] 
[INFO] [stdout] For more information about this error, try `rustc --explain E0659`.
[INFO] [stdout] 
[INFO] [stderr] error: could not compile `ux-webmachine` (lib test) due to 49 previous errors; 4 warnings emitted
[INFO] [stderr] warning: build failed, waiting for other jobs to finish...
[INFO] running `Command { std: "docker" "inspect" "44f4824e53733096aa5d2546654477d896096ce296ddec9646312b636bbd1671", kill_on_drop: false }`
[INFO] running `Command { std: "docker" "rm" "-f" "44f4824e53733096aa5d2546654477d896096ce296ddec9646312b636bbd1671", kill_on_drop: false }`
[INFO] [stdout] 44f4824e53733096aa5d2546654477d896096ce296ddec9646312b636bbd1671
[INFO] testing ux-webmachine-0.1.0 against beta-2023-12-22 for beta-1.76-1
[INFO] extracting crate ux-webmachine 0.1.0 into /workspace/builds/worker-2-tc2/source
[INFO] validating manifest of crates.io crate ux-webmachine 0.1.0 on toolchain beta-2023-12-22
[INFO] running `Command { std: CARGO_HOME="/workspace/cargo-home" RUSTUP_HOME="/workspace/rustup-home" "/workspace/cargo-home/bin/cargo" "+beta-2023-12-22" "metadata" "--manifest-path" "Cargo.toml" "--no-deps", kill_on_drop: false }`
[INFO] started tweaking crates.io crate ux-webmachine 0.1.0
[INFO] finished tweaking crates.io crate ux-webmachine 0.1.0
[INFO] tweaked toml for crates.io crate ux-webmachine 0.1.0 written to /workspace/builds/worker-2-tc2/source/Cargo.toml
[INFO] running `Command { std: CARGO_HOME="/workspace/cargo-home" RUSTUP_HOME="/workspace/rustup-home" "/workspace/cargo-home/bin/cargo" "+beta-2023-12-22" "generate-lockfile" "--manifest-path" "Cargo.toml", kill_on_drop: false }`
[INFO] [stderr]     Updating crates.io index
[INFO] running `Command { std: CARGO_HOME="/workspace/cargo-home" RUSTUP_HOME="/workspace/rustup-home" "/workspace/cargo-home/bin/cargo" "+beta-2023-12-22" "fetch" "--manifest-path" "Cargo.toml", kill_on_drop: false }`
[INFO] running `Command { std: "docker" "create" "-v" "/var/lib/crater-agent-workspace/builds/worker-2-tc2/target:/opt/rustwide/target:rw,Z" "-v" "/var/lib/crater-agent-workspace/builds/worker-2-tc2/source:/opt/rustwide/workdir:ro,Z" "-v" "/var/lib/crater-agent-workspace/cargo-home:/opt/rustwide/cargo-home:ro,Z" "-v" "/var/lib/crater-agent-workspace/rustup-home:/opt/rustwide/rustup-home:ro,Z" "-e" "SOURCE_DIR=/opt/rustwide/workdir" "-e" "CARGO_TARGET_DIR=/opt/rustwide/target" "-e" "CARGO_HOME=/opt/rustwide/cargo-home" "-e" "RUSTUP_HOME=/opt/rustwide/rustup-home" "-w" "/opt/rustwide/workdir" "-m" "1610612736" "--user" "0:0" "--network" "none" "ghcr.io/rust-lang/crates-build-env/linux@sha256:2788e3201cd34a07e3172128adcd8b3090168a8e3bcc40d7c032b9dda1df7d1c" "/opt/rustwide/cargo-home/bin/cargo" "+beta-2023-12-22" "metadata" "--no-deps" "--format-version=1", kill_on_drop: false }`
[INFO] [stdout] 5a514650066514f80ef84ad5d481e0178e4183363ccaeed742f02c4e753c1af5
[INFO] running `Command { std: "docker" "start" "-a" "5a514650066514f80ef84ad5d481e0178e4183363ccaeed742f02c4e753c1af5", kill_on_drop: false }`
[INFO] running `Command { std: "docker" "inspect" "5a514650066514f80ef84ad5d481e0178e4183363ccaeed742f02c4e753c1af5", kill_on_drop: false }`
[INFO] running `Command { std: "docker" "rm" "-f" "5a514650066514f80ef84ad5d481e0178e4183363ccaeed742f02c4e753c1af5", kill_on_drop: false }`
[INFO] [stdout] 5a514650066514f80ef84ad5d481e0178e4183363ccaeed742f02c4e753c1af5
[INFO] running `Command { std: "docker" "create" "-v" "/var/lib/crater-agent-workspace/builds/worker-2-tc2/target:/opt/rustwide/target:rw,Z" "-v" "/var/lib/crater-agent-workspace/builds/worker-2-tc2/source:/opt/rustwide/workdir:ro,Z" "-v" "/var/lib/crater-agent-workspace/cargo-home:/opt/rustwide/cargo-home:ro,Z" "-v" "/var/lib/crater-agent-workspace/rustup-home:/opt/rustwide/rustup-home:ro,Z" "-e" "SOURCE_DIR=/opt/rustwide/workdir" "-e" "CARGO_TARGET_DIR=/opt/rustwide/target" "-e" "CARGO_INCREMENTAL=0" "-e" "RUST_BACKTRACE=full" "-e" "RUSTFLAGS=--cap-lints=warn" "-e" "RUSTDOCFLAGS=--cap-lints=warn" "-e" "CARGO_HOME=/opt/rustwide/cargo-home" "-e" "RUSTUP_HOME=/opt/rustwide/rustup-home" "-w" "/opt/rustwide/workdir" "-m" "1610612736" "--user" "0:0" "--network" "none" "ghcr.io/rust-lang/crates-build-env/linux@sha256:2788e3201cd34a07e3172128adcd8b3090168a8e3bcc40d7c032b9dda1df7d1c" "/opt/rustwide/cargo-home/bin/cargo" "+beta-2023-12-22" "build" "--frozen" "--message-format=json", kill_on_drop: false }`
[INFO] [stdout] d116c6c84a3b687234e0953c645ff798120f50756d1fdc98111e98087f905203
[INFO] running `Command { std: "docker" "start" "-a" "d116c6c84a3b687234e0953c645ff798120f50756d1fdc98111e98087f905203", kill_on_drop: false }`
[INFO] [stderr]    Compiling pin-project-lite v0.2.13
[INFO] [stderr]    Compiling futures-core v0.3.30
[INFO] [stderr]    Compiling slab v0.4.9
[INFO] [stderr]    Compiling futures-sink v0.3.30
[INFO] [stderr]    Compiling num-traits v0.2.17
[INFO] [stderr]    Compiling bytes v1.5.0
[INFO] [stderr]    Compiling syn v2.0.48
[INFO] [stderr]    Compiling iovec v0.1.4
[INFO] [stderr]    Compiling futures-io v0.3.30
[INFO] [stderr]    Compiling futures-channel v0.3.30
[INFO] [stderr]    Compiling serde v1.0.194
[INFO] [stderr]    Compiling futures-task v0.3.30
[INFO] [stderr]    Compiling once_cell v1.19.0
[INFO] [stderr]    Compiling cfg-if v0.1.10
[INFO] [stderr]    Compiling unicode-normalization v0.1.22
[INFO] [stderr]    Compiling net2 v0.2.39
[INFO] [stderr]    Compiling tracing-core v0.1.32
[INFO] [stderr]    Compiling mio v0.8.10
[INFO] [stderr]    Compiling socket2 v0.5.5
[INFO] [stderr]    Compiling matches v0.1.10
[INFO] [stderr]    Compiling unicode-bidi v0.3.14
[INFO] [stderr]    Compiling fnv v1.0.7
[INFO] [stderr]    Compiling tracing v0.1.40
[INFO] [stderr]    Compiling http v0.2.11
[INFO] [stderr]    Compiling mio v0.6.23
[INFO] [stderr]    Compiling idna v0.1.5
[INFO] [stderr]    Compiling time v0.1.45
[INFO] [stderr]    Compiling log v0.3.9
[INFO] [stderr]    Compiling lazycell v1.3.0
[INFO] [stderr]    Compiling hashbrown v0.14.3
[INFO] [stderr]    Compiling sha1_smol v1.0.0
[INFO] [stderr]    Compiling equivalent v1.0.1
[INFO] [stderr]    Compiling rand_core v0.4.2
[INFO] [stderr]    Compiling percent-encoding v1.0.1
[INFO] [stderr]    Compiling sha1 v0.6.1
[INFO] [stderr]    Compiling url v1.7.2
[INFO] [stderr]    Compiling rand_core v0.3.1
[INFO] [stderr]    Compiling mio-extras v2.0.6
[INFO] [stderr]    Compiling syncbox v0.2.4
[INFO] [stderr]    Compiling rmp v0.8.12
[INFO] [stderr]    Compiling bytes v0.4.12
[INFO] [stderr]    Compiling rand v0.4.6
[INFO] [stderr]    Compiling try-lock v0.2.5
[INFO] [stderr]    Compiling want v0.3.1
[INFO] [stderr]    Compiling eventual v0.1.7
[INFO] [stderr]    Compiling indexmap v2.1.0
[INFO] [stderr]    Compiling env_logger v0.5.13
[INFO] [stderr]    Compiling rand v0.5.6
[INFO] [stderr]    Compiling itertools v0.7.11
[INFO] [stderr]    Compiling ws v0.7.9
[INFO] [stderr]    Compiling http-body v0.4.6
[INFO] [stderr]    Compiling tower-service v0.3.2
[INFO] [stderr]    Compiling httpdate v1.0.3
[INFO] [stderr]    Compiling iana-time-zone v0.1.59
[INFO] [stderr]    Compiling argparse v0.2.2
[INFO] [stderr]    Compiling env_logger v0.9.3
[INFO] [stderr]    Compiling chrono v0.4.31
[INFO] [stderr]    Compiling hex v0.4.3
[INFO] [stderr]    Compiling serde_json v1.0.111
[INFO] [stderr]    Compiling rmp-serde v0.13.7
[INFO] [stderr]    Compiling futures-macro v0.3.30
[INFO] [stderr]    Compiling tokio-macros v2.2.0
[INFO] [stderr]    Compiling serde_derive v1.0.194
[INFO] [stderr]    Compiling tokio v1.35.1
[INFO] [stderr]    Compiling futures-util v0.3.30
[INFO] [stderr]    Compiling wampire v0.1.2
[INFO] [stderr]    Compiling futures-executor v0.3.30
[INFO] [stderr]    Compiling tokio-util v0.7.10
[INFO] [stderr]    Compiling futures v0.3.30
[INFO] [stderr]    Compiling h2 v0.3.22
[INFO] [stderr]    Compiling hyper v0.14.28
[INFO] [stderr]    Compiling ux-webmachine v0.1.0 (/opt/rustwide/workdir)
[INFO] [stdout] warning: using `.clone()` on a double reference, which returns `&str` instead of cloning the inner type
[INFO] [stdout]    --> src/lib.rs:899:49
[INFO] [stdout]     |
[INFO] [stdout] 899 |             .map(|h| HeaderValue::parse_string(h.clone()))
[INFO] [stdout]     |                                                 ^^^^^^^^
[INFO] [stdout]     |
[INFO] [stdout]     = note: `#[warn(suspicious_double_ref_op)]` on by default
[INFO] [stdout] 
[INFO] [stdout] 
[INFO] [stdout] warning: unused pinned boxed `futures::Future` trait object that must be used
[INFO] [stdout]    --> src/lib.rs:968:13
[INFO] [stdout]     |
[INFO] [stdout] 968 |             callback.deref()(context, resource);
[INFO] [stdout]     |             ^^^^^^^^^^^^^^^^^^^^^^^^^^^^^^^^^^^
[INFO] [stdout]     |
[INFO] [stdout]     = note: futures do nothing unless you `.await` or poll them
[INFO] [stdout]     = note: `#[warn(unused_must_use)]` on by default
[INFO] [stdout] 
[INFO] [stdout] 
[INFO] [stdout] warning: 2 warnings emitted
[INFO] [stdout] 
[INFO] [stdout] 
[INFO] [stderr]     Finished dev [unoptimized + debuginfo] target(s) in 42.05s
[INFO] running `Command { std: "docker" "inspect" "d116c6c84a3b687234e0953c645ff798120f50756d1fdc98111e98087f905203", kill_on_drop: false }`
[INFO] running `Command { std: "docker" "rm" "-f" "d116c6c84a3b687234e0953c645ff798120f50756d1fdc98111e98087f905203", kill_on_drop: false }`
[INFO] [stdout] d116c6c84a3b687234e0953c645ff798120f50756d1fdc98111e98087f905203
[INFO] running `Command { std: "docker" "create" "-v" "/var/lib/crater-agent-workspace/builds/worker-2-tc2/target:/opt/rustwide/target:rw,Z" "-v" "/var/lib/crater-agent-workspace/builds/worker-2-tc2/source:/opt/rustwide/workdir:ro,Z" "-v" "/var/lib/crater-agent-workspace/cargo-home:/opt/rustwide/cargo-home:ro,Z" "-v" "/var/lib/crater-agent-workspace/rustup-home:/opt/rustwide/rustup-home:ro,Z" "-e" "SOURCE_DIR=/opt/rustwide/workdir" "-e" "CARGO_TARGET_DIR=/opt/rustwide/target" "-e" "CARGO_INCREMENTAL=0" "-e" "RUST_BACKTRACE=full" "-e" "RUSTFLAGS=--cap-lints=warn" "-e" "RUSTDOCFLAGS=--cap-lints=warn" "-e" "CARGO_HOME=/opt/rustwide/cargo-home" "-e" "RUSTUP_HOME=/opt/rustwide/rustup-home" "-w" "/opt/rustwide/workdir" "-m" "1610612736" "--user" "0:0" "--network" "none" "ghcr.io/rust-lang/crates-build-env/linux@sha256:2788e3201cd34a07e3172128adcd8b3090168a8e3bcc40d7c032b9dda1df7d1c" "/opt/rustwide/cargo-home/bin/cargo" "+beta-2023-12-22" "test" "--frozen" "--no-run" "--message-format=json", kill_on_drop: false }`
[INFO] [stdout] 5f1df79a876010cbff68bff12a1732623fb638c9f54a95ee590daf1d8c2f7195
[INFO] running `Command { std: "docker" "start" "-a" "5f1df79a876010cbff68bff12a1732623fb638c9f54a95ee590daf1d8c2f7195", kill_on_drop: false }`
[INFO] [stderr]    Compiling async-stream-impl v0.3.5
[INFO] [stderr]    Compiling tokio-stream v0.1.14
[INFO] [stderr]    Compiling expectest v0.12.0
[INFO] [stdout] warning: using `.clone()` on a double reference, which returns `&str` instead of cloning the inner type
[INFO] [stdout]    --> src/lib.rs:899:49
[INFO] [stdout]     |
[INFO] [stdout] 899 |             .map(|h| HeaderValue::parse_string(h.clone()))
[INFO] [stdout]     |                                                 ^^^^^^^^
[INFO] [stdout]     |
[INFO] [stdout]     = note: `#[warn(suspicious_double_ref_op)]` on by default
[INFO] [stdout] 
[INFO] [stdout] 
[INFO] [stdout] warning: unused pinned boxed `futures::Future` trait object that must be used
[INFO] [stdout]    --> src/lib.rs:968:13
[INFO] [stdout]     |
[INFO] [stdout] 968 |             callback.deref()(context, resource);
[INFO] [stdout]     |             ^^^^^^^^^^^^^^^^^^^^^^^^^^^^^^^^^^^
[INFO] [stdout]     |
[INFO] [stdout]     = note: futures do nothing unless you `.await` or poll them
[INFO] [stdout]     = note: `#[warn(unused_must_use)]` on by default
[INFO] [stdout] 
[INFO] [stdout] 
[INFO] [stdout] warning: 2 warnings emitted
[INFO] [stdout] 
[INFO] [stdout] 
[INFO] [stderr]    Compiling async-stream v0.3.5
[INFO] [stderr]    Compiling tokio-test v0.4.3
[INFO] [stderr]    Compiling ux-webmachine v0.1.0 (/opt/rustwide/workdir)
[INFO] [stdout] error: unexpected end of macro invocation
[INFO] [stdout]    --> src/tests.rs:27:56
[INFO] [stdout]     |
[INFO] [stdout] 27  |     expect!(dispatcher.match_paths(&resource("/path1"))).to(be_equal_to(vec!["/", "/path1"]));
[INFO] [stdout]     |                                                        ^ missing tokens in macro arguments
[INFO] [stdout]     |
[INFO] [stdout] note: while trying to match `,`
[INFO] [stdout]    --> /opt/rustwide/cargo-home/registry/src/index.crates.io-6f17d22bba15001f/chrono-0.4.31/src/lib.rs:613:13
[INFO] [stdout]     |
[INFO] [stdout] 613 |     ($e:expr, $m:literal) => {
[INFO] [stdout]     |             ^
[INFO] [stdout] 
[INFO] [stdout] 
[INFO] [stdout] error: unexpected end of macro invocation
[INFO] [stdout]    --> src/tests.rs:28:57
[INFO] [stdout]     |
[INFO] [stdout] 28  |     expect!(dispatcher.match_paths(&resource("/path1/"))).to(be_equal_to(vec!["/", "/path1"]));
[INFO] [stdout]     |                                                         ^ missing tokens in macro arguments
[INFO] [stdout]     |
[INFO] [stdout] note: while trying to match `,`
[INFO] [stdout]    --> /opt/rustwide/cargo-home/registry/src/index.crates.io-6f17d22bba15001f/chrono-0.4.31/src/lib.rs:613:13
[INFO] [stdout]     |
[INFO] [stdout] 613 |     ($e:expr, $m:literal) => {
[INFO] [stdout]     |             ^
[INFO] [stdout] 
[INFO] [stdout] 
[INFO] [stdout] error: unexpected end of macro invocation
[INFO] [stdout]    --> src/tests.rs:29:62
[INFO] [stdout]     |
[INFO] [stdout] 29  |     expect!(dispatcher.match_paths(&resource("/path1/path3"))).to(be_equal_to(vec![
[INFO] [stdout]     |                                                              ^ missing tokens in macro arguments
[INFO] [stdout]     |
[INFO] [stdout] note: while trying to match `,`
[INFO] [stdout]    --> /opt/rustwide/cargo-home/registry/src/index.crates.io-6f17d22bba15001f/chrono-0.4.31/src/lib.rs:613:13
[INFO] [stdout]     |
[INFO] [stdout] 613 |     ($e:expr, $m:literal) => {
[INFO] [stdout]     |             ^
[INFO] [stdout] 
[INFO] [stdout] 
[INFO] [stdout] error: unexpected end of macro invocation
[INFO] [stdout]    --> src/tests.rs:34:68
[INFO] [stdout]     |
[INFO] [stdout] 34  |     expect!(dispatcher.match_paths(&resource("/path1/path3/path4"))).to(be_equal_to(vec![
[INFO] [stdout]     |                                                                    ^ missing tokens in macro arguments
[INFO] [stdout]     |
[INFO] [stdout] note: while trying to match `,`
[INFO] [stdout]    --> /opt/rustwide/cargo-home/registry/src/index.crates.io-6f17d22bba15001f/chrono-0.4.31/src/lib.rs:613:13
[INFO] [stdout]     |
[INFO] [stdout] 613 |     ($e:expr, $m:literal) => {
[INFO] [stdout]     |             ^
[INFO] [stdout] 
[INFO] [stdout] 
[INFO] [stdout] error: unexpected end of macro invocation
[INFO] [stdout]    --> src/tests.rs:39:62
[INFO] [stdout]     |
[INFO] [stdout] 39  |     expect!(dispatcher.match_paths(&resource("/path1/other"))).to(be_equal_to(vec!["/", "/path1"]));
[INFO] [stdout]     |                                                              ^ missing tokens in macro arguments
[INFO] [stdout]     |
[INFO] [stdout] note: while trying to match `,`
[INFO] [stdout]    --> /opt/rustwide/cargo-home/registry/src/index.crates.io-6f17d22bba15001f/chrono-0.4.31/src/lib.rs:613:13
[INFO] [stdout]     |
[INFO] [stdout] 613 |     ($e:expr, $m:literal) => {
[INFO] [stdout]     |             ^
[INFO] [stdout] 
[INFO] [stdout] 
[INFO] [stdout] error: unexpected end of macro invocation
[INFO] [stdout]    --> src/tests.rs:40:57
[INFO] [stdout]     |
[INFO] [stdout] 40  |     expect!(dispatcher.match_paths(&resource("/path12"))).to(be_equal_to(vec!["/"]));
[INFO] [stdout]     |                                                         ^ missing tokens in macro arguments
[INFO] [stdout]     |
[INFO] [stdout] note: while trying to match `,`
[INFO] [stdout]    --> /opt/rustwide/cargo-home/registry/src/index.crates.io-6f17d22bba15001f/chrono-0.4.31/src/lib.rs:613:13
[INFO] [stdout]     |
[INFO] [stdout] 613 |     ($e:expr, $m:literal) => {
[INFO] [stdout]     |             ^
[INFO] [stdout] 
[INFO] [stdout] 
[INFO] [stdout] error: unexpected end of macro invocation
[INFO] [stdout]    --> src/tests.rs:41:51
[INFO] [stdout]     |
[INFO] [stdout] 41  |     expect!(dispatcher.match_paths(&resource("/"))).to(be_equal_to(vec!["/"]));
[INFO] [stdout]     |                                                   ^ missing tokens in macro arguments
[INFO] [stdout]     |
[INFO] [stdout] note: while trying to match `,`
[INFO] [stdout]    --> /opt/rustwide/cargo-home/registry/src/index.crates.io-6f17d22bba15001f/chrono-0.4.31/src/lib.rs:613:13
[INFO] [stdout]     |
[INFO] [stdout] 613 |     ($e:expr, $m:literal) => {
[INFO] [stdout]     |             ^
[INFO] [stdout] 
[INFO] [stdout] 
[INFO] [stdout] error: unexpected end of macro invocation
[INFO] [stdout]    --> src/tests.rs:46:51
[INFO] [stdout]     |
[INFO] [stdout] 46  |     expect!(sanitise_path(&"/".to_string()).iter()).to(be_empty());
[INFO] [stdout]     |                                                   ^ missing tokens in macro arguments
[INFO] [stdout]     |
[INFO] [stdout] note: while trying to match `,`
[INFO] [stdout]    --> /opt/rustwide/cargo-home/registry/src/index.crates.io-6f17d22bba15001f/chrono-0.4.31/src/lib.rs:613:13
[INFO] [stdout]     |
[INFO] [stdout] 613 |     ($e:expr, $m:literal) => {
[INFO] [stdout]     |             ^
[INFO] [stdout] 
[INFO] [stdout] 
[INFO] [stdout] error: unexpected end of macro invocation
[INFO] [stdout]    --> src/tests.rs:47:52
[INFO] [stdout]     |
[INFO] [stdout] 47  |     expect!(sanitise_path(&"//".to_string()).iter()).to(be_empty());
[INFO] [stdout]     |                                                    ^ missing tokens in macro arguments
[INFO] [stdout]     |
[INFO] [stdout] note: while trying to match `,`
[INFO] [stdout]    --> /opt/rustwide/cargo-home/registry/src/index.crates.io-6f17d22bba15001f/chrono-0.4.31/src/lib.rs:613:13
[INFO] [stdout]     |
[INFO] [stdout] 613 |     ($e:expr, $m:literal) => {
[INFO] [stdout]     |             ^
[INFO] [stdout] 
[INFO] [stdout] 
[INFO] [stdout] error: unexpected end of macro invocation
[INFO] [stdout]    --> src/tests.rs:48:49
[INFO] [stdout]     |
[INFO] [stdout] 48  |     expect!(sanitise_path(&"/a/b/c".to_string())).to(be_equal_to(vec!["a", "b", "c"]));
[INFO] [stdout]     |                                                 ^ missing tokens in macro arguments
[INFO] [stdout]     |
[INFO] [stdout] note: while trying to match `,`
[INFO] [stdout]    --> /opt/rustwide/cargo-home/registry/src/index.crates.io-6f17d22bba15001f/chrono-0.4.31/src/lib.rs:613:13
[INFO] [stdout]     |
[INFO] [stdout] 613 |     ($e:expr, $m:literal) => {
[INFO] [stdout]     |             ^
[INFO] [stdout] 
[INFO] [stdout] 
[INFO] [stdout] error: unexpected end of macro invocation
[INFO] [stdout]    --> src/tests.rs:49:50
[INFO] [stdout]     |
[INFO] [stdout] 49  |     expect!(sanitise_path(&"/a/b/c/".to_string())).to(be_equal_to(vec!["a", "b", "c"]));
[INFO] [stdout]     |                                                  ^ missing tokens in macro arguments
[INFO] [stdout]     |
[INFO] [stdout] note: while trying to match `,`
[INFO] [stdout]    --> /opt/rustwide/cargo-home/registry/src/index.crates.io-6f17d22bba15001f/chrono-0.4.31/src/lib.rs:613:13
[INFO] [stdout]     |
[INFO] [stdout] 613 |     ($e:expr, $m:literal) => {
[INFO] [stdout]     |             ^
[INFO] [stdout] 
[INFO] [stdout] 
[INFO] [stdout] error: unexpected end of macro invocation
[INFO] [stdout]    --> src/tests.rs:50:50
[INFO] [stdout]     |
[INFO] [stdout] 50  |     expect!(sanitise_path(&"/a//b/c".to_string())).to(be_equal_to(vec!["a", "b", "c"]));
[INFO] [stdout]     |                                                  ^ missing tokens in macro arguments
[INFO] [stdout]     |
[INFO] [stdout] note: while trying to match `,`
[INFO] [stdout]    --> /opt/rustwide/cargo-home/registry/src/index.crates.io-6f17d22bba15001f/chrono-0.4.31/src/lib.rs:613:13
[INFO] [stdout]     |
[INFO] [stdout] 613 |     ($e:expr, $m:literal) => {
[INFO] [stdout]     |             ^
[INFO] [stdout] 
[INFO] [stdout] 
[INFO] [stdout] error: unexpected end of macro invocation
[INFO] [stdout]    --> src/tests.rs:949:49
[INFO] [stdout]     |
[INFO] [stdout] 949 |     expect!(join_paths(&Vec::new(), &Vec::new())).to(be_equal_to("/".to_string()));
[INFO] [stdout]     |                                                 ^ missing tokens in macro arguments
[INFO] [stdout]     |
[INFO] [stdout] note: while trying to match `,`
[INFO] [stdout]    --> /opt/rustwide/cargo-home/registry/src/index.crates.io-6f17d22bba15001f/chrono-0.4.31/src/lib.rs:613:13
[INFO] [stdout]     |
[INFO] [stdout] 613 |     ($e:expr, $m:literal) => {
[INFO] [stdout]     |             ^
[INFO] [stdout] 
[INFO] [stdout] 
[INFO] [stdout] error: unexpected end of macro invocation
[INFO] [stdout]    --> src/tests.rs:950:59
[INFO] [stdout]     |
[INFO] [stdout] 950 |     expect!(join_paths(&vec!["".to_string()], &Vec::new())).to(be_equal_to("/".to_string()));
[INFO] [stdout]     |                                                           ^ missing tokens in macro arguments
[INFO] [stdout]     |
[INFO] [stdout] note: while trying to match `,`
[INFO] [stdout]    --> /opt/rustwide/cargo-home/registry/src/index.crates.io-6f17d22bba15001f/chrono-0.4.31/src/lib.rs:613:13
[INFO] [stdout]     |
[INFO] [stdout] 613 |     ($e:expr, $m:literal) => {
[INFO] [stdout]     |             ^
[INFO] [stdout] 
[INFO] [stdout] 
[INFO] [stdout] error: unexpected end of macro invocation
[INFO] [stdout]    --> src/tests.rs:951:59
[INFO] [stdout]     |
[INFO] [stdout] 951 |     expect!(join_paths(&Vec::new(), &vec!["".to_string()])).to(be_equal_to("/".to_string()));
[INFO] [stdout]     |                                                           ^ missing tokens in macro arguments
[INFO] [stdout]     |
[INFO] [stdout] note: while trying to match `,`
[INFO] [stdout]    --> /opt/rustwide/cargo-home/registry/src/index.crates.io-6f17d22bba15001f/chrono-0.4.31/src/lib.rs:613:13
[INFO] [stdout]     |
[INFO] [stdout] 613 |     ($e:expr, $m:literal) => {
[INFO] [stdout]     |             ^
[INFO] [stdout] 
[INFO] [stdout] 
[INFO] [stdout] error: unexpected end of macro invocation
[INFO] [stdout]    --> src/tests.rs:955:6
[INFO] [stdout]     |
[INFO] [stdout] 955 |     ))
[INFO] [stdout]     |      ^ missing tokens in macro arguments
[INFO] [stdout]     |
[INFO] [stdout] note: while trying to match `,`
[INFO] [stdout]    --> /opt/rustwide/cargo-home/registry/src/index.crates.io-6f17d22bba15001f/chrono-0.4.31/src/lib.rs:613:13
[INFO] [stdout]     |
[INFO] [stdout] 613 |     ($e:expr, $m:literal) => {
[INFO] [stdout]     |             ^
[INFO] [stdout] 
[INFO] [stdout] 
[INFO] [stdout] error: unexpected end of macro invocation
[INFO] [stdout]    --> src/tests.rs:960:6
[INFO] [stdout]     |
[INFO] [stdout] 960 |     ))
[INFO] [stdout]     |      ^ missing tokens in macro arguments
[INFO] [stdout]     |
[INFO] [stdout] note: while trying to match `,`
[INFO] [stdout]    --> /opt/rustwide/cargo-home/registry/src/index.crates.io-6f17d22bba15001f/chrono-0.4.31/src/lib.rs:613:13
[INFO] [stdout]     |
[INFO] [stdout] 613 |     ($e:expr, $m:literal) => {
[INFO] [stdout]     |             ^
[INFO] [stdout] 
[INFO] [stdout] 
[INFO] [stdout] error: unexpected end of macro invocation
[INFO] [stdout]    --> src/tests.rs:965:6
[INFO] [stdout]     |
[INFO] [stdout] 965 |     ))
[INFO] [stdout]     |      ^ missing tokens in macro arguments
[INFO] [stdout]     |
[INFO] [stdout] note: while trying to match `,`
[INFO] [stdout]    --> /opt/rustwide/cargo-home/registry/src/index.crates.io-6f17d22bba15001f/chrono-0.4.31/src/lib.rs:613:13
[INFO] [stdout]     |
[INFO] [stdout] 613 |     ($e:expr, $m:literal) => {
[INFO] [stdout]     |             ^
[INFO] [stdout] 
[INFO] [stdout] 
[INFO] [stdout] error: unexpected end of macro invocation
[INFO] [stdout]    --> src/tests.rs:970:6
[INFO] [stdout]     |
[INFO] [stdout] 970 |     ))
[INFO] [stdout]     |      ^ missing tokens in macro arguments
[INFO] [stdout]     |
[INFO] [stdout] note: while trying to match `,`
[INFO] [stdout]    --> /opt/rustwide/cargo-home/registry/src/index.crates.io-6f17d22bba15001f/chrono-0.4.31/src/lib.rs:613:13
[INFO] [stdout]     |
[INFO] [stdout] 613 |     ($e:expr, $m:literal) => {
[INFO] [stdout]     |             ^
[INFO] [stdout] 
[INFO] [stdout] 
[INFO] [stdout] error: unexpected end of macro invocation
[INFO] [stdout]     --> src/tests.rs:1256:32
[INFO] [stdout]      |
[INFO] [stdout] 1256 |     expect!(parse_query(&query)).to(be_equal_to(expected));
[INFO] [stdout]      |                                ^ missing tokens in macro arguments
[INFO] [stdout]      |
[INFO] [stdout] note: while trying to match `,`
[INFO] [stdout]     --> /opt/rustwide/cargo-home/registry/src/index.crates.io-6f17d22bba15001f/chrono-0.4.31/src/lib.rs:613:13
[INFO] [stdout]      |
[INFO] [stdout] 613  |     ($e:expr, $m:literal) => {
[INFO] [stdout]      |             ^
[INFO] [stdout] 
[INFO] [stdout] 
[INFO] [stdout] error: unexpected end of macro invocation
[INFO] [stdout]     --> src/tests.rs:1262:32
[INFO] [stdout]      |
[INFO] [stdout] 1262 |     expect!(parse_query(&query)).to(be_equal_to(hashmap! {}));
[INFO] [stdout]      |                                ^ missing tokens in macro arguments
[INFO] [stdout]      |
[INFO] [stdout] note: while trying to match `,`
[INFO] [stdout]     --> /opt/rustwide/cargo-home/registry/src/index.crates.io-6f17d22bba15001f/chrono-0.4.31/src/lib.rs:613:13
[INFO] [stdout]      |
[INFO] [stdout] 613  |     ($e:expr, $m:literal) => {
[INFO] [stdout]      |             ^
[INFO] [stdout] 
[INFO] [stdout] 
[INFO] [stdout] error: unexpected end of macro invocation
[INFO] [stdout]     --> src/tests.rs:1272:32
[INFO] [stdout]      |
[INFO] [stdout] 1272 |     expect!(parse_query(&query)).to(be_equal_to(expected));
[INFO] [stdout]      |                                ^ missing tokens in macro arguments
[INFO] [stdout]      |
[INFO] [stdout] note: while trying to match `,`
[INFO] [stdout]     --> /opt/rustwide/cargo-home/registry/src/index.crates.io-6f17d22bba15001f/chrono-0.4.31/src/lib.rs:613:13
[INFO] [stdout]      |
[INFO] [stdout] 613  |     ($e:expr, $m:literal) => {
[INFO] [stdout]      |             ^
[INFO] [stdout] 
[INFO] [stdout] 
[INFO] [stdout] error: unexpected end of macro invocation
[INFO] [stdout]     --> src/tests.rs:1282:32
[INFO] [stdout]      |
[INFO] [stdout] 1282 |     expect!(parse_query(&query)).to(be_equal_to(expected));
[INFO] [stdout]      |                                ^ missing tokens in macro arguments
[INFO] [stdout]      |
[INFO] [stdout] note: while trying to match `,`
[INFO] [stdout]     --> /opt/rustwide/cargo-home/registry/src/index.crates.io-6f17d22bba15001f/chrono-0.4.31/src/lib.rs:613:13
[INFO] [stdout]      |
[INFO] [stdout] 613  |     ($e:expr, $m:literal) => {
[INFO] [stdout]      |             ^
[INFO] [stdout] 
[INFO] [stdout] 
[INFO] [stdout] error: unexpected end of macro invocation
[INFO] [stdout]     --> src/tests.rs:1291:32
[INFO] [stdout]      |
[INFO] [stdout] 1291 |     expect!(parse_query(&query)).to(be_equal_to(expected));
[INFO] [stdout]      |                                ^ missing tokens in macro arguments
[INFO] [stdout]      |
[INFO] [stdout] note: while trying to match `,`
[INFO] [stdout]     --> /opt/rustwide/cargo-home/registry/src/index.crates.io-6f17d22bba15001f/chrono-0.4.31/src/lib.rs:613:13
[INFO] [stdout]      |
[INFO] [stdout] 613  |     ($e:expr, $m:literal) => {
[INFO] [stdout]      |             ^
[INFO] [stdout] 
[INFO] [stdout] 
[INFO] [stdout] error[E0659]: `expect` is ambiguous
[INFO] [stdout]   --> src/tests.rs:27:5
[INFO] [stdout]    |
[INFO] [stdout] 27 |     expect!(dispatcher.match_paths(&resource("/path1"))).to(be_equal_to(vec!["/", "/path1"]));
[INFO] [stdout]    |     ^^^^^^ ambiguous name
[INFO] [stdout]    |
[INFO] [stdout]    = note: ambiguous because of multiple glob imports of a name in the same module
[INFO] [stdout] note: `expect` could refer to the macro imported here
[INFO] [stdout]   --> src/tests.rs:2:5
[INFO] [stdout]    |
[INFO] [stdout] 2  | use chrono::*;
[INFO] [stdout]    |     ^^^^^^^^^
[INFO] [stdout]    = help: consider adding an explicit import of `expect` to disambiguate
[INFO] [stdout] note: `expect` could also refer to the macro imported here
[INFO] [stdout]   --> src/tests.rs:3:5
[INFO] [stdout]    |
[INFO] [stdout] 3  | use expectest::prelude::*;
[INFO] [stdout]    |     ^^^^^^^^^^^^^^^^^^^^^
[INFO] [stdout]    = help: consider adding an explicit import of `expect` to disambiguate
[INFO] [stdout] 
[INFO] [stdout] 
[INFO] [stdout] error[E0659]: `expect` is ambiguous
[INFO] [stdout]   --> src/tests.rs:28:5
[INFO] [stdout]    |
[INFO] [stdout] 28 |     expect!(dispatcher.match_paths(&resource("/path1/"))).to(be_equal_to(vec!["/", "/path1"]));
[INFO] [stdout]    |     ^^^^^^ ambiguous name
[INFO] [stdout]    |
[INFO] [stdout]    = note: ambiguous because of multiple glob imports of a name in the same module
[INFO] [stdout] note: `expect` could refer to the macro imported here
[INFO] [stdout]   --> src/tests.rs:2:5
[INFO] [stdout]    |
[INFO] [stdout] 2  | use chrono::*;
[INFO] [stdout]    |     ^^^^^^^^^
[INFO] [stdout]    = help: consider adding an explicit import of `expect` to disambiguate
[INFO] [stdout] note: `expect` could also refer to the macro imported here
[INFO] [stdout]   --> src/tests.rs:3:5
[INFO] [stdout]    |
[INFO] [stdout] 3  | use expectest::prelude::*;
[INFO] [stdout]    |     ^^^^^^^^^^^^^^^^^^^^^
[INFO] [stdout]    = help: consider adding an explicit import of `expect` to disambiguate
[INFO] [stdout] 
[INFO] [stdout] 
[INFO] [stdout] error[E0659]: `expect` is ambiguous
[INFO] [stdout]   --> src/tests.rs:29:5
[INFO] [stdout]    |
[INFO] [stdout] 29 |     expect!(dispatcher.match_paths(&resource("/path1/path3"))).to(be_equal_to(vec![
[INFO] [stdout]    |     ^^^^^^ ambiguous name
[INFO] [stdout]    |
[INFO] [stdout]    = note: ambiguous because of multiple glob imports of a name in the same module
[INFO] [stdout] note: `expect` could refer to the macro imported here
[INFO] [stdout]   --> src/tests.rs:2:5
[INFO] [stdout]    |
[INFO] [stdout] 2  | use chrono::*;
[INFO] [stdout]    |     ^^^^^^^^^
[INFO] [stdout]    = help: consider adding an explicit import of `expect` to disambiguate
[INFO] [stdout] note: `expect` could also refer to the macro imported here
[INFO] [stdout]   --> src/tests.rs:3:5
[INFO] [stdout]    |
[INFO] [stdout] 3  | use expectest::prelude::*;
[INFO] [stdout]    |     ^^^^^^^^^^^^^^^^^^^^^
[INFO] [stdout]    = help: consider adding an explicit import of `expect` to disambiguate
[INFO] [stdout] 
[INFO] [stdout] 
[INFO] [stdout] error[E0659]: `expect` is ambiguous
[INFO] [stdout]   --> src/tests.rs:34:5
[INFO] [stdout]    |
[INFO] [stdout] 34 |     expect!(dispatcher.match_paths(&resource("/path1/path3/path4"))).to(be_equal_to(vec![
[INFO] [stdout]    |     ^^^^^^ ambiguous name
[INFO] [stdout]    |
[INFO] [stdout]    = note: ambiguous because of multiple glob imports of a name in the same module
[INFO] [stdout] note: `expect` could refer to the macro imported here
[INFO] [stdout]   --> src/tests.rs:2:5
[INFO] [stdout]    |
[INFO] [stdout] 2  | use chrono::*;
[INFO] [stdout]    |     ^^^^^^^^^
[INFO] [stdout]    = help: consider adding an explicit import of `expect` to disambiguate
[INFO] [stdout] note: `expect` could also refer to the macro imported here
[INFO] [stdout]   --> src/tests.rs:3:5
[INFO] [stdout]    |
[INFO] [stdout] 3  | use expectest::prelude::*;
[INFO] [stdout]    |     ^^^^^^^^^^^^^^^^^^^^^
[INFO] [stdout]    = help: consider adding an explicit import of `expect` to disambiguate
[INFO] [stdout] 
[INFO] [stdout] 
[INFO] [stdout] error[E0659]: `expect` is ambiguous
[INFO] [stdout]   --> src/tests.rs:39:5
[INFO] [stdout]    |
[INFO] [stdout] 39 |     expect!(dispatcher.match_paths(&resource("/path1/other"))).to(be_equal_to(vec!["/", "/path1"]));
[INFO] [stdout]    |     ^^^^^^ ambiguous name
[INFO] [stdout]    |
[INFO] [stdout]    = note: ambiguous because of multiple glob imports of a name in the same module
[INFO] [stdout] note: `expect` could refer to the macro imported here
[INFO] [stdout]   --> src/tests.rs:2:5
[INFO] [stdout]    |
[INFO] [stdout] 2  | use chrono::*;
[INFO] [stdout]    |     ^^^^^^^^^
[INFO] [stdout]    = help: consider adding an explicit import of `expect` to disambiguate
[INFO] [stdout] note: `expect` could also refer to the macro imported here
[INFO] [stdout]   --> src/tests.rs:3:5
[INFO] [stdout]    |
[INFO] [stdout] 3  | use expectest::prelude::*;
[INFO] [stdout]    |     ^^^^^^^^^^^^^^^^^^^^^
[INFO] [stdout]    = help: consider adding an explicit import of `expect` to disambiguate
[INFO] [stdout] 
[INFO] [stdout] 
[INFO] [stdout] error[E0659]: `expect` is ambiguous
[INFO] [stdout]   --> src/tests.rs:40:5
[INFO] [stdout]    |
[INFO] [stdout] 40 |     expect!(dispatcher.match_paths(&resource("/path12"))).to(be_equal_to(vec!["/"]));
[INFO] [stdout]    |     ^^^^^^ ambiguous name
[INFO] [stdout]    |
[INFO] [stdout]    = note: ambiguous because of multiple glob imports of a name in the same module
[INFO] [stdout] note: `expect` could refer to the macro imported here
[INFO] [stdout]   --> src/tests.rs:2:5
[INFO] [stdout]    |
[INFO] [stdout] 2  | use chrono::*;
[INFO] [stdout]    |     ^^^^^^^^^
[INFO] [stdout]    = help: consider adding an explicit import of `expect` to disambiguate
[INFO] [stdout] note: `expect` could also refer to the macro imported here
[INFO] [stdout]   --> src/tests.rs:3:5
[INFO] [stdout]    |
[INFO] [stdout] 3  | use expectest::prelude::*;
[INFO] [stdout]    |     ^^^^^^^^^^^^^^^^^^^^^
[INFO] [stdout]    = help: consider adding an explicit import of `expect` to disambiguate
[INFO] [stdout] 
[INFO] [stdout] 
[INFO] [stdout] error[E0659]: `expect` is ambiguous
[INFO] [stdout]   --> src/tests.rs:41:5
[INFO] [stdout]    |
[INFO] [stdout] 41 |     expect!(dispatcher.match_paths(&resource("/"))).to(be_equal_to(vec!["/"]));
[INFO] [stdout]    |     ^^^^^^ ambiguous name
[INFO] [stdout]    |
[INFO] [stdout]    = note: ambiguous because of multiple glob imports of a name in the same module
[INFO] [stdout] note: `expect` could refer to the macro imported here
[INFO] [stdout]   --> src/tests.rs:2:5
[INFO] [stdout]    |
[INFO] [stdout] 2  | use chrono::*;
[INFO] [stdout]    |     ^^^^^^^^^
[INFO] [stdout]    = help: consider adding an explicit import of `expect` to disambiguate
[INFO] [stdout] note: `expect` could also refer to the macro imported here
[INFO] [stdout]   --> src/tests.rs:3:5
[INFO] [stdout]    |
[INFO] [stdout] 3  | use expectest::prelude::*;
[INFO] [stdout]    |     ^^^^^^^^^^^^^^^^^^^^^
[INFO] [stdout]    = help: consider adding an explicit import of `expect` to disambiguate
[INFO] [stdout] 
[INFO] [stdout] 
[INFO] [stdout] error[E0659]: `expect` is ambiguous
[INFO] [stdout]   --> src/tests.rs:46:5
[INFO] [stdout]    |
[INFO] [stdout] 46 |     expect!(sanitise_path(&"/".to_string()).iter()).to(be_empty());
[INFO] [stdout]    |     ^^^^^^ ambiguous name
[INFO] [stdout]    |
[INFO] [stdout]    = note: ambiguous because of multiple glob imports of a name in the same module
[INFO] [stdout] note: `expect` could refer to the macro imported here
[INFO] [stdout]   --> src/tests.rs:2:5
[INFO] [stdout]    |
[INFO] [stdout] 2  | use chrono::*;
[INFO] [stdout]    |     ^^^^^^^^^
[INFO] [stdout]    = help: consider adding an explicit import of `expect` to disambiguate
[INFO] [stdout] note: `expect` could also refer to the macro imported here
[INFO] [stdout]   --> src/tests.rs:3:5
[INFO] [stdout]    |
[INFO] [stdout] 3  | use expectest::prelude::*;
[INFO] [stdout]    |     ^^^^^^^^^^^^^^^^^^^^^
[INFO] [stdout]    = help: consider adding an explicit import of `expect` to disambiguate
[INFO] [stdout] 
[INFO] [stdout] 
[INFO] [stdout] error[E0659]: `expect` is ambiguous
[INFO] [stdout]   --> src/tests.rs:47:5
[INFO] [stdout]    |
[INFO] [stdout] 47 |     expect!(sanitise_path(&"//".to_string()).iter()).to(be_empty());
[INFO] [stdout]    |     ^^^^^^ ambiguous name
[INFO] [stdout]    |
[INFO] [stdout]    = note: ambiguous because of multiple glob imports of a name in the same module
[INFO] [stdout] note: `expect` could refer to the macro imported here
[INFO] [stdout]   --> src/tests.rs:2:5
[INFO] [stdout]    |
[INFO] [stdout] 2  | use chrono::*;
[INFO] [stdout]    |     ^^^^^^^^^
[INFO] [stdout]    = help: consider adding an explicit import of `expect` to disambiguate
[INFO] [stdout] note: `expect` could also refer to the macro imported here
[INFO] [stdout]   --> src/tests.rs:3:5
[INFO] [stdout]    |
[INFO] [stdout] 3  | use expectest::prelude::*;
[INFO] [stdout]    |     ^^^^^^^^^^^^^^^^^^^^^
[INFO] [stdout]    = help: consider adding an explicit import of `expect` to disambiguate
[INFO] [stdout] 
[INFO] [stdout] 
[INFO] [stdout] error[E0659]: `expect` is ambiguous
[INFO] [stdout]   --> src/tests.rs:48:5
[INFO] [stdout]    |
[INFO] [stdout] 48 |     expect!(sanitise_path(&"/a/b/c".to_string())).to(be_equal_to(vec!["a", "b", "c"]));
[INFO] [stdout]    |     ^^^^^^ ambiguous name
[INFO] [stdout]    |
[INFO] [stdout]    = note: ambiguous because of multiple glob imports of a name in the same module
[INFO] [stdout] note: `expect` could refer to the macro imported here
[INFO] [stdout]   --> src/tests.rs:2:5
[INFO] [stdout]    |
[INFO] [stdout] 2  | use chrono::*;
[INFO] [stdout]    |     ^^^^^^^^^
[INFO] [stdout]    = help: consider adding an explicit import of `expect` to disambiguate
[INFO] [stdout] note: `expect` could also refer to the macro imported here
[INFO] [stdout]   --> src/tests.rs:3:5
[INFO] [stdout]    |
[INFO] [stdout] 3  | use expectest::prelude::*;
[INFO] [stdout]    |     ^^^^^^^^^^^^^^^^^^^^^
[INFO] [stdout]    = help: consider adding an explicit import of `expect` to disambiguate
[INFO] [stdout] 
[INFO] [stdout] 
[INFO] [stdout] error[E0659]: `expect` is ambiguous
[INFO] [stdout]   --> src/tests.rs:49:5
[INFO] [stdout]    |
[INFO] [stdout] 49 |     expect!(sanitise_path(&"/a/b/c/".to_string())).to(be_equal_to(vec!["a", "b", "c"]));
[INFO] [stdout]    |     ^^^^^^ ambiguous name
[INFO] [stdout]    |
[INFO] [stdout]    = note: ambiguous because of multiple glob imports of a name in the same module
[INFO] [stdout] note: `expect` could refer to the macro imported here
[INFO] [stdout]   --> src/tests.rs:2:5
[INFO] [stdout]    |
[INFO] [stdout] 2  | use chrono::*;
[INFO] [stdout]    |     ^^^^^^^^^
[INFO] [stdout]    = help: consider adding an explicit import of `expect` to disambiguate
[INFO] [stdout] note: `expect` could also refer to the macro imported here
[INFO] [stdout]   --> src/tests.rs:3:5
[INFO] [stdout]    |
[INFO] [stdout] 3  | use expectest::prelude::*;
[INFO] [stdout]    |     ^^^^^^^^^^^^^^^^^^^^^
[INFO] [stdout]    = help: consider adding an explicit import of `expect` to disambiguate
[INFO] [stdout] 
[INFO] [stdout] 
[INFO] [stdout] error[E0659]: `expect` is ambiguous
[INFO] [stdout]   --> src/tests.rs:50:5
[INFO] [stdout]    |
[INFO] [stdout] 50 |     expect!(sanitise_path(&"/a//b/c".to_string())).to(be_equal_to(vec!["a", "b", "c"]));
[INFO] [stdout]    |     ^^^^^^ ambiguous name
[INFO] [stdout]    |
[INFO] [stdout]    = note: ambiguous because of multiple glob imports of a name in the same module
[INFO] [stdout] note: `expect` could refer to the macro imported here
[INFO] [stdout]   --> src/tests.rs:2:5
[INFO] [stdout]    |
[INFO] [stdout] 2  | use chrono::*;
[INFO] [stdout]    |     ^^^^^^^^^
[INFO] [stdout]    = help: consider adding an explicit import of `expect` to disambiguate
[INFO] [stdout] note: `expect` could also refer to the macro imported here
[INFO] [stdout]   --> src/tests.rs:3:5
[INFO] [stdout]    |
[INFO] [stdout] 3  | use expectest::prelude::*;
[INFO] [stdout]    |     ^^^^^^^^^^^^^^^^^^^^^
[INFO] [stdout]    = help: consider adding an explicit import of `expect` to disambiguate
[INFO] [stdout] 
[INFO] [stdout] 
[INFO] [stdout] error[E0659]: `expect` is ambiguous
[INFO] [stdout]    --> src/tests.rs:949:5
[INFO] [stdout]     |
[INFO] [stdout] 949 |     expect!(join_paths(&Vec::new(), &Vec::new())).to(be_equal_to("/".to_string()));
[INFO] [stdout]     |     ^^^^^^ ambiguous name
[INFO] [stdout]     |
[INFO] [stdout]     = note: ambiguous because of multiple glob imports of a name in the same module
[INFO] [stdout] note: `expect` could refer to the macro imported here
[INFO] [stdout]    --> src/tests.rs:2:5
[INFO] [stdout]     |
[INFO] [stdout] 2   | use chrono::*;
[INFO] [stdout]     |     ^^^^^^^^^
[INFO] [stdout]     = help: consider adding an explicit import of `expect` to disambiguate
[INFO] [stdout] note: `expect` could also refer to the macro imported here
[INFO] [stdout]    --> src/tests.rs:3:5
[INFO] [stdout]     |
[INFO] [stdout] 3   | use expectest::prelude::*;
[INFO] [stdout]     |     ^^^^^^^^^^^^^^^^^^^^^
[INFO] [stdout]     = help: consider adding an explicit import of `expect` to disambiguate
[INFO] [stdout] 
[INFO] [stdout] 
[INFO] [stdout] error[E0659]: `expect` is ambiguous
[INFO] [stdout]    --> src/tests.rs:950:5
[INFO] [stdout]     |
[INFO] [stdout] 950 |     expect!(join_paths(&vec!["".to_string()], &Vec::new())).to(be_equal_to("/".to_string()));
[INFO] [stdout]     |     ^^^^^^ ambiguous name
[INFO] [stdout]     |
[INFO] [stdout]     = note: ambiguous because of multiple glob imports of a name in the same module
[INFO] [stdout] note: `expect` could refer to the macro imported here
[INFO] [stdout]    --> src/tests.rs:2:5
[INFO] [stdout]     |
[INFO] [stdout] 2   | use chrono::*;
[INFO] [stdout]     |     ^^^^^^^^^
[INFO] [stdout]     = help: consider adding an explicit import of `expect` to disambiguate
[INFO] [stdout] note: `expect` could also refer to the macro imported here
[INFO] [stdout]    --> src/tests.rs:3:5
[INFO] [stdout]     |
[INFO] [stdout] 3   | use expectest::prelude::*;
[INFO] [stdout]     |     ^^^^^^^^^^^^^^^^^^^^^
[INFO] [stdout]     = help: consider adding an explicit import of `expect` to disambiguate
[INFO] [stdout] 
[INFO] [stdout] 
[INFO] [stdout] error[E0659]: `expect` is ambiguous
[INFO] [stdout]    --> src/tests.rs:951:5
[INFO] [stdout]     |
[INFO] [stdout] 951 |     expect!(join_paths(&Vec::new(), &vec!["".to_string()])).to(be_equal_to("/".to_string()));
[INFO] [stdout]     |     ^^^^^^ ambiguous name
[INFO] [stdout]     |
[INFO] [stdout]     = note: ambiguous because of multiple glob imports of a name in the same module
[INFO] [stdout] note: `expect` could refer to the macro imported here
[INFO] [stdout]    --> src/tests.rs:2:5
[INFO] [stdout]     |
[INFO] [stdout] 2   | use chrono::*;
[INFO] [stdout]     |     ^^^^^^^^^
[INFO] [stdout]     = help: consider adding an explicit import of `expect` to disambiguate
[INFO] [stdout] note: `expect` could also refer to the macro imported here
[INFO] [stdout]    --> src/tests.rs:3:5
[INFO] [stdout]     |
[INFO] [stdout] 3   | use expectest::prelude::*;
[INFO] [stdout]     |     ^^^^^^^^^^^^^^^^^^^^^
[INFO] [stdout]     = help: consider adding an explicit import of `expect` to disambiguate
[INFO] [stdout] 
[INFO] [stdout] 
[INFO] [stdout] error[E0659]: `expect` is ambiguous
[INFO] [stdout]    --> src/tests.rs:952:5
[INFO] [stdout]     |
[INFO] [stdout] 952 |     expect!(join_paths(
[INFO] [stdout]     |     ^^^^^^ ambiguous name
[INFO] [stdout]     |
[INFO] [stdout]     = note: ambiguous because of multiple glob imports of a name in the same module
[INFO] [stdout] note: `expect` could refer to the macro imported here
[INFO] [stdout]    --> src/tests.rs:2:5
[INFO] [stdout]     |
[INFO] [stdout] 2   | use chrono::*;
[INFO] [stdout]     |     ^^^^^^^^^
[INFO] [stdout]     = help: consider adding an explicit import of `expect` to disambiguate
[INFO] [stdout] note: `expect` could also refer to the macro imported here
[INFO] [stdout]    --> src/tests.rs:3:5
[INFO] [stdout]     |
[INFO] [stdout] 3   | use expectest::prelude::*;
[INFO] [stdout]     |     ^^^^^^^^^^^^^^^^^^^^^
[INFO] [stdout]     = help: consider adding an explicit import of `expect` to disambiguate
[INFO] [stdout] 
[INFO] [stdout] 
[INFO] [stdout] error[E0659]: `expect` is ambiguous
[INFO] [stdout]    --> src/tests.rs:957:5
[INFO] [stdout]     |
[INFO] [stdout] 957 |     expect!(join_paths(
[INFO] [stdout]     |     ^^^^^^ ambiguous name
[INFO] [stdout]     |
[INFO] [stdout]     = note: ambiguous because of multiple glob imports of a name in the same module
[INFO] [stdout] note: `expect` could refer to the macro imported here
[INFO] [stdout]    --> src/tests.rs:2:5
[INFO] [stdout]     |
[INFO] [stdout] 2   | use chrono::*;
[INFO] [stdout]     |     ^^^^^^^^^
[INFO] [stdout]     = help: consider adding an explicit import of `expect` to disambiguate
[INFO] [stdout] note: `expect` could also refer to the macro imported here
[INFO] [stdout]    --> src/tests.rs:3:5
[INFO] [stdout]     |
[INFO] [stdout] 3   | use expectest::prelude::*;
[INFO] [stdout]     |     ^^^^^^^^^^^^^^^^^^^^^
[INFO] [stdout]     = help: consider adding an explicit import of `expect` to disambiguate
[INFO] [stdout] 
[INFO] [stdout] 
[INFO] [stdout] error[E0659]: `expect` is ambiguous
[INFO] [stdout]    --> src/tests.rs:962:5
[INFO] [stdout]     |
[INFO] [stdout] 962 |     expect!(join_paths(
[INFO] [stdout]     |     ^^^^^^ ambiguous name
[INFO] [stdout]     |
[INFO] [stdout]     = note: ambiguous because of multiple glob imports of a name in the same module
[INFO] [stdout] note: `expect` could refer to the macro imported here
[INFO] [stdout]    --> src/tests.rs:2:5
[INFO] [stdout]     |
[INFO] [stdout] 2   | use chrono::*;
[INFO] [stdout]     |     ^^^^^^^^^
[INFO] [stdout]     = help: consider adding an explicit import of `expect` to disambiguate
[INFO] [stdout] note: `expect` could also refer to the macro imported here
[INFO] [stdout]    --> src/tests.rs:3:5
[INFO] [stdout]     |
[INFO] [stdout] 3   | use expectest::prelude::*;
[INFO] [stdout]     |     ^^^^^^^^^^^^^^^^^^^^^
[INFO] [stdout]     = help: consider adding an explicit import of `expect` to disambiguate
[INFO] [stdout] 
[INFO] [stdout] 
[INFO] [stdout] error[E0659]: `expect` is ambiguous
[INFO] [stdout]    --> src/tests.rs:967:5
[INFO] [stdout]     |
[INFO] [stdout] 967 |     expect!(join_paths(
[INFO] [stdout]     |     ^^^^^^ ambiguous name
[INFO] [stdout]     |
[INFO] [stdout]     = note: ambiguous because of multiple glob imports of a name in the same module
[INFO] [stdout] note: `expect` could refer to the macro imported here
[INFO] [stdout]    --> src/tests.rs:2:5
[INFO] [stdout]     |
[INFO] [stdout] 2   | use chrono::*;
[INFO] [stdout]     |     ^^^^^^^^^
[INFO] [stdout]     = help: consider adding an explicit import of `expect` to disambiguate
[INFO] [stdout] note: `expect` could also refer to the macro imported here
[INFO] [stdout]    --> src/tests.rs:3:5
[INFO] [stdout]     |
[INFO] [stdout] 3   | use expectest::prelude::*;
[INFO] [stdout]     |     ^^^^^^^^^^^^^^^^^^^^^
[INFO] [stdout]     = help: consider adding an explicit import of `expect` to disambiguate
[INFO] [stdout] 
[INFO] [stdout] 
[INFO] [stdout] error[E0659]: `expect` is ambiguous
[INFO] [stdout]     --> src/tests.rs:1256:5
[INFO] [stdout]      |
[INFO] [stdout] 1256 |     expect!(parse_query(&query)).to(be_equal_to(expected));
[INFO] [stdout]      |     ^^^^^^ ambiguous name
[INFO] [stdout]      |
[INFO] [stdout]      = note: ambiguous because of multiple glob imports of a name in the same module
[INFO] [stdout] note: `expect` could refer to the macro imported here
[INFO] [stdout]     --> src/tests.rs:2:5
[INFO] [stdout]      |
[INFO] [stdout] 2    | use chrono::*;
[INFO] [stdout]      |     ^^^^^^^^^
[INFO] [stdout]      = help: consider adding an explicit import of `expect` to disambiguate
[INFO] [stdout] note: `expect` could also refer to the macro imported here
[INFO] [stdout]     --> src/tests.rs:3:5
[INFO] [stdout]      |
[INFO] [stdout] 3    | use expectest::prelude::*;
[INFO] [stdout]      |     ^^^^^^^^^^^^^^^^^^^^^
[INFO] [stdout]      = help: consider adding an explicit import of `expect` to disambiguate
[INFO] [stdout] 
[INFO] [stdout] 
[INFO] [stdout] error[E0659]: `expect` is ambiguous
[INFO] [stdout]     --> src/tests.rs:1262:5
[INFO] [stdout]      |
[INFO] [stdout] 1262 |     expect!(parse_query(&query)).to(be_equal_to(hashmap! {}));
[INFO] [stdout]      |     ^^^^^^ ambiguous name
[INFO] [stdout]      |
[INFO] [stdout]      = note: ambiguous because of multiple glob imports of a name in the same module
[INFO] [stdout] note: `expect` could refer to the macro imported here
[INFO] [stdout]     --> src/tests.rs:2:5
[INFO] [stdout]      |
[INFO] [stdout] 2    | use chrono::*;
[INFO] [stdout]      |     ^^^^^^^^^
[INFO] [stdout]      = help: consider adding an explicit import of `expect` to disambiguate
[INFO] [stdout] note: `expect` could also refer to the macro imported here
[INFO] [stdout]     --> src/tests.rs:3:5
[INFO] [stdout]      |
[INFO] [stdout] 3    | use expectest::prelude::*;
[INFO] [stdout]      |     ^^^^^^^^^^^^^^^^^^^^^
[INFO] [stdout]      = help: consider adding an explicit import of `expect` to disambiguate
[INFO] [stdout] 
[INFO] [stdout] 
[INFO] [stdout] error[E0659]: `expect` is ambiguous
[INFO] [stdout]     --> src/tests.rs:1272:5
[INFO] [stdout]      |
[INFO] [stdout] 1272 |     expect!(parse_query(&query)).to(be_equal_to(expected));
[INFO] [stdout]      |     ^^^^^^ ambiguous name
[INFO] [stdout]      |
[INFO] [stdout]      = note: ambiguous because of multiple glob imports of a name in the same module
[INFO] [stdout] note: `expect` could refer to the macro imported here
[INFO] [stdout]     --> src/tests.rs:2:5
[INFO] [stdout]      |
[INFO] [stdout] 2    | use chrono::*;
[INFO] [stdout]      |     ^^^^^^^^^
[INFO] [stdout]      = help: consider adding an explicit import of `expect` to disambiguate
[INFO] [stdout] note: `expect` could also refer to the macro imported here
[INFO] [stdout]     --> src/tests.rs:3:5
[INFO] [stdout]      |
[INFO] [stdout] 3    | use expectest::prelude::*;
[INFO] [stdout]      |     ^^^^^^^^^^^^^^^^^^^^^
[INFO] [stdout]      = help: consider adding an explicit import of `expect` to disambiguate
[INFO] [stdout] 
[INFO] [stdout] 
[INFO] [stdout] error[E0659]: `expect` is ambiguous
[INFO] [stdout]     --> src/tests.rs:1282:5
[INFO] [stdout]      |
[INFO] [stdout] 1282 |     expect!(parse_query(&query)).to(be_equal_to(expected));
[INFO] [stdout]      |     ^^^^^^ ambiguous name
[INFO] [stdout]      |
[INFO] [stdout]      = note: ambiguous because of multiple glob imports of a name in the same module
[INFO] [stdout] note: `expect` could refer to the macro imported here
[INFO] [stdout]     --> src/tests.rs:2:5
[INFO] [stdout]      |
[INFO] [stdout] 2    | use chrono::*;
[INFO] [stdout]      |     ^^^^^^^^^
[INFO] [stdout]      = help: consider adding an explicit import of `expect` to disambiguate
[INFO] [stdout] note: `expect` could also refer to the macro imported here
[INFO] [stdout]     --> src/tests.rs:3:5
[INFO] [stdout]      |
[INFO] [stdout] 3    | use expectest::prelude::*;
[INFO] [stdout]      |     ^^^^^^^^^^^^^^^^^^^^^
[INFO] [stdout]      = help: consider adding an explicit import of `expect` to disambiguate
[INFO] [stdout] 
[INFO] [stdout] 
[INFO] [stdout] error[E0659]: `expect` is ambiguous
[INFO] [stdout]     --> src/tests.rs:1291:5
[INFO] [stdout]      |
[INFO] [stdout] 1291 |     expect!(parse_query(&query)).to(be_equal_to(expected));
[INFO] [stdout]      |     ^^^^^^ ambiguous name
[INFO] [stdout]      |
[INFO] [stdout]      = note: ambiguous because of multiple glob imports of a name in the same module
[INFO] [stdout] note: `expect` could refer to the macro imported here
[INFO] [stdout]     --> src/tests.rs:2:5
[INFO] [stdout]      |
[INFO] [stdout] 2    | use chrono::*;
[INFO] [stdout]      |     ^^^^^^^^^
[INFO] [stdout]      = help: consider adding an explicit import of `expect` to disambiguate
[INFO] [stdout] note: `expect` could also refer to the macro imported here
[INFO] [stdout]     --> src/tests.rs:3:5
[INFO] [stdout]      |
[INFO] [stdout] 3    | use expectest::prelude::*;
[INFO] [stdout]      |     ^^^^^^^^^^^^^^^^^^^^^
[INFO] [stdout]      = help: consider adding an explicit import of `expect` to disambiguate
[INFO] [stdout] 
[INFO] [stdout] 
[INFO] [stdout] warning: use of deprecated associated function `chrono::FixedOffset::east`: use `east_opt()` instead
[INFO] [stdout]    --> src/tests.rs:771:61
[INFO] [stdout]     |
[INFO] [stdout] 771 |     let datetime = Local::now().with_timezone(&FixedOffset::east(10 * 3600));
[INFO] [stdout]     |                                                             ^^^^
[INFO] [stdout]     |
[INFO] [stdout]     = note: `#[warn(deprecated)]` on by default
[INFO] [stdout] 
[INFO] [stdout] 
[INFO] [stdout] warning: use of deprecated associated function `chrono::FixedOffset::east`: use `east_opt()` instead
[INFO] [stdout]    --> src/tests.rs:785:76
[INFO] [stdout]     |
[INFO] [stdout] 785 |             Box::pin(async { Some(Local::now().with_timezone(&FixedOffset::east(10 * 3600))) })
[INFO] [stdout]     |                                                                            ^^^^
[INFO] [stdout] 
[INFO] [stdout] 
[INFO] [stdout] warning: use of deprecated associated function `chrono::FixedOffset::east`: use `east_opt()` instead
[INFO] [stdout]    --> src/tests.rs:882:50
[INFO] [stdout]     |
[INFO] [stdout] 882 |         Local::now().with_timezone(&FixedOffset::east(10 * 3600)) - Duration::minutes(15);
[INFO] [stdout]     |                                                  ^^^^
[INFO] [stdout] 
[INFO] [stdout] 
[INFO] [stdout] warning: use of deprecated associated function `chrono::FixedOffset::east`: use `east_opt()` instead
[INFO] [stdout]    --> src/tests.rs:898:62
[INFO] [stdout]     |
[INFO] [stdout] 898 |                     Local::now().with_timezone(&FixedOffset::east(10 * 3600))
[INFO] [stdout]     |                                                              ^^^^
[INFO] [stdout] 
[INFO] [stdout] 
[INFO] [stdout] error: aborting due to 48 previous errors; 4 warnings emitted
[INFO] [stdout] 
[INFO] [stdout] 
[INFO] [stdout] For more information about this error, try `rustc --explain E0659`.
[INFO] [stdout] 
[INFO] [stderr] error: could not compile `ux-webmachine` (lib test) due to 49 previous errors; 4 warnings emitted
[INFO] [stderr] warning: build failed, waiting for other jobs to finish...
[INFO] running `Command { std: "docker" "inspect" "5f1df79a876010cbff68bff12a1732623fb638c9f54a95ee590daf1d8c2f7195", kill_on_drop: false }`
[INFO] running `Command { std: "docker" "rm" "-f" "5f1df79a876010cbff68bff12a1732623fb638c9f54a95ee590daf1d8c2f7195", kill_on_drop: false }`
[INFO] [stdout] 5f1df79a876010cbff68bff12a1732623fb638c9f54a95ee590daf1d8c2f7195
