[INFO] fetching crate uwebsockets_rs 0.0.11...
[INFO] testing uwebsockets_rs-0.0.11 against 1.75.0 for beta-1.76-1
[INFO] extracting crate uwebsockets_rs 0.0.11 into /workspace/builds/worker-6-tc1/source
[INFO] validating manifest of crates.io crate uwebsockets_rs 0.0.11 on toolchain 1.75.0
[INFO] running `Command { std: CARGO_HOME="/workspace/cargo-home" RUSTUP_HOME="/workspace/rustup-home" "/workspace/cargo-home/bin/cargo" "+1.75.0" "metadata" "--manifest-path" "Cargo.toml" "--no-deps", kill_on_drop: false }`
[INFO] started tweaking crates.io crate uwebsockets_rs 0.0.11
[INFO] finished tweaking crates.io crate uwebsockets_rs 0.0.11
[INFO] tweaked toml for crates.io crate uwebsockets_rs 0.0.11 written to /workspace/builds/worker-6-tc1/source/Cargo.toml
[INFO] crate crates.io crate uwebsockets_rs 0.0.11 already has a lockfile, it will not be regenerated
[INFO] running `Command { std: CARGO_HOME="/workspace/cargo-home" RUSTUP_HOME="/workspace/rustup-home" "/workspace/cargo-home/bin/cargo" "+1.75.0" "fetch" "--manifest-path" "Cargo.toml", kill_on_drop: false }`
[INFO] [stderr]     Updating crates.io index
[INFO] [stderr]  Downloading crates ...
[INFO] [stderr]   Downloaded libuwebsockets-sys v0.0.9
[INFO] running `Command { std: "docker" "create" "-v" "/var/lib/crater-agent-workspace/builds/worker-6-tc1/target:/opt/rustwide/target:rw,Z" "-v" "/var/lib/crater-agent-workspace/builds/worker-6-tc1/source:/opt/rustwide/workdir:ro,Z" "-v" "/var/lib/crater-agent-workspace/cargo-home:/opt/rustwide/cargo-home:ro,Z" "-v" "/var/lib/crater-agent-workspace/rustup-home:/opt/rustwide/rustup-home:ro,Z" "-e" "SOURCE_DIR=/opt/rustwide/workdir" "-e" "CARGO_TARGET_DIR=/opt/rustwide/target" "-e" "CARGO_HOME=/opt/rustwide/cargo-home" "-e" "RUSTUP_HOME=/opt/rustwide/rustup-home" "-w" "/opt/rustwide/workdir" "-m" "1610612736" "--user" "0:0" "--network" "none" "ghcr.io/rust-lang/crates-build-env/linux@sha256:2788e3201cd34a07e3172128adcd8b3090168a8e3bcc40d7c032b9dda1df7d1c" "/opt/rustwide/cargo-home/bin/cargo" "+1.75.0" "metadata" "--no-deps" "--format-version=1", kill_on_drop: false }`
[INFO] [stdout] 67fe946ae61d6d51dab9eea572e1cba2edc2222d7766c13fce67134053e99245
[INFO] running `Command { std: "docker" "start" "-a" "67fe946ae61d6d51dab9eea572e1cba2edc2222d7766c13fce67134053e99245", kill_on_drop: false }`
[INFO] running `Command { std: "docker" "inspect" "67fe946ae61d6d51dab9eea572e1cba2edc2222d7766c13fce67134053e99245", kill_on_drop: false }`
[INFO] running `Command { std: "docker" "rm" "-f" "67fe946ae61d6d51dab9eea572e1cba2edc2222d7766c13fce67134053e99245", kill_on_drop: false }`
[INFO] [stdout] 67fe946ae61d6d51dab9eea572e1cba2edc2222d7766c13fce67134053e99245
[INFO] running `Command { std: "docker" "create" "-v" "/var/lib/crater-agent-workspace/builds/worker-6-tc1/target:/opt/rustwide/target:rw,Z" "-v" "/var/lib/crater-agent-workspace/builds/worker-6-tc1/source:/opt/rustwide/workdir:ro,Z" "-v" "/var/lib/crater-agent-workspace/cargo-home:/opt/rustwide/cargo-home:ro,Z" "-v" "/var/lib/crater-agent-workspace/rustup-home:/opt/rustwide/rustup-home:ro,Z" "-e" "SOURCE_DIR=/opt/rustwide/workdir" "-e" "CARGO_TARGET_DIR=/opt/rustwide/target" "-e" "CARGO_INCREMENTAL=0" "-e" "RUST_BACKTRACE=full" "-e" "RUSTFLAGS=--cap-lints=warn" "-e" "RUSTDOCFLAGS=--cap-lints=warn" "-e" "CARGO_HOME=/opt/rustwide/cargo-home" "-e" "RUSTUP_HOME=/opt/rustwide/rustup-home" "-w" "/opt/rustwide/workdir" "-m" "1610612736" "--user" "0:0" "--network" "none" "ghcr.io/rust-lang/crates-build-env/linux@sha256:2788e3201cd34a07e3172128adcd8b3090168a8e3bcc40d7c032b9dda1df7d1c" "/opt/rustwide/cargo-home/bin/cargo" "+1.75.0" "build" "--frozen" "--message-format=json", kill_on_drop: false }`
[INFO] [stdout] 643683c92736b8f0ffa32b21e0930b335fbe8f67875c24fd892c1b9a33db449e
[INFO] running `Command { std: "docker" "start" "-a" "643683c92736b8f0ffa32b21e0930b335fbe8f67875c24fd892c1b9a33db449e", kill_on_drop: false }`
[INFO] [stderr]    Compiling proc-macro2 v1.0.69
[INFO] [stderr]    Compiling libc v0.2.144
[INFO] [stderr]    Compiling memchr v2.5.0
[INFO] [stderr]    Compiling unicode-ident v1.0.8
[INFO] [stderr]    Compiling prettyplease v0.2.15
[INFO] [stderr]    Compiling minimal-lexical v0.2.1
[INFO] [stderr]    Compiling clang-sys v1.6.1
[INFO] [stderr]    Compiling log v0.4.17
[INFO] [stderr]    Compiling libloading v0.7.4
[INFO] [stderr]    Compiling bindgen v0.68.1
[INFO] [stderr]    Compiling either v1.8.1
[INFO] [stderr]    Compiling regex-syntax v0.7.1
[INFO] [stderr]    Compiling peeking_take_while v0.1.2
[INFO] [stderr]    Compiling rustc-hash v1.1.0
[INFO] [stderr]    Compiling shlex v1.1.0
[INFO] [stderr]    Compiling bitflags v2.4.1
[INFO] [stderr]    Compiling lazycell v1.3.0
[INFO] [stderr]    Compiling nom v7.1.3
[INFO] [stderr]    Compiling quote v1.0.33
[INFO] [stderr]    Compiling syn v2.0.38
[INFO] [stderr]    Compiling which v4.4.0
[INFO] [stderr]    Compiling regex v1.8.1
[INFO] [stderr]    Compiling cexpr v0.6.0
[INFO] [stderr]    Compiling libuwebsockets-sys v0.0.9
[INFO] [stderr] error: failed to run custom build command for `libuwebsockets-sys v0.0.9`
[INFO] [stderr] 
[INFO] [stderr] Caused by:
[INFO] [stderr]   process didn't exit successfully: `/opt/rustwide/target/debug/build/libuwebsockets-sys-5594051b0ab6d0d6/build-script-build` (exit status: 101)
[INFO] [stderr]   --- stdout
[INFO] [stderr]   cargo:rerun-if-env-changed=TARGET
[INFO] [stderr]   cargo:rerun-if-env-changed=BINDGEN_EXTRA_CLANG_ARGS_x86_64-unknown-linux-gnu
[INFO] [stderr]   cargo:rerun-if-env-changed=BINDGEN_EXTRA_CLANG_ARGS_x86_64_unknown_linux_gnu
[INFO] [stderr]   cargo:rerun-if-env-changed=BINDGEN_EXTRA_CLANG_ARGS
[INFO] [stderr]   cargo:rerun-if-changed=/usr/lib/llvm-14/lib/clang/14.0.0/include/stddef.h
[INFO] [stderr]   cargo:rerun-if-changed=/usr/lib/llvm-14/lib/clang/14.0.0/include/__stddef_max_align_t.h
[INFO] [stderr]   cargo:rerun-if-changed=/usr/lib/llvm-14/lib/clang/14.0.0/include/stdbool.h
[INFO] [stderr]   cargo:rerun-if-changed=/usr/lib/llvm-14/lib/clang/14.0.0/include/stdint.h
[INFO] [stderr]   cargo:rerun-if-changed=/usr/include/stdint.h
[INFO] [stderr]   cargo:rerun-if-changed=/usr/include/x86_64-linux-gnu/bits/libc-header-start.h
[INFO] [stderr]   cargo:rerun-if-changed=/usr/include/features.h
[INFO] [stderr]   cargo:rerun-if-changed=/usr/include/features-time64.h
[INFO] [stderr]   cargo:rerun-if-changed=/usr/include/x86_64-linux-gnu/bits/wordsize.h
[INFO] [stderr]   cargo:rerun-if-changed=/usr/include/x86_64-linux-gnu/bits/timesize.h
[INFO] [stderr]   cargo:rerun-if-changed=/usr/include/x86_64-linux-gnu/bits/wordsize.h
[INFO] [stderr]   cargo:rerun-if-changed=/usr/include/stdc-predef.h
[INFO] [stderr]   cargo:rerun-if-changed=/usr/include/x86_64-linux-gnu/sys/cdefs.h
[INFO] [stderr]   cargo:rerun-if-changed=/usr/include/x86_64-linux-gnu/bits/wordsize.h
[INFO] [stderr]   cargo:rerun-if-changed=/usr/include/x86_64-linux-gnu/bits/long-double.h
[INFO] [stderr]   cargo:rerun-if-changed=/usr/include/x86_64-linux-gnu/gnu/stubs.h
[INFO] [stderr]   cargo:rerun-if-changed=/usr/include/x86_64-linux-gnu/gnu/stubs-64.h
[INFO] [stderr]   cargo:rerun-if-changed=/usr/include/x86_64-linux-gnu/bits/types.h
[INFO] [stderr]   cargo:rerun-if-changed=/usr/include/features.h
[INFO] [stderr]   cargo:rerun-if-changed=/usr/include/x86_64-linux-gnu/bits/wordsize.h
[INFO] [stderr]   cargo:rerun-if-changed=/usr/include/x86_64-linux-gnu/bits/timesize.h
[INFO] [stderr]   cargo:rerun-if-changed=/usr/include/x86_64-linux-gnu/bits/wordsize.h
[INFO] [stderr]   cargo:rerun-if-changed=/usr/include/x86_64-linux-gnu/bits/typesizes.h
[INFO] [stderr]   cargo:rerun-if-changed=/usr/include/x86_64-linux-gnu/bits/time64.h
[INFO] [stderr]   cargo:rerun-if-changed=/usr/include/x86_64-linux-gnu/bits/wchar.h
[INFO] [stderr]   cargo:rerun-if-changed=/usr/include/x86_64-linux-gnu/bits/wordsize.h
[INFO] [stderr]   cargo:rerun-if-changed=/usr/include/x86_64-linux-gnu/bits/stdint-intn.h
[INFO] [stderr]   cargo:rerun-if-changed=/usr/include/x86_64-linux-gnu/bits/types.h
[INFO] [stderr]   cargo:rerun-if-changed=/usr/include/x86_64-linux-gnu/bits/stdint-uintn.h
[INFO] [stderr]   cargo:rerun-if-changed=/usr/include/x86_64-linux-gnu/bits/types.h
[INFO] [stderr]   cargo:rerun-if-changed=/opt/rustwide/cargo-home/registry/src/index.crates.io-6f17d22bba15001f/libuwebsockets-sys-0.0.9/uWebSockets/uSockets/src/libusockets.h
[INFO] [stderr]   make clean
[INFO] [stderr]   make[1]: Entering directory '/opt/rustwide/cargo-home/registry/src/index.crates.io-6f17d22bba15001f/libuwebsockets-sys-0.0.9/uWebSockets/capi'
[INFO] [stderr]   rm -f *.o HelloWorld HelloWorldAsync ServerName UpgradeSync UpgradeAsync EchoServer Broadcast BroadcastEchoServer RustHelloWorld libuwebsockets.a libuwebsockets.so
[INFO] [stderr]   make[1]: Leaving directory '/opt/rustwide/cargo-home/registry/src/index.crates.io-6f17d22bba15001f/libuwebsockets-sys-0.0.9/uWebSockets/capi'
[INFO] [stderr]   cd ../uSockets && cc -pthread -DUWS_WITH_PROXY -DLIBUS_USE_OPENSSL -DLIBUS_USE_LIBUV -std=c11 -Isrc -flto -fPIC -O3 -c src/*.c src/eventing/*.c src/crypto/*.c
[INFO] [stderr] 
[INFO] [stderr]   --- stderr
[INFO] [stderr]   error: 'rustfmt' is not installed for the toolchain '1.75.0-x86_64-unknown-linux-gnu'
[INFO] [stderr]   To install, run `rustup component add rustfmt --toolchain 1.75.0-x86_64-unknown-linux-gnu`
[INFO] [stderr]   Failed to run rustfmt: Internal rustfmt error (non-fatal, continuing)
[INFO] [stderr]   In file included from src/internal/internal.h:41,
[INFO] [stderr]                    from src/bsd.c:23:
[INFO] [stderr]   src/internal/eventing/libuv.h:23:10: fatal error: uv.h: No such file or directory
[INFO] [stderr]      23 | #include <uv.h>
[INFO] [stderr]         |          ^~~~~~
[INFO] [stderr]   compilation terminated.
[INFO] [stderr]   In file included from src/internal/internal.h:41,
[INFO] [stderr]                    from src/context.c:21:
[INFO] [stderr]   src/internal/eventing/libuv.h:23:10: fatal error: uv.h: No such file or directory
[INFO] [stderr]      23 | #include <uv.h>
[INFO] [stderr]         |          ^~~~~~
[INFO] [stderr]   compilation terminated.
[INFO] [stderr]   In file included from src/internal/internal.h:41,
[INFO] [stderr]                    from src/loop.c:21:
[INFO] [stderr]   src/internal/eventing/libuv.h:23:10: fatal error: uv.h: No such file or directory
[INFO] [stderr]      23 | #include <uv.h>
[INFO] [stderr]         |          ^~~~~~
[INFO] [stderr]   compilation terminated.
[INFO] [stderr]   Assembler messages:
[INFO] [stderr]   Fatal error: can't create quic.o: Read-only file system
[INFO] [stderr]   In file included from src/internal/internal.h:41,
[INFO] [stderr]                    from src/socket.c:21:
[INFO] [stderr]   src/internal/eventing/libuv.h:23:10: fatal error: uv.h: No such file or directory
[INFO] [stderr]      23 | #include <uv.h>
[INFO] [stderr]         |          ^~~~~~
[INFO] [stderr]   compilation terminated.
[INFO] [stderr]   In file included from src/internal/internal.h:41,
[INFO] [stderr]                    from src/udp.c:21:
[INFO] [stderr]   src/internal/eventing/libuv.h:23:10: fatal error: uv.h: No such file or directory
[INFO] [stderr]      23 | #include <uv.h>
[INFO] [stderr]         |          ^~~~~~
[INFO] [stderr]   compilation terminated.
[INFO] [stderr]   In file included from src/internal/internal.h:41,
[INFO] [stderr]                    from src/eventing/epoll_kqueue.c:19:
[INFO] [stderr]   src/internal/eventing/libuv.h:23:10: fatal error: uv.h: No such file or directory
[INFO] [stderr]      23 | #include <uv.h>
[INFO] [stderr]         |          ^~~~~~
[INFO] [stderr]   compilation terminated.
[INFO] [stderr]   In file included from src/internal/internal.h:41,
[INFO] [stderr]                    from src/eventing/gcd.c:19:
[INFO] [stderr]   src/internal/eventing/libuv.h:23:10: fatal error: uv.h: No such file or directory
[INFO] [stderr]      23 | #include <uv.h>
[INFO] [stderr]         |          ^~~~~~
[INFO] [stderr]   compilation terminated.
[INFO] [stderr]   In file included from src/internal/internal.h:41,
[INFO] [stderr]                    from src/eventing/libuv.c:19:
[INFO] [stderr]   src/internal/eventing/libuv.h:23:10: fatal error: uv.h: No such file or directory
[INFO] [stderr]      23 | #include <uv.h>
[INFO] [stderr]         |          ^~~~~~
[INFO] [stderr]   compilation terminated.
[INFO] [stderr]   In file included from src/internal/internal.h:41,
[INFO] [stderr]                    from src/crypto/openssl.c:28:
[INFO] [stderr]   src/internal/eventing/libuv.h:23:10: fatal error: uv.h: No such file or directory
[INFO] [stderr]      23 | #include <uv.h>
[INFO] [stderr]         |          ^~~~~~
[INFO] [stderr]   compilation terminated.
[INFO] [stderr]   make: *** [Makefile:11: capi] Error 1
[INFO] [stderr]   thread 'main' panicked at /opt/rustwide/cargo-home/registry/src/index.crates.io-6f17d22bba15001f/libuwebsockets-sys-0.0.9/build.rs:48:7:
[INFO] [stderr]   Can't build UWS CAPI!
[INFO] [stderr]   stack backtrace:
[INFO] [stderr]      0:     0x5608678546ac - std::backtrace_rs::backtrace::libunwind::trace::ha637c64ce894333a
[INFO] [stderr]                                  at /rustc/82e1608dfa6e0b5569232559e3d385fea5a93112/library/std/src/../../backtrace/src/backtrace/libunwind.rs:104:5
[INFO] [stderr]      1:     0x5608678546ac - std::backtrace_rs::backtrace::trace_unsynchronized::h47f62dea28e0c88d
[INFO] [stderr]                                  at /rustc/82e1608dfa6e0b5569232559e3d385fea5a93112/library/std/src/../../backtrace/src/backtrace/mod.rs:66:5
[INFO] [stderr]      2:     0x5608678546ac - std::sys_common::backtrace::_print_fmt::h9eef0abe20ede486
[INFO] [stderr]                                  at /rustc/82e1608dfa6e0b5569232559e3d385fea5a93112/library/std/src/sys_common/backtrace.rs:67:5
[INFO] [stderr]      3:     0x5608678546ac - <std::sys_common::backtrace::_print::DisplayBacktrace as core::fmt::Display>::fmt::hed7f999df88cc644
[INFO] [stderr]                                  at /rustc/82e1608dfa6e0b5569232559e3d385fea5a93112/library/std/src/sys_common/backtrace.rs:44:22
[INFO] [stderr]      4:     0x56086787f820 - core::fmt::rt::Argument::fmt::h1539a9308b8d058d
[INFO] [stderr]                                  at /rustc/82e1608dfa6e0b5569232559e3d385fea5a93112/library/core/src/fmt/rt.rs:142:9
[INFO] [stderr]      5:     0x56086787f820 - core::fmt::write::h3a39390d8560d9c9
[INFO] [stderr]                                  at /rustc/82e1608dfa6e0b5569232559e3d385fea5a93112/library/core/src/fmt/mod.rs:1120:17
[INFO] [stderr]      6:     0x560867851b6f - std::io::Write::write_fmt::h5fc9997dfe05f882
[INFO] [stderr]                                  at /rustc/82e1608dfa6e0b5569232559e3d385fea5a93112/library/std/src/io/mod.rs:1762:15
[INFO] [stderr]      7:     0x560867854494 - std::sys_common::backtrace::_print::h894006fb5c6f3d45
[INFO] [stderr]                                  at /rustc/82e1608dfa6e0b5569232559e3d385fea5a93112/library/std/src/sys_common/backtrace.rs:47:5
[INFO] [stderr]      8:     0x560867854494 - std::sys_common::backtrace::print::h23a2d212c6fff936
[INFO] [stderr]                                  at /rustc/82e1608dfa6e0b5569232559e3d385fea5a93112/library/std/src/sys_common/backtrace.rs:34:9
[INFO] [stderr]      9:     0x560867855a97 - std::panicking::default_hook::{{closure}}::h8a1d2ee00185001a
[INFO] [stderr]     10:     0x5608678557ff - std::panicking::default_hook::h6038f2eba384e475
[INFO] [stderr]                                  at /rustc/82e1608dfa6e0b5569232559e3d385fea5a93112/library/std/src/panicking.rs:292:9
[INFO] [stderr]     11:     0x560867855f18 - std::panicking::rust_panic_with_hook::h2b5517d590cab22e
[INFO] [stderr]                                  at /rustc/82e1608dfa6e0b5569232559e3d385fea5a93112/library/std/src/panicking.rs:779:13
[INFO] [stderr]     12:     0x560867855dc9 - std::panicking::begin_panic_handler::{{closure}}::h233112c06e0ef43e
[INFO] [stderr]                                  at /rustc/82e1608dfa6e0b5569232559e3d385fea5a93112/library/std/src/panicking.rs:649:13
[INFO] [stderr]     13:     0x560867854b76 - std::sys_common::backtrace::__rust_end_short_backtrace::h6e893f24d7ebbff8
[INFO] [stderr]                                  at /rustc/82e1608dfa6e0b5569232559e3d385fea5a93112/library/std/src/sys_common/backtrace.rs:170:18
[INFO] [stderr]     14:     0x560867855b62 - rust_begin_unwind
[INFO] [stderr]                                  at /rustc/82e1608dfa6e0b5569232559e3d385fea5a93112/library/std/src/panicking.rs:645:5
[INFO] [stderr]     15:     0x56086723a4f5 - core::panicking::panic_fmt::hbf0e066aabfa482c
[INFO] [stderr]                                  at /rustc/82e1608dfa6e0b5569232559e3d385fea5a93112/library/core/src/panicking.rs:72:14
[INFO] [stderr]     16:     0x56086723f775 - build_script_build::main::hc59bdae57d79b93d
[INFO] [stderr]                                  at /opt/rustwide/cargo-home/registry/src/index.crates.io-6f17d22bba15001f/libuwebsockets-sys-0.0.9/build.rs:48:7
[INFO] [stderr]     17:     0x56086723c22b - core::ops::function::FnOnce::call_once::h01e687acb40766a1
[INFO] [stderr]                                  at /rustc/82e1608dfa6e0b5569232559e3d385fea5a93112/library/core/src/ops/function.rs:250:5
[INFO] [stderr]     18:     0x56086723ae9e - std::sys_common::backtrace::__rust_begin_short_backtrace::hcc0d95bdd207836a
[INFO] [stderr]                                  at /rustc/82e1608dfa6e0b5569232559e3d385fea5a93112/library/std/src/sys_common/backtrace.rs:154:18
[INFO] [stderr]     19:     0x56086723b951 - std::rt::lang_start::{{closure}}::h1eca7cde5e1f3e8d
[INFO] [stderr]                                  at /rustc/82e1608dfa6e0b5569232559e3d385fea5a93112/library/std/src/rt.rs:167:18
[INFO] [stderr]     20:     0x56086784d427 - core::ops::function::impls::<impl core::ops::function::FnOnce<A> for &F>::call_once::hd95060ecd5e1ca24
[INFO] [stderr]                                  at /rustc/82e1608dfa6e0b5569232559e3d385fea5a93112/library/core/src/ops/function.rs:284:13
[INFO] [stderr]     21:     0x56086784d427 - std::panicking::try::do_call::h6e8cf51db32a6e4b
[INFO] [stderr]                                  at /rustc/82e1608dfa6e0b5569232559e3d385fea5a93112/library/std/src/panicking.rs:552:40
[INFO] [stderr]     22:     0x56086784d427 - std::panicking::try::h3a52eefe24fe3c29
[INFO] [stderr]                                  at /rustc/82e1608dfa6e0b5569232559e3d385fea5a93112/library/std/src/panicking.rs:516:19
[INFO] [stderr]     23:     0x56086784d427 - std::panic::catch_unwind::h24c28c23c02c3841
[INFO] [stderr]                                  at /rustc/82e1608dfa6e0b5569232559e3d385fea5a93112/library/std/src/panic.rs:142:14
[INFO] [stderr]     24:     0x56086784d427 - std::rt::lang_start_internal::{{closure}}::h705d3c9cbc06ef47
[INFO] [stderr]                                  at /rustc/82e1608dfa6e0b5569232559e3d385fea5a93112/library/std/src/rt.rs:148:48
[INFO] [stderr]     25:     0x56086784d427 - std::panicking::try::do_call::ha21f52ba13158470
[INFO] [stderr]                                  at /rustc/82e1608dfa6e0b5569232559e3d385fea5a93112/library/std/src/panicking.rs:552:40
[INFO] [stderr]     26:     0x56086784d427 - std::panicking::try::h5581346bf6aeb1f8
[INFO] [stderr]                                  at /rustc/82e1608dfa6e0b5569232559e3d385fea5a93112/library/std/src/panicking.rs:516:19
[INFO] [stderr]     27:     0x56086784d427 - std::panic::catch_unwind::h7919645a6b72e25b
[INFO] [stderr]                                  at /rustc/82e1608dfa6e0b5569232559e3d385fea5a93112/library/std/src/panic.rs:142:14
[INFO] [stderr]     28:     0x56086784d427 - std::rt::lang_start_internal::h12de51168669836e
[INFO] [stderr]                                  at /rustc/82e1608dfa6e0b5569232559e3d385fea5a93112/library/std/src/rt.rs:148:20
[INFO] [stderr]     29:     0x56086723b92a - std::rt::lang_start::h381fd0c57a6beffc
[INFO] [stderr]                                  at /rustc/82e1608dfa6e0b5569232559e3d385fea5a93112/library/std/src/rt.rs:166:17
[INFO] [stderr]     30:     0x56086724171e - main
[INFO] [stderr]     31:     0x7f65ba5c1d90 - <unknown>
[INFO] [stderr]     32:     0x7f65ba5c1e40 - __libc_start_main
[INFO] [stderr]     33:     0x56086723adc5 - _start
[INFO] [stderr]     34:                0x0 - <unknown>
[INFO] running `Command { std: "docker" "inspect" "643683c92736b8f0ffa32b21e0930b335fbe8f67875c24fd892c1b9a33db449e", kill_on_drop: false }`
[INFO] running `Command { std: "docker" "rm" "-f" "643683c92736b8f0ffa32b21e0930b335fbe8f67875c24fd892c1b9a33db449e", kill_on_drop: false }`
[INFO] [stdout] 643683c92736b8f0ffa32b21e0930b335fbe8f67875c24fd892c1b9a33db449e
[INFO] testing uwebsockets_rs-0.0.11 against beta-2023-12-22 for beta-1.76-1
[INFO] extracting crate uwebsockets_rs 0.0.11 into /workspace/builds/worker-6-tc2/source
[INFO] validating manifest of crates.io crate uwebsockets_rs 0.0.11 on toolchain beta-2023-12-22
[INFO] running `Command { std: CARGO_HOME="/workspace/cargo-home" RUSTUP_HOME="/workspace/rustup-home" "/workspace/cargo-home/bin/cargo" "+beta-2023-12-22" "metadata" "--manifest-path" "Cargo.toml" "--no-deps", kill_on_drop: false }`
[INFO] started tweaking crates.io crate uwebsockets_rs 0.0.11
[INFO] finished tweaking crates.io crate uwebsockets_rs 0.0.11
[INFO] tweaked toml for crates.io crate uwebsockets_rs 0.0.11 written to /workspace/builds/worker-6-tc2/source/Cargo.toml
[INFO] crate crates.io crate uwebsockets_rs 0.0.11 already has a lockfile, it will not be regenerated
[INFO] running `Command { std: CARGO_HOME="/workspace/cargo-home" RUSTUP_HOME="/workspace/rustup-home" "/workspace/cargo-home/bin/cargo" "+beta-2023-12-22" "fetch" "--manifest-path" "Cargo.toml", kill_on_drop: false }`
[INFO] [stderr]     Blocking waiting for file lock on package cache
[INFO] running `Command { std: "docker" "create" "-v" "/var/lib/crater-agent-workspace/builds/worker-6-tc2/target:/opt/rustwide/target:rw,Z" "-v" "/var/lib/crater-agent-workspace/builds/worker-6-tc2/source:/opt/rustwide/workdir:ro,Z" "-v" "/var/lib/crater-agent-workspace/cargo-home:/opt/rustwide/cargo-home:ro,Z" "-v" "/var/lib/crater-agent-workspace/rustup-home:/opt/rustwide/rustup-home:ro,Z" "-e" "SOURCE_DIR=/opt/rustwide/workdir" "-e" "CARGO_TARGET_DIR=/opt/rustwide/target" "-e" "CARGO_HOME=/opt/rustwide/cargo-home" "-e" "RUSTUP_HOME=/opt/rustwide/rustup-home" "-w" "/opt/rustwide/workdir" "-m" "1610612736" "--user" "0:0" "--network" "none" "ghcr.io/rust-lang/crates-build-env/linux@sha256:2788e3201cd34a07e3172128adcd8b3090168a8e3bcc40d7c032b9dda1df7d1c" "/opt/rustwide/cargo-home/bin/cargo" "+beta-2023-12-22" "metadata" "--no-deps" "--format-version=1", kill_on_drop: false }`
[INFO] [stdout] 5d2baf8f4ef84006ecc86982b5e850d52e67bfb77f3bf3d1b298bdb7368642fd
[INFO] running `Command { std: "docker" "start" "-a" "5d2baf8f4ef84006ecc86982b5e850d52e67bfb77f3bf3d1b298bdb7368642fd", kill_on_drop: false }`
[INFO] running `Command { std: "docker" "inspect" "5d2baf8f4ef84006ecc86982b5e850d52e67bfb77f3bf3d1b298bdb7368642fd", kill_on_drop: false }`
[INFO] running `Command { std: "docker" "rm" "-f" "5d2baf8f4ef84006ecc86982b5e850d52e67bfb77f3bf3d1b298bdb7368642fd", kill_on_drop: false }`
[INFO] [stdout] 5d2baf8f4ef84006ecc86982b5e850d52e67bfb77f3bf3d1b298bdb7368642fd
[INFO] running `Command { std: "docker" "create" "-v" "/var/lib/crater-agent-workspace/builds/worker-6-tc2/target:/opt/rustwide/target:rw,Z" "-v" "/var/lib/crater-agent-workspace/builds/worker-6-tc2/source:/opt/rustwide/workdir:ro,Z" "-v" "/var/lib/crater-agent-workspace/cargo-home:/opt/rustwide/cargo-home:ro,Z" "-v" "/var/lib/crater-agent-workspace/rustup-home:/opt/rustwide/rustup-home:ro,Z" "-e" "SOURCE_DIR=/opt/rustwide/workdir" "-e" "CARGO_TARGET_DIR=/opt/rustwide/target" "-e" "CARGO_INCREMENTAL=0" "-e" "RUST_BACKTRACE=full" "-e" "RUSTFLAGS=--cap-lints=warn" "-e" "RUSTDOCFLAGS=--cap-lints=warn" "-e" "CARGO_HOME=/opt/rustwide/cargo-home" "-e" "RUSTUP_HOME=/opt/rustwide/rustup-home" "-w" "/opt/rustwide/workdir" "-m" "1610612736" "--user" "0:0" "--network" "none" "ghcr.io/rust-lang/crates-build-env/linux@sha256:2788e3201cd34a07e3172128adcd8b3090168a8e3bcc40d7c032b9dda1df7d1c" "/opt/rustwide/cargo-home/bin/cargo" "+beta-2023-12-22" "build" "--frozen" "--message-format=json", kill_on_drop: false }`
[INFO] [stdout] f89614fa55804ff4845785bca1bf283ce5937affb59554ba2f8f9c91ace3cba9
[INFO] running `Command { std: "docker" "start" "-a" "f89614fa55804ff4845785bca1bf283ce5937affb59554ba2f8f9c91ace3cba9", kill_on_drop: false }`
[INFO] [stderr]    Compiling proc-macro2 v1.0.69
[INFO] [stderr]    Compiling unicode-ident v1.0.8
[INFO] [stderr]    Compiling libc v0.2.144
[INFO] [stderr]    Compiling memchr v2.5.0
[INFO] [stderr]    Compiling prettyplease v0.2.15
[INFO] [stderr]    Compiling log v0.4.17
[INFO] [stderr]    Compiling clang-sys v1.6.1
[INFO] [stderr]    Compiling minimal-lexical v0.2.1
[INFO] [stderr]    Compiling libloading v0.7.4
[INFO] [stderr]    Compiling regex-syntax v0.7.1
[INFO] [stderr]    Compiling either v1.8.1
[INFO] [stderr]    Compiling bindgen v0.68.1
[INFO] [stderr]    Compiling bitflags v2.4.1
[INFO] [stderr]    Compiling lazycell v1.3.0
[INFO] [stderr]    Compiling peeking_take_while v0.1.2
[INFO] [stderr]    Compiling shlex v1.1.0
[INFO] [stderr]    Compiling rustc-hash v1.1.0
[INFO] [stderr]    Compiling nom v7.1.3
[INFO] [stderr]    Compiling quote v1.0.33
[INFO] [stderr]    Compiling which v4.4.0
[INFO] [stderr]    Compiling syn v2.0.38
[INFO] [stderr]    Compiling regex v1.8.1
[INFO] [stderr]    Compiling cexpr v0.6.0
[INFO] [stderr]    Compiling libuwebsockets-sys v0.0.9
[INFO] [stderr] error: failed to run custom build command for `libuwebsockets-sys v0.0.9`
[INFO] [stderr] 
[INFO] [stderr] Caused by:
[INFO] [stderr]   process didn't exit successfully: `/opt/rustwide/target/debug/build/libuwebsockets-sys-3e3a4f74dd79b053/build-script-build` (exit status: 101)
[INFO] [stderr]   --- stdout
[INFO] [stderr]   cargo:rerun-if-env-changed=TARGET
[INFO] [stderr]   cargo:rerun-if-env-changed=BINDGEN_EXTRA_CLANG_ARGS_x86_64-unknown-linux-gnu
[INFO] [stderr]   cargo:rerun-if-env-changed=BINDGEN_EXTRA_CLANG_ARGS_x86_64_unknown_linux_gnu
[INFO] [stderr]   cargo:rerun-if-env-changed=BINDGEN_EXTRA_CLANG_ARGS
[INFO] [stderr]   cargo:rerun-if-changed=/usr/lib/llvm-14/lib/clang/14.0.0/include/stddef.h
[INFO] [stderr]   cargo:rerun-if-changed=/usr/lib/llvm-14/lib/clang/14.0.0/include/__stddef_max_align_t.h
[INFO] [stderr]   cargo:rerun-if-changed=/usr/lib/llvm-14/lib/clang/14.0.0/include/stdbool.h
[INFO] [stderr]   cargo:rerun-if-changed=/usr/lib/llvm-14/lib/clang/14.0.0/include/stdint.h
[INFO] [stderr]   cargo:rerun-if-changed=/usr/include/stdint.h
[INFO] [stderr]   cargo:rerun-if-changed=/usr/include/x86_64-linux-gnu/bits/libc-header-start.h
[INFO] [stderr]   cargo:rerun-if-changed=/usr/include/features.h
[INFO] [stderr]   cargo:rerun-if-changed=/usr/include/features-time64.h
[INFO] [stderr]   cargo:rerun-if-changed=/usr/include/x86_64-linux-gnu/bits/wordsize.h
[INFO] [stderr]   cargo:rerun-if-changed=/usr/include/x86_64-linux-gnu/bits/timesize.h
[INFO] [stderr]   cargo:rerun-if-changed=/usr/include/x86_64-linux-gnu/bits/wordsize.h
[INFO] [stderr]   cargo:rerun-if-changed=/usr/include/stdc-predef.h
[INFO] [stderr]   cargo:rerun-if-changed=/usr/include/x86_64-linux-gnu/sys/cdefs.h
[INFO] [stderr]   cargo:rerun-if-changed=/usr/include/x86_64-linux-gnu/bits/wordsize.h
[INFO] [stderr]   cargo:rerun-if-changed=/usr/include/x86_64-linux-gnu/bits/long-double.h
[INFO] [stderr]   cargo:rerun-if-changed=/usr/include/x86_64-linux-gnu/gnu/stubs.h
[INFO] [stderr]   cargo:rerun-if-changed=/usr/include/x86_64-linux-gnu/gnu/stubs-64.h
[INFO] [stderr]   cargo:rerun-if-changed=/usr/include/x86_64-linux-gnu/bits/types.h
[INFO] [stderr]   cargo:rerun-if-changed=/usr/include/features.h
[INFO] [stderr]   cargo:rerun-if-changed=/usr/include/x86_64-linux-gnu/bits/wordsize.h
[INFO] [stderr]   cargo:rerun-if-changed=/usr/include/x86_64-linux-gnu/bits/timesize.h
[INFO] [stderr]   cargo:rerun-if-changed=/usr/include/x86_64-linux-gnu/bits/wordsize.h
[INFO] [stderr]   cargo:rerun-if-changed=/usr/include/x86_64-linux-gnu/bits/typesizes.h
[INFO] [stderr]   cargo:rerun-if-changed=/usr/include/x86_64-linux-gnu/bits/time64.h
[INFO] [stderr]   cargo:rerun-if-changed=/usr/include/x86_64-linux-gnu/bits/wchar.h
[INFO] [stderr]   cargo:rerun-if-changed=/usr/include/x86_64-linux-gnu/bits/wordsize.h
[INFO] [stderr]   cargo:rerun-if-changed=/usr/include/x86_64-linux-gnu/bits/stdint-intn.h
[INFO] [stderr]   cargo:rerun-if-changed=/usr/include/x86_64-linux-gnu/bits/types.h
[INFO] [stderr]   cargo:rerun-if-changed=/usr/include/x86_64-linux-gnu/bits/stdint-uintn.h
[INFO] [stderr]   cargo:rerun-if-changed=/usr/include/x86_64-linux-gnu/bits/types.h
[INFO] [stderr]   cargo:rerun-if-changed=/opt/rustwide/cargo-home/registry/src/index.crates.io-6f17d22bba15001f/libuwebsockets-sys-0.0.9/uWebSockets/uSockets/src/libusockets.h
[INFO] [stderr]   make clean
[INFO] [stderr]   make[1]: Entering directory '/opt/rustwide/cargo-home/registry/src/index.crates.io-6f17d22bba15001f/libuwebsockets-sys-0.0.9/uWebSockets/capi'
[INFO] [stderr]   rm -f *.o HelloWorld HelloWorldAsync ServerName UpgradeSync UpgradeAsync EchoServer Broadcast BroadcastEchoServer RustHelloWorld libuwebsockets.a libuwebsockets.so
[INFO] [stderr]   make[1]: Leaving directory '/opt/rustwide/cargo-home/registry/src/index.crates.io-6f17d22bba15001f/libuwebsockets-sys-0.0.9/uWebSockets/capi'
[INFO] [stderr]   cd ../uSockets && cc -pthread -DUWS_WITH_PROXY -DLIBUS_USE_OPENSSL -DLIBUS_USE_LIBUV -std=c11 -Isrc -flto -fPIC -O3 -c src/*.c src/eventing/*.c src/crypto/*.c
[INFO] [stderr] 
[INFO] [stderr]   --- stderr
[INFO] [stderr]   error: 'rustfmt' is not installed for the toolchain 'beta-2023-12-22-x86_64-unknown-linux-gnu'
[INFO] [stderr]   To install, run `rustup component add rustfmt --toolchain beta-2023-12-22-x86_64-unknown-linux-gnu`
[INFO] [stderr]   Failed to run rustfmt: Internal rustfmt error (non-fatal, continuing)
[INFO] [stderr]   In file included from src/internal/internal.h:41,
[INFO] [stderr]                    from src/bsd.c:23:
[INFO] [stderr]   src/internal/eventing/libuv.h:23:10: fatal error: uv.h: No such file or directory
[INFO] [stderr]      23 | #include <uv.h>
[INFO] [stderr]         |          ^~~~~~
[INFO] [stderr]   compilation terminated.
[INFO] [stderr]   In file included from src/internal/internal.h:41,
[INFO] [stderr]                    from src/context.c:21:
[INFO] [stderr]   src/internal/eventing/libuv.h:23:10: fatal error: uv.h: No such file or directory
[INFO] [stderr]      23 | #include <uv.h>
[INFO] [stderr]         |          ^~~~~~
[INFO] [stderr]   compilation terminated.
[INFO] [stderr]   In file included from src/internal/internal.h:41,
[INFO] [stderr]                    from src/loop.c:21:
[INFO] [stderr]   src/internal/eventing/libuv.h:23:10: fatal error: uv.h: No such file or directory
[INFO] [stderr]      23 | #include <uv.h>
[INFO] [stderr]         |          ^~~~~~
[INFO] [stderr]   compilation terminated.
[INFO] [stderr]   Assembler messages:
[INFO] [stderr]   Fatal error: can't create quic.o: Read-only file system
[INFO] [stderr]   In file included from src/internal/internal.h:41,
[INFO] [stderr]                    from src/socket.c:21:
[INFO] [stderr]   src/internal/eventing/libuv.h:23:10: fatal error: uv.h: No such file or directory
[INFO] [stderr]      23 | #include <uv.h>
[INFO] [stderr]         |          ^~~~~~
[INFO] [stderr]   compilation terminated.
[INFO] [stderr]   In file included from src/internal/internal.h:41,
[INFO] [stderr]                    from src/udp.c:21:
[INFO] [stderr]   src/internal/eventing/libuv.h:23:10: fatal error: uv.h: No such file or directory
[INFO] [stderr]      23 | #include <uv.h>
[INFO] [stderr]         |          ^~~~~~
[INFO] [stderr]   compilation terminated.
[INFO] [stderr]   In file included from src/internal/internal.h:41,
[INFO] [stderr]                    from src/eventing/epoll_kqueue.c:19:
[INFO] [stderr]   src/internal/eventing/libuv.h:23:10: fatal error: uv.h: No such file or directory
[INFO] [stderr]      23 | #include <uv.h>
[INFO] [stderr]         |          ^~~~~~
[INFO] [stderr]   compilation terminated.
[INFO] [stderr]   In file included from src/internal/internal.h:41,
[INFO] [stderr]                    from src/eventing/gcd.c:19:
[INFO] [stderr]   src/internal/eventing/libuv.h:23:10: fatal error: uv.h: No such file or directory
[INFO] [stderr]      23 | #include <uv.h>
[INFO] [stderr]         |          ^~~~~~
[INFO] [stderr]   compilation terminated.
[INFO] [stderr]   In file included from src/internal/internal.h:41,
[INFO] [stderr]                    from src/eventing/libuv.c:19:
[INFO] [stderr]   src/internal/eventing/libuv.h:23:10: fatal error: uv.h: No such file or directory
[INFO] [stderr]      23 | #include <uv.h>
[INFO] [stderr]         |          ^~~~~~
[INFO] [stderr]   compilation terminated.
[INFO] [stderr]   In file included from src/internal/internal.h:41,
[INFO] [stderr]                    from src/crypto/openssl.c:28:
[INFO] [stderr]   src/internal/eventing/libuv.h:23:10: fatal error: uv.h: No such file or directory
[INFO] [stderr]      23 | #include <uv.h>
[INFO] [stderr]         |          ^~~~~~
[INFO] [stderr]   compilation terminated.
[INFO] [stderr]   make: *** [Makefile:11: capi] Error 1
[INFO] [stderr]   thread 'main' panicked at /opt/rustwide/cargo-home/registry/src/index.crates.io-6f17d22bba15001f/libuwebsockets-sys-0.0.9/build.rs:48:7:
[INFO] [stderr]   Can't build UWS CAPI!
[INFO] [stderr]   stack backtrace:
[INFO] [stderr]      0:     0x55825f623ca6 - std::backtrace_rs::backtrace::libunwind::trace::h261606ad26a499c1
[INFO] [stderr]                                  at /rustc/0e09125c6c3c2fd70d7de961bcf0e51575235fad/library/std/src/../../backtrace/src/backtrace/libunwind.rs:104:5
[INFO] [stderr]      1:     0x55825f623ca6 - std::backtrace_rs::backtrace::trace_unsynchronized::hd183f0625477fb28
[INFO] [stderr]                                  at /rustc/0e09125c6c3c2fd70d7de961bcf0e51575235fad/library/std/src/../../backtrace/src/backtrace/mod.rs:66:5
[INFO] [stderr]      2:     0x55825f623ca6 - std::sys_common::backtrace::_print_fmt::hd7f8fef21b4eda67
[INFO] [stderr]                                  at /rustc/0e09125c6c3c2fd70d7de961bcf0e51575235fad/library/std/src/sys_common/backtrace.rs:68:5
[INFO] [stderr]      3:     0x55825f623ca6 - <std::sys_common::backtrace::_print::DisplayBacktrace as core::fmt::Display>::fmt::h623d9b51f2f453f1
[INFO] [stderr]                                  at /rustc/0e09125c6c3c2fd70d7de961bcf0e51575235fad/library/std/src/sys_common/backtrace.rs:44:22
[INFO] [stderr]      4:     0x55825f64e150 - core::fmt::rt::Argument::fmt::h9f417ac76a86f368
[INFO] [stderr]                                  at /rustc/0e09125c6c3c2fd70d7de961bcf0e51575235fad/library/core/src/fmt/rt.rs:142:9
[INFO] [stderr]      5:     0x55825f64e150 - core::fmt::write::hc9b6faf4ac2aeff7
[INFO] [stderr]                                  at /rustc/0e09125c6c3c2fd70d7de961bcf0e51575235fad/library/core/src/fmt/mod.rs:1120:17
[INFO] [stderr]      6:     0x55825f6212bf - std::io::Write::write_fmt::hfead1eee52c2e65e
[INFO] [stderr]                                  at /rustc/0e09125c6c3c2fd70d7de961bcf0e51575235fad/library/std/src/io/mod.rs:1810:15
[INFO] [stderr]      7:     0x55825f623a84 - std::sys_common::backtrace::_print::hd5d66399c7df88a2
[INFO] [stderr]                                  at /rustc/0e09125c6c3c2fd70d7de961bcf0e51575235fad/library/std/src/sys_common/backtrace.rs:47:5
[INFO] [stderr]      8:     0x55825f623a84 - std::sys_common::backtrace::print::he81ed2da642d37e5
[INFO] [stderr]                                  at /rustc/0e09125c6c3c2fd70d7de961bcf0e51575235fad/library/std/src/sys_common/backtrace.rs:34:9
[INFO] [stderr]      9:     0x55825f625157 - std::panicking::default_hook::{{closure}}::h85773f4fa117163d
[INFO] [stderr]     10:     0x55825f624eb9 - std::panicking::default_hook::h6a1694a91d09b278
[INFO] [stderr]                                  at /rustc/0e09125c6c3c2fd70d7de961bcf0e51575235fad/library/std/src/panicking.rs:292:9
[INFO] [stderr]     11:     0x55825f6255e8 - std::panicking::rust_panic_with_hook::h0a7ad96e90f7145b
[INFO] [stderr]                                  at /rustc/0e09125c6c3c2fd70d7de961bcf0e51575235fad/library/std/src/panicking.rs:779:13
[INFO] [stderr]     12:     0x55825f625489 - std::panicking::begin_panic_handler::{{closure}}::h7919090525c6485e
[INFO] [stderr]                                  at /rustc/0e09125c6c3c2fd70d7de961bcf0e51575235fad/library/std/src/panicking.rs:649:13
[INFO] [stderr]     13:     0x55825f6241a6 - std::sys_common::backtrace::__rust_end_short_backtrace::hf3289479464f7dfe
[INFO] [stderr]                                  at /rustc/0e09125c6c3c2fd70d7de961bcf0e51575235fad/library/std/src/sys_common/backtrace.rs:171:18
[INFO] [stderr]     14:     0x55825f625220 - rust_begin_unwind
[INFO] [stderr]                                  at /rustc/0e09125c6c3c2fd70d7de961bcf0e51575235fad/library/std/src/panicking.rs:645:5
[INFO] [stderr]     15:     0x55825eff44f5 - core::panicking::panic_fmt::hcc9f77c5c132af55
[INFO] [stderr]                                  at /rustc/0e09125c6c3c2fd70d7de961bcf0e51575235fad/library/core/src/panicking.rs:72:14
[INFO] [stderr]     16:     0x55825eff97a5 - build_script_build::main::hb939f0e4dd67b394
[INFO] [stderr]                                  at /opt/rustwide/cargo-home/registry/src/index.crates.io-6f17d22bba15001f/libuwebsockets-sys-0.0.9/build.rs:48:7
[INFO] [stderr]     17:     0x55825eff625b - core::ops::function::FnOnce::call_once::ha9d1427e9e00f3a4
[INFO] [stderr]                                  at /rustc/0e09125c6c3c2fd70d7de961bcf0e51575235fad/library/core/src/ops/function.rs:250:5
[INFO] [stderr]     18:     0x55825eff4eae - std::sys_common::backtrace::__rust_begin_short_backtrace::hde886eb92c23b5a4
[INFO] [stderr]                                  at /rustc/0e09125c6c3c2fd70d7de961bcf0e51575235fad/library/std/src/sys_common/backtrace.rs:155:18
[INFO] [stderr]     19:     0x55825eff5941 - std::rt::lang_start::{{closure}}::h1dfb34ab8bb5241c
[INFO] [stderr]                                  at /rustc/0e09125c6c3c2fd70d7de961bcf0e51575235fad/library/std/src/rt.rs:166:18
[INFO] [stderr]     20:     0x55825f61c8f1 - core::ops::function::impls::<impl core::ops::function::FnOnce<A> for &F>::call_once::h4eb4c5e1620f29b0
[INFO] [stderr]                                  at /rustc/0e09125c6c3c2fd70d7de961bcf0e51575235fad/library/core/src/ops/function.rs:284:13
[INFO] [stderr]     21:     0x55825f61c8f1 - std::panicking::try::do_call::h73fd26535faffcdf
[INFO] [stderr]                                  at /rustc/0e09125c6c3c2fd70d7de961bcf0e51575235fad/library/std/src/panicking.rs:552:40
[INFO] [stderr]     22:     0x55825f61c8f1 - std::panicking::try::h77ff1d98f0fb9f39
[INFO] [stderr]                                  at /rustc/0e09125c6c3c2fd70d7de961bcf0e51575235fad/library/std/src/panicking.rs:516:19
[INFO] [stderr]     23:     0x55825f61c8f1 - std::panic::catch_unwind::hab3caf2448b95e37
[INFO] [stderr]                                  at /rustc/0e09125c6c3c2fd70d7de961bcf0e51575235fad/library/std/src/panic.rs:142:14
[INFO] [stderr]     24:     0x55825f61c8f1 - std::rt::lang_start_internal::{{closure}}::h8086711f9c783f78
[INFO] [stderr]                                  at /rustc/0e09125c6c3c2fd70d7de961bcf0e51575235fad/library/std/src/rt.rs:148:48
[INFO] [stderr]     25:     0x55825f61c8f1 - std::panicking::try::do_call::hf920d4dc291cd6ca
[INFO] [stderr]                                  at /rustc/0e09125c6c3c2fd70d7de961bcf0e51575235fad/library/std/src/panicking.rs:552:40
[INFO] [stderr]     26:     0x55825f61c8f1 - std::panicking::try::h2b806ccc0a85db74
[INFO] [stderr]                                  at /rustc/0e09125c6c3c2fd70d7de961bcf0e51575235fad/library/std/src/panicking.rs:516:19
[INFO] [stderr]     27:     0x55825f61c8f1 - std::panic::catch_unwind::h038489539c507df2
[INFO] [stderr]                                  at /rustc/0e09125c6c3c2fd70d7de961bcf0e51575235fad/library/std/src/panic.rs:142:14
[INFO] [stderr]     28:     0x55825f61c8f1 - std::rt::lang_start_internal::h28503b88912e8a5c
[INFO] [stderr]                                  at /rustc/0e09125c6c3c2fd70d7de961bcf0e51575235fad/library/std/src/rt.rs:148:20
[INFO] [stderr]     29:     0x55825eff591a - std::rt::lang_start::h437e81d77a67fe8b
[INFO] [stderr]                                  at /rustc/0e09125c6c3c2fd70d7de961bcf0e51575235fad/library/std/src/rt.rs:165:17
[INFO] [stderr]     30:     0x55825effb73e - main
[INFO] [stderr]     31:     0x7fd6d9e34d90 - <unknown>
[INFO] [stderr]     32:     0x7fd6d9e34e40 - __libc_start_main
[INFO] [stderr]     33:     0x55825eff4dd5 - _start
[INFO] [stderr]     34:                0x0 - <unknown>
[INFO] running `Command { std: "docker" "inspect" "f89614fa55804ff4845785bca1bf283ce5937affb59554ba2f8f9c91ace3cba9", kill_on_drop: false }`
[INFO] running `Command { std: "docker" "rm" "-f" "f89614fa55804ff4845785bca1bf283ce5937affb59554ba2f8f9c91ace3cba9", kill_on_drop: false }`
[INFO] [stdout] f89614fa55804ff4845785bca1bf283ce5937affb59554ba2f8f9c91ace3cba9
