[INFO] fetching crate utoipa 4.1.0...
[INFO] testing utoipa-4.1.0 against 1.75.0 for beta-1.76-1
[INFO] extracting crate utoipa 4.1.0 into /workspace/builds/worker-4-tc1/source
[INFO] validating manifest of crates.io crate utoipa 4.1.0 on toolchain 1.75.0
[INFO] running `Command { std: CARGO_HOME="/workspace/cargo-home" RUSTUP_HOME="/workspace/rustup-home" "/workspace/cargo-home/bin/cargo" "+1.75.0" "metadata" "--manifest-path" "Cargo.toml" "--no-deps", kill_on_drop: false }`
[INFO] started tweaking crates.io crate utoipa 4.1.0
[INFO] finished tweaking crates.io crate utoipa 4.1.0
[INFO] tweaked toml for crates.io crate utoipa 4.1.0 written to /workspace/builds/worker-4-tc1/source/Cargo.toml
[INFO] running `Command { std: CARGO_HOME="/workspace/cargo-home" RUSTUP_HOME="/workspace/rustup-home" "/workspace/cargo-home/bin/cargo" "+1.75.0" "generate-lockfile" "--manifest-path" "Cargo.toml", kill_on_drop: false }`
[INFO] [stderr]     Updating crates.io index
[INFO] running `Command { std: CARGO_HOME="/workspace/cargo-home" RUSTUP_HOME="/workspace/rustup-home" "/workspace/cargo-home/bin/cargo" "+1.75.0" "fetch" "--manifest-path" "Cargo.toml", kill_on_drop: false }`
[INFO] [stderr]  Downloading crates ...
[INFO] [stderr]   Downloaded utoipa-gen v4.1.0
[INFO] running `Command { std: "docker" "create" "-v" "/var/lib/crater-agent-workspace/builds/worker-4-tc1/target:/opt/rustwide/target:rw,Z" "-v" "/var/lib/crater-agent-workspace/builds/worker-4-tc1/source:/opt/rustwide/workdir:ro,Z" "-v" "/var/lib/crater-agent-workspace/cargo-home:/opt/rustwide/cargo-home:ro,Z" "-v" "/var/lib/crater-agent-workspace/rustup-home:/opt/rustwide/rustup-home:ro,Z" "-e" "SOURCE_DIR=/opt/rustwide/workdir" "-e" "CARGO_TARGET_DIR=/opt/rustwide/target" "-e" "CARGO_HOME=/opt/rustwide/cargo-home" "-e" "RUSTUP_HOME=/opt/rustwide/rustup-home" "-w" "/opt/rustwide/workdir" "-m" "1610612736" "--user" "0:0" "--network" "none" "ghcr.io/rust-lang/crates-build-env/linux@sha256:2788e3201cd34a07e3172128adcd8b3090168a8e3bcc40d7c032b9dda1df7d1c" "/opt/rustwide/cargo-home/bin/cargo" "+1.75.0" "metadata" "--no-deps" "--format-version=1", kill_on_drop: false }`
[INFO] [stdout] 9d09f5df90764f0d02fad4a55fd36ec2c86308eb6509a59d605b1f1dda02c66e
[INFO] running `Command { std: "docker" "start" "-a" "9d09f5df90764f0d02fad4a55fd36ec2c86308eb6509a59d605b1f1dda02c66e", kill_on_drop: false }`
[INFO] running `Command { std: "docker" "inspect" "9d09f5df90764f0d02fad4a55fd36ec2c86308eb6509a59d605b1f1dda02c66e", kill_on_drop: false }`
[INFO] running `Command { std: "docker" "rm" "-f" "9d09f5df90764f0d02fad4a55fd36ec2c86308eb6509a59d605b1f1dda02c66e", kill_on_drop: false }`
[INFO] [stdout] 9d09f5df90764f0d02fad4a55fd36ec2c86308eb6509a59d605b1f1dda02c66e
[INFO] running `Command { std: "docker" "create" "-v" "/var/lib/crater-agent-workspace/builds/worker-4-tc1/target:/opt/rustwide/target:rw,Z" "-v" "/var/lib/crater-agent-workspace/builds/worker-4-tc1/source:/opt/rustwide/workdir:ro,Z" "-v" "/var/lib/crater-agent-workspace/cargo-home:/opt/rustwide/cargo-home:ro,Z" "-v" "/var/lib/crater-agent-workspace/rustup-home:/opt/rustwide/rustup-home:ro,Z" "-e" "SOURCE_DIR=/opt/rustwide/workdir" "-e" "CARGO_TARGET_DIR=/opt/rustwide/target" "-e" "CARGO_INCREMENTAL=0" "-e" "RUST_BACKTRACE=full" "-e" "RUSTFLAGS=--cap-lints=warn" "-e" "RUSTDOCFLAGS=--cap-lints=warn" "-e" "CARGO_HOME=/opt/rustwide/cargo-home" "-e" "RUSTUP_HOME=/opt/rustwide/rustup-home" "-w" "/opt/rustwide/workdir" "-m" "1610612736" "--user" "0:0" "--network" "none" "ghcr.io/rust-lang/crates-build-env/linux@sha256:2788e3201cd34a07e3172128adcd8b3090168a8e3bcc40d7c032b9dda1df7d1c" "/opt/rustwide/cargo-home/bin/cargo" "+1.75.0" "build" "--frozen" "--message-format=json", kill_on_drop: false }`
[INFO] [stdout] f9bcd42fa847829ab7069f56ffc57741434688ae01c55590f4ed6cb2c65879a7
[INFO] running `Command { std: "docker" "start" "-a" "f9bcd42fa847829ab7069f56ffc57741434688ae01c55590f4ed6cb2c65879a7", kill_on_drop: false }`
[INFO] [stderr]    Compiling syn v1.0.109
[INFO] [stderr]    Compiling hashbrown v0.14.3
[INFO] [stderr]    Compiling proc-macro-error-attr v1.0.4
[INFO] [stderr]    Compiling proc-macro-error v1.0.4
[INFO] [stderr]    Compiling equivalent v1.0.1
[INFO] [stderr]    Compiling syn v2.0.48
[INFO] [stderr]    Compiling serde_derive v1.0.194
[INFO] [stderr]    Compiling utoipa-gen v4.1.0
[INFO] [stderr]    Compiling serde v1.0.194
[INFO] [stderr]    Compiling serde_json v1.0.111
[INFO] [stderr]    Compiling indexmap v2.1.0
[INFO] [stderr]    Compiling utoipa v4.1.0 (/opt/rustwide/workdir)
[INFO] [stderr]     Finished dev [unoptimized + debuginfo] target(s) in 8.99s
[INFO] running `Command { std: "docker" "inspect" "f9bcd42fa847829ab7069f56ffc57741434688ae01c55590f4ed6cb2c65879a7", kill_on_drop: false }`
[INFO] running `Command { std: "docker" "rm" "-f" "f9bcd42fa847829ab7069f56ffc57741434688ae01c55590f4ed6cb2c65879a7", kill_on_drop: false }`
[INFO] [stdout] f9bcd42fa847829ab7069f56ffc57741434688ae01c55590f4ed6cb2c65879a7
[INFO] running `Command { std: "docker" "create" "-v" "/var/lib/crater-agent-workspace/builds/worker-4-tc1/target:/opt/rustwide/target:rw,Z" "-v" "/var/lib/crater-agent-workspace/builds/worker-4-tc1/source:/opt/rustwide/workdir:ro,Z" "-v" "/var/lib/crater-agent-workspace/cargo-home:/opt/rustwide/cargo-home:ro,Z" "-v" "/var/lib/crater-agent-workspace/rustup-home:/opt/rustwide/rustup-home:ro,Z" "-e" "SOURCE_DIR=/opt/rustwide/workdir" "-e" "CARGO_TARGET_DIR=/opt/rustwide/target" "-e" "CARGO_INCREMENTAL=0" "-e" "RUST_BACKTRACE=full" "-e" "RUSTFLAGS=--cap-lints=warn" "-e" "RUSTDOCFLAGS=--cap-lints=warn" "-e" "CARGO_HOME=/opt/rustwide/cargo-home" "-e" "RUSTUP_HOME=/opt/rustwide/rustup-home" "-w" "/opt/rustwide/workdir" "-m" "1610612736" "--user" "0:0" "--network" "none" "ghcr.io/rust-lang/crates-build-env/linux@sha256:2788e3201cd34a07e3172128adcd8b3090168a8e3bcc40d7c032b9dda1df7d1c" "/opt/rustwide/cargo-home/bin/cargo" "+1.75.0" "test" "--frozen" "--no-run" "--message-format=json", kill_on_drop: false }`
[INFO] [stdout] 6cf5d6744bdcc3953fdea614f8d5fb9e77dfc5033af0028eb3c2a87e77b1d36b
[INFO] running `Command { std: "docker" "start" "-a" "6cf5d6744bdcc3953fdea614f8d5fb9e77dfc5033af0028eb3c2a87e77b1d36b", kill_on_drop: false }`
[INFO] [stderr]    Compiling assert-json-diff v2.0.2
[INFO] [stderr]    Compiling utoipa v4.1.0 (/opt/rustwide/workdir)
[INFO] [stdout] error[E0277]: `openapi::path::PathItemType` doesn't implement `Debug`
[INFO] [stdout]    --> src/openapi/path.rs:735:13
[INFO] [stdout]     |
[INFO] [stdout] 735 |             assert_eq!(actual_value, expected_value);
[INFO] [stdout]     |             ^^^^^^^^^^^^^^^^^^^^^^^^^^^^^^^^^^^^^^^^ `openapi::path::PathItemType` cannot be formatted using `{:?}`
[INFO] [stdout]     |
[INFO] [stdout]     = help: the trait `Debug` is not implemented for `openapi::path::PathItemType`
[INFO] [stdout]     = note: add `#[derive(Debug)]` to `openapi::path::PathItemType` or manually `impl Debug for openapi::path::PathItemType`
[INFO] [stdout]     = help: the trait `Debug` is implemented for `Vec<T, A>`
[INFO] [stdout]     = note: this error originates in the macro `assert_eq` (in Nightly builds, run with -Z macro-backtrace for more info)
[INFO] [stdout] help: consider annotating `openapi::path::PathItemType` with `#[derive(Debug)]`
[INFO] [stdout]     |
[INFO] [stdout] 211 + #[derive(Debug)]
[INFO] [stdout] 212 | pub enum PathItemType {
[INFO] [stdout]     |
[INFO] [stdout] 
[INFO] [stdout] 
[INFO] [stdout] error[E0277]: `openapi::path::PathItemType` doesn't implement `Debug`
[INFO] [stdout]    --> src/openapi/path.rs:735:13
[INFO] [stdout]     |
[INFO] [stdout] 735 |             assert_eq!(actual_value, expected_value);
[INFO] [stdout]     |             ^^^^^^^^^^^^^^^^^^^^^^^^^^^^^^^^^^^^^^^^ `openapi::path::PathItemType` cannot be formatted using `{:?}`
[INFO] [stdout]     |
[INFO] [stdout]     = help: the trait `Debug` is not implemented for `openapi::path::PathItemType`
[INFO] [stdout]     = note: add `#[derive(Debug)]` to `openapi::path::PathItemType` or manually `impl Debug for openapi::path::PathItemType`
[INFO] [stdout]     = help: the trait `Debug` is implemented for `Vec<T, A>`
[INFO] [stdout]     = note: this error originates in the macro `assert_eq` (in Nightly builds, run with -Z macro-backtrace for more info)
[INFO] [stdout] help: consider annotating `openapi::path::PathItemType` with `#[derive(Debug)]`
[INFO] [stdout]     |
[INFO] [stdout] 211 + #[derive(Debug)]
[INFO] [stdout] 212 | pub enum PathItemType {
[INFO] [stdout]     |
[INFO] [stdout] 
[INFO] [stdout] 
[INFO] [stdout] error: aborting due to 2 previous errors
[INFO] [stdout] 
[INFO] [stdout] 
[INFO] [stdout] For more information about this error, try `rustc --explain E0277`.
[INFO] [stdout] 
[INFO] [stderr] error: could not compile `utoipa` (lib test) due to 3 previous errors
[INFO] running `Command { std: "docker" "inspect" "6cf5d6744bdcc3953fdea614f8d5fb9e77dfc5033af0028eb3c2a87e77b1d36b", kill_on_drop: false }`
[INFO] running `Command { std: "docker" "rm" "-f" "6cf5d6744bdcc3953fdea614f8d5fb9e77dfc5033af0028eb3c2a87e77b1d36b", kill_on_drop: false }`
[INFO] [stdout] 6cf5d6744bdcc3953fdea614f8d5fb9e77dfc5033af0028eb3c2a87e77b1d36b
[INFO] testing utoipa-4.1.0 against beta-2023-12-22 for beta-1.76-1
[INFO] extracting crate utoipa 4.1.0 into /workspace/builds/worker-4-tc2/source
[INFO] validating manifest of crates.io crate utoipa 4.1.0 on toolchain beta-2023-12-22
[INFO] running `Command { std: CARGO_HOME="/workspace/cargo-home" RUSTUP_HOME="/workspace/rustup-home" "/workspace/cargo-home/bin/cargo" "+beta-2023-12-22" "metadata" "--manifest-path" "Cargo.toml" "--no-deps", kill_on_drop: false }`
[INFO] started tweaking crates.io crate utoipa 4.1.0
[INFO] finished tweaking crates.io crate utoipa 4.1.0
[INFO] tweaked toml for crates.io crate utoipa 4.1.0 written to /workspace/builds/worker-4-tc2/source/Cargo.toml
[INFO] running `Command { std: CARGO_HOME="/workspace/cargo-home" RUSTUP_HOME="/workspace/rustup-home" "/workspace/cargo-home/bin/cargo" "+beta-2023-12-22" "generate-lockfile" "--manifest-path" "Cargo.toml", kill_on_drop: false }`
[INFO] [stderr]     Updating crates.io index
[INFO] running `Command { std: CARGO_HOME="/workspace/cargo-home" RUSTUP_HOME="/workspace/rustup-home" "/workspace/cargo-home/bin/cargo" "+beta-2023-12-22" "fetch" "--manifest-path" "Cargo.toml", kill_on_drop: false }`
[INFO] running `Command { std: "docker" "create" "-v" "/var/lib/crater-agent-workspace/builds/worker-4-tc2/target:/opt/rustwide/target:rw,Z" "-v" "/var/lib/crater-agent-workspace/builds/worker-4-tc2/source:/opt/rustwide/workdir:ro,Z" "-v" "/var/lib/crater-agent-workspace/cargo-home:/opt/rustwide/cargo-home:ro,Z" "-v" "/var/lib/crater-agent-workspace/rustup-home:/opt/rustwide/rustup-home:ro,Z" "-e" "SOURCE_DIR=/opt/rustwide/workdir" "-e" "CARGO_TARGET_DIR=/opt/rustwide/target" "-e" "CARGO_HOME=/opt/rustwide/cargo-home" "-e" "RUSTUP_HOME=/opt/rustwide/rustup-home" "-w" "/opt/rustwide/workdir" "-m" "1610612736" "--user" "0:0" "--network" "none" "ghcr.io/rust-lang/crates-build-env/linux@sha256:2788e3201cd34a07e3172128adcd8b3090168a8e3bcc40d7c032b9dda1df7d1c" "/opt/rustwide/cargo-home/bin/cargo" "+beta-2023-12-22" "metadata" "--no-deps" "--format-version=1", kill_on_drop: false }`
[INFO] [stdout] 54caa2a9bec2c16810b770fbc17c9f9184bd63296a42d6cfbcb78e6f66877681
[INFO] running `Command { std: "docker" "start" "-a" "54caa2a9bec2c16810b770fbc17c9f9184bd63296a42d6cfbcb78e6f66877681", kill_on_drop: false }`
[INFO] running `Command { std: "docker" "inspect" "54caa2a9bec2c16810b770fbc17c9f9184bd63296a42d6cfbcb78e6f66877681", kill_on_drop: false }`
[INFO] running `Command { std: "docker" "rm" "-f" "54caa2a9bec2c16810b770fbc17c9f9184bd63296a42d6cfbcb78e6f66877681", kill_on_drop: false }`
[INFO] [stdout] 54caa2a9bec2c16810b770fbc17c9f9184bd63296a42d6cfbcb78e6f66877681
[INFO] running `Command { std: "docker" "create" "-v" "/var/lib/crater-agent-workspace/builds/worker-4-tc2/target:/opt/rustwide/target:rw,Z" "-v" "/var/lib/crater-agent-workspace/builds/worker-4-tc2/source:/opt/rustwide/workdir:ro,Z" "-v" "/var/lib/crater-agent-workspace/cargo-home:/opt/rustwide/cargo-home:ro,Z" "-v" "/var/lib/crater-agent-workspace/rustup-home:/opt/rustwide/rustup-home:ro,Z" "-e" "SOURCE_DIR=/opt/rustwide/workdir" "-e" "CARGO_TARGET_DIR=/opt/rustwide/target" "-e" "CARGO_INCREMENTAL=0" "-e" "RUST_BACKTRACE=full" "-e" "RUSTFLAGS=--cap-lints=warn" "-e" "RUSTDOCFLAGS=--cap-lints=warn" "-e" "CARGO_HOME=/opt/rustwide/cargo-home" "-e" "RUSTUP_HOME=/opt/rustwide/rustup-home" "-w" "/opt/rustwide/workdir" "-m" "1610612736" "--user" "0:0" "--network" "none" "ghcr.io/rust-lang/crates-build-env/linux@sha256:2788e3201cd34a07e3172128adcd8b3090168a8e3bcc40d7c032b9dda1df7d1c" "/opt/rustwide/cargo-home/bin/cargo" "+beta-2023-12-22" "build" "--frozen" "--message-format=json", kill_on_drop: false }`
[INFO] [stdout] 329b75b2e43d06600e6eb802ffe8c5c890e570a1a3cd947af6597513d6eaa0b5
[INFO] running `Command { std: "docker" "start" "-a" "329b75b2e43d06600e6eb802ffe8c5c890e570a1a3cd947af6597513d6eaa0b5", kill_on_drop: false }`
[INFO] [stderr]    Compiling syn v1.0.109
[INFO] [stderr]    Compiling hashbrown v0.14.3
[INFO] [stderr]    Compiling equivalent v1.0.1
[INFO] [stderr]    Compiling proc-macro-error-attr v1.0.4
[INFO] [stderr]    Compiling proc-macro-error v1.0.4
[INFO] [stderr]    Compiling syn v2.0.48
[INFO] [stderr]    Compiling serde_derive v1.0.194
[INFO] [stderr]    Compiling utoipa-gen v4.1.0
[INFO] [stderr]    Compiling serde v1.0.194
[INFO] [stderr]    Compiling indexmap v2.1.0
[INFO] [stderr]    Compiling serde_json v1.0.111
[INFO] [stderr]    Compiling utoipa v4.1.0 (/opt/rustwide/workdir)
[INFO] [stderr]     Finished dev [unoptimized + debuginfo] target(s) in 9.17s
[INFO] running `Command { std: "docker" "inspect" "329b75b2e43d06600e6eb802ffe8c5c890e570a1a3cd947af6597513d6eaa0b5", kill_on_drop: false }`
[INFO] running `Command { std: "docker" "rm" "-f" "329b75b2e43d06600e6eb802ffe8c5c890e570a1a3cd947af6597513d6eaa0b5", kill_on_drop: false }`
[INFO] [stdout] 329b75b2e43d06600e6eb802ffe8c5c890e570a1a3cd947af6597513d6eaa0b5
[INFO] running `Command { std: "docker" "create" "-v" "/var/lib/crater-agent-workspace/builds/worker-4-tc2/target:/opt/rustwide/target:rw,Z" "-v" "/var/lib/crater-agent-workspace/builds/worker-4-tc2/source:/opt/rustwide/workdir:ro,Z" "-v" "/var/lib/crater-agent-workspace/cargo-home:/opt/rustwide/cargo-home:ro,Z" "-v" "/var/lib/crater-agent-workspace/rustup-home:/opt/rustwide/rustup-home:ro,Z" "-e" "SOURCE_DIR=/opt/rustwide/workdir" "-e" "CARGO_TARGET_DIR=/opt/rustwide/target" "-e" "CARGO_INCREMENTAL=0" "-e" "RUST_BACKTRACE=full" "-e" "RUSTFLAGS=--cap-lints=warn" "-e" "RUSTDOCFLAGS=--cap-lints=warn" "-e" "CARGO_HOME=/opt/rustwide/cargo-home" "-e" "RUSTUP_HOME=/opt/rustwide/rustup-home" "-w" "/opt/rustwide/workdir" "-m" "1610612736" "--user" "0:0" "--network" "none" "ghcr.io/rust-lang/crates-build-env/linux@sha256:2788e3201cd34a07e3172128adcd8b3090168a8e3bcc40d7c032b9dda1df7d1c" "/opt/rustwide/cargo-home/bin/cargo" "+beta-2023-12-22" "test" "--frozen" "--no-run" "--message-format=json", kill_on_drop: false }`
[INFO] [stdout] 47e89029b56eb23988a7b71eb4dae044c9e50856036902c495ef89ac17c48539
[INFO] running `Command { std: "docker" "start" "-a" "47e89029b56eb23988a7b71eb4dae044c9e50856036902c495ef89ac17c48539", kill_on_drop: false }`
[INFO] [stderr]    Compiling assert-json-diff v2.0.2
[INFO] [stderr]    Compiling utoipa v4.1.0 (/opt/rustwide/workdir)
[INFO] [stdout] error[E0277]: `openapi::path::PathItemType` doesn't implement `Debug`
[INFO] [stdout]    --> src/openapi/path.rs:735:13
[INFO] [stdout]     |
[INFO] [stdout] 735 |             assert_eq!(actual_value, expected_value);
[INFO] [stdout]     |             ^^^^^^^^^^^^^^^^^^^^^^^^^^^^^^^^^^^^^^^^ `openapi::path::PathItemType` cannot be formatted using `{:?}`
[INFO] [stdout]     |
[INFO] [stdout]     = help: the trait `Debug` is not implemented for `openapi::path::PathItemType`
[INFO] [stdout]     = note: add `#[derive(Debug)]` to `openapi::path::PathItemType` or manually `impl Debug for openapi::path::PathItemType`
[INFO] [stdout]     = help: the trait `Debug` is implemented for `Vec<T, A>`
[INFO] [stdout]     = note: this error originates in the macro `assert_eq` (in Nightly builds, run with -Z macro-backtrace for more info)
[INFO] [stdout] help: consider annotating `openapi::path::PathItemType` with `#[derive(Debug)]`
[INFO] [stdout]     |
[INFO] [stdout] 211 + #[derive(Debug)]
[INFO] [stdout] 212 | pub enum PathItemType {
[INFO] [stdout]     |
[INFO] [stdout] 
[INFO] [stdout] 
[INFO] [stdout] error[E0277]: `openapi::path::PathItemType` doesn't implement `Debug`
[INFO] [stdout]    --> src/openapi/path.rs:735:13
[INFO] [stdout]     |
[INFO] [stdout] 735 |             assert_eq!(actual_value, expected_value);
[INFO] [stdout]     |             ^^^^^^^^^^^^^^^^^^^^^^^^^^^^^^^^^^^^^^^^ `openapi::path::PathItemType` cannot be formatted using `{:?}`
[INFO] [stdout]     |
[INFO] [stdout]     = help: the trait `Debug` is not implemented for `openapi::path::PathItemType`
[INFO] [stdout]     = note: add `#[derive(Debug)]` to `openapi::path::PathItemType` or manually `impl Debug for openapi::path::PathItemType`
[INFO] [stdout]     = help: the trait `Debug` is implemented for `Vec<T, A>`
[INFO] [stdout]     = note: this error originates in the macro `assert_eq` (in Nightly builds, run with -Z macro-backtrace for more info)
[INFO] [stdout] help: consider annotating `openapi::path::PathItemType` with `#[derive(Debug)]`
[INFO] [stdout]     |
[INFO] [stdout] 211 + #[derive(Debug)]
[INFO] [stdout] 212 | pub enum PathItemType {
[INFO] [stdout]     |
[INFO] [stdout] 
[INFO] [stdout] 
[INFO] [stdout] error: aborting due to 2 previous errors
[INFO] [stdout] 
[INFO] [stdout] 
[INFO] [stdout] For more information about this error, try `rustc --explain E0277`.
[INFO] [stdout] 
[INFO] [stderr] error: could not compile `utoipa` (lib test) due to 3 previous errors
[INFO] running `Command { std: "docker" "inspect" "47e89029b56eb23988a7b71eb4dae044c9e50856036902c495ef89ac17c48539", kill_on_drop: false }`
[INFO] running `Command { std: "docker" "rm" "-f" "47e89029b56eb23988a7b71eb4dae044c9e50856036902c495ef89ac17c48539", kill_on_drop: false }`
[INFO] [stdout] 47e89029b56eb23988a7b71eb4dae044c9e50856036902c495ef89ac17c48539
