[INFO] fetching crate ut-dialog 0.1.0...
[INFO] testing ut-dialog-0.1.0 against 1.75.0 for beta-1.76-1
[INFO] extracting crate ut-dialog 0.1.0 into /workspace/builds/worker-4-tc1/source
[INFO] validating manifest of crates.io crate ut-dialog 0.1.0 on toolchain 1.75.0
[INFO] running `Command { std: CARGO_HOME="/workspace/cargo-home" RUSTUP_HOME="/workspace/rustup-home" "/workspace/cargo-home/bin/cargo" "+1.75.0" "metadata" "--manifest-path" "Cargo.toml" "--no-deps", kill_on_drop: false }`
[INFO] started tweaking crates.io crate ut-dialog 0.1.0
[INFO] finished tweaking crates.io crate ut-dialog 0.1.0
[INFO] tweaked toml for crates.io crate ut-dialog 0.1.0 written to /workspace/builds/worker-4-tc1/source/Cargo.toml
[INFO] running `Command { std: CARGO_HOME="/workspace/cargo-home" RUSTUP_HOME="/workspace/rustup-home" "/workspace/cargo-home/bin/cargo" "+1.75.0" "generate-lockfile" "--manifest-path" "Cargo.toml", kill_on_drop: false }`
[INFO] [stderr]     Updating crates.io index
[INFO] running `Command { std: CARGO_HOME="/workspace/cargo-home" RUSTUP_HOME="/workspace/rustup-home" "/workspace/cargo-home/bin/cargo" "+1.75.0" "fetch" "--manifest-path" "Cargo.toml", kill_on_drop: false }`
[INFO] [stderr]  Downloading crates ...
[INFO] [stderr]   Downloaded imageproc v0.17.0
[INFO] running `Command { std: "docker" "create" "-v" "/var/lib/crater-agent-workspace/builds/worker-4-tc1/target:/opt/rustwide/target:rw,Z" "-v" "/var/lib/crater-agent-workspace/builds/worker-4-tc1/source:/opt/rustwide/workdir:ro,Z" "-v" "/var/lib/crater-agent-workspace/cargo-home:/opt/rustwide/cargo-home:ro,Z" "-v" "/var/lib/crater-agent-workspace/rustup-home:/opt/rustwide/rustup-home:ro,Z" "-e" "SOURCE_DIR=/opt/rustwide/workdir" "-e" "CARGO_TARGET_DIR=/opt/rustwide/target" "-e" "CARGO_HOME=/opt/rustwide/cargo-home" "-e" "RUSTUP_HOME=/opt/rustwide/rustup-home" "-w" "/opt/rustwide/workdir" "-m" "1610612736" "--user" "0:0" "--network" "none" "ghcr.io/rust-lang/crates-build-env/linux@sha256:2788e3201cd34a07e3172128adcd8b3090168a8e3bcc40d7c032b9dda1df7d1c" "/opt/rustwide/cargo-home/bin/cargo" "+1.75.0" "metadata" "--no-deps" "--format-version=1", kill_on_drop: false }`
[INFO] [stdout] 2c8f0f8035781814b90931d9f7b32ef4c0117068d7fe8c675a04645b88a557f1
[INFO] running `Command { std: "docker" "start" "-a" "2c8f0f8035781814b90931d9f7b32ef4c0117068d7fe8c675a04645b88a557f1", kill_on_drop: false }`
[INFO] running `Command { std: "docker" "inspect" "2c8f0f8035781814b90931d9f7b32ef4c0117068d7fe8c675a04645b88a557f1", kill_on_drop: false }`
[INFO] running `Command { std: "docker" "rm" "-f" "2c8f0f8035781814b90931d9f7b32ef4c0117068d7fe8c675a04645b88a557f1", kill_on_drop: false }`
[INFO] [stdout] 2c8f0f8035781814b90931d9f7b32ef4c0117068d7fe8c675a04645b88a557f1
[INFO] running `Command { std: "docker" "create" "-v" "/var/lib/crater-agent-workspace/builds/worker-4-tc1/target:/opt/rustwide/target:rw,Z" "-v" "/var/lib/crater-agent-workspace/builds/worker-4-tc1/source:/opt/rustwide/workdir:ro,Z" "-v" "/var/lib/crater-agent-workspace/cargo-home:/opt/rustwide/cargo-home:ro,Z" "-v" "/var/lib/crater-agent-workspace/rustup-home:/opt/rustwide/rustup-home:ro,Z" "-e" "SOURCE_DIR=/opt/rustwide/workdir" "-e" "CARGO_TARGET_DIR=/opt/rustwide/target" "-e" "CARGO_INCREMENTAL=0" "-e" "RUST_BACKTRACE=full" "-e" "RUSTFLAGS=--cap-lints=warn" "-e" "RUSTDOCFLAGS=--cap-lints=warn" "-e" "CARGO_HOME=/opt/rustwide/cargo-home" "-e" "RUSTUP_HOME=/opt/rustwide/rustup-home" "-w" "/opt/rustwide/workdir" "-m" "1610612736" "--user" "0:0" "--network" "none" "ghcr.io/rust-lang/crates-build-env/linux@sha256:2788e3201cd34a07e3172128adcd8b3090168a8e3bcc40d7c032b9dda1df7d1c" "/opt/rustwide/cargo-home/bin/cargo" "+1.75.0" "build" "--frozen" "--message-format=json", kill_on_drop: false }`
[INFO] [stdout] 826060e06db9ebfaf106e5cd81c44fb1040b3b7f36ae57670cbb4b22d87ac8fc
[INFO] running `Command { std: "docker" "start" "-a" "826060e06db9ebfaf106e5cd81c44fb1040b3b7f36ae57670cbb4b22d87ac8fc", kill_on_drop: false }`
[INFO] [stderr]    Compiling num-traits v0.2.17
[INFO] [stderr]    Compiling num-integer v0.1.45
[INFO] [stderr]    Compiling crossbeam-utils v0.8.18
[INFO] [stderr]    Compiling byteorder v1.5.0
[INFO] [stderr]    Compiling proc-macro2 v0.4.30
[INFO] [stderr]    Compiling unicode-xid v0.1.0
[INFO] [stderr]    Compiling libc v0.2.151
[INFO] [stderr]    Compiling num-bigint v0.2.6
[INFO] [stderr]    Compiling num-iter v0.1.43
[INFO] [stderr]    Compiling syn v0.15.44
[INFO] [stderr]    Compiling rayon-core v1.12.0
[INFO] [stderr]    Compiling num-rational v0.2.4
[INFO] [stderr]    Compiling num-derive v0.2.5
[INFO] [stderr]    Compiling adler32 v1.2.0
[INFO] [stderr]    Compiling num-complex v0.2.4
[INFO] [stderr]    Compiling quick-error v1.2.3
[INFO] [stderr]    Compiling lzw v0.10.0
[INFO] [stderr]    Compiling quote v0.6.13
[INFO] [stderr]    Compiling crossbeam-epoch v0.9.17
[INFO] [stderr]    Compiling humantime v1.3.0
[INFO] [stderr]    Compiling inflate v0.4.5
[INFO] [stderr]    Compiling crossbeam-deque v0.8.4
[INFO] [stderr]    Compiling atty v0.2.14
[INFO] [stderr]    Compiling deflate v0.7.20
[INFO] [stderr]    Compiling stb_truetype v0.3.1
[INFO] [stderr]    Compiling termcolor v1.4.0
[INFO] [stderr]    Compiling color_quant v1.1.0
[INFO] [stderr]    Compiling gif v0.10.3
[INFO] [stderr]    Compiling approx v0.3.2
[INFO] [stderr]    Compiling ordered-float v1.1.1
[INFO] [stderr]    Compiling rusttype v0.8.3
[INFO] [stderr]    Compiling rayon v1.8.0
[INFO] [stderr]    Compiling png v0.12.0
[INFO] [stderr]    Compiling env_logger v0.5.13
[INFO] [stderr]    Compiling rand v0.4.6
[INFO] [stderr]    Compiling scoped_threadpool v0.1.9
[INFO] [stderr]    Compiling custom_derive v0.1.7
[INFO] [stderr]    Compiling rusttype v0.7.9
[INFO] [stderr]    Compiling conv v0.3.3
[INFO] [stderr]    Compiling assert_approx_eq v1.1.0
[INFO] [stderr]    Compiling num v0.2.1
[INFO] [stderr]    Compiling quickcheck v0.6.2
[INFO] [stderr]    Compiling jpeg-decoder v0.1.22
[INFO] [stderr]    Compiling tiff v0.2.2
[INFO] [stderr]    Compiling image v0.20.1
[INFO] [stderr]    Compiling imageproc v0.17.0
[INFO] [stdout] error[E0034]: multiple applicable items in scope
[INFO] [stdout]    --> /opt/rustwide/cargo-home/registry/src/index.crates.io-6f17d22bba15001f/imageproc-0.17.0/src/hog.rs:452:33
[INFO] [stdout]     |
[INFO] [stdout] 452 |             let intensity = u8::clamp(hist[bucket]);
[INFO] [stdout]     |                                 ^^^^^ multiple `clamp` found
[INFO] [stdout]     |
[INFO] [stdout]     = note: candidate #1 is defined in an impl of the trait `Ord` for the type `u8`
[INFO] [stdout] note: candidate #2 is defined in the trait `Clamp`
[INFO] [stdout]    --> /opt/rustwide/cargo-home/registry/src/index.crates.io-6f17d22bba15001f/imageproc-0.17.0/src/definitions.rs:68:5
[INFO] [stdout]     |
[INFO] [stdout] 68  |     fn clamp(x: T) -> Self;
[INFO] [stdout]     |     ^^^^^^^^^^^^^^^^^^^^^^^
[INFO] [stdout] help: use fully-qualified syntax to disambiguate
[INFO] [stdout]     |
[INFO] [stdout] 452 |             let intensity = <u8 as Clamp>::clamp(hist[bucket]);
[INFO] [stdout]     |                             ~~~~~~~~~~~~~~~
[INFO] [stdout] 452 |             let intensity = Ord::clamp(hist[bucket]);
[INFO] [stdout]     |                             ~~~~~
[INFO] [stdout] 
[INFO] [stdout] 
[INFO] [stdout] error[E0034]: multiple applicable items in scope
[INFO] [stdout]    --> /opt/rustwide/cargo-home/registry/src/index.crates.io-6f17d22bba15001f/imageproc-0.17.0/src/hog.rs:456:33
[INFO] [stdout]     |
[INFO] [stdout] 456 |             let intensity = u8::clamp(hist[bucket]);
[INFO] [stdout]     |                                 ^^^^^ multiple `clamp` found
[INFO] [stdout]     |
[INFO] [stdout]     = note: candidate #1 is defined in an impl of the trait `Ord` for the type `u8`
[INFO] [stdout] note: candidate #2 is defined in the trait `Clamp`
[INFO] [stdout]    --> /opt/rustwide/cargo-home/registry/src/index.crates.io-6f17d22bba15001f/imageproc-0.17.0/src/definitions.rs:68:5
[INFO] [stdout]     |
[INFO] [stdout] 68  |     fn clamp(x: T) -> Self;
[INFO] [stdout]     |     ^^^^^^^^^^^^^^^^^^^^^^^
[INFO] [stdout] help: use fully-qualified syntax to disambiguate
[INFO] [stdout]     |
[INFO] [stdout] 456 |             let intensity = <u8 as Clamp>::clamp(hist[bucket]);
[INFO] [stdout]     |                             ~~~~~~~~~~~~~~~
[INFO] [stdout] 456 |             let intensity = Ord::clamp(hist[bucket]);
[INFO] [stdout]     |                             ~~~~~
[INFO] [stdout] 
[INFO] [stdout] 
[INFO] [stdout] error: aborting due to 2 previous errors
[INFO] [stdout] 
[INFO] [stdout] 
[INFO] [stdout] For more information about this error, try `rustc --explain E0034`.
[INFO] [stdout] 
[INFO] [stderr] error: could not compile `imageproc` (lib) due to 3 previous errors
[INFO] [stderr] warning: build failed, waiting for other jobs to finish...
[INFO] running `Command { std: "docker" "inspect" "826060e06db9ebfaf106e5cd81c44fb1040b3b7f36ae57670cbb4b22d87ac8fc", kill_on_drop: false }`
[INFO] running `Command { std: "docker" "rm" "-f" "826060e06db9ebfaf106e5cd81c44fb1040b3b7f36ae57670cbb4b22d87ac8fc", kill_on_drop: false }`
[INFO] [stdout] 826060e06db9ebfaf106e5cd81c44fb1040b3b7f36ae57670cbb4b22d87ac8fc
[INFO] testing ut-dialog-0.1.0 against beta-2023-12-22 for beta-1.76-1
[INFO] extracting crate ut-dialog 0.1.0 into /workspace/builds/worker-4-tc2/source
[INFO] validating manifest of crates.io crate ut-dialog 0.1.0 on toolchain beta-2023-12-22
[INFO] running `Command { std: CARGO_HOME="/workspace/cargo-home" RUSTUP_HOME="/workspace/rustup-home" "/workspace/cargo-home/bin/cargo" "+beta-2023-12-22" "metadata" "--manifest-path" "Cargo.toml" "--no-deps", kill_on_drop: false }`
[INFO] started tweaking crates.io crate ut-dialog 0.1.0
[INFO] finished tweaking crates.io crate ut-dialog 0.1.0
[INFO] tweaked toml for crates.io crate ut-dialog 0.1.0 written to /workspace/builds/worker-4-tc2/source/Cargo.toml
[INFO] running `Command { std: CARGO_HOME="/workspace/cargo-home" RUSTUP_HOME="/workspace/rustup-home" "/workspace/cargo-home/bin/cargo" "+beta-2023-12-22" "generate-lockfile" "--manifest-path" "Cargo.toml", kill_on_drop: false }`
[INFO] [stderr]     Updating crates.io index
[INFO] running `Command { std: CARGO_HOME="/workspace/cargo-home" RUSTUP_HOME="/workspace/rustup-home" "/workspace/cargo-home/bin/cargo" "+beta-2023-12-22" "fetch" "--manifest-path" "Cargo.toml", kill_on_drop: false }`
[INFO] running `Command { std: "docker" "create" "-v" "/var/lib/crater-agent-workspace/builds/worker-4-tc2/target:/opt/rustwide/target:rw,Z" "-v" "/var/lib/crater-agent-workspace/builds/worker-4-tc2/source:/opt/rustwide/workdir:ro,Z" "-v" "/var/lib/crater-agent-workspace/cargo-home:/opt/rustwide/cargo-home:ro,Z" "-v" "/var/lib/crater-agent-workspace/rustup-home:/opt/rustwide/rustup-home:ro,Z" "-e" "SOURCE_DIR=/opt/rustwide/workdir" "-e" "CARGO_TARGET_DIR=/opt/rustwide/target" "-e" "CARGO_HOME=/opt/rustwide/cargo-home" "-e" "RUSTUP_HOME=/opt/rustwide/rustup-home" "-w" "/opt/rustwide/workdir" "-m" "1610612736" "--user" "0:0" "--network" "none" "ghcr.io/rust-lang/crates-build-env/linux@sha256:2788e3201cd34a07e3172128adcd8b3090168a8e3bcc40d7c032b9dda1df7d1c" "/opt/rustwide/cargo-home/bin/cargo" "+beta-2023-12-22" "metadata" "--no-deps" "--format-version=1", kill_on_drop: false }`
[INFO] [stdout] abafd4f83296bb868e6099f35bda65b65428c66447eb65647209c060d113411b
[INFO] running `Command { std: "docker" "start" "-a" "abafd4f83296bb868e6099f35bda65b65428c66447eb65647209c060d113411b", kill_on_drop: false }`
[INFO] running `Command { std: "docker" "inspect" "abafd4f83296bb868e6099f35bda65b65428c66447eb65647209c060d113411b", kill_on_drop: false }`
[INFO] running `Command { std: "docker" "rm" "-f" "abafd4f83296bb868e6099f35bda65b65428c66447eb65647209c060d113411b", kill_on_drop: false }`
[INFO] [stdout] abafd4f83296bb868e6099f35bda65b65428c66447eb65647209c060d113411b
[INFO] running `Command { std: "docker" "create" "-v" "/var/lib/crater-agent-workspace/builds/worker-4-tc2/target:/opt/rustwide/target:rw,Z" "-v" "/var/lib/crater-agent-workspace/builds/worker-4-tc2/source:/opt/rustwide/workdir:ro,Z" "-v" "/var/lib/crater-agent-workspace/cargo-home:/opt/rustwide/cargo-home:ro,Z" "-v" "/var/lib/crater-agent-workspace/rustup-home:/opt/rustwide/rustup-home:ro,Z" "-e" "SOURCE_DIR=/opt/rustwide/workdir" "-e" "CARGO_TARGET_DIR=/opt/rustwide/target" "-e" "CARGO_INCREMENTAL=0" "-e" "RUST_BACKTRACE=full" "-e" "RUSTFLAGS=--cap-lints=warn" "-e" "RUSTDOCFLAGS=--cap-lints=warn" "-e" "CARGO_HOME=/opt/rustwide/cargo-home" "-e" "RUSTUP_HOME=/opt/rustwide/rustup-home" "-w" "/opt/rustwide/workdir" "-m" "1610612736" "--user" "0:0" "--network" "none" "ghcr.io/rust-lang/crates-build-env/linux@sha256:2788e3201cd34a07e3172128adcd8b3090168a8e3bcc40d7c032b9dda1df7d1c" "/opt/rustwide/cargo-home/bin/cargo" "+beta-2023-12-22" "build" "--frozen" "--message-format=json", kill_on_drop: false }`
[INFO] [stdout] 066d52d1085a3905bb25e577d8db818936bb4bf496c4ddcc8a8c977775bd8b86
[INFO] running `Command { std: "docker" "start" "-a" "066d52d1085a3905bb25e577d8db818936bb4bf496c4ddcc8a8c977775bd8b86", kill_on_drop: false }`
[INFO] [stderr]    Compiling num-traits v0.2.17
[INFO] [stderr]    Compiling num-integer v0.1.45
[INFO] [stderr]    Compiling crossbeam-utils v0.8.18
[INFO] [stderr]    Compiling proc-macro2 v0.4.30
[INFO] [stderr]    Compiling byteorder v1.5.0
[INFO] [stderr]    Compiling unicode-xid v0.1.0
[INFO] [stderr]    Compiling libc v0.2.151
[INFO] [stderr]    Compiling num-bigint v0.2.6
[INFO] [stderr]    Compiling num-iter v0.1.43
[INFO] [stderr]    Compiling syn v0.15.44
[INFO] [stderr]    Compiling rayon-core v1.12.0
[INFO] [stderr]    Compiling num-rational v0.2.4
[INFO] [stderr]    Compiling num-derive v0.2.5
[INFO] [stderr]    Compiling adler32 v1.2.0
[INFO] [stderr]    Compiling num-complex v0.2.4
[INFO] [stderr]    Compiling lzw v0.10.0
[INFO] [stderr]    Compiling crossbeam-epoch v0.9.17
[INFO] [stderr]    Compiling quote v0.6.13
[INFO] [stderr]    Compiling quick-error v1.2.3
[INFO] [stderr]    Compiling crossbeam-deque v0.8.4
[INFO] [stderr]    Compiling humantime v1.3.0
[INFO] [stderr]    Compiling atty v0.2.14
[INFO] [stderr]    Compiling deflate v0.7.20
[INFO] [stderr]    Compiling inflate v0.4.5
[INFO] [stderr]    Compiling stb_truetype v0.3.1
[INFO] [stderr]    Compiling termcolor v1.4.0
[INFO] [stderr]    Compiling color_quant v1.1.0
[INFO] [stderr]    Compiling gif v0.10.3
[INFO] [stderr]    Compiling rayon v1.8.0
[INFO] [stderr]    Compiling ordered-float v1.1.1
[INFO] [stderr]    Compiling approx v0.3.2
[INFO] [stderr]    Compiling env_logger v0.5.13
[INFO] [stderr]    Compiling rusttype v0.8.3
[INFO] [stderr]    Compiling rand v0.4.6
[INFO] [stderr]    Compiling png v0.12.0
[INFO] [stderr]    Compiling custom_derive v0.1.7
[INFO] [stderr]    Compiling scoped_threadpool v0.1.9
[INFO] [stderr]    Compiling conv v0.3.3
[INFO] [stderr]    Compiling quickcheck v0.6.2
[INFO] [stderr]    Compiling rusttype v0.7.9
[INFO] [stderr]    Compiling assert_approx_eq v1.1.0
[INFO] [stderr]    Compiling num v0.2.1
[INFO] [stderr]    Compiling jpeg-decoder v0.1.22
[INFO] [stderr]    Compiling tiff v0.2.2
[INFO] [stderr]    Compiling image v0.20.1
[INFO] [stderr]    Compiling imageproc v0.17.0
[INFO] [stdout] error[E0034]: multiple applicable items in scope
[INFO] [stdout]    --> /opt/rustwide/cargo-home/registry/src/index.crates.io-6f17d22bba15001f/imageproc-0.17.0/src/hog.rs:452:33
[INFO] [stdout]     |
[INFO] [stdout] 452 |             let intensity = u8::clamp(hist[bucket]);
[INFO] [stdout]     |                                 ^^^^^ multiple `clamp` found
[INFO] [stdout]     |
[INFO] [stdout]     = note: candidate #1 is defined in an impl of the trait `Ord` for the type `u8`
[INFO] [stdout] note: candidate #2 is defined in the trait `Clamp`
[INFO] [stdout]    --> /opt/rustwide/cargo-home/registry/src/index.crates.io-6f17d22bba15001f/imageproc-0.17.0/src/definitions.rs:68:5
[INFO] [stdout]     |
[INFO] [stdout] 68  |     fn clamp(x: T) -> Self;
[INFO] [stdout]     |     ^^^^^^^^^^^^^^^^^^^^^^^
[INFO] [stdout] help: use fully-qualified syntax to disambiguate
[INFO] [stdout]     |
[INFO] [stdout] 452 |             let intensity = <u8 as Clamp>::clamp(hist[bucket]);
[INFO] [stdout]     |                             ~~~~~~~~~~~~~~~
[INFO] [stdout] 452 |             let intensity = Ord::clamp(hist[bucket]);
[INFO] [stdout]     |                             ~~~~~
[INFO] [stdout] 
[INFO] [stdout] 
[INFO] [stdout] error[E0034]: multiple applicable items in scope
[INFO] [stdout]    --> /opt/rustwide/cargo-home/registry/src/index.crates.io-6f17d22bba15001f/imageproc-0.17.0/src/hog.rs:456:33
[INFO] [stdout]     |
[INFO] [stdout] 456 |             let intensity = u8::clamp(hist[bucket]);
[INFO] [stdout]     |                                 ^^^^^ multiple `clamp` found
[INFO] [stdout]     |
[INFO] [stdout]     = note: candidate #1 is defined in an impl of the trait `Ord` for the type `u8`
[INFO] [stdout] note: candidate #2 is defined in the trait `Clamp`
[INFO] [stdout]    --> /opt/rustwide/cargo-home/registry/src/index.crates.io-6f17d22bba15001f/imageproc-0.17.0/src/definitions.rs:68:5
[INFO] [stdout]     |
[INFO] [stdout] 68  |     fn clamp(x: T) -> Self;
[INFO] [stdout]     |     ^^^^^^^^^^^^^^^^^^^^^^^
[INFO] [stdout] help: use fully-qualified syntax to disambiguate
[INFO] [stdout]     |
[INFO] [stdout] 456 |             let intensity = <u8 as Clamp>::clamp(hist[bucket]);
[INFO] [stdout]     |                             ~~~~~~~~~~~~~~~
[INFO] [stdout] 456 |             let intensity = Ord::clamp(hist[bucket]);
[INFO] [stdout]     |                             ~~~~~
[INFO] [stdout] 
[INFO] [stdout] 
[INFO] [stdout] error: aborting due to 2 previous errors
[INFO] [stdout] 
[INFO] [stdout] 
[INFO] [stdout] For more information about this error, try `rustc --explain E0034`.
[INFO] [stdout] 
[INFO] [stderr] error: could not compile `imageproc` (lib) due to 3 previous errors
[INFO] [stderr] warning: build failed, waiting for other jobs to finish...
[INFO] running `Command { std: "docker" "inspect" "066d52d1085a3905bb25e577d8db818936bb4bf496c4ddcc8a8c977775bd8b86", kill_on_drop: false }`
[INFO] running `Command { std: "docker" "rm" "-f" "066d52d1085a3905bb25e577d8db818936bb4bf496c4ddcc8a8c977775bd8b86", kill_on_drop: false }`
[INFO] [stdout] 066d52d1085a3905bb25e577d8db818936bb4bf496c4ddcc8a8c977775bd8b86
