[INFO] fetching crate usiem-notioner 0.0.2...
[INFO] testing usiem-notioner-0.0.2 against 1.75.0 for beta-1.76-1
[INFO] extracting crate usiem-notioner 0.0.2 into /workspace/builds/worker-0-tc1/source
[INFO] validating manifest of crates.io crate usiem-notioner 0.0.2 on toolchain 1.75.0
[INFO] running `Command { std: CARGO_HOME="/workspace/cargo-home" RUSTUP_HOME="/workspace/rustup-home" "/workspace/cargo-home/bin/cargo" "+1.75.0" "metadata" "--manifest-path" "Cargo.toml" "--no-deps", kill_on_drop: false }`
[INFO] started tweaking crates.io crate usiem-notioner 0.0.2
[INFO] finished tweaking crates.io crate usiem-notioner 0.0.2
[INFO] tweaked toml for crates.io crate usiem-notioner 0.0.2 written to /workspace/builds/worker-0-tc1/source/Cargo.toml
[INFO] running `Command { std: CARGO_HOME="/workspace/cargo-home" RUSTUP_HOME="/workspace/rustup-home" "/workspace/cargo-home/bin/cargo" "+1.75.0" "generate-lockfile" "--manifest-path" "Cargo.toml", kill_on_drop: false }`
[INFO] [stderr]     Updating crates.io index
[INFO] running `Command { std: CARGO_HOME="/workspace/cargo-home" RUSTUP_HOME="/workspace/rustup-home" "/workspace/cargo-home/bin/cargo" "+1.75.0" "fetch" "--manifest-path" "Cargo.toml", kill_on_drop: false }`
[INFO] [stderr]  Downloading crates ...
[INFO] [stderr]   Downloaded u-siem v0.5.5
[INFO] running `Command { std: "docker" "create" "-v" "/var/lib/crater-agent-workspace/builds/worker-0-tc1/target:/opt/rustwide/target:rw,Z" "-v" "/var/lib/crater-agent-workspace/builds/worker-0-tc1/source:/opt/rustwide/workdir:ro,Z" "-v" "/var/lib/crater-agent-workspace/cargo-home:/opt/rustwide/cargo-home:ro,Z" "-v" "/var/lib/crater-agent-workspace/rustup-home:/opt/rustwide/rustup-home:ro,Z" "-e" "SOURCE_DIR=/opt/rustwide/workdir" "-e" "CARGO_TARGET_DIR=/opt/rustwide/target" "-e" "CARGO_HOME=/opt/rustwide/cargo-home" "-e" "RUSTUP_HOME=/opt/rustwide/rustup-home" "-w" "/opt/rustwide/workdir" "-m" "1610612736" "--user" "0:0" "--network" "none" "ghcr.io/rust-lang/crates-build-env/linux@sha256:2788e3201cd34a07e3172128adcd8b3090168a8e3bcc40d7c032b9dda1df7d1c" "/opt/rustwide/cargo-home/bin/cargo" "+1.75.0" "metadata" "--no-deps" "--format-version=1", kill_on_drop: false }`
[INFO] [stdout] 4eaf91873b9f6750780664e4811cf2c03c9398cb7fa0076915ae9b07ef4cf68c
[INFO] running `Command { std: "docker" "start" "-a" "4eaf91873b9f6750780664e4811cf2c03c9398cb7fa0076915ae9b07ef4cf68c", kill_on_drop: false }`
[INFO] running `Command { std: "docker" "inspect" "4eaf91873b9f6750780664e4811cf2c03c9398cb7fa0076915ae9b07ef4cf68c", kill_on_drop: false }`
[INFO] running `Command { std: "docker" "rm" "-f" "4eaf91873b9f6750780664e4811cf2c03c9398cb7fa0076915ae9b07ef4cf68c", kill_on_drop: false }`
[INFO] [stdout] 4eaf91873b9f6750780664e4811cf2c03c9398cb7fa0076915ae9b07ef4cf68c
[INFO] running `Command { std: "docker" "create" "-v" "/var/lib/crater-agent-workspace/builds/worker-0-tc1/target:/opt/rustwide/target:rw,Z" "-v" "/var/lib/crater-agent-workspace/builds/worker-0-tc1/source:/opt/rustwide/workdir:ro,Z" "-v" "/var/lib/crater-agent-workspace/cargo-home:/opt/rustwide/cargo-home:ro,Z" "-v" "/var/lib/crater-agent-workspace/rustup-home:/opt/rustwide/rustup-home:ro,Z" "-e" "SOURCE_DIR=/opt/rustwide/workdir" "-e" "CARGO_TARGET_DIR=/opt/rustwide/target" "-e" "CARGO_INCREMENTAL=0" "-e" "RUST_BACKTRACE=full" "-e" "RUSTFLAGS=--cap-lints=warn" "-e" "RUSTDOCFLAGS=--cap-lints=warn" "-e" "CARGO_HOME=/opt/rustwide/cargo-home" "-e" "RUSTUP_HOME=/opt/rustwide/rustup-home" "-w" "/opt/rustwide/workdir" "-m" "1610612736" "--user" "0:0" "--network" "none" "ghcr.io/rust-lang/crates-build-env/linux@sha256:2788e3201cd34a07e3172128adcd8b3090168a8e3bcc40d7c032b9dda1df7d1c" "/opt/rustwide/cargo-home/bin/cargo" "+1.75.0" "build" "--frozen" "--message-format=json", kill_on_drop: false }`
[INFO] [stdout] cb8774b5b7920b17a636d27a4e8134a828e0fc5378a6ec1b96fd8e5a3793ea93
[INFO] running `Command { std: "docker" "start" "-a" "cb8774b5b7920b17a636d27a4e8134a828e0fc5378a6ec1b96fd8e5a3793ea93", kill_on_drop: false }`
[INFO] [stderr]    Compiling libc v0.2.151
[INFO] [stderr]    Compiling memchr v2.7.1
[INFO] [stderr]    Compiling itoa v1.0.10
[INFO] [stderr]    Compiling bytes v1.5.0
[INFO] [stderr]    Compiling mio v0.8.10
[INFO] [stderr]    Compiling socket2 v0.5.5
[INFO] [stderr]    Compiling getrandom v0.2.11
[INFO] [stderr]    Compiling futures-core v0.3.30
[INFO] [stderr]    Compiling spin v0.9.8
[INFO] [stderr]    Compiling untrusted v0.9.0
[INFO] [stderr]    Compiling tracing-core v0.1.32
[INFO] [stderr]    Compiling syn v2.0.48
[INFO] [stderr]    Compiling serde v1.0.194
[INFO] [stderr]    Compiling tokio v1.35.1
[INFO] [stderr]    Compiling tracing v0.1.40
[INFO] [stderr]    Compiling http v0.2.11
[INFO] [stderr]    Compiling equivalent v1.0.1
[INFO] [stderr]    Compiling httparse v1.8.0
[INFO] [stderr]    Compiling pin-utils v0.1.0
[INFO] [stderr]    Compiling hashbrown v0.14.3
[INFO] [stderr]    Compiling futures-sink v0.3.30
[INFO] [stderr]    Compiling rustls v0.21.10
[INFO] [stderr]    Compiling futures-io v0.3.30
[INFO] [stderr]    Compiling tinyvec_macros v0.1.1
[INFO] [stderr]    Compiling cc v1.0.83
[INFO] [stderr]    Compiling futures-task v0.3.30
[INFO] [stderr]    Compiling tinyvec v1.6.0
[INFO] [stderr]    Compiling num-traits v0.2.17
[INFO] [stderr]    Compiling futures-util v0.3.30
[INFO] [stderr]    Compiling percent-encoding v2.3.1
[INFO] [stderr]    Compiling indexmap v2.1.0
[INFO] [stderr]    Compiling crossbeam-utils v0.8.18
[INFO] [stderr]    Compiling try-lock v0.2.5
[INFO] [stderr]    Compiling serde_json v1.0.111
[INFO] [stderr]    Compiling want v0.3.1
[INFO] [stderr]    Compiling unicode-normalization v0.1.22
[INFO] [stderr]    Compiling form_urlencoded v1.2.1
[INFO] [stderr]    Compiling http-body v0.4.6
[INFO] [stderr]    Compiling ring v0.17.7
[INFO] [stderr]    Compiling aho-corasick v1.1.2
[INFO] [stderr]    Compiling futures-channel v0.3.30
[INFO] [stderr]    Compiling tower-service v0.3.2
[INFO] [stderr]    Compiling httpdate v1.0.3
[INFO] [stderr]    Compiling unicode-bidi v0.3.14
[INFO] [stderr]    Compiling regex-syntax v0.8.2
[INFO] [stderr]    Compiling serde_derive v1.0.194
[INFO] [stderr]    Compiling idna v0.5.0
[INFO] [stderr]    Compiling iana-time-zone v0.1.59
[INFO] [stderr]    Compiling tokio-util v0.7.10
[INFO] [stderr]    Compiling base64 v0.21.5
[INFO] [stderr]    Compiling crossbeam-channel v0.5.10
[INFO] [stderr]    Compiling h2 v0.3.22
[INFO] [stderr]    Compiling regex-automata v0.4.3
[INFO] [stderr]    Compiling rustls-pemfile v1.0.4
[INFO] [stderr]    Compiling url v2.5.0
[INFO] [stderr]    Compiling chrono v0.4.31
[INFO] [stderr]    Compiling encoding_rs v0.8.33
[INFO] [stderr]    Compiling mime v0.3.17
[INFO] [stderr]    Compiling webpki-roots v0.25.3
[INFO] [stderr]    Compiling ipnet v2.9.0
[INFO] [stderr]    Compiling dyn-clone v1.0.16
[INFO] [stderr]    Compiling sct v0.7.1
[INFO] [stderr]    Compiling rustls-webpki v0.101.7
[INFO] [stderr]    Compiling hyper v0.14.28
[INFO] [stderr]    Compiling regex v1.10.2
[INFO] [stderr]    Compiling tokio-rustls v0.24.1
[INFO] [stderr]    Compiling hyper-rustls v0.24.2
[INFO] [stderr]    Compiling serde_urlencoded v0.7.1
[INFO] [stderr]    Compiling reqwest v0.11.23
[INFO] [stderr]    Compiling u-siem v0.5.5
[INFO] [stderr]    Compiling usiem-notioner v0.0.2 (/opt/rustwide/workdir)
[INFO] [stdout] error[E0407]: method `set_id` is not a member of trait `SiemComponent`
[INFO] [stdout]   --> src/alerter.rs:54:5
[INFO] [stdout]    |
[INFO] [stdout] 54 | /     fn set_id(&mut self, id: u64) {
[INFO] [stdout] 55 | |         self.id = id;
[INFO] [stdout] 56 | |     }
[INFO] [stdout]    | |_____^ not a member of trait `SiemComponent`
[INFO] [stdout] 
[INFO] [stdout] 
[INFO] [stdout] error[E0407]: method `set_kernel_sender` is not a member of trait `SiemComponent`
[INFO] [stdout]   --> src/alerter.rs:65:5
[INFO] [stdout]    |
[INFO] [stdout] 65 | /     fn set_kernel_sender(&mut self, sender: Sender<SiemMessage>) {
[INFO] [stdout] 66 | |         self.kernel = sender;
[INFO] [stdout] 67 | |     }
[INFO] [stdout]    | |_____^ not a member of trait `SiemComponent`
[INFO] [stdout] 
[INFO] [stdout] 
[INFO] [stdout] error[E0407]: method `id` is not a member of trait `SiemComponent`
[INFO] [stdout]    --> src/alerter.rs:149:5
[INFO] [stdout]     |
[INFO] [stdout] 149 | /     fn id(&self) -> u64 {
[INFO] [stdout] 150 | |         return self.id;
[INFO] [stdout] 151 | |     }
[INFO] [stdout]     | |_____^ not a member of trait `SiemComponent`
[INFO] [stdout] 
[INFO] [stdout] 
[INFO] [stdout] error[E0053]: method `run` has an incompatible type for trait
[INFO] [stdout]   --> src/alerter.rs:69:22
[INFO] [stdout]    |
[INFO] [stdout] 69 |     fn run(&mut self) {
[INFO] [stdout]    |                      ^ expected `Result<(), SiemError>`, found `()`
[INFO] [stdout]    |
[INFO] [stdout]    = note: expected signature `fn(&mut NotionAlert) -> Result<(), SiemError>`
[INFO] [stdout]               found signature `fn(&mut NotionAlert)`
[INFO] [stdout] help: change the output type to match the trait
[INFO] [stdout]    |
[INFO] [stdout] 69 |     fn run(&mut self) -> Result<(), SiemError> {
[INFO] [stdout]    |                       ++++++++++++++++++++++++
[INFO] [stdout] 
[INFO] [stdout] 
[INFO] [stdout] error: `impl` item signature doesn't match `trait` item signature
[INFO] [stdout]    --> src/alerter.rs:153:5
[INFO] [stdout]     |
[INFO] [stdout] 153 |     fn name(&self) -> &str {
[INFO] [stdout]     |     ^^^^^^^^^^^^^^^^^^^^^^ found `fn(&'1 NotionAlert) -> &'1 str`
[INFO] [stdout]     |
[INFO] [stdout]    ::: /opt/rustwide/cargo-home/registry/src/index.crates.io-6f17d22bba15001f/u-siem-0.5.5/src/components/mod.rs:32:5
[INFO] [stdout]     |
[INFO] [stdout] 32  |     fn name(&self) -> &'static str {
[INFO] [stdout]     |     ------------------------------ expected `fn(&'1 NotionAlert) -> &'static str`
[INFO] [stdout]     |
[INFO] [stdout]     = note: expected signature `fn(&'1 NotionAlert) -> &'static str`
[INFO] [stdout]                found signature `fn(&'1 NotionAlert) -> &'1 str`
[INFO] [stdout]     = help: the lifetime requirements from the `impl` do not correspond to the requirements in the `trait`
[INFO] [stdout]     = help: verify the lifetime relationships in the `trait` and `impl` between the `self` argument, the other inputs and its output
[INFO] [stdout] 
[INFO] [stdout] 
[INFO] [stdout] error[E0308]: mismatched types
[INFO] [stdout]   --> src/alerter.rs:45:56
[INFO] [stdout]    |
[INFO] [stdout] 45 |                 generated_alerts : SiemMetric::Counter(Arc::new(AtomicI64::new(0)))
[INFO] [stdout]    |                                    ------------------- ^^^^^^^^^^^^^^^^^^^^^^^^^^^ expected `CounterVec`, found `Arc<AtomicI64>`
[INFO] [stdout]    |                                    |
[INFO] [stdout]    |                                    arguments to this enum variant are incorrect
[INFO] [stdout]    |
[INFO] [stdout]    = note: expected struct `CounterVec`
[INFO] [stdout]               found struct `Arc<AtomicI64>`
[INFO] [stdout] note: tuple variant defined here
[INFO] [stdout]   --> /opt/rustwide/cargo-home/registry/src/index.crates.io-6f17d22bba15001f/u-siem-0.5.5/src/components/metrics/mod.rs:56:5
[INFO] [stdout]    |
[INFO] [stdout] 56 |     Counter(CounterVec),
[INFO] [stdout]    |     ^^^^^^^
[INFO] [stdout] 
[INFO] [stdout] 
[INFO] [stdout] error[E0061]: this enum variant takes 1 argument but 2 arguments were supplied
[INFO] [stdout]   --> src/alerter.rs:97:46
[INFO] [stdout]    |
[INFO] [stdout] 97 | ...self.kernel.send(SiemMessage::Notification(self.id, Cow::Owned(format!("Cannot generate alert: {:?}", alert)))).unwrap();
[INFO] [stdout]    |                     ^^^^^^^^^^^^^^^^^^^^^^^^^ -------  --------------------------------------------------------- unexpected argument of type `Cow<'_, _>`
[INFO] [stdout]    |                                               |
[INFO] [stdout]    |                                               expected `Notification`, found `u64`
[INFO] [stdout]    |
[INFO] [stdout] note: tuple variant defined here
[INFO] [stdout]   --> /opt/rustwide/cargo-home/registry/src/index.crates.io-6f17d22bba15001f/u-siem-0.5.5/src/components/common.rs:21:5
[INFO] [stdout]    |
[INFO] [stdout] 21 |     Notification(Notification),
[INFO] [stdout]    |     ^^^^^^^^^^^^
[INFO] [stdout] help: remove the extra argument
[INFO] [stdout]    |
[INFO] [stdout] 97 -                             self.kernel.send(SiemMessage::Notification(self.id, Cow::Owned(format!("Cannot generate alert: {:?}", alert)))).unwrap();
[INFO] [stdout] 97 +                             self.kernel.send(SiemMessage::Notification(/* usiem::prelude::Notification */)).unwrap();
[INFO] [stdout]    |
[INFO] [stdout] 
[INFO] [stdout] 
[INFO] [stdout] error[E0560]: struct `SiemMetricDefinition` has no field named `tags`
[INFO] [stdout]    --> src/alerter.rs:127:13
[INFO] [stdout]     |
[INFO] [stdout] 127 |             tags: BTreeMap::new(),
[INFO] [stdout]     |             ^^^^ `SiemMetricDefinition` does not have this field
[INFO] [stdout]     |
[INFO] [stdout]     = note: all struct fields are already assigned
[INFO] [stdout] 
[INFO] [stdout] 
[INFO] [stdout] error: aborting due to 8 previous errors
[INFO] [stdout] 
[INFO] [stdout] 
[INFO] [stdout] Some errors have detailed explanations: E0053, E0061, E0308, E0407, E0560.
[INFO] [stdout] 
[INFO] [stdout] For more information about an error, try `rustc --explain E0053`.
[INFO] [stdout] 
[INFO] [stderr] error: could not compile `usiem-notioner` (lib) due to 9 previous errors
[INFO] [stderr] warning: build failed, waiting for other jobs to finish...
[INFO] running `Command { std: "docker" "inspect" "cb8774b5b7920b17a636d27a4e8134a828e0fc5378a6ec1b96fd8e5a3793ea93", kill_on_drop: false }`
[INFO] running `Command { std: "docker" "rm" "-f" "cb8774b5b7920b17a636d27a4e8134a828e0fc5378a6ec1b96fd8e5a3793ea93", kill_on_drop: false }`
[INFO] [stdout] cb8774b5b7920b17a636d27a4e8134a828e0fc5378a6ec1b96fd8e5a3793ea93
