[INFO] fetching crate urlutils 3.3.3...
[INFO] testing urlutils-3.3.3 against 1.75.0 for beta-1.76-1
[INFO] extracting crate urlutils 3.3.3 into /workspace/builds/worker-7-tc1/source
[INFO] validating manifest of crates.io crate urlutils 3.3.3 on toolchain 1.75.0
[INFO] running `Command { std: CARGO_HOME="/workspace/cargo-home" RUSTUP_HOME="/workspace/rustup-home" "/workspace/cargo-home/bin/cargo" "+1.75.0" "metadata" "--manifest-path" "Cargo.toml" "--no-deps", kill_on_drop: false }`
[INFO] started tweaking crates.io crate urlutils 3.3.3
[INFO] finished tweaking crates.io crate urlutils 3.3.3
[INFO] tweaked toml for crates.io crate urlutils 3.3.3 written to /workspace/builds/worker-7-tc1/source/Cargo.toml
[INFO] running `Command { std: CARGO_HOME="/workspace/cargo-home" RUSTUP_HOME="/workspace/rustup-home" "/workspace/cargo-home/bin/cargo" "+1.75.0" "generate-lockfile" "--manifest-path" "Cargo.toml", kill_on_drop: false }`
[INFO] [stderr]     Blocking waiting for file lock on package cache
[INFO] [stderr]     Updating crates.io index
[INFO] running `Command { std: CARGO_HOME="/workspace/cargo-home" RUSTUP_HOME="/workspace/rustup-home" "/workspace/cargo-home/bin/cargo" "+1.75.0" "fetch" "--manifest-path" "Cargo.toml", kill_on_drop: false }`
[INFO] [stderr]  Downloading crates ...
[INFO] [stderr]   Downloaded osutils v0.1.0
[INFO] running `Command { std: "docker" "create" "-v" "/var/lib/crater-agent-workspace/builds/worker-7-tc1/target:/opt/rustwide/target:rw,Z" "-v" "/var/lib/crater-agent-workspace/builds/worker-7-tc1/source:/opt/rustwide/workdir:ro,Z" "-v" "/var/lib/crater-agent-workspace/cargo-home:/opt/rustwide/cargo-home:ro,Z" "-v" "/var/lib/crater-agent-workspace/rustup-home:/opt/rustwide/rustup-home:ro,Z" "-e" "SOURCE_DIR=/opt/rustwide/workdir" "-e" "CARGO_TARGET_DIR=/opt/rustwide/target" "-e" "CARGO_HOME=/opt/rustwide/cargo-home" "-e" "RUSTUP_HOME=/opt/rustwide/rustup-home" "-w" "/opt/rustwide/workdir" "-m" "1610612736" "--user" "0:0" "--network" "none" "ghcr.io/rust-lang/crates-build-env/linux@sha256:2788e3201cd34a07e3172128adcd8b3090168a8e3bcc40d7c032b9dda1df7d1c" "/opt/rustwide/cargo-home/bin/cargo" "+1.75.0" "metadata" "--no-deps" "--format-version=1", kill_on_drop: false }`
[INFO] [stdout] 9cc42303b5d17ce14036599805901a1d2b28c72872bec28e531b6e3afb8ddef5
[INFO] running `Command { std: "docker" "start" "-a" "9cc42303b5d17ce14036599805901a1d2b28c72872bec28e531b6e3afb8ddef5", kill_on_drop: false }`
[INFO] running `Command { std: "docker" "inspect" "9cc42303b5d17ce14036599805901a1d2b28c72872bec28e531b6e3afb8ddef5", kill_on_drop: false }`
[INFO] running `Command { std: "docker" "rm" "-f" "9cc42303b5d17ce14036599805901a1d2b28c72872bec28e531b6e3afb8ddef5", kill_on_drop: false }`
[INFO] [stdout] 9cc42303b5d17ce14036599805901a1d2b28c72872bec28e531b6e3afb8ddef5
[INFO] running `Command { std: "docker" "create" "-v" "/var/lib/crater-agent-workspace/builds/worker-7-tc1/target:/opt/rustwide/target:rw,Z" "-v" "/var/lib/crater-agent-workspace/builds/worker-7-tc1/source:/opt/rustwide/workdir:ro,Z" "-v" "/var/lib/crater-agent-workspace/cargo-home:/opt/rustwide/cargo-home:ro,Z" "-v" "/var/lib/crater-agent-workspace/rustup-home:/opt/rustwide/rustup-home:ro,Z" "-e" "SOURCE_DIR=/opt/rustwide/workdir" "-e" "CARGO_TARGET_DIR=/opt/rustwide/target" "-e" "CARGO_INCREMENTAL=0" "-e" "RUST_BACKTRACE=full" "-e" "RUSTFLAGS=--cap-lints=warn" "-e" "RUSTDOCFLAGS=--cap-lints=warn" "-e" "CARGO_HOME=/opt/rustwide/cargo-home" "-e" "RUSTUP_HOME=/opt/rustwide/rustup-home" "-w" "/opt/rustwide/workdir" "-m" "1610612736" "--user" "0:0" "--network" "none" "ghcr.io/rust-lang/crates-build-env/linux@sha256:2788e3201cd34a07e3172128adcd8b3090168a8e3bcc40d7c032b9dda1df7d1c" "/opt/rustwide/cargo-home/bin/cargo" "+1.75.0" "build" "--frozen" "--message-format=json", kill_on_drop: false }`
[INFO] [stdout] 77daff37787b04b01d57cb0dadef16b61646935f9c8e3c40239152da5a1d74a5
[INFO] running `Command { std: "docker" "start" "-a" "77daff37787b04b01d57cb0dadef16b61646935f9c8e3c40239152da5a1d74a5", kill_on_drop: false }`
[INFO] [stderr]    Compiling libc v0.2.151
[INFO] [stderr]    Compiling version_check v0.9.4
[INFO] [stderr]    Compiling typenum v1.17.0
[INFO] [stderr]    Compiling cfg-if v1.0.0
[INFO] [stderr]    Compiling tinyvec_macros v0.1.1
[INFO] [stderr]    Compiling autocfg v1.1.0
[INFO] [stderr]    Compiling memchr v2.7.1
[INFO] [stderr]    Compiling ppv-lite86 v0.2.17
[INFO] [stderr]    Compiling regex-syntax v0.8.2
[INFO] [stderr]    Compiling match_cfg v0.1.0
[INFO] [stderr]    Compiling iana-time-zone v0.1.59
[INFO] [stderr]    Compiling bitflags v2.4.1
[INFO] [stderr]    Compiling cpufeatures v0.2.12
[INFO] [stderr]    Compiling percent-encoding v2.3.1
[INFO] [stderr]    Compiling unicode-bidi v0.3.14
[INFO] [stderr]    Compiling same-file v1.0.6
[INFO] [stderr]    Compiling tinyvec v1.6.0
[INFO] [stderr]    Compiling lazy_static v1.4.0
[INFO] [stderr]    Compiling path-clean v1.0.1
[INFO] [stderr]    Compiling walkdir v2.4.0
[INFO] [stderr]    Compiling form_urlencoded v1.2.1
[INFO] [stderr]    Compiling generic-array v0.14.7
[INFO] [stderr]    Compiling num-traits v0.2.17
[INFO] [stderr]    Compiling aho-corasick v1.1.2
[INFO] [stderr]    Compiling unicode-normalization v0.1.22
[INFO] [stderr]    Compiling idna v0.5.0
[INFO] [stderr]    Compiling chrono v0.4.31
[INFO] [stderr]    Compiling getrandom v0.2.11
[INFO] [stderr]    Compiling num_cpus v1.16.0
[INFO] [stderr]    Compiling nix v0.27.1
[INFO] [stderr]    Compiling hostname v0.3.1
[INFO] [stderr]    Compiling url v2.5.0
[INFO] [stderr]    Compiling rand_core v0.6.4
[INFO] [stderr]    Compiling crypto-common v0.1.6
[INFO] [stderr]    Compiling block-buffer v0.10.4
[INFO] [stderr]    Compiling rand_chacha v0.3.1
[INFO] [stderr]    Compiling digest v0.10.7
[INFO] [stderr]    Compiling regex-automata v0.4.3
[INFO] [stderr]    Compiling rand v0.8.5
[INFO] [stderr]    Compiling sha1 v0.10.6
[INFO] [stderr]    Compiling regex v1.10.2
[INFO] [stderr]    Compiling osutils v0.1.0
[INFO] [stdout] error[E0432]: unresolved import `nix::sys::stat`
[INFO] [stdout]   --> /opt/rustwide/cargo-home/registry/src/index.crates.io-6f17d22bba15001f/osutils-0.1.0/src/lib.rs:95:15
[INFO] [stdout]    |
[INFO] [stdout] 95 | use nix::sys::stat::{umask, Mode};
[INFO] [stdout]    |               ^^^^ could not find `stat` in `sys`
[INFO] [stdout] 
[INFO] [stdout] 
[INFO] [stdout] error[E0432]: unresolved import `nix::sys::stat`
[INFO] [stdout]  --> /opt/rustwide/cargo-home/registry/src/index.crates.io-6f17d22bba15001f/osutils-0.1.0/src/file.rs:4:15
[INFO] [stdout]   |
[INFO] [stdout] 4 | use nix::sys::stat::SFlag;
[INFO] [stdout]   |               ^^^^ could not find `stat` in `sys`
[INFO] [stdout] 
[INFO] [stdout] 
[INFO] [stdout] error[E0432]: unresolved imports `nix::unistd::chown`, `nix::unistd::Gid`, `nix::unistd::Uid`
[INFO] [stdout]    --> /opt/rustwide/cargo-home/registry/src/index.crates.io-6f17d22bba15001f/osutils-0.1.0/src/file.rs:54:23
[INFO] [stdout]     |
[INFO] [stdout] 54  |     use nix::unistd::{chown, Gid, Uid};
[INFO] [stdout]     |                       ^^^^^  ^^^  ^^^ no `Uid` in `unistd`
[INFO] [stdout]     |                       |      |
[INFO] [stdout]     |                       |      no `Gid` in `unistd`
[INFO] [stdout]     |                       no `chown` in `unistd`
[INFO] [stdout]     |
[INFO] [stdout] note: found an item that was configured out
[INFO] [stdout]    --> /opt/rustwide/cargo-home/registry/src/index.crates.io-6f17d22bba15001f/nix-0.27.1/src/unistd.rs:725:8
[INFO] [stdout]     |
[INFO] [stdout] 725 | pub fn chown<P: ?Sized + NixPath>(
[INFO] [stdout]     |        ^^^^^
[INFO] [stdout] note: found an item that was configured out
[INFO] [stdout]    --> /opt/rustwide/cargo-home/registry/src/index.crates.io-6f17d22bba15001f/nix-0.27.1/src/unistd.rs:131:12
[INFO] [stdout]     |
[INFO] [stdout] 131 | pub struct Gid(gid_t);
[INFO] [stdout]     |            ^^^
[INFO] [stdout]     = note: the item is gated behind the `user` feature
[INFO] [stdout] note: found an item that was configured out
[INFO] [stdout]    --> /opt/rustwide/cargo-home/registry/src/index.crates.io-6f17d22bba15001f/nix-0.27.1/src/unistd.rs:74:12
[INFO] [stdout]     |
[INFO] [stdout] 74  | pub struct Uid(uid_t);
[INFO] [stdout]     |            ^^^
[INFO] [stdout]     = note: the item is gated behind the `user` feature
[INFO] [stdout] 
[INFO] [stdout] 
[INFO] [stdout] error: aborting due to 3 previous errors
[INFO] [stdout] 
[INFO] [stdout] 
[INFO] [stdout] For more information about this error, try `rustc --explain E0432`.
[INFO] [stdout] 
[INFO] [stderr] error: could not compile `osutils` (lib) due to 4 previous errors
[INFO] [stderr] warning: build failed, waiting for other jobs to finish...
[INFO] running `Command { std: "docker" "inspect" "77daff37787b04b01d57cb0dadef16b61646935f9c8e3c40239152da5a1d74a5", kill_on_drop: false }`
[INFO] running `Command { std: "docker" "rm" "-f" "77daff37787b04b01d57cb0dadef16b61646935f9c8e3c40239152da5a1d74a5", kill_on_drop: false }`
[INFO] [stdout] 77daff37787b04b01d57cb0dadef16b61646935f9c8e3c40239152da5a1d74a5
