[INFO] fetching crate urbandictionary 0.4.0-alpha.1...
[INFO] testing urbandictionary-0.4.0-alpha.1 against 1.75.0 for beta-1.76-1
[INFO] extracting crate urbandictionary 0.4.0-alpha.1 into /workspace/builds/worker-1-tc1/source
[INFO] validating manifest of crates.io crate urbandictionary 0.4.0-alpha.1 on toolchain 1.75.0
[INFO] running `Command { std: CARGO_HOME="/workspace/cargo-home" RUSTUP_HOME="/workspace/rustup-home" "/workspace/cargo-home/bin/cargo" "+1.75.0" "metadata" "--manifest-path" "Cargo.toml" "--no-deps", kill_on_drop: false }`
[INFO] started tweaking crates.io crate urbandictionary 0.4.0-alpha.1
[INFO] finished tweaking crates.io crate urbandictionary 0.4.0-alpha.1
[INFO] tweaked toml for crates.io crate urbandictionary 0.4.0-alpha.1 written to /workspace/builds/worker-1-tc1/source/Cargo.toml
[INFO] running `Command { std: CARGO_HOME="/workspace/cargo-home" RUSTUP_HOME="/workspace/rustup-home" "/workspace/cargo-home/bin/cargo" "+1.75.0" "generate-lockfile" "--manifest-path" "Cargo.toml", kill_on_drop: false }`
[INFO] [stderr]     Updating crates.io index
[INFO] running `Command { std: CARGO_HOME="/workspace/cargo-home" RUSTUP_HOME="/workspace/rustup-home" "/workspace/cargo-home/bin/cargo" "+1.75.0" "fetch" "--manifest-path" "Cargo.toml", kill_on_drop: false }`
[INFO] [stderr]  Downloading crates ...
[INFO] [stderr]   Downloaded snafu-derive v0.5.0
[INFO] [stderr]   Downloaded snafu v0.5.0
[INFO] running `Command { std: "docker" "create" "-v" "/var/lib/crater-agent-workspace/builds/worker-1-tc1/target:/opt/rustwide/target:rw,Z" "-v" "/var/lib/crater-agent-workspace/builds/worker-1-tc1/source:/opt/rustwide/workdir:ro,Z" "-v" "/var/lib/crater-agent-workspace/cargo-home:/opt/rustwide/cargo-home:ro,Z" "-v" "/var/lib/crater-agent-workspace/rustup-home:/opt/rustwide/rustup-home:ro,Z" "-e" "SOURCE_DIR=/opt/rustwide/workdir" "-e" "CARGO_TARGET_DIR=/opt/rustwide/target" "-e" "CARGO_HOME=/opt/rustwide/cargo-home" "-e" "RUSTUP_HOME=/opt/rustwide/rustup-home" "-w" "/opt/rustwide/workdir" "-m" "1610612736" "--user" "0:0" "--network" "none" "ghcr.io/rust-lang/crates-build-env/linux@sha256:2788e3201cd34a07e3172128adcd8b3090168a8e3bcc40d7c032b9dda1df7d1c" "/opt/rustwide/cargo-home/bin/cargo" "+1.75.0" "metadata" "--no-deps" "--format-version=1", kill_on_drop: false }`
[INFO] [stdout] 3bdfeb43e8776941df57f01eed55d13cd420b21d8e8c005ded8f0d1c76a58529
[INFO] running `Command { std: "docker" "start" "-a" "3bdfeb43e8776941df57f01eed55d13cd420b21d8e8c005ded8f0d1c76a58529", kill_on_drop: false }`
[INFO] running `Command { std: "docker" "inspect" "3bdfeb43e8776941df57f01eed55d13cd420b21d8e8c005ded8f0d1c76a58529", kill_on_drop: false }`
[INFO] running `Command { std: "docker" "rm" "-f" "3bdfeb43e8776941df57f01eed55d13cd420b21d8e8c005ded8f0d1c76a58529", kill_on_drop: false }`
[INFO] [stdout] 3bdfeb43e8776941df57f01eed55d13cd420b21d8e8c005ded8f0d1c76a58529
[INFO] running `Command { std: "docker" "create" "-v" "/var/lib/crater-agent-workspace/builds/worker-1-tc1/target:/opt/rustwide/target:rw,Z" "-v" "/var/lib/crater-agent-workspace/builds/worker-1-tc1/source:/opt/rustwide/workdir:ro,Z" "-v" "/var/lib/crater-agent-workspace/cargo-home:/opt/rustwide/cargo-home:ro,Z" "-v" "/var/lib/crater-agent-workspace/rustup-home:/opt/rustwide/rustup-home:ro,Z" "-e" "SOURCE_DIR=/opt/rustwide/workdir" "-e" "CARGO_TARGET_DIR=/opt/rustwide/target" "-e" "CARGO_INCREMENTAL=0" "-e" "RUST_BACKTRACE=full" "-e" "RUSTFLAGS=--cap-lints=warn" "-e" "RUSTDOCFLAGS=--cap-lints=warn" "-e" "CARGO_HOME=/opt/rustwide/cargo-home" "-e" "RUSTUP_HOME=/opt/rustwide/rustup-home" "-w" "/opt/rustwide/workdir" "-m" "1610612736" "--user" "0:0" "--network" "none" "ghcr.io/rust-lang/crates-build-env/linux@sha256:2788e3201cd34a07e3172128adcd8b3090168a8e3bcc40d7c032b9dda1df7d1c" "/opt/rustwide/cargo-home/bin/cargo" "+1.75.0" "build" "--frozen" "--message-format=json", kill_on_drop: false }`
[INFO] [stdout] 2c510e23baf14c0c9d01ee2b7de8f4a71507ad4a78fd056fa73d9244492f4555
[INFO] running `Command { std: "docker" "start" "-a" "2c510e23baf14c0c9d01ee2b7de8f4a71507ad4a78fd056fa73d9244492f4555", kill_on_drop: false }`
[INFO] [stderr]    Compiling libc v0.2.151
[INFO] [stderr]    Compiling cfg-if v0.1.10
[INFO] [stderr]    Compiling bytes v0.5.6
[INFO] [stderr]    Compiling proc-macro2 v0.4.30
[INFO] [stderr]    Compiling unicase v2.7.0
[INFO] [stderr]    Compiling indexmap v1.9.3
[INFO] [stderr]    Compiling pin-project-lite v0.1.12
[INFO] [stderr]    Compiling unicode-xid v0.1.0
[INFO] [stderr]    Compiling tracing v0.1.40
[INFO] [stderr]    Compiling syn v0.15.44
[INFO] [stderr]    Compiling unicode-normalization v0.1.22
[INFO] [stderr]    Compiling syn v2.0.48
[INFO] [stderr]    Compiling doc-comment v0.3.3
[INFO] [stderr]    Compiling gimli v0.28.1
[INFO] [stderr]    Compiling unicode-bidi v0.3.14
[INFO] [stderr]    Compiling miniz_oxide v0.7.1
[INFO] [stderr]    Compiling object v0.32.2
[INFO] [stderr]    Compiling rustc-demangle v0.1.23
[INFO] [stderr]    Compiling httpdate v0.3.2
[INFO] [stderr]    Compiling base64 v0.13.1
[INFO] [stderr]    Compiling http-body v0.3.1
[INFO] [stderr]    Compiling mime_guess v2.0.4
[INFO] [stderr]    Compiling idna v0.5.0
[INFO] [stderr]    Compiling quote v0.6.13
[INFO] [stderr]    Compiling url v2.5.0
[INFO] [stderr]    Compiling iovec v0.1.4
[INFO] [stderr]    Compiling net2 v0.2.39
[INFO] [stderr]    Compiling cc v1.0.83
[INFO] [stderr]    Compiling socket2 v0.3.19
[INFO] [stderr]    Compiling mio v0.6.23
[INFO] [stderr]    Compiling backtrace v0.3.69
[INFO] [stderr]    Compiling tokio v0.2.25
[INFO] [stderr]    Compiling addr2line v0.21.0
[INFO] [stderr]    Compiling snafu-derive v0.5.0
[INFO] [stderr]    Compiling pin-project-internal v1.1.3
[INFO] [stderr]    Compiling serde_derive v1.0.194
[INFO] [stderr]    Compiling tokio-util v0.3.1
[INFO] [stderr]    Compiling pin-project v1.1.3
[INFO] [stderr]    Compiling tracing-futures v0.2.5
[INFO] [stderr]    Compiling h2 v0.2.7
[INFO] [stderr]    Compiling snafu v0.5.0
[INFO] [stderr]    Compiling serde v1.0.194
[INFO] [stderr]    Compiling hyper v0.13.10
[INFO] [stderr]    Compiling serde_urlencoded v0.7.1
[INFO] [stderr]    Compiling serde_json v1.0.111
[INFO] [stderr]    Compiling reqwest v0.10.10
[INFO] [stderr]    Compiling urbandictionary v0.4.0-alpha.1 (/opt/rustwide/workdir)
[INFO] [stderr]     Finished dev [unoptimized + debuginfo] target(s) in 13.55s
[INFO] running `Command { std: "docker" "inspect" "2c510e23baf14c0c9d01ee2b7de8f4a71507ad4a78fd056fa73d9244492f4555", kill_on_drop: false }`
[INFO] running `Command { std: "docker" "rm" "-f" "2c510e23baf14c0c9d01ee2b7de8f4a71507ad4a78fd056fa73d9244492f4555", kill_on_drop: false }`
[INFO] [stdout] 2c510e23baf14c0c9d01ee2b7de8f4a71507ad4a78fd056fa73d9244492f4555
[INFO] running `Command { std: "docker" "create" "-v" "/var/lib/crater-agent-workspace/builds/worker-1-tc1/target:/opt/rustwide/target:rw,Z" "-v" "/var/lib/crater-agent-workspace/builds/worker-1-tc1/source:/opt/rustwide/workdir:ro,Z" "-v" "/var/lib/crater-agent-workspace/cargo-home:/opt/rustwide/cargo-home:ro,Z" "-v" "/var/lib/crater-agent-workspace/rustup-home:/opt/rustwide/rustup-home:ro,Z" "-e" "SOURCE_DIR=/opt/rustwide/workdir" "-e" "CARGO_TARGET_DIR=/opt/rustwide/target" "-e" "CARGO_INCREMENTAL=0" "-e" "RUST_BACKTRACE=full" "-e" "RUSTFLAGS=--cap-lints=warn" "-e" "RUSTDOCFLAGS=--cap-lints=warn" "-e" "CARGO_HOME=/opt/rustwide/cargo-home" "-e" "RUSTUP_HOME=/opt/rustwide/rustup-home" "-w" "/opt/rustwide/workdir" "-m" "1610612736" "--user" "0:0" "--network" "none" "ghcr.io/rust-lang/crates-build-env/linux@sha256:2788e3201cd34a07e3172128adcd8b3090168a8e3bcc40d7c032b9dda1df7d1c" "/opt/rustwide/cargo-home/bin/cargo" "+1.75.0" "test" "--frozen" "--no-run" "--message-format=json", kill_on_drop: false }`
[INFO] [stdout] c488ca4b674c17b55870c4770212404165f61d8cd2310b0653c0fa266aa9fc77
[INFO] running `Command { std: "docker" "start" "-a" "c488ca4b674c17b55870c4770212404165f61d8cd2310b0653c0fa266aa9fc77", kill_on_drop: false }`
[INFO] [stderr]    Compiling urbandictionary v0.4.0-alpha.1 (/opt/rustwide/workdir)
[INFO] [stdout] error[E0433]: failed to resolve: could not find `test` in `tokio`
[INFO] [stdout]  --> tests/test_client.rs:8:10
[INFO] [stdout]   |
[INFO] [stdout] 8 | #[tokio::test]
[INFO] [stdout]   |          ^^^^ could not find `test` in `tokio`
[INFO] [stdout] 
[INFO] [stdout] 
[INFO] [stdout] error[E0433]: failed to resolve: could not find `test` in `tokio`
[INFO] [stdout]   --> tests/test_client.rs:18:10
[INFO] [stdout]    |
[INFO] [stdout] 18 | #[tokio::test]
[INFO] [stdout]    |          ^^^^ could not find `test` in `tokio`
[INFO] [stdout] 
[INFO] [stdout] 
[INFO] [stdout] error: aborting due to 2 previous errors
[INFO] [stdout] 
[INFO] [stdout] 
[INFO] [stdout] For more information about this error, try `rustc --explain E0433`.
[INFO] [stdout] 
[INFO] [stderr] error: could not compile `urbandictionary` (test "test_client") due to 3 previous errors
[INFO] [stderr] warning: build failed, waiting for other jobs to finish...
[INFO] running `Command { std: "docker" "inspect" "c488ca4b674c17b55870c4770212404165f61d8cd2310b0653c0fa266aa9fc77", kill_on_drop: false }`
[INFO] running `Command { std: "docker" "rm" "-f" "c488ca4b674c17b55870c4770212404165f61d8cd2310b0653c0fa266aa9fc77", kill_on_drop: false }`
[INFO] [stdout] c488ca4b674c17b55870c4770212404165f61d8cd2310b0653c0fa266aa9fc77
[INFO] testing urbandictionary-0.4.0-alpha.1 against beta-2023-12-22 for beta-1.76-1
[INFO] extracting crate urbandictionary 0.4.0-alpha.1 into /workspace/builds/worker-1-tc2/source
[INFO] validating manifest of crates.io crate urbandictionary 0.4.0-alpha.1 on toolchain beta-2023-12-22
[INFO] running `Command { std: CARGO_HOME="/workspace/cargo-home" RUSTUP_HOME="/workspace/rustup-home" "/workspace/cargo-home/bin/cargo" "+beta-2023-12-22" "metadata" "--manifest-path" "Cargo.toml" "--no-deps", kill_on_drop: false }`
[INFO] started tweaking crates.io crate urbandictionary 0.4.0-alpha.1
[INFO] finished tweaking crates.io crate urbandictionary 0.4.0-alpha.1
[INFO] tweaked toml for crates.io crate urbandictionary 0.4.0-alpha.1 written to /workspace/builds/worker-1-tc2/source/Cargo.toml
[INFO] running `Command { std: CARGO_HOME="/workspace/cargo-home" RUSTUP_HOME="/workspace/rustup-home" "/workspace/cargo-home/bin/cargo" "+beta-2023-12-22" "generate-lockfile" "--manifest-path" "Cargo.toml", kill_on_drop: false }`
[INFO] [stderr]     Updating crates.io index
[INFO] running `Command { std: CARGO_HOME="/workspace/cargo-home" RUSTUP_HOME="/workspace/rustup-home" "/workspace/cargo-home/bin/cargo" "+beta-2023-12-22" "fetch" "--manifest-path" "Cargo.toml", kill_on_drop: false }`
[INFO] running `Command { std: "docker" "create" "-v" "/var/lib/crater-agent-workspace/builds/worker-1-tc2/target:/opt/rustwide/target:rw,Z" "-v" "/var/lib/crater-agent-workspace/builds/worker-1-tc2/source:/opt/rustwide/workdir:ro,Z" "-v" "/var/lib/crater-agent-workspace/cargo-home:/opt/rustwide/cargo-home:ro,Z" "-v" "/var/lib/crater-agent-workspace/rustup-home:/opt/rustwide/rustup-home:ro,Z" "-e" "SOURCE_DIR=/opt/rustwide/workdir" "-e" "CARGO_TARGET_DIR=/opt/rustwide/target" "-e" "CARGO_HOME=/opt/rustwide/cargo-home" "-e" "RUSTUP_HOME=/opt/rustwide/rustup-home" "-w" "/opt/rustwide/workdir" "-m" "1610612736" "--user" "0:0" "--network" "none" "ghcr.io/rust-lang/crates-build-env/linux@sha256:2788e3201cd34a07e3172128adcd8b3090168a8e3bcc40d7c032b9dda1df7d1c" "/opt/rustwide/cargo-home/bin/cargo" "+beta-2023-12-22" "metadata" "--no-deps" "--format-version=1", kill_on_drop: false }`
[INFO] [stdout] 44b6f3fd4f758a67bc0757b5d1d88c9d0d20139f3fefc64309ab85e7fc02fefd
[INFO] running `Command { std: "docker" "start" "-a" "44b6f3fd4f758a67bc0757b5d1d88c9d0d20139f3fefc64309ab85e7fc02fefd", kill_on_drop: false }`
[INFO] running `Command { std: "docker" "inspect" "44b6f3fd4f758a67bc0757b5d1d88c9d0d20139f3fefc64309ab85e7fc02fefd", kill_on_drop: false }`
[INFO] running `Command { std: "docker" "rm" "-f" "44b6f3fd4f758a67bc0757b5d1d88c9d0d20139f3fefc64309ab85e7fc02fefd", kill_on_drop: false }`
[INFO] [stdout] 44b6f3fd4f758a67bc0757b5d1d88c9d0d20139f3fefc64309ab85e7fc02fefd
[INFO] running `Command { std: "docker" "create" "-v" "/var/lib/crater-agent-workspace/builds/worker-1-tc2/target:/opt/rustwide/target:rw,Z" "-v" "/var/lib/crater-agent-workspace/builds/worker-1-tc2/source:/opt/rustwide/workdir:ro,Z" "-v" "/var/lib/crater-agent-workspace/cargo-home:/opt/rustwide/cargo-home:ro,Z" "-v" "/var/lib/crater-agent-workspace/rustup-home:/opt/rustwide/rustup-home:ro,Z" "-e" "SOURCE_DIR=/opt/rustwide/workdir" "-e" "CARGO_TARGET_DIR=/opt/rustwide/target" "-e" "CARGO_INCREMENTAL=0" "-e" "RUST_BACKTRACE=full" "-e" "RUSTFLAGS=--cap-lints=warn" "-e" "RUSTDOCFLAGS=--cap-lints=warn" "-e" "CARGO_HOME=/opt/rustwide/cargo-home" "-e" "RUSTUP_HOME=/opt/rustwide/rustup-home" "-w" "/opt/rustwide/workdir" "-m" "1610612736" "--user" "0:0" "--network" "none" "ghcr.io/rust-lang/crates-build-env/linux@sha256:2788e3201cd34a07e3172128adcd8b3090168a8e3bcc40d7c032b9dda1df7d1c" "/opt/rustwide/cargo-home/bin/cargo" "+beta-2023-12-22" "build" "--frozen" "--message-format=json", kill_on_drop: false }`
[INFO] [stdout] ebe3125fe9bd511323f104f1001d247d0871ec1d87eb3a6b0501066d742aa497
[INFO] running `Command { std: "docker" "start" "-a" "ebe3125fe9bd511323f104f1001d247d0871ec1d87eb3a6b0501066d742aa497", kill_on_drop: false }`
[INFO] [stderr]    Compiling libc v0.2.151
[INFO] [stderr]    Compiling cfg-if v0.1.10
[INFO] [stderr]    Compiling bytes v0.5.6
[INFO] [stderr]    Compiling proc-macro2 v0.4.30
[INFO] [stderr]    Compiling unicase v2.7.0
[INFO] [stderr]    Compiling indexmap v1.9.3
[INFO] [stderr]    Compiling pin-project-lite v0.1.12
[INFO] [stderr]    Compiling unicode-xid v0.1.0
[INFO] [stderr]    Compiling tracing v0.1.40
[INFO] [stderr]    Compiling syn v2.0.48
[INFO] [stderr]    Compiling syn v0.15.44
[INFO] [stderr]    Compiling unicode-normalization v0.1.22
[INFO] [stderr]    Compiling unicode-bidi v0.3.14
[INFO] [stderr]    Compiling doc-comment v0.3.3
[INFO] [stderr]    Compiling gimli v0.28.1
[INFO] [stderr]    Compiling miniz_oxide v0.7.1
[INFO] [stderr]    Compiling object v0.32.2
[INFO] [stderr]    Compiling httpdate v0.3.2
[INFO] [stderr]    Compiling rustc-demangle v0.1.23
[INFO] [stderr]    Compiling http-body v0.3.1
[INFO] [stderr]    Compiling base64 v0.13.1
[INFO] [stderr]    Compiling mime_guess v2.0.4
[INFO] [stderr]    Compiling idna v0.5.0
[INFO] [stderr]    Compiling quote v0.6.13
[INFO] [stderr]    Compiling url v2.5.0
[INFO] [stderr]    Compiling iovec v0.1.4
[INFO] [stderr]    Compiling net2 v0.2.39
[INFO] [stderr]    Compiling cc v1.0.83
[INFO] [stderr]    Compiling socket2 v0.3.19
[INFO] [stderr]    Compiling mio v0.6.23
[INFO] [stderr]    Compiling tokio v0.2.25
[INFO] [stderr]    Compiling backtrace v0.3.69
[INFO] [stderr]    Compiling addr2line v0.21.0
[INFO] [stderr]    Compiling pin-project-internal v1.1.3
[INFO] [stderr]    Compiling serde_derive v1.0.194
[INFO] [stderr]    Compiling snafu-derive v0.5.0
[INFO] [stderr]    Compiling tokio-util v0.3.1
[INFO] [stderr]    Compiling pin-project v1.1.3
[INFO] [stderr]    Compiling tracing-futures v0.2.5
[INFO] [stderr]    Compiling h2 v0.2.7
[INFO] [stderr]    Compiling snafu v0.5.0
[INFO] [stderr]    Compiling serde v1.0.194
[INFO] [stderr]    Compiling hyper v0.13.10
[INFO] [stderr]    Compiling serde_urlencoded v0.7.1
[INFO] [stderr]    Compiling serde_json v1.0.111
[INFO] [stderr]    Compiling reqwest v0.10.10
[INFO] [stderr]    Compiling urbandictionary v0.4.0-alpha.1 (/opt/rustwide/workdir)
[INFO] [stderr]     Finished dev [unoptimized + debuginfo] target(s) in 24.16s
[INFO] running `Command { std: "docker" "inspect" "ebe3125fe9bd511323f104f1001d247d0871ec1d87eb3a6b0501066d742aa497", kill_on_drop: false }`
[INFO] running `Command { std: "docker" "rm" "-f" "ebe3125fe9bd511323f104f1001d247d0871ec1d87eb3a6b0501066d742aa497", kill_on_drop: false }`
[INFO] [stdout] ebe3125fe9bd511323f104f1001d247d0871ec1d87eb3a6b0501066d742aa497
[INFO] running `Command { std: "docker" "create" "-v" "/var/lib/crater-agent-workspace/builds/worker-1-tc2/target:/opt/rustwide/target:rw,Z" "-v" "/var/lib/crater-agent-workspace/builds/worker-1-tc2/source:/opt/rustwide/workdir:ro,Z" "-v" "/var/lib/crater-agent-workspace/cargo-home:/opt/rustwide/cargo-home:ro,Z" "-v" "/var/lib/crater-agent-workspace/rustup-home:/opt/rustwide/rustup-home:ro,Z" "-e" "SOURCE_DIR=/opt/rustwide/workdir" "-e" "CARGO_TARGET_DIR=/opt/rustwide/target" "-e" "CARGO_INCREMENTAL=0" "-e" "RUST_BACKTRACE=full" "-e" "RUSTFLAGS=--cap-lints=warn" "-e" "RUSTDOCFLAGS=--cap-lints=warn" "-e" "CARGO_HOME=/opt/rustwide/cargo-home" "-e" "RUSTUP_HOME=/opt/rustwide/rustup-home" "-w" "/opt/rustwide/workdir" "-m" "1610612736" "--user" "0:0" "--network" "none" "ghcr.io/rust-lang/crates-build-env/linux@sha256:2788e3201cd34a07e3172128adcd8b3090168a8e3bcc40d7c032b9dda1df7d1c" "/opt/rustwide/cargo-home/bin/cargo" "+beta-2023-12-22" "test" "--frozen" "--no-run" "--message-format=json", kill_on_drop: false }`
[INFO] [stdout] ded91f6e68a54de0ef8769adb50af0324cdfa6d746fe72eb9ce2c1016cdf2ab6
[INFO] running `Command { std: "docker" "start" "-a" "ded91f6e68a54de0ef8769adb50af0324cdfa6d746fe72eb9ce2c1016cdf2ab6", kill_on_drop: false }`
[INFO] [stderr]    Compiling urbandictionary v0.4.0-alpha.1 (/opt/rustwide/workdir)
[INFO] [stdout] error[E0433]: failed to resolve: could not find `test` in `tokio`
[INFO] [stdout]  --> tests/test_client.rs:8:10
[INFO] [stdout]   |
[INFO] [stdout] 8 | #[tokio::test]
[INFO] [stdout]   |          ^^^^ could not find `test` in `tokio`
[INFO] [stdout] 
[INFO] [stdout] 
[INFO] [stdout] error[E0433]: failed to resolve: could not find `test` in `tokio`
[INFO] [stdout]   --> tests/test_client.rs:18:10
[INFO] [stdout]    |
[INFO] [stdout] 18 | #[tokio::test]
[INFO] [stdout]    |          ^^^^ could not find `test` in `tokio`
[INFO] [stdout] 
[INFO] [stdout] 
[INFO] [stdout] error: aborting due to 2 previous errors
[INFO] [stdout] 
[INFO] [stdout] 
[INFO] [stdout] For more information about this error, try `rustc --explain E0433`.
[INFO] [stdout] 
[INFO] [stderr] error: could not compile `urbandictionary` (test "test_client") due to 3 previous errors
[INFO] [stderr] warning: build failed, waiting for other jobs to finish...
[INFO] running `Command { std: "docker" "inspect" "ded91f6e68a54de0ef8769adb50af0324cdfa6d746fe72eb9ce2c1016cdf2ab6", kill_on_drop: false }`
[INFO] running `Command { std: "docker" "rm" "-f" "ded91f6e68a54de0ef8769adb50af0324cdfa6d746fe72eb9ce2c1016cdf2ab6", kill_on_drop: false }`
[INFO] [stdout] ded91f6e68a54de0ef8769adb50af0324cdfa6d746fe72eb9ce2c1016cdf2ab6
