[INFO] fetching crate up-bank-api 0.1.2...
[INFO] testing up-bank-api-0.1.2 against 1.75.0 for beta-1.76-1
[INFO] extracting crate up-bank-api 0.1.2 into /workspace/builds/worker-1-tc1/source
[INFO] validating manifest of crates.io crate up-bank-api 0.1.2 on toolchain 1.75.0
[INFO] running `Command { std: CARGO_HOME="/workspace/cargo-home" RUSTUP_HOME="/workspace/rustup-home" "/workspace/cargo-home/bin/cargo" "+1.75.0" "metadata" "--manifest-path" "Cargo.toml" "--no-deps", kill_on_drop: false }`
[INFO] started tweaking crates.io crate up-bank-api 0.1.2
[INFO] finished tweaking crates.io crate up-bank-api 0.1.2
[INFO] tweaked toml for crates.io crate up-bank-api 0.1.2 written to /workspace/builds/worker-1-tc1/source/Cargo.toml
[INFO] running `Command { std: CARGO_HOME="/workspace/cargo-home" RUSTUP_HOME="/workspace/rustup-home" "/workspace/cargo-home/bin/cargo" "+1.75.0" "generate-lockfile" "--manifest-path" "Cargo.toml", kill_on_drop: false }`
[INFO] [stderr]     Updating crates.io index
[INFO] running `Command { std: CARGO_HOME="/workspace/cargo-home" RUSTUP_HOME="/workspace/rustup-home" "/workspace/cargo-home/bin/cargo" "+1.75.0" "fetch" "--manifest-path" "Cargo.toml", kill_on_drop: false }`
[INFO] [stderr]  Downloading crates ...
[INFO] [stderr]   Downloaded restson v1.4.0
[INFO] running `Command { std: "docker" "create" "-v" "/var/lib/crater-agent-workspace/builds/worker-1-tc1/target:/opt/rustwide/target:rw,Z" "-v" "/var/lib/crater-agent-workspace/builds/worker-1-tc1/source:/opt/rustwide/workdir:ro,Z" "-v" "/var/lib/crater-agent-workspace/cargo-home:/opt/rustwide/cargo-home:ro,Z" "-v" "/var/lib/crater-agent-workspace/rustup-home:/opt/rustwide/rustup-home:ro,Z" "-e" "SOURCE_DIR=/opt/rustwide/workdir" "-e" "CARGO_TARGET_DIR=/opt/rustwide/target" "-e" "CARGO_HOME=/opt/rustwide/cargo-home" "-e" "RUSTUP_HOME=/opt/rustwide/rustup-home" "-w" "/opt/rustwide/workdir" "-m" "1610612736" "--user" "0:0" "--network" "none" "ghcr.io/rust-lang/crates-build-env/linux@sha256:2788e3201cd34a07e3172128adcd8b3090168a8e3bcc40d7c032b9dda1df7d1c" "/opt/rustwide/cargo-home/bin/cargo" "+1.75.0" "metadata" "--no-deps" "--format-version=1", kill_on_drop: false }`
[INFO] [stdout] 478390d08a93b95c11d2acd8d19ed2bb9241d76113355ce470ca15b21a90028b
[INFO] running `Command { std: "docker" "start" "-a" "478390d08a93b95c11d2acd8d19ed2bb9241d76113355ce470ca15b21a90028b", kill_on_drop: false }`
[INFO] running `Command { std: "docker" "inspect" "478390d08a93b95c11d2acd8d19ed2bb9241d76113355ce470ca15b21a90028b", kill_on_drop: false }`
[INFO] running `Command { std: "docker" "rm" "-f" "478390d08a93b95c11d2acd8d19ed2bb9241d76113355ce470ca15b21a90028b", kill_on_drop: false }`
[INFO] [stdout] 478390d08a93b95c11d2acd8d19ed2bb9241d76113355ce470ca15b21a90028b
[INFO] running `Command { std: "docker" "create" "-v" "/var/lib/crater-agent-workspace/builds/worker-1-tc1/target:/opt/rustwide/target:rw,Z" "-v" "/var/lib/crater-agent-workspace/builds/worker-1-tc1/source:/opt/rustwide/workdir:ro,Z" "-v" "/var/lib/crater-agent-workspace/cargo-home:/opt/rustwide/cargo-home:ro,Z" "-v" "/var/lib/crater-agent-workspace/rustup-home:/opt/rustwide/rustup-home:ro,Z" "-e" "SOURCE_DIR=/opt/rustwide/workdir" "-e" "CARGO_TARGET_DIR=/opt/rustwide/target" "-e" "CARGO_INCREMENTAL=0" "-e" "RUST_BACKTRACE=full" "-e" "RUSTFLAGS=--cap-lints=warn" "-e" "RUSTDOCFLAGS=--cap-lints=warn" "-e" "CARGO_HOME=/opt/rustwide/cargo-home" "-e" "RUSTUP_HOME=/opt/rustwide/rustup-home" "-w" "/opt/rustwide/workdir" "-m" "1610612736" "--user" "0:0" "--network" "none" "ghcr.io/rust-lang/crates-build-env/linux@sha256:2788e3201cd34a07e3172128adcd8b3090168a8e3bcc40d7c032b9dda1df7d1c" "/opt/rustwide/cargo-home/bin/cargo" "+1.75.0" "build" "--frozen" "--message-format=json", kill_on_drop: false }`
[INFO] [stdout] 51c01773cb6ad0ccd0f7a188b3c97b58ebeb8c131d016a707f8fa56e9fdae9a4
[INFO] running `Command { std: "docker" "start" "-a" "51c01773cb6ad0ccd0f7a188b3c97b58ebeb8c131d016a707f8fa56e9fdae9a4", kill_on_drop: false }`
[INFO] [stderr]    Compiling libc v0.2.151
[INFO] [stderr]    Compiling pkg-config v0.3.28
[INFO] [stderr]    Compiling once_cell v1.19.0
[INFO] [stderr]    Compiling futures-core v0.3.30
[INFO] [stderr]    Compiling futures-sink v0.3.30
[INFO] [stderr]    Compiling futures-io v0.3.30
[INFO] [stderr]    Compiling futures-task v0.3.30
[INFO] [stderr]    Compiling itoa v1.0.10
[INFO] [stderr]    Compiling memchr v2.7.1
[INFO] [stderr]    Compiling openssl v0.10.62
[INFO] [stderr]    Compiling hashbrown v0.14.3
[INFO] [stderr]    Compiling bitflags v2.4.1
[INFO] [stderr]    Compiling syn v2.0.48
[INFO] [stderr]    Compiling equivalent v1.0.1
[INFO] [stderr]    Compiling serde v1.0.194
[INFO] [stderr]    Compiling try-lock v0.2.5
[INFO] [stderr]    Compiling unicode-bidi v0.3.14
[INFO] [stderr]    Compiling serde_json v1.0.111
[INFO] [stderr]    Compiling futures-channel v0.3.30
[INFO] [stderr]    Compiling want v0.3.1
[INFO] [stderr]    Compiling http v0.2.11
[INFO] [stderr]    Compiling percent-encoding v2.3.1
[INFO] [stderr]    Compiling tracing-core v0.1.32
[INFO] [stderr]    Compiling ryu v1.0.16
[INFO] [stderr]    Compiling form_urlencoded v1.2.1
[INFO] [stderr]    Compiling idna v0.5.0
[INFO] [stderr]    Compiling tracing v0.1.40
[INFO] [stderr]    Compiling indexmap v2.1.0
[INFO] [stderr]    Compiling url v2.5.0
[INFO] [stderr]    Compiling http-body v0.4.6
[INFO] [stderr]    Compiling cc v1.0.83
[INFO] [stderr]    Compiling socket2 v0.5.5
[INFO] [stderr]    Compiling mio v0.8.10
[INFO] [stderr]    Compiling tokio v1.35.1
[INFO] [stderr]    Compiling openssl-sys v0.9.98
[INFO] [stderr]    Compiling futures-macro v0.3.30
[INFO] [stderr]    Compiling openssl-macros v0.1.1
[INFO] [stderr]    Compiling serde_derive v1.0.194
[INFO] [stderr]    Compiling native-tls v0.2.11
[INFO] [stderr]    Compiling futures-util v0.3.30
[INFO] [stderr]    Compiling tokio-util v0.7.10
[INFO] [stderr]    Compiling h2 v0.3.22
[INFO] [stderr]    Compiling futures-executor v0.3.30
[INFO] [stderr]    Compiling futures v0.3.30
[INFO] [stderr]    Compiling tokio-native-tls v0.3.1
[INFO] [stderr]    Compiling hyper v0.14.28
[INFO] [stderr]    Compiling hyper-tls v0.5.0
[INFO] [stderr]    Compiling restson v1.4.0
[INFO] [stderr]    Compiling up-bank-api v0.1.2 (/opt/rustwide/workdir)
[INFO] [stdout] error[E0308]: mismatched types
[INFO] [stdout]   --> src/general.rs:36:9
[INFO] [stdout]    |
[INFO] [stdout] 30 | impl<'a ,T: 'a +  RestPath<&'a PageLink<T>> + for<'de> serde::Deserialize<'de>> PageLink<T> {
[INFO] [stdout]    |          - expected this type parameter
[INFO] [stdout] ...
[INFO] [stdout] 36 |         client.get(self).await
[INFO] [stdout]    |         ^^^^^^^^^^^^^^^^^^^^^^ expected `Result<T, Error>`, found `Result<Response<_>, Error>`
[INFO] [stdout]    |
[INFO] [stdout]    = note: expected enum `Result<T, _>`
[INFO] [stdout]               found enum `Result<Response<_>, _>`
[INFO] [stdout] 
[INFO] [stdout] 
[INFO] [stdout] error[E0308]: mismatched types
[INFO] [stdout]   --> src/general.rs:32:9
[INFO] [stdout]    |
[INFO] [stdout] 30 | impl<'a ,T: 'a +  RestPath<&'a PageLink<T>> + for<'de> serde::Deserialize<'de>> PageLink<T> {
[INFO] [stdout]    |          - expected this type parameter
[INFO] [stdout] 31 |     pub fn get_blocking(&'a self, client: &mut RestClient) -> Result<T, Error> {
[INFO] [stdout]    |                                                               ---------------- expected `Result<T, restson::Error>` because of return type
[INFO] [stdout] 32 |         client.get(self)
[INFO] [stdout]    |         ^^^^^^^^^^^^^^^^ expected `Result<T, Error>`, found `Result<Response<_>, Error>`
[INFO] [stdout]    |
[INFO] [stdout]    = note: expected enum `Result<T, _>`
[INFO] [stdout]               found enum `Result<Response<_>, _>`
[INFO] [stdout] 
[INFO] [stdout] 
[INFO] [stdout] error: aborting due to 2 previous errors
[INFO] [stdout] 
[INFO] [stdout] 
[INFO] [stdout] For more information about this error, try `rustc --explain E0308`.
[INFO] [stdout] 
[INFO] [stderr] error: could not compile `up-bank-api` (lib) due to 3 previous errors
[INFO] running `Command { std: "docker" "inspect" "51c01773cb6ad0ccd0f7a188b3c97b58ebeb8c131d016a707f8fa56e9fdae9a4", kill_on_drop: false }`
[INFO] running `Command { std: "docker" "rm" "-f" "51c01773cb6ad0ccd0f7a188b3c97b58ebeb8c131d016a707f8fa56e9fdae9a4", kill_on_drop: false }`
[INFO] [stdout] 51c01773cb6ad0ccd0f7a188b3c97b58ebeb8c131d016a707f8fa56e9fdae9a4
[INFO] testing up-bank-api-0.1.2 against beta-2023-12-22 for beta-1.76-1
[INFO] extracting crate up-bank-api 0.1.2 into /workspace/builds/worker-1-tc2/source
[INFO] validating manifest of crates.io crate up-bank-api 0.1.2 on toolchain beta-2023-12-22
[INFO] running `Command { std: CARGO_HOME="/workspace/cargo-home" RUSTUP_HOME="/workspace/rustup-home" "/workspace/cargo-home/bin/cargo" "+beta-2023-12-22" "metadata" "--manifest-path" "Cargo.toml" "--no-deps", kill_on_drop: false }`
[INFO] started tweaking crates.io crate up-bank-api 0.1.2
[INFO] finished tweaking crates.io crate up-bank-api 0.1.2
[INFO] tweaked toml for crates.io crate up-bank-api 0.1.2 written to /workspace/builds/worker-1-tc2/source/Cargo.toml
[INFO] running `Command { std: CARGO_HOME="/workspace/cargo-home" RUSTUP_HOME="/workspace/rustup-home" "/workspace/cargo-home/bin/cargo" "+beta-2023-12-22" "generate-lockfile" "--manifest-path" "Cargo.toml", kill_on_drop: false }`
[INFO] [stderr]     Updating crates.io index
[INFO] running `Command { std: CARGO_HOME="/workspace/cargo-home" RUSTUP_HOME="/workspace/rustup-home" "/workspace/cargo-home/bin/cargo" "+beta-2023-12-22" "fetch" "--manifest-path" "Cargo.toml", kill_on_drop: false }`
[INFO] running `Command { std: "docker" "create" "-v" "/var/lib/crater-agent-workspace/builds/worker-1-tc2/target:/opt/rustwide/target:rw,Z" "-v" "/var/lib/crater-agent-workspace/builds/worker-1-tc2/source:/opt/rustwide/workdir:ro,Z" "-v" "/var/lib/crater-agent-workspace/cargo-home:/opt/rustwide/cargo-home:ro,Z" "-v" "/var/lib/crater-agent-workspace/rustup-home:/opt/rustwide/rustup-home:ro,Z" "-e" "SOURCE_DIR=/opt/rustwide/workdir" "-e" "CARGO_TARGET_DIR=/opt/rustwide/target" "-e" "CARGO_HOME=/opt/rustwide/cargo-home" "-e" "RUSTUP_HOME=/opt/rustwide/rustup-home" "-w" "/opt/rustwide/workdir" "-m" "1610612736" "--user" "0:0" "--network" "none" "ghcr.io/rust-lang/crates-build-env/linux@sha256:2788e3201cd34a07e3172128adcd8b3090168a8e3bcc40d7c032b9dda1df7d1c" "/opt/rustwide/cargo-home/bin/cargo" "+beta-2023-12-22" "metadata" "--no-deps" "--format-version=1", kill_on_drop: false }`
[INFO] [stdout] dc11ffc1dafa661d03b321b190590be03f29561b6433601c73673d563b95dac4
[INFO] running `Command { std: "docker" "start" "-a" "dc11ffc1dafa661d03b321b190590be03f29561b6433601c73673d563b95dac4", kill_on_drop: false }`
[INFO] running `Command { std: "docker" "inspect" "dc11ffc1dafa661d03b321b190590be03f29561b6433601c73673d563b95dac4", kill_on_drop: false }`
[INFO] running `Command { std: "docker" "rm" "-f" "dc11ffc1dafa661d03b321b190590be03f29561b6433601c73673d563b95dac4", kill_on_drop: false }`
[INFO] [stdout] dc11ffc1dafa661d03b321b190590be03f29561b6433601c73673d563b95dac4
[INFO] running `Command { std: "docker" "create" "-v" "/var/lib/crater-agent-workspace/builds/worker-1-tc2/target:/opt/rustwide/target:rw,Z" "-v" "/var/lib/crater-agent-workspace/builds/worker-1-tc2/source:/opt/rustwide/workdir:ro,Z" "-v" "/var/lib/crater-agent-workspace/cargo-home:/opt/rustwide/cargo-home:ro,Z" "-v" "/var/lib/crater-agent-workspace/rustup-home:/opt/rustwide/rustup-home:ro,Z" "-e" "SOURCE_DIR=/opt/rustwide/workdir" "-e" "CARGO_TARGET_DIR=/opt/rustwide/target" "-e" "CARGO_INCREMENTAL=0" "-e" "RUST_BACKTRACE=full" "-e" "RUSTFLAGS=--cap-lints=warn" "-e" "RUSTDOCFLAGS=--cap-lints=warn" "-e" "CARGO_HOME=/opt/rustwide/cargo-home" "-e" "RUSTUP_HOME=/opt/rustwide/rustup-home" "-w" "/opt/rustwide/workdir" "-m" "1610612736" "--user" "0:0" "--network" "none" "ghcr.io/rust-lang/crates-build-env/linux@sha256:2788e3201cd34a07e3172128adcd8b3090168a8e3bcc40d7c032b9dda1df7d1c" "/opt/rustwide/cargo-home/bin/cargo" "+beta-2023-12-22" "build" "--frozen" "--message-format=json", kill_on_drop: false }`
[INFO] [stdout] 2894b6ad135f6fe0a3b75c0c74e9834b5186fe6022e58ab9f4ca94d18d51b4db
[INFO] running `Command { std: "docker" "start" "-a" "2894b6ad135f6fe0a3b75c0c74e9834b5186fe6022e58ab9f4ca94d18d51b4db", kill_on_drop: false }`
[INFO] [stderr]    Compiling libc v0.2.151
[INFO] [stderr]    Compiling pkg-config v0.3.28
[INFO] [stderr]    Compiling once_cell v1.19.0
[INFO] [stderr]    Compiling futures-sink v0.3.30
[INFO] [stderr]    Compiling futures-core v0.3.30
[INFO] [stderr]    Compiling futures-io v0.3.30
[INFO] [stderr]    Compiling memchr v2.7.1
[INFO] [stderr]    Compiling itoa v1.0.10
[INFO] [stderr]    Compiling futures-task v0.3.30
[INFO] [stderr]    Compiling openssl v0.10.62
[INFO] [stderr]    Compiling bitflags v2.4.1
[INFO] [stderr]    Compiling hashbrown v0.14.3
[INFO] [stderr]    Compiling equivalent v1.0.1
[INFO] [stderr]    Compiling syn v2.0.48
[INFO] [stderr]    Compiling serde v1.0.194
[INFO] [stderr]    Compiling try-lock v0.2.5
[INFO] [stderr]    Compiling unicode-bidi v0.3.14
[INFO] [stderr]    Compiling serde_json v1.0.111
[INFO] [stderr]    Compiling futures-channel v0.3.30
[INFO] [stderr]    Compiling http v0.2.11
[INFO] [stderr]    Compiling want v0.3.1
[INFO] [stderr]    Compiling percent-encoding v2.3.1
[INFO] [stderr]    Compiling ryu v1.0.16
[INFO] [stderr]    Compiling tracing-core v0.1.32
[INFO] [stderr]    Compiling form_urlencoded v1.2.1
[INFO] [stderr]    Compiling idna v0.5.0
[INFO] [stderr]    Compiling tracing v0.1.40
[INFO] [stderr]    Compiling indexmap v2.1.0
[INFO] [stderr]    Compiling url v2.5.0
[INFO] [stderr]    Compiling http-body v0.4.6
[INFO] [stderr]    Compiling cc v1.0.83
[INFO] [stderr]    Compiling mio v0.8.10
[INFO] [stderr]    Compiling socket2 v0.5.5
[INFO] [stderr]    Compiling tokio v1.35.1
[INFO] [stderr]    Compiling openssl-sys v0.9.98
[INFO] [stderr]    Compiling futures-macro v0.3.30
[INFO] [stderr]    Compiling openssl-macros v0.1.1
[INFO] [stderr]    Compiling serde_derive v1.0.194
[INFO] [stderr]    Compiling native-tls v0.2.11
[INFO] [stderr]    Compiling futures-util v0.3.30
[INFO] [stderr]    Compiling tokio-util v0.7.10
[INFO] [stderr]    Compiling h2 v0.3.22
[INFO] [stderr]    Compiling futures-executor v0.3.30
[INFO] [stderr]    Compiling futures v0.3.30
[INFO] [stderr]    Compiling tokio-native-tls v0.3.1
[INFO] [stderr]    Compiling hyper v0.14.28
[INFO] [stderr]    Compiling hyper-tls v0.5.0
[INFO] [stderr]    Compiling restson v1.4.0
[INFO] [stderr]    Compiling up-bank-api v0.1.2 (/opt/rustwide/workdir)
[INFO] [stdout] error[E0308]: mismatched types
[INFO] [stdout]   --> src/general.rs:36:9
[INFO] [stdout]    |
[INFO] [stdout] 30 | impl<'a ,T: 'a +  RestPath<&'a PageLink<T>> + for<'de> serde::Deserialize<'de>> PageLink<T> {
[INFO] [stdout]    |          - expected this type parameter
[INFO] [stdout] ...
[INFO] [stdout] 36 |         client.get(self).await
[INFO] [stdout]    |         ^^^^^^^^^^^^^^^^^^^^^^ expected `Result<T, Error>`, found `Result<Response<_>, Error>`
[INFO] [stdout]    |
[INFO] [stdout]    = note: expected enum `Result<T, _>`
[INFO] [stdout]               found enum `Result<Response<_>, _>`
[INFO] [stdout] 
[INFO] [stdout] 
[INFO] [stdout] error[E0308]: mismatched types
[INFO] [stdout]   --> src/general.rs:32:9
[INFO] [stdout]    |
[INFO] [stdout] 30 | impl<'a ,T: 'a +  RestPath<&'a PageLink<T>> + for<'de> serde::Deserialize<'de>> PageLink<T> {
[INFO] [stdout]    |          - expected this type parameter
[INFO] [stdout] 31 |     pub fn get_blocking(&'a self, client: &mut RestClient) -> Result<T, Error> {
[INFO] [stdout]    |                                                               ---------------- expected `Result<T, restson::Error>` because of return type
[INFO] [stdout] 32 |         client.get(self)
[INFO] [stdout]    |         ^^^^^^^^^^^^^^^^ expected `Result<T, Error>`, found `Result<Response<_>, Error>`
[INFO] [stdout]    |
[INFO] [stdout]    = note: expected enum `Result<T, _>`
[INFO] [stdout]               found enum `Result<Response<_>, _>`
[INFO] [stdout] 
[INFO] [stdout] 
[INFO] [stdout] error: aborting due to 2 previous errors
[INFO] [stdout] 
[INFO] [stdout] 
[INFO] [stdout] For more information about this error, try `rustc --explain E0308`.
[INFO] [stdout] 
[INFO] [stderr] error: could not compile `up-bank-api` (lib) due to 3 previous errors
[INFO] running `Command { std: "docker" "inspect" "2894b6ad135f6fe0a3b75c0c74e9834b5186fe6022e58ab9f4ca94d18d51b4db", kill_on_drop: false }`
[INFO] running `Command { std: "docker" "rm" "-f" "2894b6ad135f6fe0a3b75c0c74e9834b5186fe6022e58ab9f4ca94d18d51b4db", kill_on_drop: false }`
[INFO] [stdout] 2894b6ad135f6fe0a3b75c0c74e9834b5186fe6022e58ab9f4ca94d18d51b4db
