[INFO] fetching crate unsafe-libyaml 0.2.9...
[INFO] testing unsafe-libyaml-0.2.9 against 1.75.0 for beta-1.76-1
[INFO] extracting crate unsafe-libyaml 0.2.9 into /workspace/builds/worker-0-tc1/source
[INFO] validating manifest of crates.io crate unsafe-libyaml 0.2.9 on toolchain 1.75.0
[INFO] running `Command { std: CARGO_HOME="/workspace/cargo-home" RUSTUP_HOME="/workspace/rustup-home" "/workspace/cargo-home/bin/cargo" "+1.75.0" "metadata" "--manifest-path" "Cargo.toml" "--no-deps", kill_on_drop: false }`
[INFO] started tweaking crates.io crate unsafe-libyaml 0.2.9
[INFO] finished tweaking crates.io crate unsafe-libyaml 0.2.9
[INFO] tweaked toml for crates.io crate unsafe-libyaml 0.2.9 written to /workspace/builds/worker-0-tc1/source/Cargo.toml
[INFO] crate crates.io crate unsafe-libyaml 0.2.9 already has a lockfile, it will not be regenerated
[INFO] running `Command { std: CARGO_HOME="/workspace/cargo-home" RUSTUP_HOME="/workspace/rustup-home" "/workspace/cargo-home/bin/cargo" "+1.75.0" "fetch" "--manifest-path" "Cargo.toml", kill_on_drop: false }`
[INFO] running `Command { std: "docker" "create" "-v" "/var/lib/crater-agent-workspace/builds/worker-0-tc1/target:/opt/rustwide/target:rw,Z" "-v" "/var/lib/crater-agent-workspace/builds/worker-0-tc1/source:/opt/rustwide/workdir:ro,Z" "-v" "/var/lib/crater-agent-workspace/cargo-home:/opt/rustwide/cargo-home:ro,Z" "-v" "/var/lib/crater-agent-workspace/rustup-home:/opt/rustwide/rustup-home:ro,Z" "-e" "SOURCE_DIR=/opt/rustwide/workdir" "-e" "CARGO_TARGET_DIR=/opt/rustwide/target" "-e" "CARGO_HOME=/opt/rustwide/cargo-home" "-e" "RUSTUP_HOME=/opt/rustwide/rustup-home" "-w" "/opt/rustwide/workdir" "-m" "1610612736" "--user" "0:0" "--network" "none" "ghcr.io/rust-lang/crates-build-env/linux@sha256:2788e3201cd34a07e3172128adcd8b3090168a8e3bcc40d7c032b9dda1df7d1c" "/opt/rustwide/cargo-home/bin/cargo" "+1.75.0" "metadata" "--no-deps" "--format-version=1", kill_on_drop: false }`
[INFO] [stdout] 0b211a8859f970911b8a3f30b3f55884046eee776d2c92bb3cbcbb2e2f42e866
[INFO] running `Command { std: "docker" "start" "-a" "0b211a8859f970911b8a3f30b3f55884046eee776d2c92bb3cbcbb2e2f42e866", kill_on_drop: false }`
[INFO] running `Command { std: "docker" "inspect" "0b211a8859f970911b8a3f30b3f55884046eee776d2c92bb3cbcbb2e2f42e866", kill_on_drop: false }`
[INFO] running `Command { std: "docker" "rm" "-f" "0b211a8859f970911b8a3f30b3f55884046eee776d2c92bb3cbcbb2e2f42e866", kill_on_drop: false }`
[INFO] [stdout] 0b211a8859f970911b8a3f30b3f55884046eee776d2c92bb3cbcbb2e2f42e866
[INFO] running `Command { std: "docker" "create" "-v" "/var/lib/crater-agent-workspace/builds/worker-0-tc1/target:/opt/rustwide/target:rw,Z" "-v" "/var/lib/crater-agent-workspace/builds/worker-0-tc1/source:/opt/rustwide/workdir:ro,Z" "-v" "/var/lib/crater-agent-workspace/cargo-home:/opt/rustwide/cargo-home:ro,Z" "-v" "/var/lib/crater-agent-workspace/rustup-home:/opt/rustwide/rustup-home:ro,Z" "-e" "SOURCE_DIR=/opt/rustwide/workdir" "-e" "CARGO_TARGET_DIR=/opt/rustwide/target" "-e" "CARGO_INCREMENTAL=0" "-e" "RUST_BACKTRACE=full" "-e" "RUSTFLAGS=--cap-lints=warn" "-e" "RUSTDOCFLAGS=--cap-lints=warn" "-e" "CARGO_HOME=/opt/rustwide/cargo-home" "-e" "RUSTUP_HOME=/opt/rustwide/rustup-home" "-w" "/opt/rustwide/workdir" "-m" "1610612736" "--user" "0:0" "--network" "none" "ghcr.io/rust-lang/crates-build-env/linux@sha256:2788e3201cd34a07e3172128adcd8b3090168a8e3bcc40d7c032b9dda1df7d1c" "/opt/rustwide/cargo-home/bin/cargo" "+1.75.0" "build" "--frozen" "--message-format=json", kill_on_drop: false }`
[INFO] [stdout] d8aad0b4991cf07a3bc2c63b24368422200ce128a40da5183dd17b09cfcb996e
[INFO] running `Command { std: "docker" "start" "-a" "d8aad0b4991cf07a3bc2c63b24368422200ce128a40da5183dd17b09cfcb996e", kill_on_drop: false }`
[INFO] [stderr]    Compiling unsafe-libyaml v0.2.9 (/opt/rustwide/workdir)
[INFO] [stdout] warning: unused imports: `i8 as c_schar`, `u16 as c_ushort`
[INFO] [stdout]   --> src/lib.rs:50:52
[INFO] [stdout]    |
[INFO] [stdout] 50 |         i32 as c_int, i64 as c_long, i8 as c_char, i8 as c_schar, u16 as c_ushort, u32 as c_uint,
[INFO] [stdout]    |                                                    ^^^^^^^^^^^^^  ^^^^^^^^^^^^^^^
[INFO] [stdout]    |
[INFO] [stdout]    = note: `#[warn(unused_imports)]` on by default
[INFO] [stdout] 
[INFO] [stdout] 
[INFO] [stdout] warning: unused imports: `yaml_break_t::*`, `yaml_emitter_state_t::*`, `yaml_error_type_t::*`, `yaml_mapping_style_t::*`, `yaml_parser_state_t::*`, `yaml_scalar_style_t::*`, `yaml_sequence_style_t::*`, `yaml_token_type_t::*`
[INFO] [stdout]  --> src/yaml.rs:6:5
[INFO] [stdout]   |
[INFO] [stdout] 6 |     yaml_break_t::*, yaml_emitter_state_t::*, yaml_encoding_t::*, yaml_error_type_t::*,
[INFO] [stdout]   |     ^^^^^^^^^^^^^^^  ^^^^^^^^^^^^^^^^^^^^^^^                      ^^^^^^^^^^^^^^^^^^^^
[INFO] [stdout] 7 |     yaml_event_type_t::*, yaml_mapping_style_t::*, yaml_node_type_t::*, yaml_parser_state_t::*,
[INFO] [stdout]   |                           ^^^^^^^^^^^^^^^^^^^^^^^                       ^^^^^^^^^^^^^^^^^^^^^^
[INFO] [stdout] 8 |     yaml_scalar_style_t::*, yaml_sequence_style_t::*, yaml_token_type_t::*,
[INFO] [stdout]   |     ^^^^^^^^^^^^^^^^^^^^^^  ^^^^^^^^^^^^^^^^^^^^^^^^  ^^^^^^^^^^^^^^^^^^^^
[INFO] [stdout] 
[INFO] [stdout] 
[INFO] [stdout] warning: 2 warnings emitted
[INFO] [stdout] 
[INFO] [stdout] 
[INFO] [stderr]     Finished dev [unoptimized + debuginfo] target(s) in 0.65s
[INFO] running `Command { std: "docker" "inspect" "d8aad0b4991cf07a3bc2c63b24368422200ce128a40da5183dd17b09cfcb996e", kill_on_drop: false }`
[INFO] running `Command { std: "docker" "rm" "-f" "d8aad0b4991cf07a3bc2c63b24368422200ce128a40da5183dd17b09cfcb996e", kill_on_drop: false }`
[INFO] [stdout] d8aad0b4991cf07a3bc2c63b24368422200ce128a40da5183dd17b09cfcb996e
[INFO] running `Command { std: "docker" "create" "-v" "/var/lib/crater-agent-workspace/builds/worker-0-tc1/target:/opt/rustwide/target:rw,Z" "-v" "/var/lib/crater-agent-workspace/builds/worker-0-tc1/source:/opt/rustwide/workdir:ro,Z" "-v" "/var/lib/crater-agent-workspace/cargo-home:/opt/rustwide/cargo-home:ro,Z" "-v" "/var/lib/crater-agent-workspace/rustup-home:/opt/rustwide/rustup-home:ro,Z" "-e" "SOURCE_DIR=/opt/rustwide/workdir" "-e" "CARGO_TARGET_DIR=/opt/rustwide/target" "-e" "CARGO_INCREMENTAL=0" "-e" "RUST_BACKTRACE=full" "-e" "RUSTFLAGS=--cap-lints=warn" "-e" "RUSTDOCFLAGS=--cap-lints=warn" "-e" "CARGO_HOME=/opt/rustwide/cargo-home" "-e" "RUSTUP_HOME=/opt/rustwide/rustup-home" "-w" "/opt/rustwide/workdir" "-m" "1610612736" "--user" "0:0" "--network" "none" "ghcr.io/rust-lang/crates-build-env/linux@sha256:2788e3201cd34a07e3172128adcd8b3090168a8e3bcc40d7c032b9dda1df7d1c" "/opt/rustwide/cargo-home/bin/cargo" "+1.75.0" "test" "--frozen" "--no-run" "--message-format=json", kill_on_drop: false }`
[INFO] [stdout] 33b52ad94df666b2fe250924ad6057619c01ad16b5bfc366d7bd733001308483
[INFO] running `Command { std: "docker" "start" "-a" "33b52ad94df666b2fe250924ad6057619c01ad16b5bfc366d7bd733001308483", kill_on_drop: false }`
[INFO] [stderr]    Compiling diff v0.1.13
[INFO] [stdout] warning: unused imports: `i8 as c_schar`, `u16 as c_ushort`
[INFO] [stdout]   --> src/lib.rs:50:52
[INFO] [stdout]    |
[INFO] [stdout] 50 |         i32 as c_int, i64 as c_long, i8 as c_char, i8 as c_schar, u16 as c_ushort, u32 as c_uint,
[INFO] [stdout]    |                                                    ^^^^^^^^^^^^^  ^^^^^^^^^^^^^^^
[INFO] [stdout]    |
[INFO] [stdout]    = note: `#[warn(unused_imports)]` on by default
[INFO] [stdout] 
[INFO] [stdout] 
[INFO] [stdout] warning: unused imports: `yaml_break_t::*`, `yaml_emitter_state_t::*`, `yaml_error_type_t::*`, `yaml_mapping_style_t::*`, `yaml_parser_state_t::*`, `yaml_scalar_style_t::*`, `yaml_sequence_style_t::*`, `yaml_token_type_t::*`
[INFO] [stdout]  --> src/yaml.rs:6:5
[INFO] [stdout]   |
[INFO] [stdout] 6 |     yaml_break_t::*, yaml_emitter_state_t::*, yaml_encoding_t::*, yaml_error_type_t::*,
[INFO] [stdout]   |     ^^^^^^^^^^^^^^^  ^^^^^^^^^^^^^^^^^^^^^^^                      ^^^^^^^^^^^^^^^^^^^^
[INFO] [stdout] 7 |     yaml_event_type_t::*, yaml_mapping_style_t::*, yaml_node_type_t::*, yaml_parser_state_t::*,
[INFO] [stdout]   |                           ^^^^^^^^^^^^^^^^^^^^^^^                       ^^^^^^^^^^^^^^^^^^^^^^
[INFO] [stdout] 8 |     yaml_scalar_style_t::*, yaml_sequence_style_t::*, yaml_token_type_t::*,
[INFO] [stdout]   |     ^^^^^^^^^^^^^^^^^^^^^^  ^^^^^^^^^^^^^^^^^^^^^^^^  ^^^^^^^^^^^^^^^^^^^^
[INFO] [stdout] 
[INFO] [stdout] 
[INFO] [stderr]    Compiling yansi v0.5.1
[INFO] [stdout] warning: 2 warnings emitted
[INFO] [stdout] 
[INFO] [stdout] 
[INFO] [stderr]    Compiling pretty_assertions v1.4.0
[INFO] [stderr]    Compiling unsafe-libyaml v0.2.9 (/opt/rustwide/workdir)
[INFO] [stdout] error[E0433]: failed to resolve: use of undeclared crate or module `unsafe_libyaml_test_suite`
[INFO] [stdout]   --> tests/test_parser.rs:32:1
[INFO] [stdout]    |
[INFO] [stdout] 32 | unsafe_libyaml_test_suite::test_parser!();
[INFO] [stdout]    | ^^^^^^^^^^^^^^^^^^^^^^^^^ use of undeclared crate or module `unsafe_libyaml_test_suite`
[INFO] [stdout] 
[INFO] [stdout] 
[INFO] [stdout] error[E0433]: failed to resolve: use of undeclared crate or module `unsafe_libyaml_test_suite`
[INFO] [stdout]   --> tests/test_emitter.rs:37:1
[INFO] [stdout]    |
[INFO] [stdout] 37 | unsafe_libyaml_test_suite::test_emitter!();
[INFO] [stdout]    | ^^^^^^^^^^^^^^^^^^^^^^^^^ use of undeclared crate or module `unsafe_libyaml_test_suite`
[INFO] [stdout] 
[INFO] [stdout] 
[INFO] [stdout] error[E0433]: failed to resolve: use of undeclared crate or module `unsafe_libyaml_test_suite`
[INFO] [stdout]   --> tests/test_parser_error.rs:31:1
[INFO] [stdout]    |
[INFO] [stdout] 31 | unsafe_libyaml_test_suite::test_parser_error!();
[INFO] [stdout]    | ^^^^^^^^^^^^^^^^^^^^^^^^^ use of undeclared crate or module `unsafe_libyaml_test_suite`
[INFO] [stdout] 
[INFO] [stdout] 
[INFO] [stdout] error: aborting due to previous error
[INFO] [stdout] 
[INFO] [stdout] 
[INFO] [stdout] For more information about this error, try `rustc --explain E0433`.
[INFO] [stdout] 
[INFO] [stderr] error: could not compile `unsafe-libyaml` (test "test_parser") due to 2 previous errors
[INFO] [stderr] warning: build failed, waiting for other jobs to finish...
[INFO] [stdout] error: aborting due to previous error
[INFO] [stdout] 
[INFO] [stdout] 
[INFO] [stdout] For more information about this error, try `rustc --explain E0433`.
[INFO] [stdout] 
[INFO] [stdout] error: aborting due to previous error
[INFO] [stdout] 
[INFO] [stdout] 
[INFO] [stdout] For more information about this error, try `rustc --explain E0433`.
[INFO] [stdout] 
[INFO] [stderr] error: could not compile `unsafe-libyaml` (test "test_parser_error") due to 2 previous errors
[INFO] [stderr] error: could not compile `unsafe-libyaml` (test "test_emitter") due to 2 previous errors
[INFO] [stdout] warning: unused imports: `i8 as c_schar`, `u16 as c_ushort`
[INFO] [stdout]   --> src/lib.rs:50:52
[INFO] [stdout]    |
[INFO] [stdout] 50 |         i32 as c_int, i64 as c_long, i8 as c_char, i8 as c_schar, u16 as c_ushort, u32 as c_uint,
[INFO] [stdout]    |                                                    ^^^^^^^^^^^^^  ^^^^^^^^^^^^^^^
[INFO] [stdout]    |
[INFO] [stdout]    = note: `#[warn(unused_imports)]` on by default
[INFO] [stdout] 
[INFO] [stdout] 
[INFO] [stdout] warning: unused imports: `yaml_break_t::*`, `yaml_emitter_state_t::*`, `yaml_error_type_t::*`, `yaml_mapping_style_t::*`, `yaml_parser_state_t::*`, `yaml_scalar_style_t::*`, `yaml_sequence_style_t::*`, `yaml_token_type_t::*`
[INFO] [stdout]  --> src/yaml.rs:6:5
[INFO] [stdout]   |
[INFO] [stdout] 6 |     yaml_break_t::*, yaml_emitter_state_t::*, yaml_encoding_t::*, yaml_error_type_t::*,
[INFO] [stdout]   |     ^^^^^^^^^^^^^^^  ^^^^^^^^^^^^^^^^^^^^^^^                      ^^^^^^^^^^^^^^^^^^^^
[INFO] [stdout] 7 |     yaml_event_type_t::*, yaml_mapping_style_t::*, yaml_node_type_t::*, yaml_parser_state_t::*,
[INFO] [stdout]   |                           ^^^^^^^^^^^^^^^^^^^^^^^                       ^^^^^^^^^^^^^^^^^^^^^^
[INFO] [stdout] 8 |     yaml_scalar_style_t::*, yaml_sequence_style_t::*, yaml_token_type_t::*,
[INFO] [stdout]   |     ^^^^^^^^^^^^^^^^^^^^^^  ^^^^^^^^^^^^^^^^^^^^^^^^  ^^^^^^^^^^^^^^^^^^^^
[INFO] [stdout] 
[INFO] [stdout] 
[INFO] [stdout] warning: 2 warnings emitted
[INFO] [stdout] 
[INFO] [stdout] 
[INFO] running `Command { std: "docker" "inspect" "33b52ad94df666b2fe250924ad6057619c01ad16b5bfc366d7bd733001308483", kill_on_drop: false }`
[INFO] running `Command { std: "docker" "rm" "-f" "33b52ad94df666b2fe250924ad6057619c01ad16b5bfc366d7bd733001308483", kill_on_drop: false }`
[INFO] [stdout] 33b52ad94df666b2fe250924ad6057619c01ad16b5bfc366d7bd733001308483
