[INFO] fetching crate unity-tools 0.0.0...
[INFO] testing unity-tools-0.0.0 against 1.75.0 for beta-1.76-1
[INFO] extracting crate unity-tools 0.0.0 into /workspace/builds/worker-2-tc1/source
[INFO] validating manifest of crates.io crate unity-tools 0.0.0 on toolchain 1.75.0
[INFO] running `Command { std: CARGO_HOME="/workspace/cargo-home" RUSTUP_HOME="/workspace/rustup-home" "/workspace/cargo-home/bin/cargo" "+1.75.0" "metadata" "--manifest-path" "Cargo.toml" "--no-deps", kill_on_drop: false }`
[INFO] started tweaking crates.io crate unity-tools 0.0.0
[INFO] finished tweaking crates.io crate unity-tools 0.0.0
[INFO] tweaked toml for crates.io crate unity-tools 0.0.0 written to /workspace/builds/worker-2-tc1/source/Cargo.toml
[INFO] crate crates.io crate unity-tools 0.0.0 already has a lockfile, it will not be regenerated
[INFO] running `Command { std: CARGO_HOME="/workspace/cargo-home" RUSTUP_HOME="/workspace/rustup-home" "/workspace/cargo-home/bin/cargo" "+1.75.0" "fetch" "--manifest-path" "Cargo.toml", kill_on_drop: false }`
[INFO] [stderr]     Updating crates.io index
[INFO] [stderr]  Downloading crates ...
[INFO] [stderr]   Downloaded gen-iter v0.3.0
[INFO] [stderr]   Downloaded syn v2.0.4
[INFO] [stderr]   Downloaded unity-utils v0.0.0
[INFO] [stderr]   Downloaded fast-walker v0.1.2
[INFO] [stderr]   Downloaded trash v3.0.1
[INFO] running `Command { std: "docker" "create" "-v" "/var/lib/crater-agent-workspace/builds/worker-2-tc1/target:/opt/rustwide/target:rw,Z" "-v" "/var/lib/crater-agent-workspace/builds/worker-2-tc1/source:/opt/rustwide/workdir:ro,Z" "-v" "/var/lib/crater-agent-workspace/cargo-home:/opt/rustwide/cargo-home:ro,Z" "-v" "/var/lib/crater-agent-workspace/rustup-home:/opt/rustwide/rustup-home:ro,Z" "-e" "SOURCE_DIR=/opt/rustwide/workdir" "-e" "CARGO_TARGET_DIR=/opt/rustwide/target" "-e" "CARGO_HOME=/opt/rustwide/cargo-home" "-e" "RUSTUP_HOME=/opt/rustwide/rustup-home" "-w" "/opt/rustwide/workdir" "-m" "1610612736" "--user" "0:0" "--network" "none" "ghcr.io/rust-lang/crates-build-env/linux@sha256:2788e3201cd34a07e3172128adcd8b3090168a8e3bcc40d7c032b9dda1df7d1c" "/opt/rustwide/cargo-home/bin/cargo" "+1.75.0" "metadata" "--no-deps" "--format-version=1", kill_on_drop: false }`
[INFO] [stdout] 84b29818cdcafc8f99619c1552f4d6fa06cf3eca40dbe5d623ef4e0239b2e6f3
[INFO] running `Command { std: "docker" "start" "-a" "84b29818cdcafc8f99619c1552f4d6fa06cf3eca40dbe5d623ef4e0239b2e6f3", kill_on_drop: false }`
[INFO] running `Command { std: "docker" "inspect" "84b29818cdcafc8f99619c1552f4d6fa06cf3eca40dbe5d623ef4e0239b2e6f3", kill_on_drop: false }`
[INFO] running `Command { std: "docker" "rm" "-f" "84b29818cdcafc8f99619c1552f4d6fa06cf3eca40dbe5d623ef4e0239b2e6f3", kill_on_drop: false }`
[INFO] [stdout] 84b29818cdcafc8f99619c1552f4d6fa06cf3eca40dbe5d623ef4e0239b2e6f3
[INFO] running `Command { std: "docker" "create" "-v" "/var/lib/crater-agent-workspace/builds/worker-2-tc1/target:/opt/rustwide/target:rw,Z" "-v" "/var/lib/crater-agent-workspace/builds/worker-2-tc1/source:/opt/rustwide/workdir:ro,Z" "-v" "/var/lib/crater-agent-workspace/cargo-home:/opt/rustwide/cargo-home:ro,Z" "-v" "/var/lib/crater-agent-workspace/rustup-home:/opt/rustwide/rustup-home:ro,Z" "-e" "SOURCE_DIR=/opt/rustwide/workdir" "-e" "CARGO_TARGET_DIR=/opt/rustwide/target" "-e" "CARGO_INCREMENTAL=0" "-e" "RUST_BACKTRACE=full" "-e" "RUSTFLAGS=--cap-lints=warn" "-e" "RUSTDOCFLAGS=--cap-lints=warn" "-e" "CARGO_HOME=/opt/rustwide/cargo-home" "-e" "RUSTUP_HOME=/opt/rustwide/rustup-home" "-w" "/opt/rustwide/workdir" "-m" "1610612736" "--user" "0:0" "--network" "none" "ghcr.io/rust-lang/crates-build-env/linux@sha256:2788e3201cd34a07e3172128adcd8b3090168a8e3bcc40d7c032b9dda1df7d1c" "/opt/rustwide/cargo-home/bin/cargo" "+1.75.0" "build" "--frozen" "--message-format=json", kill_on_drop: false }`
[INFO] [stdout] fc2cab211622a1a9d3f7ef65b69d3017c96a329cf90522603c8f48616a70b831
[INFO] running `Command { std: "docker" "start" "-a" "fc2cab211622a1a9d3f7ef65b69d3017c96a329cf90522603c8f48616a70b831", kill_on_drop: false }`
[INFO] [stderr]    Compiling proc-macro2 v1.0.52
[INFO] [stderr]    Compiling num-traits v0.2.15
[INFO] [stderr]    Compiling unicode-ident v1.0.8
[INFO] [stderr]    Compiling libc v0.2.140
[INFO] [stderr]    Compiling quote v1.0.26
[INFO] [stderr]    Compiling num-integer v0.1.45
[INFO] [stderr]    Compiling syn v1.0.109
[INFO] [stderr]    Compiling log v0.4.17
[INFO] [stderr]    Compiling once_cell v1.17.1
[INFO] [stderr]    Compiling percent-encoding v2.2.0
[INFO] [stderr]    Compiling unicode-bidi v0.3.13
[INFO] [stderr]    Compiling iana-time-zone v0.1.53
[INFO] [stderr]    Compiling pin-project-lite v0.2.9
[INFO] [stderr]    Compiling scopeguard v1.1.0
[INFO] [stderr]    Compiling gen-iter v0.3.0
[INFO] [stderr]    Compiling unicode-normalization v0.1.22
[INFO] [stdout] error[E0557]: feature has been removed
[INFO] [stdout]   --> /opt/rustwide/cargo-home/registry/src/index.crates.io-6f17d22bba15001f/gen-iter-0.3.0/src/lib.rs:60:12
[INFO] [stdout]    |
[INFO] [stdout] 60 | #![feature(generators, generator_trait)]
[INFO] [stdout]    |            ^^^^^^^^^^ feature has been removed
[INFO] [stdout]    |
[INFO] [stdout]    = note: renamed to `coroutines`
[INFO] [stdout] 
[INFO] [stdout] 
[INFO] [stdout] error[E0432]: unresolved imports `core::ops::Generator`, `core::ops::GeneratorState`
[INFO] [stdout]  --> /opt/rustwide/cargo-home/registry/src/index.crates.io-6f17d22bba15001f/gen-iter-0.3.0/src/gen_iter.rs:1:17
[INFO] [stdout]   |
[INFO] [stdout] 1 | use core::ops::{Generator, GeneratorState};
[INFO] [stdout]   |                 ^^^^^^^^^  ^^^^^^^^^^^^^^ no `GeneratorState` in `ops`
[INFO] [stdout]   |                 |
[INFO] [stdout]   |                 no `Generator` in `ops`
[INFO] [stdout] 
[INFO] [stdout] 
[INFO] [stderr]    Compiling fast-walker v0.1.2
[INFO] [stdout] error[E0432]: unresolved imports `core::ops::Generator`, `core::ops::GeneratorState`
[INFO] [stdout]  --> /opt/rustwide/cargo-home/registry/src/index.crates.io-6f17d22bba15001f/gen-iter-0.3.0/src/gen_iter_return.rs:1:17
[INFO] [stdout]   |
[INFO] [stdout] 1 | use core::ops::{Generator, GeneratorState};
[INFO] [stdout]   |                 ^^^^^^^^^  ^^^^^^^^^^^^^^ no `GeneratorState` in `ops`
[INFO] [stdout]   |                 |
[INFO] [stdout]   |                 no `Generator` in `ops`
[INFO] [stdout] 
[INFO] [stdout] 
[INFO] [stdout] error[E0658]: yield syntax is experimental
[INFO] [stdout]   --> /opt/rustwide/cargo-home/registry/src/index.crates.io-6f17d22bba15001f/gen-iter-0.3.0/src/gen_iter.rs:86:13
[INFO] [stdout]    |
[INFO] [stdout] 86 |             yield 1;
[INFO] [stdout]    |             ^^^^^^^
[INFO] [stdout]    |
[INFO] [stdout]    = note: see issue #43122 <https://github.com/rust-lang/rust/issues/43122> for more information
[INFO] [stdout] 
[INFO] [stdout] 
[INFO] [stdout] error[E0658]: yield syntax is experimental
[INFO] [stdout]   --> /opt/rustwide/cargo-home/registry/src/index.crates.io-6f17d22bba15001f/gen-iter-0.3.0/src/gen_iter.rs:87:13
[INFO] [stdout]    |
[INFO] [stdout] 87 |             yield 2;
[INFO] [stdout]    |             ^^^^^^^
[INFO] [stdout]    |
[INFO] [stdout]    = note: see issue #43122 <https://github.com/rust-lang/rust/issues/43122> for more information
[INFO] [stdout] 
[INFO] [stdout] 
[INFO] [stdout] error[E0658]: yield syntax is experimental
[INFO] [stdout]    --> /opt/rustwide/cargo-home/registry/src/index.crates.io-6f17d22bba15001f/gen-iter-0.3.0/src/gen_iter_return.rs:110:13
[INFO] [stdout]     |
[INFO] [stdout] 110 |             yield 1;
[INFO] [stdout]     |             ^^^^^^^
[INFO] [stdout]     |
[INFO] [stdout]     = note: see issue #43122 <https://github.com/rust-lang/rust/issues/43122> for more information
[INFO] [stdout] 
[INFO] [stdout] 
[INFO] [stdout] error[E0658]: yield syntax is experimental
[INFO] [stdout]    --> /opt/rustwide/cargo-home/registry/src/index.crates.io-6f17d22bba15001f/gen-iter-0.3.0/src/gen_iter_return.rs:133:13
[INFO] [stdout]     |
[INFO] [stdout] 133 |             yield 1;
[INFO] [stdout]     |             ^^^^^^^
[INFO] [stdout]     |
[INFO] [stdout]     = note: see issue #43122 <https://github.com/rust-lang/rust/issues/43122> for more information
[INFO] [stdout] 
[INFO] [stdout] 
[INFO] [stdout] error[E0554]: `#![feature]` may not be used on the stable release channel
[INFO] [stdout]   --> /opt/rustwide/cargo-home/registry/src/index.crates.io-6f17d22bba15001f/gen-iter-0.3.0/src/lib.rs:60:24
[INFO] [stdout]    |
[INFO] [stdout] 60 | #![feature(generators, generator_trait)]
[INFO] [stdout]    |                        ^^^^^^^^^^^^^^^
[INFO] [stdout] 
[INFO] [stdout] 
[INFO] [stdout] error[E0635]: unknown feature `generator_trait`
[INFO] [stdout]   --> /opt/rustwide/cargo-home/registry/src/index.crates.io-6f17d22bba15001f/gen-iter-0.3.0/src/lib.rs:60:24
[INFO] [stdout]    |
[INFO] [stdout] 60 | #![feature(generators, generator_trait)]
[INFO] [stdout]    |                        ^^^^^^^^^^^^^^^
[INFO] [stdout] 
[INFO] [stdout] 
[INFO] [stdout] error: aborting due to 9 previous errors
[INFO] [stdout] 
[INFO] [stdout] 
[INFO] [stdout] Some errors have detailed explanations: E0432, E0554, E0557, E0635, E0658.
[INFO] [stdout] 
[INFO] [stdout] For more information about an error, try `rustc --explain E0432`.
[INFO] [stdout] 
[INFO] [stderr] error: could not compile `gen-iter` (lib) due to 10 previous errors
[INFO] [stderr] warning: build failed, waiting for other jobs to finish...
[INFO] running `Command { std: "docker" "inspect" "fc2cab211622a1a9d3f7ef65b69d3017c96a329cf90522603c8f48616a70b831", kill_on_drop: false }`
[INFO] running `Command { std: "docker" "rm" "-f" "fc2cab211622a1a9d3f7ef65b69d3017c96a329cf90522603c8f48616a70b831", kill_on_drop: false }`
[INFO] [stdout] fc2cab211622a1a9d3f7ef65b69d3017c96a329cf90522603c8f48616a70b831
