[INFO] fetching crate unique-type-id-derive 1.3.0...
[INFO] testing unique-type-id-derive-1.3.0 against 1.75.0 for beta-1.76-1
[INFO] extracting crate unique-type-id-derive 1.3.0 into /workspace/builds/worker-1-tc1/source
[INFO] validating manifest of crates.io crate unique-type-id-derive 1.3.0 on toolchain 1.75.0
[INFO] running `Command { std: CARGO_HOME="/workspace/cargo-home" RUSTUP_HOME="/workspace/rustup-home" "/workspace/cargo-home/bin/cargo" "+1.75.0" "metadata" "--manifest-path" "Cargo.toml" "--no-deps", kill_on_drop: false }`
[INFO] started tweaking crates.io crate unique-type-id-derive 1.3.0
[INFO] finished tweaking crates.io crate unique-type-id-derive 1.3.0
[INFO] tweaked toml for crates.io crate unique-type-id-derive 1.3.0 written to /workspace/builds/worker-1-tc1/source/Cargo.toml
[INFO] running `Command { std: CARGO_HOME="/workspace/cargo-home" RUSTUP_HOME="/workspace/rustup-home" "/workspace/cargo-home/bin/cargo" "+1.75.0" "generate-lockfile" "--manifest-path" "Cargo.toml", kill_on_drop: false }`
[INFO] [stderr]     Updating crates.io index
[INFO] running `Command { std: CARGO_HOME="/workspace/cargo-home" RUSTUP_HOME="/workspace/rustup-home" "/workspace/cargo-home/bin/cargo" "+1.75.0" "fetch" "--manifest-path" "Cargo.toml", kill_on_drop: false }`
[INFO] running `Command { std: "docker" "create" "-v" "/var/lib/crater-agent-workspace/builds/worker-1-tc1/target:/opt/rustwide/target:rw,Z" "-v" "/var/lib/crater-agent-workspace/builds/worker-1-tc1/source:/opt/rustwide/workdir:ro,Z" "-v" "/var/lib/crater-agent-workspace/cargo-home:/opt/rustwide/cargo-home:ro,Z" "-v" "/var/lib/crater-agent-workspace/rustup-home:/opt/rustwide/rustup-home:ro,Z" "-e" "SOURCE_DIR=/opt/rustwide/workdir" "-e" "CARGO_TARGET_DIR=/opt/rustwide/target" "-e" "CARGO_HOME=/opt/rustwide/cargo-home" "-e" "RUSTUP_HOME=/opt/rustwide/rustup-home" "-w" "/opt/rustwide/workdir" "-m" "1610612736" "--user" "0:0" "--network" "none" "ghcr.io/rust-lang/crates-build-env/linux@sha256:2788e3201cd34a07e3172128adcd8b3090168a8e3bcc40d7c032b9dda1df7d1c" "/opt/rustwide/cargo-home/bin/cargo" "+1.75.0" "metadata" "--no-deps" "--format-version=1", kill_on_drop: false }`
[INFO] [stdout] 9202318069a3b9764294465bb27bbbba4e9209314682826238c18e72c678d76a
[INFO] running `Command { std: "docker" "start" "-a" "9202318069a3b9764294465bb27bbbba4e9209314682826238c18e72c678d76a", kill_on_drop: false }`
[INFO] running `Command { std: "docker" "inspect" "9202318069a3b9764294465bb27bbbba4e9209314682826238c18e72c678d76a", kill_on_drop: false }`
[INFO] running `Command { std: "docker" "rm" "-f" "9202318069a3b9764294465bb27bbbba4e9209314682826238c18e72c678d76a", kill_on_drop: false }`
[INFO] [stdout] 9202318069a3b9764294465bb27bbbba4e9209314682826238c18e72c678d76a
[INFO] running `Command { std: "docker" "create" "-v" "/var/lib/crater-agent-workspace/builds/worker-1-tc1/target:/opt/rustwide/target:rw,Z" "-v" "/var/lib/crater-agent-workspace/builds/worker-1-tc1/source:/opt/rustwide/workdir:ro,Z" "-v" "/var/lib/crater-agent-workspace/cargo-home:/opt/rustwide/cargo-home:ro,Z" "-v" "/var/lib/crater-agent-workspace/rustup-home:/opt/rustwide/rustup-home:ro,Z" "-e" "SOURCE_DIR=/opt/rustwide/workdir" "-e" "CARGO_TARGET_DIR=/opt/rustwide/target" "-e" "CARGO_INCREMENTAL=0" "-e" "RUST_BACKTRACE=full" "-e" "RUSTFLAGS=--cap-lints=warn" "-e" "RUSTDOCFLAGS=--cap-lints=warn" "-e" "CARGO_HOME=/opt/rustwide/cargo-home" "-e" "RUSTUP_HOME=/opt/rustwide/rustup-home" "-w" "/opt/rustwide/workdir" "-m" "1610612736" "--user" "0:0" "--network" "none" "ghcr.io/rust-lang/crates-build-env/linux@sha256:2788e3201cd34a07e3172128adcd8b3090168a8e3bcc40d7c032b9dda1df7d1c" "/opt/rustwide/cargo-home/bin/cargo" "+1.75.0" "build" "--frozen" "--message-format=json", kill_on_drop: false }`
[INFO] [stdout] 7a1ccce7f617c607f14dfbd4807e27f589de4a7161389be53edc09681ff84f70
[INFO] running `Command { std: "docker" "start" "-a" "7a1ccce7f617c607f14dfbd4807e27f589de4a7161389be53edc09681ff84f70", kill_on_drop: false }`
[INFO] [stderr]    Compiling proc-macro2 v1.0.75
[INFO] [stderr]    Compiling libc v0.2.151
[INFO] [stderr]    Compiling fs2 v0.4.3
[INFO] [stderr]    Compiling quote v1.0.35
[INFO] [stderr]    Compiling syn v2.0.48
[INFO] [stderr]    Compiling unique-type-id-derive v1.3.0 (/opt/rustwide/workdir)
[INFO] [stderr]     Finished dev [unoptimized + debuginfo] target(s) in 2.13s
[INFO] running `Command { std: "docker" "inspect" "7a1ccce7f617c607f14dfbd4807e27f589de4a7161389be53edc09681ff84f70", kill_on_drop: false }`
[INFO] running `Command { std: "docker" "rm" "-f" "7a1ccce7f617c607f14dfbd4807e27f589de4a7161389be53edc09681ff84f70", kill_on_drop: false }`
[INFO] [stdout] 7a1ccce7f617c607f14dfbd4807e27f589de4a7161389be53edc09681ff84f70
[INFO] running `Command { std: "docker" "create" "-v" "/var/lib/crater-agent-workspace/builds/worker-1-tc1/target:/opt/rustwide/target:rw,Z" "-v" "/var/lib/crater-agent-workspace/builds/worker-1-tc1/source:/opt/rustwide/workdir:ro,Z" "-v" "/var/lib/crater-agent-workspace/cargo-home:/opt/rustwide/cargo-home:ro,Z" "-v" "/var/lib/crater-agent-workspace/rustup-home:/opt/rustwide/rustup-home:ro,Z" "-e" "SOURCE_DIR=/opt/rustwide/workdir" "-e" "CARGO_TARGET_DIR=/opt/rustwide/target" "-e" "CARGO_INCREMENTAL=0" "-e" "RUST_BACKTRACE=full" "-e" "RUSTFLAGS=--cap-lints=warn" "-e" "RUSTDOCFLAGS=--cap-lints=warn" "-e" "CARGO_HOME=/opt/rustwide/cargo-home" "-e" "RUSTUP_HOME=/opt/rustwide/rustup-home" "-w" "/opt/rustwide/workdir" "-m" "1610612736" "--user" "0:0" "--network" "none" "ghcr.io/rust-lang/crates-build-env/linux@sha256:2788e3201cd34a07e3172128adcd8b3090168a8e3bcc40d7c032b9dda1df7d1c" "/opt/rustwide/cargo-home/bin/cargo" "+1.75.0" "test" "--frozen" "--no-run" "--message-format=json", kill_on_drop: false }`
[INFO] [stdout] 1d2cf0b69b046655de01b7dc1583c8df00c3b2ea027ffc5085114c4242033fff
[INFO] running `Command { std: "docker" "start" "-a" "1d2cf0b69b046655de01b7dc1583c8df00c3b2ea027ffc5085114c4242033fff", kill_on_drop: false }`
[INFO] [stderr]    Compiling proc-macro2 v1.0.75
[INFO] [stderr]    Compiling unicode-ident v1.0.12
[INFO] [stderr]    Compiling fs2 v0.4.3
[INFO] [stderr]    Compiling quote v1.0.35
[INFO] [stderr]    Compiling syn v2.0.48
[INFO] [stderr]    Compiling unique-type-id-derive v1.3.0 (/opt/rustwide/workdir)
[INFO] [stdout] error[E0432]: unresolved import `unique_type_id`
[INFO] [stdout]  --> tests/tests.rs:3:9
[INFO] [stdout]   |
[INFO] [stdout] 3 |     use unique_type_id::UniqueTypeId;
[INFO] [stdout]   |         ^^^^^^^^^^^^^^ use of undeclared crate or module `unique_type_id`
[INFO] [stdout] 
[INFO] [stdout] 
[INFO] [stdout] error[E0432]: unresolved import `unique_type_id`
[INFO] [stdout]   --> tests/tests.rs:15:9
[INFO] [stdout]    |
[INFO] [stdout] 15 |     use unique_type_id::UniqueTypeId;
[INFO] [stdout]    |         ^^^^^^^^^^^^^^ use of undeclared crate or module `unique_type_id`
[INFO] [stdout] 
[INFO] [stdout] 
[INFO] [stdout] error[E0432]: unresolved import `unique_type_id`
[INFO] [stdout]   --> tests/tests.rs:29:9
[INFO] [stdout]    |
[INFO] [stdout] 29 |     use unique_type_id::UniqueTypeId;
[INFO] [stdout]    |         ^^^^^^^^^^^^^^ use of undeclared crate or module `unique_type_id`
[INFO] [stdout] 
[INFO] [stdout] 
[INFO] [stdout] error[E0432]: unresolved import `unique_type_id`
[INFO] [stdout]   --> tests/tests.rs:62:9
[INFO] [stdout]    |
[INFO] [stdout] 62 |     use unique_type_id::UniqueTypeId;
[INFO] [stdout]    |         ^^^^^^^^^^^^^^ use of undeclared crate or module `unique_type_id`
[INFO] [stdout] 
[INFO] [stdout] 
[INFO] [stdout] error[E0432]: unresolved import `unique_type_id`
[INFO] [stdout]   --> tests/tests.rs:84:9
[INFO] [stdout]    |
[INFO] [stdout] 84 |     use unique_type_id::UniqueTypeId;
[INFO] [stdout]    |         ^^^^^^^^^^^^^^ use of undeclared crate or module `unique_type_id`
[INFO] [stdout] 
[INFO] [stdout] 
[INFO] [stdout] error[E0432]: unresolved import `unique_type_id`
[INFO] [stdout]    --> tests/tests.rs:101:9
[INFO] [stdout]     |
[INFO] [stdout] 101 |     use unique_type_id::UniqueTypeId;
[INFO] [stdout]     |         ^^^^^^^^^^^^^^ use of undeclared crate or module `unique_type_id`
[INFO] [stdout] 
[INFO] [stdout] 
[INFO] [stdout] error: cannot determine resolution for the derive macro `UniqueTypeId`
[INFO] [stdout]  --> tests/tests.rs:4:14
[INFO] [stdout]   |
[INFO] [stdout] 4 |     #[derive(UniqueTypeId)]
[INFO] [stdout]   |              ^^^^^^^^^^^^
[INFO] [stdout]   |
[INFO] [stdout]   = note: import resolution is stuck, try simplifying macro imports
[INFO] [stdout] 
[INFO] [stdout] 
[INFO] [stdout] error: cannot determine resolution for the derive macro `UniqueTypeId`
[INFO] [stdout]  --> tests/tests.rs:6:14
[INFO] [stdout]   |
[INFO] [stdout] 6 |     #[derive(UniqueTypeId)]
[INFO] [stdout]   |              ^^^^^^^^^^^^
[INFO] [stdout]   |
[INFO] [stdout]   = note: import resolution is stuck, try simplifying macro imports
[INFO] [stdout] 
[INFO] [stdout] 
[INFO] [stdout] error: cannot determine resolution for the derive macro `UniqueTypeId`
[INFO] [stdout]   --> tests/tests.rs:16:14
[INFO] [stdout]    |
[INFO] [stdout] 16 |     #[derive(UniqueTypeId)]
[INFO] [stdout]    |              ^^^^^^^^^^^^
[INFO] [stdout]    |
[INFO] [stdout]    = note: import resolution is stuck, try simplifying macro imports
[INFO] [stdout] 
[INFO] [stdout] 
[INFO] [stdout] error: cannot find attribute `UniqueTypeIdType` in this scope
[INFO] [stdout]   --> tests/tests.rs:17:7
[INFO] [stdout]    |
[INFO] [stdout] 17 |     #[UniqueTypeIdType = "i16"]
[INFO] [stdout]    |       ^^^^^^^^^^^^^^^^
[INFO] [stdout] 
[INFO] [stdout] 
[INFO] [stdout] error: cannot determine resolution for the derive macro `UniqueTypeId`
[INFO] [stdout]   --> tests/tests.rs:19:14
[INFO] [stdout]    |
[INFO] [stdout] 19 |     #[derive(UniqueTypeId)]
[INFO] [stdout]    |              ^^^^^^^^^^^^
[INFO] [stdout]    |
[INFO] [stdout]    = note: import resolution is stuck, try simplifying macro imports
[INFO] [stdout] 
[INFO] [stdout] 
[INFO] [stdout] error: cannot find attribute `UniqueTypeIdType` in this scope
[INFO] [stdout]   --> tests/tests.rs:20:7
[INFO] [stdout]    |
[INFO] [stdout] 20 |     #[UniqueTypeIdType = "i16"]
[INFO] [stdout]    |       ^^^^^^^^^^^^^^^^
[INFO] [stdout] 
[INFO] [stdout] 
[INFO] [stdout] error: cannot determine resolution for the derive macro `UniqueTypeId`
[INFO] [stdout]   --> tests/tests.rs:30:14
[INFO] [stdout]    |
[INFO] [stdout] 30 |     #[derive(UniqueTypeId)]
[INFO] [stdout]    |              ^^^^^^^^^^^^
[INFO] [stdout]    |
[INFO] [stdout]    = note: import resolution is stuck, try simplifying macro imports
[INFO] [stdout] 
[INFO] [stdout] 
[INFO] [stdout] error: cannot determine resolution for the derive macro `UniqueTypeId`
[INFO] [stdout]   --> tests/tests.rs:32:14
[INFO] [stdout]    |
[INFO] [stdout] 32 |     #[derive(UniqueTypeId)]
[INFO] [stdout]    |              ^^^^^^^^^^^^
[INFO] [stdout]    |
[INFO] [stdout]    = note: import resolution is stuck, try simplifying macro imports
[INFO] [stdout] 
[INFO] [stdout] 
[INFO] [stdout] error: cannot determine resolution for the derive macro `UniqueTypeId`
[INFO] [stdout]   --> tests/tests.rs:34:14
[INFO] [stdout]    |
[INFO] [stdout] 34 |     #[derive(UniqueTypeId)]
[INFO] [stdout]    |              ^^^^^^^^^^^^
[INFO] [stdout]    |
[INFO] [stdout]    = note: import resolution is stuck, try simplifying macro imports
[INFO] [stdout] 
[INFO] [stdout] 
[INFO] [stdout] error: cannot determine resolution for the derive macro `UniqueTypeId`
[INFO] [stdout]   --> tests/tests.rs:36:14
[INFO] [stdout]    |
[INFO] [stdout] 36 |     #[derive(UniqueTypeId)]
[INFO] [stdout]    |              ^^^^^^^^^^^^
[INFO] [stdout]    |
[INFO] [stdout]    = note: import resolution is stuck, try simplifying macro imports
[INFO] [stdout] 
[INFO] [stdout] 
[INFO] [stdout] error: cannot determine resolution for the derive macro `UniqueTypeId`
[INFO] [stdout]   --> tests/tests.rs:38:14
[INFO] [stdout]    |
[INFO] [stdout] 38 |     #[derive(UniqueTypeId)]
[INFO] [stdout]    |              ^^^^^^^^^^^^
[INFO] [stdout]    |
[INFO] [stdout]    = note: import resolution is stuck, try simplifying macro imports
[INFO] [stdout] 
[INFO] [stdout] 
[INFO] [stdout] error: cannot determine resolution for the derive macro `UniqueTypeId`
[INFO] [stdout]   --> tests/tests.rs:63:14
[INFO] [stdout]    |
[INFO] [stdout] 63 |     #[derive(UniqueTypeId)]
[INFO] [stdout]    |              ^^^^^^^^^^^^
[INFO] [stdout]    |
[INFO] [stdout]    = note: import resolution is stuck, try simplifying macro imports
[INFO] [stdout] 
[INFO] [stdout] 
[INFO] [stdout] error: cannot find attribute `UniqueTypeIdFile` in this scope
[INFO] [stdout]   --> tests/tests.rs:64:7
[INFO] [stdout]    |
[INFO] [stdout] 64 |     #[UniqueTypeIdFile = "types2.toml"]
[INFO] [stdout]    |       ^^^^^^^^^^^^^^^^
[INFO] [stdout] 
[INFO] [stdout] 
[INFO] [stdout] error: cannot determine resolution for the derive macro `UniqueTypeId`
[INFO] [stdout]   --> tests/tests.rs:66:14
[INFO] [stdout]    |
[INFO] [stdout] 66 |     #[derive(UniqueTypeId)]
[INFO] [stdout]    |              ^^^^^^^^^^^^
[INFO] [stdout]    |
[INFO] [stdout]    = note: import resolution is stuck, try simplifying macro imports
[INFO] [stdout] 
[INFO] [stdout] 
[INFO] [stdout] error: cannot find attribute `UniqueTypeIdFile` in this scope
[INFO] [stdout]   --> tests/tests.rs:67:7
[INFO] [stdout]    |
[INFO] [stdout] 67 |     #[UniqueTypeIdFile = "types2.toml"]
[INFO] [stdout]    |       ^^^^^^^^^^^^^^^^
[INFO] [stdout] 
[INFO] [stdout] 
[INFO] [stdout] error: cannot determine resolution for the derive macro `UniqueTypeId`
[INFO] [stdout]   --> tests/tests.rs:69:14
[INFO] [stdout]    |
[INFO] [stdout] 69 |     #[derive(UniqueTypeId)]
[INFO] [stdout]    |              ^^^^^^^^^^^^
[INFO] [stdout]    |
[INFO] [stdout]    = note: import resolution is stuck, try simplifying macro imports
[INFO] [stdout] 
[INFO] [stdout] 
[INFO] [stdout] error: cannot find attribute `UniqueTypeIdFile` in this scope
[INFO] [stdout]   --> tests/tests.rs:70:7
[INFO] [stdout]    |
[INFO] [stdout] 70 |     #[UniqueTypeIdFile = "types2.toml"]
[INFO] [stdout]    |       ^^^^^^^^^^^^^^^^
[INFO] [stdout] 
[INFO] [stdout] 
[INFO] [stdout] error: cannot determine resolution for the derive macro `UniqueTypeId`
[INFO] [stdout]   --> tests/tests.rs:72:14
[INFO] [stdout]    |
[INFO] [stdout] 72 |     #[derive(UniqueTypeId)]
[INFO] [stdout]    |              ^^^^^^^^^^^^
[INFO] [stdout]    |
[INFO] [stdout]    = note: import resolution is stuck, try simplifying macro imports
[INFO] [stdout] 
[INFO] [stdout] 
[INFO] [stdout] error: cannot find attribute `UniqueTypeIdFile` in this scope
[INFO] [stdout]   --> tests/tests.rs:73:7
[INFO] [stdout]    |
[INFO] [stdout] 73 |     #[UniqueTypeIdFile = "types2.toml"]
[INFO] [stdout]    |       ^^^^^^^^^^^^^^^^
[INFO] [stdout] 
[INFO] [stdout] 
[INFO] [stdout] error: cannot determine resolution for the derive macro `UniqueTypeId`
[INFO] [stdout]   --> tests/tests.rs:85:14
[INFO] [stdout]    |
[INFO] [stdout] 85 |     #[derive(UniqueTypeId)]
[INFO] [stdout]    |              ^^^^^^^^^^^^
[INFO] [stdout]    |
[INFO] [stdout]    = note: import resolution is stuck, try simplifying macro imports
[INFO] [stdout] 
[INFO] [stdout] 
[INFO] [stdout] error: cannot find attribute `UniqueTypeIdFile` in this scope
[INFO] [stdout]   --> tests/tests.rs:86:7
[INFO] [stdout]    |
[INFO] [stdout] 86 |     #[UniqueTypeIdFile = "types3.toml"]
[INFO] [stdout]    |       ^^^^^^^^^^^^^^^^
[INFO] [stdout] 
[INFO] [stdout] 
[INFO] [stdout] error: cannot determine resolution for the derive macro `UniqueTypeId`
[INFO] [stdout]   --> tests/tests.rs:88:14
[INFO] [stdout]    |
[INFO] [stdout] 88 |     #[derive(UniqueTypeId)]
[INFO] [stdout]    |              ^^^^^^^^^^^^
[INFO] [stdout]    |
[INFO] [stdout]    = note: import resolution is stuck, try simplifying macro imports
[INFO] [stdout] 
[INFO] [stdout] 
[INFO] [stdout] error: cannot find attribute `UniqueTypeIdFile` in this scope
[INFO] [stdout]   --> tests/tests.rs:89:7
[INFO] [stdout]    |
[INFO] [stdout] 89 |     #[UniqueTypeIdFile = "types3.toml"]
[INFO] [stdout]    |       ^^^^^^^^^^^^^^^^
[INFO] [stdout] 
[INFO] [stdout] 
[INFO] [stdout] error: cannot determine resolution for the derive macro `UniqueTypeId`
[INFO] [stdout]    --> tests/tests.rs:102:14
[INFO] [stdout]     |
[INFO] [stdout] 102 |     #[derive(UniqueTypeId)]
[INFO] [stdout]     |              ^^^^^^^^^^^^
[INFO] [stdout]     |
[INFO] [stdout]     = note: import resolution is stuck, try simplifying macro imports
[INFO] [stdout] 
[INFO] [stdout] 
[INFO] [stdout] error: cannot find attribute `UniqueTypeIdFile` in this scope
[INFO] [stdout]    --> tests/tests.rs:103:7
[INFO] [stdout]     |
[INFO] [stdout] 103 |     #[UniqueTypeIdFile = "types4.toml"]
[INFO] [stdout]     |       ^^^^^^^^^^^^^^^^
[INFO] [stdout] 
[INFO] [stdout] 
[INFO] [stdout] error: cannot find attribute `UniqueTypeIdStart` in this scope
[INFO] [stdout]    --> tests/tests.rs:104:7
[INFO] [stdout]     |
[INFO] [stdout] 104 |     #[UniqueTypeIdStart = 23]
[INFO] [stdout]     |       ^^^^^^^^^^^^^^^^^
[INFO] [stdout] 
[INFO] [stdout] 
[INFO] [stdout] error: cannot determine resolution for the derive macro `UniqueTypeId`
[INFO] [stdout]    --> tests/tests.rs:106:14
[INFO] [stdout]     |
[INFO] [stdout] 106 |     #[derive(UniqueTypeId)]
[INFO] [stdout]     |              ^^^^^^^^^^^^
[INFO] [stdout]     |
[INFO] [stdout]     = note: import resolution is stuck, try simplifying macro imports
[INFO] [stdout] 
[INFO] [stdout] 
[INFO] [stdout] error: cannot find attribute `UniqueTypeIdFile` in this scope
[INFO] [stdout]    --> tests/tests.rs:107:7
[INFO] [stdout]     |
[INFO] [stdout] 107 |     #[UniqueTypeIdFile = "types4.toml"]
[INFO] [stdout]     |       ^^^^^^^^^^^^^^^^
[INFO] [stdout] 
[INFO] [stdout] 
[INFO] [stdout] error: cannot find attribute `UniqueTypeIdStart` in this scope
[INFO] [stdout]    --> tests/tests.rs:108:7
[INFO] [stdout]     |
[INFO] [stdout] 108 |     #[UniqueTypeIdStart = 23]
[INFO] [stdout]     |       ^^^^^^^^^^^^^^^^^
[INFO] [stdout] 
[INFO] [stdout] 
[INFO] [stdout] error[E0599]: no function or associated item named `id` found for struct `check_simple::Test1` in the current scope
[INFO] [stdout]  --> tests/tests.rs:9:23
[INFO] [stdout]   |
[INFO] [stdout] 5 |     struct Test1;
[INFO] [stdout]   |     ------------ function or associated item `id` not found for this struct
[INFO] [stdout] ...
[INFO] [stdout] 9 |     assert_eq!(Test1::id().0, 1u64);
[INFO] [stdout]   |                       ^^ function or associated item not found in `Test1`
[INFO] [stdout] 
[INFO] [stdout] 
[INFO] [stdout] error[E0599]: no function or associated item named `id` found for struct `check_simple::Test2` in the current scope
[INFO] [stdout]   --> tests/tests.rs:10:23
[INFO] [stdout]    |
[INFO] [stdout] 7  |     struct Test2;
[INFO] [stdout]    |     ------------ function or associated item `id` not found for this struct
[INFO] [stdout] ...
[INFO] [stdout] 10 |     assert_eq!(Test2::id().0, 2u64);
[INFO] [stdout]    |                       ^^ function or associated item not found in `Test2`
[INFO] [stdout] 
[INFO] [stdout] 
[INFO] [stdout] error[E0599]: no function or associated item named `id` found for struct `check_simple_custom_type::Test1` in the current scope
[INFO] [stdout]   --> tests/tests.rs:23:23
[INFO] [stdout]    |
[INFO] [stdout] 18 |     struct Test1;
[INFO] [stdout]    |     ------------ function or associated item `id` not found for this struct
[INFO] [stdout] ...
[INFO] [stdout] 23 |     assert_eq!(Test1::id().0, 1i16);
[INFO] [stdout]    |                       ^^ function or associated item not found in `Test1`
[INFO] [stdout] 
[INFO] [stdout] 
[INFO] [stdout] error[E0599]: no function or associated item named `id` found for struct `check_simple_custom_type::Test2` in the current scope
[INFO] [stdout]   --> tests/tests.rs:24:23
[INFO] [stdout]    |
[INFO] [stdout] 21 |     struct Test2;
[INFO] [stdout]    |     ------------ function or associated item `id` not found for this struct
[INFO] [stdout] ...
[INFO] [stdout] 24 |     assert_eq!(Test2::id().0, 2i16);
[INFO] [stdout]    |                       ^^ function or associated item not found in `Test2`
[INFO] [stdout] 
[INFO] [stdout] 
[INFO] [stdout] error[E0599]: no function or associated item named `id` found for struct `check_simple_second::Test1` in the current scope
[INFO] [stdout]   --> tests/tests.rs:41:23
[INFO] [stdout]    |
[INFO] [stdout] 31 |     struct Test1;
[INFO] [stdout]    |     ------------ function or associated item `id` not found for this struct
[INFO] [stdout] ...
[INFO] [stdout] 41 |     assert_eq!(Test1::id().0, 1u64);
[INFO] [stdout]    |                       ^^ function or associated item not found in `Test1`
[INFO] [stdout] 
[INFO] [stdout] 
[INFO] [stdout] error[E0599]: no function or associated item named `id` found for struct `check_simple_second::Test2` in the current scope
[INFO] [stdout]   --> tests/tests.rs:42:23
[INFO] [stdout]    |
[INFO] [stdout] 33 |     struct Test2;
[INFO] [stdout]    |     ------------ function or associated item `id` not found for this struct
[INFO] [stdout] ...
[INFO] [stdout] 42 |     assert_eq!(Test2::id().0, 2u64);
[INFO] [stdout]    |                       ^^ function or associated item not found in `Test2`
[INFO] [stdout] 
[INFO] [stdout] 
[INFO] [stdout] error[E0599]: no function or associated item named `id` found for struct `check_simple_second::Test3` in the current scope
[INFO] [stdout]   --> tests/tests.rs:43:23
[INFO] [stdout]    |
[INFO] [stdout] 35 |     struct Test3;
[INFO] [stdout]    |     ------------ function or associated item `id` not found for this struct
[INFO] [stdout] ...
[INFO] [stdout] 43 |     assert_eq!(Test3::id().0, 5u64);
[INFO] [stdout]    |                       ^^ function or associated item not found in `Test3`
[INFO] [stdout] 
[INFO] [stdout] 
[INFO] [stdout] error[E0599]: no function or associated item named `id` found for struct `check_simple_second::Test4` in the current scope
[INFO] [stdout]   --> tests/tests.rs:44:23
[INFO] [stdout]    |
[INFO] [stdout] 37 |     struct Test4;
[INFO] [stdout]    |     ------------ function or associated item `id` not found for this struct
[INFO] [stdout] ...
[INFO] [stdout] 44 |     assert_eq!(Test4::id().0, 0u64);
[INFO] [stdout]    |                       ^^ function or associated item not found in `Test4`
[INFO] [stdout] 
[INFO] [stdout] 
[INFO] [stdout] error[E0599]: no function or associated item named `id` found for struct `Test5` in the current scope
[INFO] [stdout]   --> tests/tests.rs:45:23
[INFO] [stdout]    |
[INFO] [stdout] 39 |     struct Test5;
[INFO] [stdout]    |     ------------ function or associated item `id` not found for this struct
[INFO] [stdout] ...
[INFO] [stdout] 45 |     assert_eq!(Test5::id().0, 3u64);
[INFO] [stdout]    |                       ^^ function or associated item not found in `Test5`
[INFO] [stdout] 
[INFO] [stdout] 
[INFO] [stdout] error[E0599]: no function or associated item named `unique_type_id` found for struct `check_simple_second::Test1` in the current scope
[INFO] [stdout]   --> tests/tests.rs:47:23
[INFO] [stdout]    |
[INFO] [stdout] 31 |     struct Test1;
[INFO] [stdout]    |     ------------ function or associated item `unique_type_id` not found for this struct
[INFO] [stdout] ...
[INFO] [stdout] 47 |     assert_eq!(Test1::unique_type_id(), Test1::id());
[INFO] [stdout]    |                       ^^^^^^^^^^^^^^ function or associated item not found in `Test1`
[INFO] [stdout] 
[INFO] [stdout] 
[INFO] [stdout] error[E0599]: no function or associated item named `id` found for struct `check_simple_second::Test1` in the current scope
[INFO] [stdout]   --> tests/tests.rs:47:48
[INFO] [stdout]    |
[INFO] [stdout] 31 |     struct Test1;
[INFO] [stdout]    |     ------------ function or associated item `id` not found for this struct
[INFO] [stdout] ...
[INFO] [stdout] 47 |     assert_eq!(Test1::unique_type_id(), Test1::id());
[INFO] [stdout]    |                                                ^^ function or associated item not found in `Test1`
[INFO] [stdout] 
[INFO] [stdout] 
[INFO] [stdout] error[E0599]: no function or associated item named `unique_type_id` found for struct `check_simple_second::Test2` in the current scope
[INFO] [stdout]   --> tests/tests.rs:48:23
[INFO] [stdout]    |
[INFO] [stdout] 33 |     struct Test2;
[INFO] [stdout]    |     ------------ function or associated item `unique_type_id` not found for this struct
[INFO] [stdout] ...
[INFO] [stdout] 48 |     assert_eq!(Test2::unique_type_id(), Test2::id());
[INFO] [stdout]    |                       ^^^^^^^^^^^^^^ function or associated item not found in `Test2`
[INFO] [stdout] 
[INFO] [stdout] 
[INFO] [stdout] error[E0599]: no function or associated item named `id` found for struct `check_simple_second::Test2` in the current scope
[INFO] [stdout]   --> tests/tests.rs:48:48
[INFO] [stdout]    |
[INFO] [stdout] 33 |     struct Test2;
[INFO] [stdout]    |     ------------ function or associated item `id` not found for this struct
[INFO] [stdout] ...
[INFO] [stdout] 48 |     assert_eq!(Test2::unique_type_id(), Test2::id());
[INFO] [stdout]    |                                                ^^ function or associated item not found in `Test2`
[INFO] [stdout] 
[INFO] [stdout] 
[INFO] [stdout] error[E0599]: no function or associated item named `unique_type_id` found for struct `check_simple_second::Test3` in the current scope
[INFO] [stdout]   --> tests/tests.rs:49:23
[INFO] [stdout]    |
[INFO] [stdout] 35 |     struct Test3;
[INFO] [stdout]    |     ------------ function or associated item `unique_type_id` not found for this struct
[INFO] [stdout] ...
[INFO] [stdout] 49 |     assert_eq!(Test3::unique_type_id(), Test3::id());
[INFO] [stdout]    |                       ^^^^^^^^^^^^^^ function or associated item not found in `Test3`
[INFO] [stdout] 
[INFO] [stdout] 
[INFO] [stdout] error[E0599]: no function or associated item named `id` found for struct `check_simple_second::Test3` in the current scope
[INFO] [stdout]   --> tests/tests.rs:49:48
[INFO] [stdout]    |
[INFO] [stdout] 35 |     struct Test3;
[INFO] [stdout]    |     ------------ function or associated item `id` not found for this struct
[INFO] [stdout] ...
[INFO] [stdout] 49 |     assert_eq!(Test3::unique_type_id(), Test3::id());
[INFO] [stdout]    |                                                ^^ function or associated item not found in `Test3`
[INFO] [stdout] 
[INFO] [stdout] 
[INFO] [stdout] error[E0599]: no function or associated item named `unique_type_id` found for struct `check_simple_second::Test4` in the current scope
[INFO] [stdout]   --> tests/tests.rs:50:23
[INFO] [stdout]    |
[INFO] [stdout] 37 |     struct Test4;
[INFO] [stdout]    |     ------------ function or associated item `unique_type_id` not found for this struct
[INFO] [stdout] ...
[INFO] [stdout] 50 |     assert_eq!(Test4::unique_type_id(), Test4::id());
[INFO] [stdout]    |                       ^^^^^^^^^^^^^^ function or associated item not found in `Test4`
[INFO] [stdout] 
[INFO] [stdout] 
[INFO] [stdout] error[E0599]: no function or associated item named `id` found for struct `check_simple_second::Test4` in the current scope
[INFO] [stdout]   --> tests/tests.rs:50:48
[INFO] [stdout]    |
[INFO] [stdout] 37 |     struct Test4;
[INFO] [stdout]    |     ------------ function or associated item `id` not found for this struct
[INFO] [stdout] ...
[INFO] [stdout] 50 |     assert_eq!(Test4::unique_type_id(), Test4::id());
[INFO] [stdout]    |                                                ^^ function or associated item not found in `Test4`
[INFO] [stdout] 
[INFO] [stdout] 
[INFO] [stdout] error[E0599]: no function or associated item named `unique_type_id` found for struct `Test5` in the current scope
[INFO] [stdout]   --> tests/tests.rs:51:23
[INFO] [stdout]    |
[INFO] [stdout] 39 |     struct Test5;
[INFO] [stdout]    |     ------------ function or associated item `unique_type_id` not found for this struct
[INFO] [stdout] ...
[INFO] [stdout] 51 |     assert_eq!(Test5::unique_type_id(), Test5::id());
[INFO] [stdout]    |                       ^^^^^^^^^^^^^^ function or associated item not found in `Test5`
[INFO] [stdout] 
[INFO] [stdout] 
[INFO] [stdout] error[E0599]: no function or associated item named `id` found for struct `Test5` in the current scope
[INFO] [stdout]   --> tests/tests.rs:51:48
[INFO] [stdout]    |
[INFO] [stdout] 39 |     struct Test5;
[INFO] [stdout]    |     ------------ function or associated item `id` not found for this struct
[INFO] [stdout] ...
[INFO] [stdout] 51 |     assert_eq!(Test5::unique_type_id(), Test5::id());
[INFO] [stdout]    |                                                ^^ function or associated item not found in `Test5`
[INFO] [stdout] 
[INFO] [stdout] 
[INFO] [stdout] error[E0599]: no associated item named `TYPE_ID` found for struct `check_simple_second::Test1` in the current scope
[INFO] [stdout]   --> tests/tests.rs:53:23
[INFO] [stdout]    |
[INFO] [stdout] 31 |     struct Test1;
[INFO] [stdout]    |     ------------ associated item `TYPE_ID` not found for this struct
[INFO] [stdout] ...
[INFO] [stdout] 53 |     assert_eq!(Test1::TYPE_ID, Test1::id());
[INFO] [stdout]    |                       ^^^^^^^ associated item not found in `Test1`
[INFO] [stdout] 
[INFO] [stdout] 
[INFO] [stdout] error[E0599]: no function or associated item named `id` found for struct `check_simple_second::Test1` in the current scope
[INFO] [stdout]   --> tests/tests.rs:53:39
[INFO] [stdout]    |
[INFO] [stdout] 31 |     struct Test1;
[INFO] [stdout]    |     ------------ function or associated item `id` not found for this struct
[INFO] [stdout] ...
[INFO] [stdout] 53 |     assert_eq!(Test1::TYPE_ID, Test1::id());
[INFO] [stdout]    |                                       ^^ function or associated item not found in `Test1`
[INFO] [stdout] 
[INFO] [stdout] 
[INFO] [stdout] error[E0599]: no associated item named `TYPE_ID` found for struct `check_simple_second::Test2` in the current scope
[INFO] [stdout]   --> tests/tests.rs:54:23
[INFO] [stdout]    |
[INFO] [stdout] 33 |     struct Test2;
[INFO] [stdout]    |     ------------ associated item `TYPE_ID` not found for this struct
[INFO] [stdout] ...
[INFO] [stdout] 54 |     assert_eq!(Test2::TYPE_ID, Test2::id());
[INFO] [stdout]    |                       ^^^^^^^ associated item not found in `Test2`
[INFO] [stdout] 
[INFO] [stdout] 
[INFO] [stdout] error[E0599]: no function or associated item named `id` found for struct `check_simple_second::Test2` in the current scope
[INFO] [stdout]   --> tests/tests.rs:54:39
[INFO] [stdout]    |
[INFO] [stdout] 33 |     struct Test2;
[INFO] [stdout]    |     ------------ function or associated item `id` not found for this struct
[INFO] [stdout] ...
[INFO] [stdout] 54 |     assert_eq!(Test2::TYPE_ID, Test2::id());
[INFO] [stdout]    |                                       ^^ function or associated item not found in `Test2`
[INFO] [stdout] 
[INFO] [stdout] 
[INFO] [stdout] error[E0599]: no associated item named `TYPE_ID` found for struct `check_simple_second::Test3` in the current scope
[INFO] [stdout]   --> tests/tests.rs:55:23
[INFO] [stdout]    |
[INFO] [stdout] 35 |     struct Test3;
[INFO] [stdout]    |     ------------ associated item `TYPE_ID` not found for this struct
[INFO] [stdout] ...
[INFO] [stdout] 55 |     assert_eq!(Test3::TYPE_ID, Test3::id());
[INFO] [stdout]    |                       ^^^^^^^ associated item not found in `Test3`
[INFO] [stdout] 
[INFO] [stdout] 
[INFO] [stdout] error[E0599]: no function or associated item named `id` found for struct `check_simple_second::Test3` in the current scope
[INFO] [stdout]   --> tests/tests.rs:55:39
[INFO] [stdout]    |
[INFO] [stdout] 35 |     struct Test3;
[INFO] [stdout]    |     ------------ function or associated item `id` not found for this struct
[INFO] [stdout] ...
[INFO] [stdout] 55 |     assert_eq!(Test3::TYPE_ID, Test3::id());
[INFO] [stdout]    |                                       ^^ function or associated item not found in `Test3`
[INFO] [stdout] 
[INFO] [stdout] 
[INFO] [stdout] error[E0599]: no associated item named `TYPE_ID` found for struct `check_simple_second::Test4` in the current scope
[INFO] [stdout]   --> tests/tests.rs:56:23
[INFO] [stdout]    |
[INFO] [stdout] 37 |     struct Test4;
[INFO] [stdout]    |     ------------ associated item `TYPE_ID` not found for this struct
[INFO] [stdout] ...
[INFO] [stdout] 56 |     assert_eq!(Test4::TYPE_ID, Test4::id());
[INFO] [stdout]    |                       ^^^^^^^ associated item not found in `Test4`
[INFO] [stdout] 
[INFO] [stdout] 
[INFO] [stdout] error[E0599]: no function or associated item named `id` found for struct `check_simple_second::Test4` in the current scope
[INFO] [stdout]   --> tests/tests.rs:56:39
[INFO] [stdout]    |
[INFO] [stdout] 37 |     struct Test4;
[INFO] [stdout]    |     ------------ function or associated item `id` not found for this struct
[INFO] [stdout] ...
[INFO] [stdout] 56 |     assert_eq!(Test4::TYPE_ID, Test4::id());
[INFO] [stdout]    |                                       ^^ function or associated item not found in `Test4`
[INFO] [stdout] 
[INFO] [stdout] 
[INFO] [stdout] error[E0599]: no associated item named `TYPE_ID` found for struct `Test5` in the current scope
[INFO] [stdout]   --> tests/tests.rs:57:23
[INFO] [stdout]    |
[INFO] [stdout] 39 |     struct Test5;
[INFO] [stdout]    |     ------------ associated item `TYPE_ID` not found for this struct
[INFO] [stdout] ...
[INFO] [stdout] 57 |     assert_eq!(Test5::TYPE_ID, Test5::id());
[INFO] [stdout]    |                       ^^^^^^^ associated item not found in `Test5`
[INFO] [stdout] 
[INFO] [stdout] 
[INFO] [stdout] error[E0599]: no function or associated item named `id` found for struct `Test5` in the current scope
[INFO] [stdout]   --> tests/tests.rs:57:39
[INFO] [stdout]    |
[INFO] [stdout] 39 |     struct Test5;
[INFO] [stdout]    |     ------------ function or associated item `id` not found for this struct
[INFO] [stdout] ...
[INFO] [stdout] 57 |     assert_eq!(Test5::TYPE_ID, Test5::id());
[INFO] [stdout]    |                                       ^^ function or associated item not found in `Test5`
[INFO] [stdout] 
[INFO] [stdout] 
[INFO] [stdout] error[E0599]: no function or associated item named `id` found for struct `check_different_file::Test1` in the current scope
[INFO] [stdout]   --> tests/tests.rs:76:23
[INFO] [stdout]    |
[INFO] [stdout] 65 |     struct Test1;
[INFO] [stdout]    |     ------------ function or associated item `id` not found for this struct
[INFO] [stdout] ...
[INFO] [stdout] 76 |     assert_eq!(Test1::id().0, 115u64);
[INFO] [stdout]    |                       ^^ function or associated item not found in `Test1`
[INFO] [stdout] 
[INFO] [stdout] 
[INFO] [stdout] error[E0599]: no function or associated item named `id` found for struct `check_different_file::Test2` in the current scope
[INFO] [stdout]   --> tests/tests.rs:77:23
[INFO] [stdout]    |
[INFO] [stdout] 68 |     struct Test2;
[INFO] [stdout]    |     ------------ function or associated item `id` not found for this struct
[INFO] [stdout] ...
[INFO] [stdout] 77 |     assert_eq!(Test2::id().0, 232u64);
[INFO] [stdout]    |                       ^^ function or associated item not found in `Test2`
[INFO] [stdout] 
[INFO] [stdout] 
[INFO] [stdout] error[E0599]: no function or associated item named `id` found for struct `check_different_file::Test3` in the current scope
[INFO] [stdout]   --> tests/tests.rs:78:23
[INFO] [stdout]    |
[INFO] [stdout] 71 |     struct Test3;
[INFO] [stdout]    |     ------------ function or associated item `id` not found for this struct
[INFO] [stdout] ...
[INFO] [stdout] 78 |     assert_eq!(Test3::id().0, 0u64);
[INFO] [stdout]    |                       ^^ function or associated item not found in `Test3`
[INFO] [stdout] 
[INFO] [stdout] 
[INFO] [stdout] error[E0599]: no function or associated item named `id` found for struct `check_different_file::Test4` in the current scope
[INFO] [stdout]   --> tests/tests.rs:79:23
[INFO] [stdout]    |
[INFO] [stdout] 74 |     struct Test4;
[INFO] [stdout]    |     ------------ function or associated item `id` not found for this struct
[INFO] [stdout] ...
[INFO] [stdout] 79 |     assert_eq!(Test4::id().0, 1u64);
[INFO] [stdout]    |                       ^^ function or associated item not found in `Test4`
[INFO] [stdout] 
[INFO] [stdout] 
[INFO] [stdout] error[E0599]: no function or associated item named `id` found for struct `check_simple_empty_file::Test1` in the current scope
[INFO] [stdout]   --> tests/tests.rs:93:30
[INFO] [stdout]    |
[INFO] [stdout] 87 |     struct Test1;
[INFO] [stdout]    |     ------------ function or associated item `id` not found for this struct
[INFO] [stdout] ...
[INFO] [stdout] 93 |     let unique_ids = [Test1::id().0, Test2::id().0];
[INFO] [stdout]    |                              ^^ function or associated item not found in `Test1`
[INFO] [stdout] 
[INFO] [stdout] 
[INFO] [stdout] error[E0599]: no function or associated item named `id` found for struct `check_simple_empty_file::Test2` in the current scope
[INFO] [stdout]   --> tests/tests.rs:93:45
[INFO] [stdout]    |
[INFO] [stdout] 90 |     struct Test2;
[INFO] [stdout]    |     ------------ function or associated item `id` not found for this struct
[INFO] [stdout] ...
[INFO] [stdout] 93 |     let unique_ids = [Test1::id().0, Test2::id().0];
[INFO] [stdout]    |                                             ^^ function or associated item not found in `Test2`
[INFO] [stdout] 
[INFO] [stdout] 
[INFO] [stdout] error[E0599]: no function or associated item named `id` found for struct `check_simple_empty_file::Test1` in the current scope
[INFO] [stdout]   --> tests/tests.rs:96:23
[INFO] [stdout]    |
[INFO] [stdout] 87 |     struct Test1;
[INFO] [stdout]    |     ------------ function or associated item `id` not found for this struct
[INFO] [stdout] ...
[INFO] [stdout] 96 |     assert_ne!(Test1::id().0, Test2::id().0);
[INFO] [stdout]    |                       ^^ function or associated item not found in `Test1`
[INFO] [stdout] 
[INFO] [stdout] 
[INFO] [stdout] error[E0599]: no function or associated item named `id` found for struct `check_simple_empty_file::Test2` in the current scope
[INFO] [stdout]   --> tests/tests.rs:96:38
[INFO] [stdout]    |
[INFO] [stdout] 90 |     struct Test2;
[INFO] [stdout]    |     ------------ function or associated item `id` not found for this struct
[INFO] [stdout] ...
[INFO] [stdout] 96 |     assert_ne!(Test1::id().0, Test2::id().0);
[INFO] [stdout]    |                                      ^^ function or associated item not found in `Test2`
[INFO] [stdout] 
[INFO] [stdout] 
[INFO] [stdout] error[E0599]: no function or associated item named `id` found for struct `check_empty_file_custom_start::Test1` in the current scope
[INFO] [stdout]    --> tests/tests.rs:112:30
[INFO] [stdout]     |
[INFO] [stdout] 105 |     struct Test1;
[INFO] [stdout]     |     ------------ function or associated item `id` not found for this struct
[INFO] [stdout] ...
[INFO] [stdout] 112 |     let unique_ids = [Test1::id().0, Test2::id().0];
[INFO] [stdout]     |                              ^^ function or associated item not found in `Test1`
[INFO] [stdout] 
[INFO] [stdout] 
[INFO] [stdout] error[E0599]: no function or associated item named `id` found for struct `check_empty_file_custom_start::Test2` in the current scope
[INFO] [stdout]    --> tests/tests.rs:112:45
[INFO] [stdout]     |
[INFO] [stdout] 109 |     struct Test2;
[INFO] [stdout]     |     ------------ function or associated item `id` not found for this struct
[INFO] [stdout] ...
[INFO] [stdout] 112 |     let unique_ids = [Test1::id().0, Test2::id().0];
[INFO] [stdout]     |                                             ^^ function or associated item not found in `Test2`
[INFO] [stdout] 
[INFO] [stdout] 
[INFO] [stdout] error[E0599]: no function or associated item named `id` found for struct `check_empty_file_custom_start::Test1` in the current scope
[INFO] [stdout]    --> tests/tests.rs:115:23
[INFO] [stdout]     |
[INFO] [stdout] 105 |     struct Test1;
[INFO] [stdout]     |     ------------ function or associated item `id` not found for this struct
[INFO] [stdout] ...
[INFO] [stdout] 115 |     assert_ne!(Test1::id().0, Test2::id().0);
[INFO] [stdout]     |                       ^^ function or associated item not found in `Test1`
[INFO] [stdout] 
[INFO] [stdout] 
[INFO] [stdout] error[E0599]: no function or associated item named `id` found for struct `check_empty_file_custom_start::Test2` in the current scope
[INFO] [stdout]    --> tests/tests.rs:115:38
[INFO] [stdout]     |
[INFO] [stdout] 109 |     struct Test2;
[INFO] [stdout]     |     ------------ function or associated item `id` not found for this struct
[INFO] [stdout] ...
[INFO] [stdout] 115 |     assert_ne!(Test1::id().0, Test2::id().0);
[INFO] [stdout]     |                                      ^^ function or associated item not found in `Test2`
[INFO] [stdout] 
[INFO] [stdout] 
[INFO] [stdout] error: aborting due to 76 previous errors
[INFO] [stdout] 
[INFO] [stdout] 
[INFO] [stdout] Some errors have detailed explanations: E0432, E0599.
[INFO] [stdout] 
[INFO] [stdout] For more information about an error, try `rustc --explain E0432`.
[INFO] [stdout] 
[INFO] [stderr] error: could not compile `unique-type-id-derive` (test "tests") due to 77 previous errors
[INFO] running `Command { std: "docker" "inspect" "1d2cf0b69b046655de01b7dc1583c8df00c3b2ea027ffc5085114c4242033fff", kill_on_drop: false }`
[INFO] running `Command { std: "docker" "rm" "-f" "1d2cf0b69b046655de01b7dc1583c8df00c3b2ea027ffc5085114c4242033fff", kill_on_drop: false }`
[INFO] [stdout] 1d2cf0b69b046655de01b7dc1583c8df00c3b2ea027ffc5085114c4242033fff
