[INFO] fetching crate unicode-properties 0.1.0...
[INFO] testing unicode-properties-0.1.0 against 1.75.0 for beta-1.76-1
[INFO] extracting crate unicode-properties 0.1.0 into /workspace/builds/worker-0-tc1/source
[INFO] validating manifest of crates.io crate unicode-properties 0.1.0 on toolchain 1.75.0
[INFO] running `Command { std: CARGO_HOME="/workspace/cargo-home" RUSTUP_HOME="/workspace/rustup-home" "/workspace/cargo-home/bin/cargo" "+1.75.0" "metadata" "--manifest-path" "Cargo.toml" "--no-deps", kill_on_drop: false }`
[INFO] started tweaking crates.io crate unicode-properties 0.1.0
[INFO] finished tweaking crates.io crate unicode-properties 0.1.0
[INFO] tweaked toml for crates.io crate unicode-properties 0.1.0 written to /workspace/builds/worker-0-tc1/source/Cargo.toml
[INFO] running `Command { std: CARGO_HOME="/workspace/cargo-home" RUSTUP_HOME="/workspace/rustup-home" "/workspace/cargo-home/bin/cargo" "+1.75.0" "generate-lockfile" "--manifest-path" "Cargo.toml", kill_on_drop: false }`
[INFO] running `Command { std: CARGO_HOME="/workspace/cargo-home" RUSTUP_HOME="/workspace/rustup-home" "/workspace/cargo-home/bin/cargo" "+1.75.0" "fetch" "--manifest-path" "Cargo.toml", kill_on_drop: false }`
[INFO] running `Command { std: "docker" "create" "-v" "/var/lib/crater-agent-workspace/builds/worker-0-tc1/target:/opt/rustwide/target:rw,Z" "-v" "/var/lib/crater-agent-workspace/builds/worker-0-tc1/source:/opt/rustwide/workdir:ro,Z" "-v" "/var/lib/crater-agent-workspace/cargo-home:/opt/rustwide/cargo-home:ro,Z" "-v" "/var/lib/crater-agent-workspace/rustup-home:/opt/rustwide/rustup-home:ro,Z" "-e" "SOURCE_DIR=/opt/rustwide/workdir" "-e" "CARGO_TARGET_DIR=/opt/rustwide/target" "-e" "CARGO_HOME=/opt/rustwide/cargo-home" "-e" "RUSTUP_HOME=/opt/rustwide/rustup-home" "-w" "/opt/rustwide/workdir" "-m" "1610612736" "--user" "0:0" "--network" "none" "ghcr.io/rust-lang/crates-build-env/linux@sha256:2788e3201cd34a07e3172128adcd8b3090168a8e3bcc40d7c032b9dda1df7d1c" "/opt/rustwide/cargo-home/bin/cargo" "+1.75.0" "metadata" "--no-deps" "--format-version=1", kill_on_drop: false }`
[INFO] [stdout] 2f842b02e5979c2b96cf0383d933e37b538bc9fc4679b49de208f21dc4d1e812
[INFO] running `Command { std: "docker" "start" "-a" "2f842b02e5979c2b96cf0383d933e37b538bc9fc4679b49de208f21dc4d1e812", kill_on_drop: false }`
[INFO] running `Command { std: "docker" "inspect" "2f842b02e5979c2b96cf0383d933e37b538bc9fc4679b49de208f21dc4d1e812", kill_on_drop: false }`
[INFO] running `Command { std: "docker" "rm" "-f" "2f842b02e5979c2b96cf0383d933e37b538bc9fc4679b49de208f21dc4d1e812", kill_on_drop: false }`
[INFO] [stdout] 2f842b02e5979c2b96cf0383d933e37b538bc9fc4679b49de208f21dc4d1e812
[INFO] running `Command { std: "docker" "create" "-v" "/var/lib/crater-agent-workspace/builds/worker-0-tc1/target:/opt/rustwide/target:rw,Z" "-v" "/var/lib/crater-agent-workspace/builds/worker-0-tc1/source:/opt/rustwide/workdir:ro,Z" "-v" "/var/lib/crater-agent-workspace/cargo-home:/opt/rustwide/cargo-home:ro,Z" "-v" "/var/lib/crater-agent-workspace/rustup-home:/opt/rustwide/rustup-home:ro,Z" "-e" "SOURCE_DIR=/opt/rustwide/workdir" "-e" "CARGO_TARGET_DIR=/opt/rustwide/target" "-e" "CARGO_INCREMENTAL=0" "-e" "RUST_BACKTRACE=full" "-e" "RUSTFLAGS=--cap-lints=warn" "-e" "RUSTDOCFLAGS=--cap-lints=warn" "-e" "CARGO_HOME=/opt/rustwide/cargo-home" "-e" "RUSTUP_HOME=/opt/rustwide/rustup-home" "-w" "/opt/rustwide/workdir" "-m" "1610612736" "--user" "0:0" "--network" "none" "ghcr.io/rust-lang/crates-build-env/linux@sha256:2788e3201cd34a07e3172128adcd8b3090168a8e3bcc40d7c032b9dda1df7d1c" "/opt/rustwide/cargo-home/bin/cargo" "+1.75.0" "build" "--frozen" "--message-format=json", kill_on_drop: false }`
[INFO] [stdout] 7f384f77e428beb89b919c1058d559144863aaa085f50c4eb77f779cf37ed150
[INFO] running `Command { std: "docker" "start" "-a" "7f384f77e428beb89b919c1058d559144863aaa085f50c4eb77f779cf37ed150", kill_on_drop: false }`
[INFO] [stderr]    Compiling unicode-properties v0.1.0 (/opt/rustwide/workdir)
[INFO] [stderr]     Finished dev [unoptimized + debuginfo] target(s) in 0.13s
[INFO] running `Command { std: "docker" "inspect" "7f384f77e428beb89b919c1058d559144863aaa085f50c4eb77f779cf37ed150", kill_on_drop: false }`
[INFO] running `Command { std: "docker" "rm" "-f" "7f384f77e428beb89b919c1058d559144863aaa085f50c4eb77f779cf37ed150", kill_on_drop: false }`
[INFO] [stdout] 7f384f77e428beb89b919c1058d559144863aaa085f50c4eb77f779cf37ed150
[INFO] running `Command { std: "docker" "create" "-v" "/var/lib/crater-agent-workspace/builds/worker-0-tc1/target:/opt/rustwide/target:rw,Z" "-v" "/var/lib/crater-agent-workspace/builds/worker-0-tc1/source:/opt/rustwide/workdir:ro,Z" "-v" "/var/lib/crater-agent-workspace/cargo-home:/opt/rustwide/cargo-home:ro,Z" "-v" "/var/lib/crater-agent-workspace/rustup-home:/opt/rustwide/rustup-home:ro,Z" "-e" "SOURCE_DIR=/opt/rustwide/workdir" "-e" "CARGO_TARGET_DIR=/opt/rustwide/target" "-e" "CARGO_INCREMENTAL=0" "-e" "RUST_BACKTRACE=full" "-e" "RUSTFLAGS=--cap-lints=warn" "-e" "RUSTDOCFLAGS=--cap-lints=warn" "-e" "CARGO_HOME=/opt/rustwide/cargo-home" "-e" "RUSTUP_HOME=/opt/rustwide/rustup-home" "-w" "/opt/rustwide/workdir" "-m" "1610612736" "--user" "0:0" "--network" "none" "ghcr.io/rust-lang/crates-build-env/linux@sha256:2788e3201cd34a07e3172128adcd8b3090168a8e3bcc40d7c032b9dda1df7d1c" "/opt/rustwide/cargo-home/bin/cargo" "+1.75.0" "test" "--frozen" "--no-run" "--message-format=json", kill_on_drop: false }`
[INFO] [stdout] 2b348823bd5c1447e1a8979b75b4f52527ad69fed43dc1adceb1e954117e8973
[INFO] running `Command { std: "docker" "start" "-a" "2b348823bd5c1447e1a8979b75b4f52527ad69fed43dc1adceb1e954117e8973", kill_on_drop: false }`
[INFO] [stderr]    Compiling unicode-properties v0.1.0 (/opt/rustwide/workdir)
[INFO] [stdout] error[E0599]: no variant or associated item named `LetterUppercase` found for enum `GeneralCategory` in the current scope
[INFO] [stdout]  --> tests/general_category.rs:8:57
[INFO] [stdout]   |
[INFO] [stdout] 8 |     assert_eq!('A'.general_category(), GeneralCategory::LetterUppercase);
[INFO] [stdout]   |                                                         ^^^^^^^^^^^^^^^ variant or associated item not found in `GeneralCategory`
[INFO] [stdout] 
[INFO] [stdout] 
[INFO] [stdout] error[E0599]: no variant or associated item named `SeparatorSpace` found for enum `GeneralCategory` in the current scope
[INFO] [stdout]   --> tests/general_category.rs:11:57
[INFO] [stdout]    |
[INFO] [stdout] 11 |     assert_eq!(' '.general_category(), GeneralCategory::SeparatorSpace);
[INFO] [stdout]    |                                                         ^^^^^^^^^^^^^^ variant or associated item not found in `GeneralCategory`
[INFO] [stdout] 
[INFO] [stdout] 
[INFO] [stdout] error[E0599]: no variant or associated item named `LetterOther` found for enum `GeneralCategory` in the current scope
[INFO] [stdout]   --> tests/general_category.rs:17:57
[INFO] [stdout]    |
[INFO] [stdout] 17 |     assert_eq!('一'.general_category(), GeneralCategory::LetterOther);
[INFO] [stdout]    |                                                          ^^^^^^^^^^^ variant or associated item not found in `GeneralCategory`
[INFO] [stdout] 
[INFO] [stdout] 
[INFO] [stdout] error[E0599]: no variant or associated item named `SymbolOther` found for enum `GeneralCategory` in the current scope
[INFO] [stdout]   --> tests/general_category.rs:20:57
[INFO] [stdout]    |
[INFO] [stdout] 20 |     assert_eq!('🦀'.general_category(), GeneralCategory::SymbolOther);
[INFO] [stdout]    |                                                          ^^^^^^^^^^^ variant or associated item not found in `GeneralCategory`
[INFO] [stdout] 
[INFO] [stdout] 
[INFO] [stdout] error: aborting due to 4 previous errors
[INFO] [stdout] 
[INFO] [stdout] 
[INFO] [stdout] For more information about this error, try `rustc --explain E0599`.
[INFO] [stdout] 
[INFO] [stderr] error: could not compile `unicode-properties` (test "general_category") due to 5 previous errors
[INFO] [stderr] warning: build failed, waiting for other jobs to finish...
[INFO] running `Command { std: "docker" "inspect" "2b348823bd5c1447e1a8979b75b4f52527ad69fed43dc1adceb1e954117e8973", kill_on_drop: false }`
[INFO] running `Command { std: "docker" "rm" "-f" "2b348823bd5c1447e1a8979b75b4f52527ad69fed43dc1adceb1e954117e8973", kill_on_drop: false }`
[INFO] [stdout] 2b348823bd5c1447e1a8979b75b4f52527ad69fed43dc1adceb1e954117e8973
[INFO] testing unicode-properties-0.1.0 against beta-2023-12-22 for beta-1.76-1
[INFO] extracting crate unicode-properties 0.1.0 into /workspace/builds/worker-0-tc2/source
[INFO] validating manifest of crates.io crate unicode-properties 0.1.0 on toolchain beta-2023-12-22
[INFO] running `Command { std: CARGO_HOME="/workspace/cargo-home" RUSTUP_HOME="/workspace/rustup-home" "/workspace/cargo-home/bin/cargo" "+beta-2023-12-22" "metadata" "--manifest-path" "Cargo.toml" "--no-deps", kill_on_drop: false }`
[INFO] started tweaking crates.io crate unicode-properties 0.1.0
[INFO] finished tweaking crates.io crate unicode-properties 0.1.0
[INFO] tweaked toml for crates.io crate unicode-properties 0.1.0 written to /workspace/builds/worker-0-tc2/source/Cargo.toml
[INFO] running `Command { std: CARGO_HOME="/workspace/cargo-home" RUSTUP_HOME="/workspace/rustup-home" "/workspace/cargo-home/bin/cargo" "+beta-2023-12-22" "generate-lockfile" "--manifest-path" "Cargo.toml", kill_on_drop: false }`
[INFO] running `Command { std: CARGO_HOME="/workspace/cargo-home" RUSTUP_HOME="/workspace/rustup-home" "/workspace/cargo-home/bin/cargo" "+beta-2023-12-22" "fetch" "--manifest-path" "Cargo.toml", kill_on_drop: false }`
[INFO] running `Command { std: "docker" "create" "-v" "/var/lib/crater-agent-workspace/builds/worker-0-tc2/target:/opt/rustwide/target:rw,Z" "-v" "/var/lib/crater-agent-workspace/builds/worker-0-tc2/source:/opt/rustwide/workdir:ro,Z" "-v" "/var/lib/crater-agent-workspace/cargo-home:/opt/rustwide/cargo-home:ro,Z" "-v" "/var/lib/crater-agent-workspace/rustup-home:/opt/rustwide/rustup-home:ro,Z" "-e" "SOURCE_DIR=/opt/rustwide/workdir" "-e" "CARGO_TARGET_DIR=/opt/rustwide/target" "-e" "CARGO_HOME=/opt/rustwide/cargo-home" "-e" "RUSTUP_HOME=/opt/rustwide/rustup-home" "-w" "/opt/rustwide/workdir" "-m" "1610612736" "--user" "0:0" "--network" "none" "ghcr.io/rust-lang/crates-build-env/linux@sha256:2788e3201cd34a07e3172128adcd8b3090168a8e3bcc40d7c032b9dda1df7d1c" "/opt/rustwide/cargo-home/bin/cargo" "+beta-2023-12-22" "metadata" "--no-deps" "--format-version=1", kill_on_drop: false }`
[INFO] [stdout] 6238817db85e8b264b99228a8451db1c8ccfad331d2fc6c3ccaf11c3193f8c97
[INFO] running `Command { std: "docker" "start" "-a" "6238817db85e8b264b99228a8451db1c8ccfad331d2fc6c3ccaf11c3193f8c97", kill_on_drop: false }`
[INFO] running `Command { std: "docker" "inspect" "6238817db85e8b264b99228a8451db1c8ccfad331d2fc6c3ccaf11c3193f8c97", kill_on_drop: false }`
[INFO] running `Command { std: "docker" "rm" "-f" "6238817db85e8b264b99228a8451db1c8ccfad331d2fc6c3ccaf11c3193f8c97", kill_on_drop: false }`
[INFO] [stdout] 6238817db85e8b264b99228a8451db1c8ccfad331d2fc6c3ccaf11c3193f8c97
[INFO] running `Command { std: "docker" "create" "-v" "/var/lib/crater-agent-workspace/builds/worker-0-tc2/target:/opt/rustwide/target:rw,Z" "-v" "/var/lib/crater-agent-workspace/builds/worker-0-tc2/source:/opt/rustwide/workdir:ro,Z" "-v" "/var/lib/crater-agent-workspace/cargo-home:/opt/rustwide/cargo-home:ro,Z" "-v" "/var/lib/crater-agent-workspace/rustup-home:/opt/rustwide/rustup-home:ro,Z" "-e" "SOURCE_DIR=/opt/rustwide/workdir" "-e" "CARGO_TARGET_DIR=/opt/rustwide/target" "-e" "CARGO_INCREMENTAL=0" "-e" "RUST_BACKTRACE=full" "-e" "RUSTFLAGS=--cap-lints=warn" "-e" "RUSTDOCFLAGS=--cap-lints=warn" "-e" "CARGO_HOME=/opt/rustwide/cargo-home" "-e" "RUSTUP_HOME=/opt/rustwide/rustup-home" "-w" "/opt/rustwide/workdir" "-m" "1610612736" "--user" "0:0" "--network" "none" "ghcr.io/rust-lang/crates-build-env/linux@sha256:2788e3201cd34a07e3172128adcd8b3090168a8e3bcc40d7c032b9dda1df7d1c" "/opt/rustwide/cargo-home/bin/cargo" "+beta-2023-12-22" "build" "--frozen" "--message-format=json", kill_on_drop: false }`
[INFO] [stdout] 4ce2dee00c4288e2d0e1d627ddcf5f0173fbf8df194d91b0e9163898c0c00839
[INFO] running `Command { std: "docker" "start" "-a" "4ce2dee00c4288e2d0e1d627ddcf5f0173fbf8df194d91b0e9163898c0c00839", kill_on_drop: false }`
[INFO] [stderr]    Compiling unicode-properties v0.1.0 (/opt/rustwide/workdir)
[INFO] [stderr]     Finished dev [unoptimized + debuginfo] target(s) in 0.12s
[INFO] running `Command { std: "docker" "inspect" "4ce2dee00c4288e2d0e1d627ddcf5f0173fbf8df194d91b0e9163898c0c00839", kill_on_drop: false }`
[INFO] running `Command { std: "docker" "rm" "-f" "4ce2dee00c4288e2d0e1d627ddcf5f0173fbf8df194d91b0e9163898c0c00839", kill_on_drop: false }`
[INFO] [stdout] 4ce2dee00c4288e2d0e1d627ddcf5f0173fbf8df194d91b0e9163898c0c00839
[INFO] running `Command { std: "docker" "create" "-v" "/var/lib/crater-agent-workspace/builds/worker-0-tc2/target:/opt/rustwide/target:rw,Z" "-v" "/var/lib/crater-agent-workspace/builds/worker-0-tc2/source:/opt/rustwide/workdir:ro,Z" "-v" "/var/lib/crater-agent-workspace/cargo-home:/opt/rustwide/cargo-home:ro,Z" "-v" "/var/lib/crater-agent-workspace/rustup-home:/opt/rustwide/rustup-home:ro,Z" "-e" "SOURCE_DIR=/opt/rustwide/workdir" "-e" "CARGO_TARGET_DIR=/opt/rustwide/target" "-e" "CARGO_INCREMENTAL=0" "-e" "RUST_BACKTRACE=full" "-e" "RUSTFLAGS=--cap-lints=warn" "-e" "RUSTDOCFLAGS=--cap-lints=warn" "-e" "CARGO_HOME=/opt/rustwide/cargo-home" "-e" "RUSTUP_HOME=/opt/rustwide/rustup-home" "-w" "/opt/rustwide/workdir" "-m" "1610612736" "--user" "0:0" "--network" "none" "ghcr.io/rust-lang/crates-build-env/linux@sha256:2788e3201cd34a07e3172128adcd8b3090168a8e3bcc40d7c032b9dda1df7d1c" "/opt/rustwide/cargo-home/bin/cargo" "+beta-2023-12-22" "test" "--frozen" "--no-run" "--message-format=json", kill_on_drop: false }`
[INFO] [stdout] 48f0c7242eb657133ec392d6a258b0768054dcb74bec01d835aa327e68a0121e
[INFO] running `Command { std: "docker" "start" "-a" "48f0c7242eb657133ec392d6a258b0768054dcb74bec01d835aa327e68a0121e", kill_on_drop: false }`
[INFO] [stderr]    Compiling unicode-properties v0.1.0 (/opt/rustwide/workdir)
[INFO] [stdout] error[E0599]: no variant or associated item named `LetterUppercase` found for enum `GeneralCategory` in the current scope
[INFO] [stdout]  --> tests/general_category.rs:8:57
[INFO] [stdout]   |
[INFO] [stdout] 8 |     assert_eq!('A'.general_category(), GeneralCategory::LetterUppercase);
[INFO] [stdout]   |                                                         ^^^^^^^^^^^^^^^ variant or associated item not found in `GeneralCategory`
[INFO] [stdout] 
[INFO] [stdout] 
[INFO] [stdout] error[E0599]: no variant or associated item named `SeparatorSpace` found for enum `GeneralCategory` in the current scope
[INFO] [stdout]   --> tests/general_category.rs:11:57
[INFO] [stdout]    |
[INFO] [stdout] 11 |     assert_eq!(' '.general_category(), GeneralCategory::SeparatorSpace);
[INFO] [stdout]    |                                                         ^^^^^^^^^^^^^^ variant or associated item not found in `GeneralCategory`
[INFO] [stdout] 
[INFO] [stdout] 
[INFO] [stdout] error[E0599]: no variant or associated item named `LetterOther` found for enum `GeneralCategory` in the current scope
[INFO] [stdout]   --> tests/general_category.rs:17:57
[INFO] [stdout]    |
[INFO] [stdout] 17 |     assert_eq!('一'.general_category(), GeneralCategory::LetterOther);
[INFO] [stdout]    |                                                          ^^^^^^^^^^^ variant or associated item not found in `GeneralCategory`
[INFO] [stdout] 
[INFO] [stdout] 
[INFO] [stdout] error[E0599]: no variant or associated item named `SymbolOther` found for enum `GeneralCategory` in the current scope
[INFO] [stdout]   --> tests/general_category.rs:20:57
[INFO] [stdout]    |
[INFO] [stdout] 20 |     assert_eq!('🦀'.general_category(), GeneralCategory::SymbolOther);
[INFO] [stdout]    |                                                          ^^^^^^^^^^^ variant or associated item not found in `GeneralCategory`
[INFO] [stdout] 
[INFO] [stdout] 
[INFO] [stdout] error: aborting due to 4 previous errors
[INFO] [stdout] 
[INFO] [stdout] 
[INFO] [stdout] For more information about this error, try `rustc --explain E0599`.
[INFO] [stdout] 
[INFO] [stderr] error: could not compile `unicode-properties` (test "general_category") due to 5 previous errors
[INFO] [stderr] warning: build failed, waiting for other jobs to finish...
[INFO] running `Command { std: "docker" "inspect" "48f0c7242eb657133ec392d6a258b0768054dcb74bec01d835aa327e68a0121e", kill_on_drop: false }`
[INFO] running `Command { std: "docker" "rm" "-f" "48f0c7242eb657133ec392d6a258b0768054dcb74bec01d835aa327e68a0121e", kill_on_drop: false }`
[INFO] [stdout] 48f0c7242eb657133ec392d6a258b0768054dcb74bec01d835aa327e68a0121e
