[INFO] fetching crate uni_serde_urlencoded 0.6.2...
[INFO] testing uni_serde_urlencoded-0.6.2 against 1.75.0 for beta-1.76-1
[INFO] extracting crate uni_serde_urlencoded 0.6.2 into /workspace/builds/worker-5-tc1/source
[INFO] validating manifest of crates.io crate uni_serde_urlencoded 0.6.2 on toolchain 1.75.0
[INFO] running `Command { std: CARGO_HOME="/workspace/cargo-home" RUSTUP_HOME="/workspace/rustup-home" "/workspace/cargo-home/bin/cargo" "+1.75.0" "metadata" "--manifest-path" "Cargo.toml" "--no-deps", kill_on_drop: false }`
[INFO] started tweaking crates.io crate uni_serde_urlencoded 0.6.2
[INFO] finished tweaking crates.io crate uni_serde_urlencoded 0.6.2
[INFO] tweaked toml for crates.io crate uni_serde_urlencoded 0.6.2 written to /workspace/builds/worker-5-tc1/source/Cargo.toml
[INFO] running `Command { std: CARGO_HOME="/workspace/cargo-home" RUSTUP_HOME="/workspace/rustup-home" "/workspace/cargo-home/bin/cargo" "+1.75.0" "generate-lockfile" "--manifest-path" "Cargo.toml", kill_on_drop: false }`
[INFO] [stderr]     Updating crates.io index
[INFO] running `Command { std: CARGO_HOME="/workspace/cargo-home" RUSTUP_HOME="/workspace/rustup-home" "/workspace/cargo-home/bin/cargo" "+1.75.0" "fetch" "--manifest-path" "Cargo.toml", kill_on_drop: false }`
[INFO] running `Command { std: "docker" "create" "-v" "/var/lib/crater-agent-workspace/builds/worker-5-tc1/target:/opt/rustwide/target:rw,Z" "-v" "/var/lib/crater-agent-workspace/builds/worker-5-tc1/source:/opt/rustwide/workdir:ro,Z" "-v" "/var/lib/crater-agent-workspace/cargo-home:/opt/rustwide/cargo-home:ro,Z" "-v" "/var/lib/crater-agent-workspace/rustup-home:/opt/rustwide/rustup-home:ro,Z" "-e" "SOURCE_DIR=/opt/rustwide/workdir" "-e" "CARGO_TARGET_DIR=/opt/rustwide/target" "-e" "CARGO_HOME=/opt/rustwide/cargo-home" "-e" "RUSTUP_HOME=/opt/rustwide/rustup-home" "-w" "/opt/rustwide/workdir" "-m" "1610612736" "--user" "0:0" "--network" "none" "ghcr.io/rust-lang/crates-build-env/linux@sha256:2788e3201cd34a07e3172128adcd8b3090168a8e3bcc40d7c032b9dda1df7d1c" "/opt/rustwide/cargo-home/bin/cargo" "+1.75.0" "metadata" "--no-deps" "--format-version=1", kill_on_drop: false }`
[INFO] [stdout] b5a95cbc55760e6ea9fbc8ecd71d86478bed2afc363e8b22463839060f78708a
[INFO] running `Command { std: "docker" "start" "-a" "b5a95cbc55760e6ea9fbc8ecd71d86478bed2afc363e8b22463839060f78708a", kill_on_drop: false }`
[INFO] running `Command { std: "docker" "inspect" "b5a95cbc55760e6ea9fbc8ecd71d86478bed2afc363e8b22463839060f78708a", kill_on_drop: false }`
[INFO] running `Command { std: "docker" "rm" "-f" "b5a95cbc55760e6ea9fbc8ecd71d86478bed2afc363e8b22463839060f78708a", kill_on_drop: false }`
[INFO] [stdout] b5a95cbc55760e6ea9fbc8ecd71d86478bed2afc363e8b22463839060f78708a
[INFO] running `Command { std: "docker" "create" "-v" "/var/lib/crater-agent-workspace/builds/worker-5-tc1/target:/opt/rustwide/target:rw,Z" "-v" "/var/lib/crater-agent-workspace/builds/worker-5-tc1/source:/opt/rustwide/workdir:ro,Z" "-v" "/var/lib/crater-agent-workspace/cargo-home:/opt/rustwide/cargo-home:ro,Z" "-v" "/var/lib/crater-agent-workspace/rustup-home:/opt/rustwide/rustup-home:ro,Z" "-e" "SOURCE_DIR=/opt/rustwide/workdir" "-e" "CARGO_TARGET_DIR=/opt/rustwide/target" "-e" "CARGO_INCREMENTAL=0" "-e" "RUST_BACKTRACE=full" "-e" "RUSTFLAGS=--cap-lints=warn" "-e" "RUSTDOCFLAGS=--cap-lints=warn" "-e" "CARGO_HOME=/opt/rustwide/cargo-home" "-e" "RUSTUP_HOME=/opt/rustwide/rustup-home" "-w" "/opt/rustwide/workdir" "-m" "1610612736" "--user" "0:0" "--network" "none" "ghcr.io/rust-lang/crates-build-env/linux@sha256:2788e3201cd34a07e3172128adcd8b3090168a8e3bcc40d7c032b9dda1df7d1c" "/opt/rustwide/cargo-home/bin/cargo" "+1.75.0" "build" "--frozen" "--message-format=json", kill_on_drop: false }`
[INFO] [stdout] 8c824a3feb89479db5fd827933623f1bf0463bfcbf4147381f218bc68a5d70e5
[INFO] running `Command { std: "docker" "start" "-a" "8c824a3feb89479db5fd827933623f1bf0463bfcbf4147381f218bc68a5d70e5", kill_on_drop: false }`
[INFO] [stderr]    Compiling dtoa v0.4.8
[INFO] [stderr]    Compiling uni_serde_urlencoded v0.6.2 (/opt/rustwide/workdir)
[INFO] [stderr]     Finished dev [unoptimized + debuginfo] target(s) in 0.39s
[INFO] running `Command { std: "docker" "inspect" "8c824a3feb89479db5fd827933623f1bf0463bfcbf4147381f218bc68a5d70e5", kill_on_drop: false }`
[INFO] running `Command { std: "docker" "rm" "-f" "8c824a3feb89479db5fd827933623f1bf0463bfcbf4147381f218bc68a5d70e5", kill_on_drop: false }`
[INFO] [stdout] 8c824a3feb89479db5fd827933623f1bf0463bfcbf4147381f218bc68a5d70e5
[INFO] running `Command { std: "docker" "create" "-v" "/var/lib/crater-agent-workspace/builds/worker-5-tc1/target:/opt/rustwide/target:rw,Z" "-v" "/var/lib/crater-agent-workspace/builds/worker-5-tc1/source:/opt/rustwide/workdir:ro,Z" "-v" "/var/lib/crater-agent-workspace/cargo-home:/opt/rustwide/cargo-home:ro,Z" "-v" "/var/lib/crater-agent-workspace/rustup-home:/opt/rustwide/rustup-home:ro,Z" "-e" "SOURCE_DIR=/opt/rustwide/workdir" "-e" "CARGO_TARGET_DIR=/opt/rustwide/target" "-e" "CARGO_INCREMENTAL=0" "-e" "RUST_BACKTRACE=full" "-e" "RUSTFLAGS=--cap-lints=warn" "-e" "RUSTDOCFLAGS=--cap-lints=warn" "-e" "CARGO_HOME=/opt/rustwide/cargo-home" "-e" "RUSTUP_HOME=/opt/rustwide/rustup-home" "-w" "/opt/rustwide/workdir" "-m" "1610612736" "--user" "0:0" "--network" "none" "ghcr.io/rust-lang/crates-build-env/linux@sha256:2788e3201cd34a07e3172128adcd8b3090168a8e3bcc40d7c032b9dda1df7d1c" "/opt/rustwide/cargo-home/bin/cargo" "+1.75.0" "test" "--frozen" "--no-run" "--message-format=json", kill_on_drop: false }`
[INFO] [stdout] 5b72376417892714ba83a554d268277470e14118922cc337ff7ebb4c1ad2770b
[INFO] running `Command { std: "docker" "start" "-a" "5b72376417892714ba83a554d268277470e14118922cc337ff7ebb4c1ad2770b", kill_on_drop: false }`
[INFO] [stderr]    Compiling uni_serde_urlencoded v0.6.2 (/opt/rustwide/workdir)
[INFO] [stdout] error[E0463]: can't find crate for `serde_urlencoded`
[INFO] [stdout]  --> tests/test_serialize.rs:1:1
[INFO] [stdout]   |
[INFO] [stdout] 1 | extern crate serde_urlencoded;
[INFO] [stdout]   | ^^^^^^^^^^^^^^^^^^^^^^^^^^^^^^ can't find crate
[INFO] [stdout] 
[INFO] [stdout] 
[INFO] [stdout] error[E0463]: can't find crate for `serde_urlencoded`
[INFO] [stdout]  --> tests/test_deserialize.rs:1:1
[INFO] [stdout]   |
[INFO] [stdout] 1 | extern crate serde_urlencoded;
[INFO] [stdout]   | ^^^^^^^^^^^^^^^^^^^^^^^^^^^^^^ can't find crate
[INFO] [stdout] 
[INFO] [stdout] 
[INFO] [stdout] error: aborting due to previous error
[INFO] [stdout] 
[INFO] [stdout] 
[INFO] [stdout] For more information about this error, try `rustc --explain E0463`.
[INFO] [stdout] 
[INFO] [stderr] error: could not compile `uni_serde_urlencoded` (test "test_serialize") due to 2 previous errors
[INFO] [stderr] warning: build failed, waiting for other jobs to finish...
[INFO] [stdout] error: aborting due to previous error
[INFO] [stdout] 
[INFO] [stdout] 
[INFO] [stdout] For more information about this error, try `rustc --explain E0463`.
[INFO] [stdout] 
[INFO] [stderr] error: could not compile `uni_serde_urlencoded` (test "test_deserialize") due to 2 previous errors
[INFO] running `Command { std: "docker" "inspect" "5b72376417892714ba83a554d268277470e14118922cc337ff7ebb4c1ad2770b", kill_on_drop: false }`
[INFO] running `Command { std: "docker" "rm" "-f" "5b72376417892714ba83a554d268277470e14118922cc337ff7ebb4c1ad2770b", kill_on_drop: false }`
[INFO] [stdout] 5b72376417892714ba83a554d268277470e14118922cc337ff7ebb4c1ad2770b
[INFO] testing uni_serde_urlencoded-0.6.2 against beta-2023-12-22 for beta-1.76-1
[INFO] extracting crate uni_serde_urlencoded 0.6.2 into /workspace/builds/worker-5-tc2/source
[INFO] validating manifest of crates.io crate uni_serde_urlencoded 0.6.2 on toolchain beta-2023-12-22
[INFO] running `Command { std: CARGO_HOME="/workspace/cargo-home" RUSTUP_HOME="/workspace/rustup-home" "/workspace/cargo-home/bin/cargo" "+beta-2023-12-22" "metadata" "--manifest-path" "Cargo.toml" "--no-deps", kill_on_drop: false }`
[INFO] started tweaking crates.io crate uni_serde_urlencoded 0.6.2
[INFO] finished tweaking crates.io crate uni_serde_urlencoded 0.6.2
[INFO] tweaked toml for crates.io crate uni_serde_urlencoded 0.6.2 written to /workspace/builds/worker-5-tc2/source/Cargo.toml
[INFO] running `Command { std: CARGO_HOME="/workspace/cargo-home" RUSTUP_HOME="/workspace/rustup-home" "/workspace/cargo-home/bin/cargo" "+beta-2023-12-22" "generate-lockfile" "--manifest-path" "Cargo.toml", kill_on_drop: false }`
[INFO] [stderr]     Updating crates.io index
[INFO] running `Command { std: CARGO_HOME="/workspace/cargo-home" RUSTUP_HOME="/workspace/rustup-home" "/workspace/cargo-home/bin/cargo" "+beta-2023-12-22" "fetch" "--manifest-path" "Cargo.toml", kill_on_drop: false }`
[INFO] running `Command { std: "docker" "create" "-v" "/var/lib/crater-agent-workspace/builds/worker-5-tc2/target:/opt/rustwide/target:rw,Z" "-v" "/var/lib/crater-agent-workspace/builds/worker-5-tc2/source:/opt/rustwide/workdir:ro,Z" "-v" "/var/lib/crater-agent-workspace/cargo-home:/opt/rustwide/cargo-home:ro,Z" "-v" "/var/lib/crater-agent-workspace/rustup-home:/opt/rustwide/rustup-home:ro,Z" "-e" "SOURCE_DIR=/opt/rustwide/workdir" "-e" "CARGO_TARGET_DIR=/opt/rustwide/target" "-e" "CARGO_HOME=/opt/rustwide/cargo-home" "-e" "RUSTUP_HOME=/opt/rustwide/rustup-home" "-w" "/opt/rustwide/workdir" "-m" "1610612736" "--user" "0:0" "--network" "none" "ghcr.io/rust-lang/crates-build-env/linux@sha256:2788e3201cd34a07e3172128adcd8b3090168a8e3bcc40d7c032b9dda1df7d1c" "/opt/rustwide/cargo-home/bin/cargo" "+beta-2023-12-22" "metadata" "--no-deps" "--format-version=1", kill_on_drop: false }`
[INFO] [stdout] 2d232210f5d82d9bea494b0b2a0ec0103c27a7aaed10db6b464de9bdc7cca0ec
[INFO] running `Command { std: "docker" "start" "-a" "2d232210f5d82d9bea494b0b2a0ec0103c27a7aaed10db6b464de9bdc7cca0ec", kill_on_drop: false }`
[INFO] running `Command { std: "docker" "inspect" "2d232210f5d82d9bea494b0b2a0ec0103c27a7aaed10db6b464de9bdc7cca0ec", kill_on_drop: false }`
[INFO] running `Command { std: "docker" "rm" "-f" "2d232210f5d82d9bea494b0b2a0ec0103c27a7aaed10db6b464de9bdc7cca0ec", kill_on_drop: false }`
[INFO] [stdout] 2d232210f5d82d9bea494b0b2a0ec0103c27a7aaed10db6b464de9bdc7cca0ec
[INFO] running `Command { std: "docker" "create" "-v" "/var/lib/crater-agent-workspace/builds/worker-5-tc2/target:/opt/rustwide/target:rw,Z" "-v" "/var/lib/crater-agent-workspace/builds/worker-5-tc2/source:/opt/rustwide/workdir:ro,Z" "-v" "/var/lib/crater-agent-workspace/cargo-home:/opt/rustwide/cargo-home:ro,Z" "-v" "/var/lib/crater-agent-workspace/rustup-home:/opt/rustwide/rustup-home:ro,Z" "-e" "SOURCE_DIR=/opt/rustwide/workdir" "-e" "CARGO_TARGET_DIR=/opt/rustwide/target" "-e" "CARGO_INCREMENTAL=0" "-e" "RUST_BACKTRACE=full" "-e" "RUSTFLAGS=--cap-lints=warn" "-e" "RUSTDOCFLAGS=--cap-lints=warn" "-e" "CARGO_HOME=/opt/rustwide/cargo-home" "-e" "RUSTUP_HOME=/opt/rustwide/rustup-home" "-w" "/opt/rustwide/workdir" "-m" "1610612736" "--user" "0:0" "--network" "none" "ghcr.io/rust-lang/crates-build-env/linux@sha256:2788e3201cd34a07e3172128adcd8b3090168a8e3bcc40d7c032b9dda1df7d1c" "/opt/rustwide/cargo-home/bin/cargo" "+beta-2023-12-22" "build" "--frozen" "--message-format=json", kill_on_drop: false }`
[INFO] [stdout] 448ae75738972024758315532506a52e6e5529091fa2d9b858f1d4ee57450adc
[INFO] running `Command { std: "docker" "start" "-a" "448ae75738972024758315532506a52e6e5529091fa2d9b858f1d4ee57450adc", kill_on_drop: false }`
[INFO] [stderr]    Compiling dtoa v0.4.8
[INFO] [stderr]    Compiling uni_serde_urlencoded v0.6.2 (/opt/rustwide/workdir)
[INFO] [stderr]     Finished dev [unoptimized + debuginfo] target(s) in 0.31s
[INFO] running `Command { std: "docker" "inspect" "448ae75738972024758315532506a52e6e5529091fa2d9b858f1d4ee57450adc", kill_on_drop: false }`
[INFO] running `Command { std: "docker" "rm" "-f" "448ae75738972024758315532506a52e6e5529091fa2d9b858f1d4ee57450adc", kill_on_drop: false }`
[INFO] [stdout] 448ae75738972024758315532506a52e6e5529091fa2d9b858f1d4ee57450adc
[INFO] running `Command { std: "docker" "create" "-v" "/var/lib/crater-agent-workspace/builds/worker-5-tc2/target:/opt/rustwide/target:rw,Z" "-v" "/var/lib/crater-agent-workspace/builds/worker-5-tc2/source:/opt/rustwide/workdir:ro,Z" "-v" "/var/lib/crater-agent-workspace/cargo-home:/opt/rustwide/cargo-home:ro,Z" "-v" "/var/lib/crater-agent-workspace/rustup-home:/opt/rustwide/rustup-home:ro,Z" "-e" "SOURCE_DIR=/opt/rustwide/workdir" "-e" "CARGO_TARGET_DIR=/opt/rustwide/target" "-e" "CARGO_INCREMENTAL=0" "-e" "RUST_BACKTRACE=full" "-e" "RUSTFLAGS=--cap-lints=warn" "-e" "RUSTDOCFLAGS=--cap-lints=warn" "-e" "CARGO_HOME=/opt/rustwide/cargo-home" "-e" "RUSTUP_HOME=/opt/rustwide/rustup-home" "-w" "/opt/rustwide/workdir" "-m" "1610612736" "--user" "0:0" "--network" "none" "ghcr.io/rust-lang/crates-build-env/linux@sha256:2788e3201cd34a07e3172128adcd8b3090168a8e3bcc40d7c032b9dda1df7d1c" "/opt/rustwide/cargo-home/bin/cargo" "+beta-2023-12-22" "test" "--frozen" "--no-run" "--message-format=json", kill_on_drop: false }`
[INFO] [stdout] 71423ee299da99cb9102002b142c07e9e3f0f5ab7662ba4ebdbdefba89335b12
[INFO] running `Command { std: "docker" "start" "-a" "71423ee299da99cb9102002b142c07e9e3f0f5ab7662ba4ebdbdefba89335b12", kill_on_drop: false }`
[INFO] [stderr]    Compiling uni_serde_urlencoded v0.6.2 (/opt/rustwide/workdir)
[INFO] [stdout] error[E0463]: can't find crate for `serde_urlencoded`
[INFO] [stdout]  --> tests/test_serialize.rs:1:1
[INFO] [stdout]   |
[INFO] [stdout] 1 | extern crate serde_urlencoded;
[INFO] [stdout]   | ^^^^^^^^^^^^^^^^^^^^^^^^^^^^^^ can't find crate
[INFO] [stdout] 
[INFO] [stdout] 
[INFO] [stdout] error[E0463]: can't find crate for `serde_urlencoded`
[INFO] [stdout]  --> tests/test_deserialize.rs:1:1
[INFO] [stdout]   |
[INFO] [stdout] 1 | extern crate serde_urlencoded;
[INFO] [stdout]   | ^^^^^^^^^^^^^^^^^^^^^^^^^^^^^^ can't find crate
[INFO] [stdout] 
[INFO] [stdout] 
[INFO] [stdout] error: aborting due to 1 previous error
[INFO] [stdout] 
[INFO] [stdout] 
[INFO] [stdout] For more information about this error, try `rustc --explain E0463`.
[INFO] [stdout] 
[INFO] [stderr] error: could not compile `uni_serde_urlencoded` (test "test_serialize") due to 2 previous errors
[INFO] [stderr] warning: build failed, waiting for other jobs to finish...
[INFO] [stdout] error: aborting due to 1 previous error
[INFO] [stdout] 
[INFO] [stdout] 
[INFO] [stdout] For more information about this error, try `rustc --explain E0463`.
[INFO] [stdout] 
[INFO] [stderr] error: could not compile `uni_serde_urlencoded` (test "test_deserialize") due to 2 previous errors
[INFO] running `Command { std: "docker" "inspect" "71423ee299da99cb9102002b142c07e9e3f0f5ab7662ba4ebdbdefba89335b12", kill_on_drop: false }`
[INFO] running `Command { std: "docker" "rm" "-f" "71423ee299da99cb9102002b142c07e9e3f0f5ab7662ba4ebdbdefba89335b12", kill_on_drop: false }`
[INFO] [stdout] 71423ee299da99cb9102002b142c07e9e3f0f5ab7662ba4ebdbdefba89335b12
