[INFO] fetching crate unfurl 0.3.0...
[INFO] testing unfurl-0.3.0 against 1.75.0 for beta-1.76-1
[INFO] extracting crate unfurl 0.3.0 into /workspace/builds/worker-7-tc1/source
[INFO] validating manifest of crates.io crate unfurl 0.3.0 on toolchain 1.75.0
[INFO] running `Command { std: CARGO_HOME="/workspace/cargo-home" RUSTUP_HOME="/workspace/rustup-home" "/workspace/cargo-home/bin/cargo" "+1.75.0" "metadata" "--manifest-path" "Cargo.toml" "--no-deps", kill_on_drop: false }`
[INFO] started tweaking crates.io crate unfurl 0.3.0
[INFO] finished tweaking crates.io crate unfurl 0.3.0
[INFO] tweaked toml for crates.io crate unfurl 0.3.0 written to /workspace/builds/worker-7-tc1/source/Cargo.toml
[INFO] crate crates.io crate unfurl 0.3.0 already has a lockfile, it will not be regenerated
[INFO] running `Command { std: CARGO_HOME="/workspace/cargo-home" RUSTUP_HOME="/workspace/rustup-home" "/workspace/cargo-home/bin/cargo" "+1.75.0" "fetch" "--manifest-path" "Cargo.toml", kill_on_drop: false }`
[INFO] [stderr]     Updating crates.io index
[INFO] [stderr]  Downloading crates ...
[INFO] [stderr]   Downloaded psl v2.1.4
[INFO] [stderr]   Downloaded addr v0.15.6
[INFO] running `Command { std: "docker" "create" "-v" "/var/lib/crater-agent-workspace/builds/worker-7-tc1/target:/opt/rustwide/target:rw,Z" "-v" "/var/lib/crater-agent-workspace/builds/worker-7-tc1/source:/opt/rustwide/workdir:ro,Z" "-v" "/var/lib/crater-agent-workspace/cargo-home:/opt/rustwide/cargo-home:ro,Z" "-v" "/var/lib/crater-agent-workspace/rustup-home:/opt/rustwide/rustup-home:ro,Z" "-e" "SOURCE_DIR=/opt/rustwide/workdir" "-e" "CARGO_TARGET_DIR=/opt/rustwide/target" "-e" "CARGO_HOME=/opt/rustwide/cargo-home" "-e" "RUSTUP_HOME=/opt/rustwide/rustup-home" "-w" "/opt/rustwide/workdir" "-m" "1610612736" "--user" "0:0" "--network" "none" "ghcr.io/rust-lang/crates-build-env/linux@sha256:2788e3201cd34a07e3172128adcd8b3090168a8e3bcc40d7c032b9dda1df7d1c" "/opt/rustwide/cargo-home/bin/cargo" "+1.75.0" "metadata" "--no-deps" "--format-version=1", kill_on_drop: false }`
[INFO] [stdout] 98f5639aedebaa09cf05174f87ec12c6a0fee0617026c1c17f9a4dd1ff07a5c2
[INFO] running `Command { std: "docker" "start" "-a" "98f5639aedebaa09cf05174f87ec12c6a0fee0617026c1c17f9a4dd1ff07a5c2", kill_on_drop: false }`
[INFO] running `Command { std: "docker" "inspect" "98f5639aedebaa09cf05174f87ec12c6a0fee0617026c1c17f9a4dd1ff07a5c2", kill_on_drop: false }`
[INFO] running `Command { std: "docker" "rm" "-f" "98f5639aedebaa09cf05174f87ec12c6a0fee0617026c1c17f9a4dd1ff07a5c2", kill_on_drop: false }`
[INFO] [stdout] 98f5639aedebaa09cf05174f87ec12c6a0fee0617026c1c17f9a4dd1ff07a5c2
[INFO] running `Command { std: "docker" "create" "-v" "/var/lib/crater-agent-workspace/builds/worker-7-tc1/target:/opt/rustwide/target:rw,Z" "-v" "/var/lib/crater-agent-workspace/builds/worker-7-tc1/source:/opt/rustwide/workdir:ro,Z" "-v" "/var/lib/crater-agent-workspace/cargo-home:/opt/rustwide/cargo-home:ro,Z" "-v" "/var/lib/crater-agent-workspace/rustup-home:/opt/rustwide/rustup-home:ro,Z" "-e" "SOURCE_DIR=/opt/rustwide/workdir" "-e" "CARGO_TARGET_DIR=/opt/rustwide/target" "-e" "CARGO_INCREMENTAL=0" "-e" "RUST_BACKTRACE=full" "-e" "RUSTFLAGS=--cap-lints=warn" "-e" "RUSTDOCFLAGS=--cap-lints=warn" "-e" "CARGO_HOME=/opt/rustwide/cargo-home" "-e" "RUSTUP_HOME=/opt/rustwide/rustup-home" "-w" "/opt/rustwide/workdir" "-m" "1610612736" "--user" "0:0" "--network" "none" "ghcr.io/rust-lang/crates-build-env/linux@sha256:2788e3201cd34a07e3172128adcd8b3090168a8e3bcc40d7c032b9dda1df7d1c" "/opt/rustwide/cargo-home/bin/cargo" "+1.75.0" "build" "--frozen" "--message-format=json", kill_on_drop: false }`
[INFO] [stdout] fe1fa7f9c7001e93eee2614f21092ef0c1193b6374469309c023007514c1b339
[INFO] running `Command { std: "docker" "start" "-a" "fe1fa7f9c7001e93eee2614f21092ef0c1193b6374469309c023007514c1b339", kill_on_drop: false }`
[INFO] [stderr]    Compiling proc-macro2 v1.0.69
[INFO] [stderr]    Compiling libc v0.2.149
[INFO] [stderr]    Compiling pin-project-lite v0.2.13
[INFO] [stderr]    Compiling futures-core v0.3.29
[INFO] [stderr]    Compiling once_cell v1.18.0
[INFO] [stderr]    Compiling lock_api v0.4.10
[INFO] [stderr]    Compiling itoa v1.0.9
[INFO] [stderr]    Compiling vcpkg v0.2.15
[INFO] [stderr]    Compiling pkg-config v0.3.27
[INFO] [stderr]    Compiling parking_lot_core v0.9.8
[INFO] [stderr]    Compiling slab v0.4.9
[INFO] [stderr]    Compiling bytes v1.5.0
[INFO] [stderr]    Compiling futures-sink v0.3.29
[INFO] [stderr]    Compiling smallvec v1.11.0
[INFO] [stderr]    Compiling scopeguard v1.2.0
[INFO] [stderr]    Compiling futures-channel v0.3.29
[INFO] [stderr]    Compiling futures-task v0.3.29
[INFO] [stderr]    Compiling quote v1.0.33
[INFO] [stderr]    Compiling cc v1.0.83
[INFO] [stderr]    Compiling version_check v0.9.4
[INFO] [stderr]    Compiling futures-util v0.3.29
[INFO] [stderr]    Compiling parking_lot v0.12.1
[INFO] [stderr]    Compiling syn v2.0.38
[INFO] [stderr]    Compiling signal-hook-registry v1.4.1
[INFO] [stderr]    Compiling socket2 v0.5.5
[INFO] [stderr]    Compiling mio v0.8.9
[INFO] [stderr]    Compiling num_cpus v1.16.0
[INFO] [stderr]    Compiling indexmap v1.9.3
[INFO] [stderr]    Compiling memchr v2.6.4
[INFO] [stderr]    Compiling futures-io v0.3.29
[INFO] [stderr]    Compiling pin-utils v0.1.0
[INFO] [stderr]    Compiling serde v1.0.190
[INFO] [stderr]    Compiling tracing-core v0.1.32
[INFO] [stderr]    Compiling openssl v0.10.57
[INFO] [stderr]    Compiling hashbrown v0.12.3
[INFO] [stderr]    Compiling fnv v1.0.7
[INFO] [stderr]    Compiling foreign-types-shared v0.1.1
[INFO] [stderr]    Compiling http v0.2.9
[INFO] [stderr]    Compiling foreign-types v0.3.2
[INFO] [stderr]    Compiling openssl-sys v0.9.93
[INFO] [stderr]    Compiling tracing v0.1.40
[INFO] [stderr]    Compiling proc-macro-error-attr v1.0.4
[INFO] [stderr]    Compiling bitflags v2.4.1
[INFO] [stderr]    Compiling httparse v1.8.0
[INFO] [stderr]    Compiling syn v1.0.109
[INFO] [stderr]    Compiling tinyvec_macros v0.1.1
[INFO] [stderr]    Compiling ryu v1.0.15
[INFO] [stderr]    Compiling native-tls v0.2.11
[INFO] [stderr]    Compiling tinyvec v1.6.0
[INFO] [stderr]    Compiling proc-macro-error v1.0.4
[INFO] [stderr]    Compiling log v0.4.20
[INFO] [stderr]    Compiling serde_json v1.0.108
[INFO] [stderr]    Compiling openssl-probe v0.1.5
[INFO] [stderr]    Compiling percent-encoding v2.3.0
[INFO] [stderr]    Compiling try-lock v0.2.4
[INFO] [stderr]    Compiling want v0.3.1
[INFO] [stderr]    Compiling form_urlencoded v1.2.0
[INFO] [stderr]    Compiling http-body v0.4.5
[INFO] [stderr]    Compiling socket2 v0.4.10
[INFO] [stderr]    Compiling unicode-normalization v0.1.22
[INFO] [stderr]    Compiling tower-service v0.3.2
[INFO] [stderr]    Compiling httpdate v1.0.3
[INFO] [stderr]    Compiling unicode-bidi v0.3.13
[INFO] [stderr]    Compiling heck v0.4.1
[INFO] [stderr]    Compiling equivalent v1.0.1
[INFO] [stderr]    Compiling os_str_bytes v6.6.1
[INFO] [stderr]    Compiling idna v0.4.0
[INFO] [stderr]    Compiling psl-types v2.0.11
[INFO] [stderr]    Compiling hashbrown v0.14.2
[INFO] [stderr]    Compiling atty v0.2.14
[INFO] [stderr]    Compiling psl v2.1.4
[INFO] [stderr]    Compiling encoding_rs v0.8.33
[INFO] [stderr]    Compiling clap_lex v0.2.4
[INFO] [stderr]    Compiling indexmap v2.0.2
[INFO] [stderr]    Compiling bitflags v1.3.2
[INFO] [stderr]    Compiling mime v0.3.17
[INFO] [stderr]    Compiling url v2.4.1
[INFO] [stderr]    Compiling textwrap v0.16.0
[INFO] [stderr]    Compiling ipnet v2.9.0
[INFO] [stderr]    Compiling base64 v0.21.5
[INFO] [stderr]    Compiling strsim v0.10.0
[INFO] [stderr]    Compiling termcolor v1.3.0
[INFO] [stderr]    Compiling unsafe-libyaml v0.2.9
[INFO] [stderr]    Compiling tokio-macros v2.1.0
[INFO] [stderr]    Compiling futures-macro v0.3.29
[INFO] [stderr]    Compiling serde_derive v1.0.190
[INFO] [stderr]    Compiling openssl-macros v0.1.1
[INFO] [stderr]    Compiling tokio v1.33.0
[INFO] [stderr]    Compiling clap_derive v3.2.25
[INFO] [stderr]    Compiling addr v0.15.6
[INFO] [stderr]    Compiling clap v3.2.25
[INFO] [stderr]    Compiling futures-executor v0.3.29
[INFO] [stderr]    Compiling futures v0.3.29
[INFO] [stderr]    Compiling tokio-util v0.7.10
[INFO] [stderr]    Compiling tokio-native-tls v0.3.1
[INFO] [stderr]    Compiling serde_urlencoded v0.7.1
[INFO] [stderr]    Compiling serde_yaml v0.9.27
[INFO] [stderr]    Compiling h2 v0.3.21
[INFO] [stderr]    Compiling tinytemplate v1.2.1
[INFO] [stderr]    Compiling hyper v0.14.27
[INFO] [stderr]    Compiling hyper-tls v0.5.0
[INFO] [stderr]    Compiling reqwest v0.11.22
[INFO] [stderr]    Compiling unfurl v0.3.0 (/opt/rustwide/workdir)
[INFO] [stdout] warning: use of deprecated function `std::env::home_dir`: This function's behavior may be unexpected on Windows. Consider using a crate from crates.io instead.
[INFO] [stdout]   --> src/config.rs:53:14
[INFO] [stdout]    |
[INFO] [stdout] 53 |   match env::home_dir() {
[INFO] [stdout]    |              ^^^^^^^^
[INFO] [stdout]    |
[INFO] [stdout]    = note: `#[warn(deprecated)]` on by default
[INFO] [stdout] 
[INFO] [stdout] 
[INFO] [stdout] warning: 1 warning emitted
[INFO] [stdout] 
[INFO] [stdout] 
[INFO] [stderr]     Finished dev [unoptimized + debuginfo] target(s) in 31.90s
[INFO] running `Command { std: "docker" "inspect" "fe1fa7f9c7001e93eee2614f21092ef0c1193b6374469309c023007514c1b339", kill_on_drop: false }`
[INFO] running `Command { std: "docker" "rm" "-f" "fe1fa7f9c7001e93eee2614f21092ef0c1193b6374469309c023007514c1b339", kill_on_drop: false }`
[INFO] [stdout] fe1fa7f9c7001e93eee2614f21092ef0c1193b6374469309c023007514c1b339
[INFO] running `Command { std: "docker" "create" "-v" "/var/lib/crater-agent-workspace/builds/worker-7-tc1/target:/opt/rustwide/target:rw,Z" "-v" "/var/lib/crater-agent-workspace/builds/worker-7-tc1/source:/opt/rustwide/workdir:ro,Z" "-v" "/var/lib/crater-agent-workspace/cargo-home:/opt/rustwide/cargo-home:ro,Z" "-v" "/var/lib/crater-agent-workspace/rustup-home:/opt/rustwide/rustup-home:ro,Z" "-e" "SOURCE_DIR=/opt/rustwide/workdir" "-e" "CARGO_TARGET_DIR=/opt/rustwide/target" "-e" "CARGO_INCREMENTAL=0" "-e" "RUST_BACKTRACE=full" "-e" "RUSTFLAGS=--cap-lints=warn" "-e" "RUSTDOCFLAGS=--cap-lints=warn" "-e" "CARGO_HOME=/opt/rustwide/cargo-home" "-e" "RUSTUP_HOME=/opt/rustwide/rustup-home" "-w" "/opt/rustwide/workdir" "-m" "1610612736" "--user" "0:0" "--network" "none" "ghcr.io/rust-lang/crates-build-env/linux@sha256:2788e3201cd34a07e3172128adcd8b3090168a8e3bcc40d7c032b9dda1df7d1c" "/opt/rustwide/cargo-home/bin/cargo" "+1.75.0" "test" "--frozen" "--no-run" "--message-format=json", kill_on_drop: false }`
[INFO] [stdout] 87b5d2d31be65007766b3fdf354dd680acb4f5a7f319b94e6647d45a5257a038
[INFO] running `Command { std: "docker" "start" "-a" "87b5d2d31be65007766b3fdf354dd680acb4f5a7f319b94e6647d45a5257a038", kill_on_drop: false }`
[INFO] [stderr]    Compiling unfurl v0.3.0 (/opt/rustwide/workdir)
[INFO] [stdout] warning: use of deprecated function `std::env::home_dir`: This function's behavior may be unexpected on Windows. Consider using a crate from crates.io instead.
[INFO] [stdout]   --> src/config.rs:53:14
[INFO] [stdout]    |
[INFO] [stdout] 53 |   match env::home_dir() {
[INFO] [stdout]    |              ^^^^^^^^
[INFO] [stdout]    |
[INFO] [stdout]    = note: `#[warn(deprecated)]` on by default
[INFO] [stdout] 
[INFO] [stdout] 
[INFO] [stdout] error[E0599]: no function or associated item named `new` found for struct `route::Pattern` in the current scope
[INFO] [stdout]    --> src/route.rs:118:22
[INFO] [stdout]     |
[INFO] [stdout] 24  | pub struct Pattern (path::PathBuf);
[INFO] [stdout]     | ------------------ function or associated item `new` not found for this struct
[INFO] [stdout] ...
[INFO] [stdout] 118 |     let p = Pattern::new("a/b");
[INFO] [stdout]     |                      ^^^
[INFO] [stdout]     |                      |
[INFO] [stdout]     |                      function or associated item not found in `Pattern`
[INFO] [stdout]     |                      help: there is an associated function with a similar name: `_new`
[INFO] [stdout]     |
[INFO] [stdout] note: if you're trying to build a new `route::Pattern`, consider using `route::Pattern::_new` which returns `route::Pattern`
[INFO] [stdout]    --> src/route.rs:27:3
[INFO] [stdout]     |
[INFO] [stdout] 27  |   pub fn _new<P: AsRef<path::Path>>(p: P) -> Pattern {
[INFO] [stdout]     |   ^^^^^^^^^^^^^^^^^^^^^^^^^^^^^^^^^^^^^^^^^^^^^^^^^^
[INFO] [stdout]     = help: items from traits can only be used if the trait is implemented and in scope
[INFO] [stdout]     = note: the following trait defines an item `new`, perhaps you need to implement it:
[INFO] [stdout]             candidate #1: `parking_lot_core::thread_parker::ThreadParkerT`
[INFO] [stdout] 
[INFO] [stdout] 
[INFO] [stdout] error[E0599]: no function or associated item named `new` found for struct `route::Pattern` in the current scope
[INFO] [stdout]    --> src/route.rs:120:22
[INFO] [stdout]     |
[INFO] [stdout] 24  | pub struct Pattern (path::PathBuf);
[INFO] [stdout]     | ------------------ function or associated item `new` not found for this struct
[INFO] [stdout] ...
[INFO] [stdout] 120 |     let p = Pattern::new("/a/b");
[INFO] [stdout]     |                      ^^^
[INFO] [stdout]     |                      |
[INFO] [stdout]     |                      function or associated item not found in `Pattern`
[INFO] [stdout]     |                      help: there is an associated function with a similar name: `_new`
[INFO] [stdout]     |
[INFO] [stdout] note: if you're trying to build a new `route::Pattern`, consider using `route::Pattern::_new` which returns `route::Pattern`
[INFO] [stdout]    --> src/route.rs:27:3
[INFO] [stdout]     |
[INFO] [stdout] 27  |   pub fn _new<P: AsRef<path::Path>>(p: P) -> Pattern {
[INFO] [stdout]     |   ^^^^^^^^^^^^^^^^^^^^^^^^^^^^^^^^^^^^^^^^^^^^^^^^^^
[INFO] [stdout]     = help: items from traits can only be used if the trait is implemented and in scope
[INFO] [stdout]     = note: the following trait defines an item `new`, perhaps you need to implement it:
[INFO] [stdout]             candidate #1: `parking_lot_core::thread_parker::ThreadParkerT`
[INFO] [stdout] 
[INFO] [stdout] 
[INFO] [stdout] error[E0599]: no function or associated item named `new` found for struct `route::Pattern` in the current scope
[INFO] [stdout]    --> src/route.rs:122:22
[INFO] [stdout]     |
[INFO] [stdout] 24  | pub struct Pattern (path::PathBuf);
[INFO] [stdout]     | ------------------ function or associated item `new` not found for this struct
[INFO] [stdout] ...
[INFO] [stdout] 122 |     let p = Pattern::new("a/{b}");
[INFO] [stdout]     |                      ^^^
[INFO] [stdout]     |                      |
[INFO] [stdout]     |                      function or associated item not found in `Pattern`
[INFO] [stdout]     |                      help: there is an associated function with a similar name: `_new`
[INFO] [stdout]     |
[INFO] [stdout] note: if you're trying to build a new `route::Pattern`, consider using `route::Pattern::_new` which returns `route::Pattern`
[INFO] [stdout]    --> src/route.rs:27:3
[INFO] [stdout]     |
[INFO] [stdout] 27  |   pub fn _new<P: AsRef<path::Path>>(p: P) -> Pattern {
[INFO] [stdout]     |   ^^^^^^^^^^^^^^^^^^^^^^^^^^^^^^^^^^^^^^^^^^^^^^^^^^
[INFO] [stdout]     = help: items from traits can only be used if the trait is implemented and in scope
[INFO] [stdout]     = note: the following trait defines an item `new`, perhaps you need to implement it:
[INFO] [stdout]             candidate #1: `parking_lot_core::thread_parker::ThreadParkerT`
[INFO] [stdout] 
[INFO] [stdout] 
[INFO] [stdout] error: aborting due to 3 previous errors; 1 warning emitted
[INFO] [stdout] 
[INFO] [stdout] 
[INFO] [stdout] For more information about this error, try `rustc --explain E0599`.
[INFO] [stdout] 
[INFO] [stderr] error: could not compile `unfurl` (bin "unfurl" test) due to 4 previous errors; 1 warning emitted
[INFO] running `Command { std: "docker" "inspect" "87b5d2d31be65007766b3fdf354dd680acb4f5a7f319b94e6647d45a5257a038", kill_on_drop: false }`
[INFO] running `Command { std: "docker" "rm" "-f" "87b5d2d31be65007766b3fdf354dd680acb4f5a7f319b94e6647d45a5257a038", kill_on_drop: false }`
[INFO] [stdout] 87b5d2d31be65007766b3fdf354dd680acb4f5a7f319b94e6647d45a5257a038
[INFO] testing unfurl-0.3.0 against beta-2023-12-22 for beta-1.76-1
[INFO] extracting crate unfurl 0.3.0 into /workspace/builds/worker-7-tc2/source
[INFO] validating manifest of crates.io crate unfurl 0.3.0 on toolchain beta-2023-12-22
[INFO] running `Command { std: CARGO_HOME="/workspace/cargo-home" RUSTUP_HOME="/workspace/rustup-home" "/workspace/cargo-home/bin/cargo" "+beta-2023-12-22" "metadata" "--manifest-path" "Cargo.toml" "--no-deps", kill_on_drop: false }`
[INFO] started tweaking crates.io crate unfurl 0.3.0
[INFO] finished tweaking crates.io crate unfurl 0.3.0
[INFO] tweaked toml for crates.io crate unfurl 0.3.0 written to /workspace/builds/worker-7-tc2/source/Cargo.toml
[INFO] crate crates.io crate unfurl 0.3.0 already has a lockfile, it will not be regenerated
[INFO] running `Command { std: CARGO_HOME="/workspace/cargo-home" RUSTUP_HOME="/workspace/rustup-home" "/workspace/cargo-home/bin/cargo" "+beta-2023-12-22" "fetch" "--manifest-path" "Cargo.toml", kill_on_drop: false }`
[INFO] running `Command { std: "docker" "create" "-v" "/var/lib/crater-agent-workspace/builds/worker-7-tc2/target:/opt/rustwide/target:rw,Z" "-v" "/var/lib/crater-agent-workspace/builds/worker-7-tc2/source:/opt/rustwide/workdir:ro,Z" "-v" "/var/lib/crater-agent-workspace/cargo-home:/opt/rustwide/cargo-home:ro,Z" "-v" "/var/lib/crater-agent-workspace/rustup-home:/opt/rustwide/rustup-home:ro,Z" "-e" "SOURCE_DIR=/opt/rustwide/workdir" "-e" "CARGO_TARGET_DIR=/opt/rustwide/target" "-e" "CARGO_HOME=/opt/rustwide/cargo-home" "-e" "RUSTUP_HOME=/opt/rustwide/rustup-home" "-w" "/opt/rustwide/workdir" "-m" "1610612736" "--user" "0:0" "--network" "none" "ghcr.io/rust-lang/crates-build-env/linux@sha256:2788e3201cd34a07e3172128adcd8b3090168a8e3bcc40d7c032b9dda1df7d1c" "/opt/rustwide/cargo-home/bin/cargo" "+beta-2023-12-22" "metadata" "--no-deps" "--format-version=1", kill_on_drop: false }`
[INFO] [stdout] 573c84dc66271a50fecae254e2efbb10e1486a1e86e4c6e2dbb8171882613881
[INFO] running `Command { std: "docker" "start" "-a" "573c84dc66271a50fecae254e2efbb10e1486a1e86e4c6e2dbb8171882613881", kill_on_drop: false }`
[INFO] running `Command { std: "docker" "inspect" "573c84dc66271a50fecae254e2efbb10e1486a1e86e4c6e2dbb8171882613881", kill_on_drop: false }`
[INFO] running `Command { std: "docker" "rm" "-f" "573c84dc66271a50fecae254e2efbb10e1486a1e86e4c6e2dbb8171882613881", kill_on_drop: false }`
[INFO] [stdout] 573c84dc66271a50fecae254e2efbb10e1486a1e86e4c6e2dbb8171882613881
[INFO] running `Command { std: "docker" "create" "-v" "/var/lib/crater-agent-workspace/builds/worker-7-tc2/target:/opt/rustwide/target:rw,Z" "-v" "/var/lib/crater-agent-workspace/builds/worker-7-tc2/source:/opt/rustwide/workdir:ro,Z" "-v" "/var/lib/crater-agent-workspace/cargo-home:/opt/rustwide/cargo-home:ro,Z" "-v" "/var/lib/crater-agent-workspace/rustup-home:/opt/rustwide/rustup-home:ro,Z" "-e" "SOURCE_DIR=/opt/rustwide/workdir" "-e" "CARGO_TARGET_DIR=/opt/rustwide/target" "-e" "CARGO_INCREMENTAL=0" "-e" "RUST_BACKTRACE=full" "-e" "RUSTFLAGS=--cap-lints=warn" "-e" "RUSTDOCFLAGS=--cap-lints=warn" "-e" "CARGO_HOME=/opt/rustwide/cargo-home" "-e" "RUSTUP_HOME=/opt/rustwide/rustup-home" "-w" "/opt/rustwide/workdir" "-m" "1610612736" "--user" "0:0" "--network" "none" "ghcr.io/rust-lang/crates-build-env/linux@sha256:2788e3201cd34a07e3172128adcd8b3090168a8e3bcc40d7c032b9dda1df7d1c" "/opt/rustwide/cargo-home/bin/cargo" "+beta-2023-12-22" "build" "--frozen" "--message-format=json", kill_on_drop: false }`
[INFO] [stdout] 760e55fa27da2e2b533b79ef03d030d141d5bc122d35dde72b2b6219a977184f
[INFO] running `Command { std: "docker" "start" "-a" "760e55fa27da2e2b533b79ef03d030d141d5bc122d35dde72b2b6219a977184f", kill_on_drop: false }`
[INFO] [stderr]    Compiling proc-macro2 v1.0.69
[INFO] [stderr]    Compiling libc v0.2.149
[INFO] [stderr]    Compiling pin-project-lite v0.2.13
[INFO] [stderr]    Compiling once_cell v1.18.0
[INFO] [stderr]    Compiling futures-core v0.3.29
[INFO] [stderr]    Compiling lock_api v0.4.10
[INFO] [stderr]    Compiling itoa v1.0.9
[INFO] [stderr]    Compiling parking_lot_core v0.9.8
[INFO] [stderr]    Compiling vcpkg v0.2.15
[INFO] [stderr]    Compiling pkg-config v0.3.27
[INFO] [stderr]    Compiling slab v0.4.9
[INFO] [stderr]    Compiling smallvec v1.11.0
[INFO] [stderr]    Compiling scopeguard v1.2.0
[INFO] [stderr]    Compiling futures-sink v0.3.29
[INFO] [stderr]    Compiling bytes v1.5.0
[INFO] [stderr]    Compiling futures-task v0.3.29
[INFO] [stderr]    Compiling futures-channel v0.3.29
[INFO] [stderr]    Compiling quote v1.0.33
[INFO] [stderr]    Compiling futures-util v0.3.29
[INFO] [stderr]    Compiling syn v2.0.38
[INFO] [stderr]    Compiling cc v1.0.83
[INFO] [stderr]    Compiling version_check v0.9.4
[INFO] [stderr]    Compiling socket2 v0.5.5
[INFO] [stderr]    Compiling mio v0.8.9
[INFO] [stderr]    Compiling signal-hook-registry v1.4.1
[INFO] [stderr]    Compiling num_cpus v1.16.0
[INFO] [stderr]    Compiling parking_lot v0.12.1
[INFO] [stderr]    Compiling indexmap v1.9.3
[INFO] [stderr]    Compiling pin-utils v0.1.0
[INFO] [stderr]    Compiling memchr v2.6.4
[INFO] [stderr]    Compiling futures-io v0.3.29
[INFO] [stderr]    Compiling serde v1.0.190
[INFO] [stderr]    Compiling tracing-core v0.1.32
[INFO] [stderr]    Compiling fnv v1.0.7
[INFO] [stderr]    Compiling openssl v0.10.57
[INFO] [stderr]    Compiling foreign-types-shared v0.1.1
[INFO] [stderr]    Compiling hashbrown v0.12.3
[INFO] [stderr]    Compiling foreign-types v0.3.2
[INFO] [stderr]    Compiling http v0.2.9
[INFO] [stderr]    Compiling proc-macro-error-attr v1.0.4
[INFO] [stderr]    Compiling httparse v1.8.0
[INFO] [stderr]    Compiling tracing v0.1.40
[INFO] [stderr]    Compiling openssl-sys v0.9.93
[INFO] [stderr]    Compiling syn v1.0.109
[INFO] [stderr]    Compiling bitflags v2.4.1
[INFO] [stderr]    Compiling native-tls v0.2.11
[INFO] [stderr]    Compiling tinyvec_macros v0.1.1
[INFO] [stderr]    Compiling ryu v1.0.15
[INFO] [stderr]    Compiling tinyvec v1.6.0
[INFO] [stderr]    Compiling proc-macro-error v1.0.4
[INFO] [stderr]    Compiling percent-encoding v2.3.0
[INFO] [stderr]    Compiling try-lock v0.2.4
[INFO] [stderr]    Compiling openssl-probe v0.1.5
[INFO] [stderr]    Compiling serde_json v1.0.108
[INFO] [stderr]    Compiling log v0.4.20
[INFO] [stderr]    Compiling form_urlencoded v1.2.0
[INFO] [stderr]    Compiling want v0.3.1
[INFO] [stderr]    Compiling http-body v0.4.5
[INFO] [stderr]    Compiling socket2 v0.4.10
[INFO] [stderr]    Compiling httpdate v1.0.3
[INFO] [stderr]    Compiling unicode-normalization v0.1.22
[INFO] [stderr]    Compiling unicode-bidi v0.3.13
[INFO] [stderr]    Compiling tower-service v0.3.2
[INFO] [stderr]    Compiling hashbrown v0.14.2
[INFO] [stderr]    Compiling os_str_bytes v6.6.1
[INFO] [stderr]    Compiling heck v0.4.1
[INFO] [stderr]    Compiling equivalent v1.0.1
[INFO] [stderr]    Compiling idna v0.4.0
[INFO] [stderr]    Compiling psl-types v2.0.11
[INFO] [stderr]    Compiling clap_lex v0.2.4
[INFO] [stderr]    Compiling atty v0.2.14
[INFO] [stderr]    Compiling psl v2.1.4
[INFO] [stderr]    Compiling encoding_rs v0.8.33
[INFO] [stderr]    Compiling indexmap v2.0.2
[INFO] [stderr]    Compiling termcolor v1.3.0
[INFO] [stderr]    Compiling url v2.4.1
[INFO] [stderr]    Compiling ipnet v2.9.0
[INFO] [stderr]    Compiling bitflags v1.3.2
[INFO] [stderr]    Compiling unsafe-libyaml v0.2.9
[INFO] [stderr]    Compiling mime v0.3.17
[INFO] [stderr]    Compiling textwrap v0.16.0
[INFO] [stderr]    Compiling strsim v0.10.0
[INFO] [stderr]    Compiling base64 v0.21.5
[INFO] [stderr]    Compiling futures-macro v0.3.29
[INFO] [stderr]    Compiling tokio-macros v2.1.0
[INFO] [stderr]    Compiling serde_derive v1.0.190
[INFO] [stderr]    Compiling openssl-macros v0.1.1
[INFO] [stderr]    Compiling tokio v1.33.0
[INFO] [stderr]    Compiling clap_derive v3.2.25
[INFO] [stderr]    Compiling addr v0.15.6
[INFO] [stderr]    Compiling clap v3.2.25
[INFO] [stderr]    Compiling futures-executor v0.3.29
[INFO] [stderr]    Compiling futures v0.3.29
[INFO] [stderr]    Compiling tokio-util v0.7.10
[INFO] [stderr]    Compiling tokio-native-tls v0.3.1
[INFO] [stderr]    Compiling h2 v0.3.21
[INFO] [stderr]    Compiling serde_urlencoded v0.7.1
[INFO] [stderr]    Compiling serde_yaml v0.9.27
[INFO] [stderr]    Compiling tinytemplate v1.2.1
[INFO] [stderr]    Compiling hyper v0.14.27
[INFO] [stderr]    Compiling hyper-tls v0.5.0
[INFO] [stderr]    Compiling reqwest v0.11.22
[INFO] [stderr]    Compiling unfurl v0.3.0 (/opt/rustwide/workdir)
[INFO] [stdout] warning: use of deprecated function `std::env::home_dir`: This function's behavior may be unexpected on Windows. Consider using a crate from crates.io instead.
[INFO] [stdout]   --> src/config.rs:53:14
[INFO] [stdout]    |
[INFO] [stdout] 53 |   match env::home_dir() {
[INFO] [stdout]    |              ^^^^^^^^
[INFO] [stdout]    |
[INFO] [stdout]    = note: `#[warn(deprecated)]` on by default
[INFO] [stdout] 
[INFO] [stdout] 
[INFO] [stdout] warning: 1 warning emitted
[INFO] [stdout] 
[INFO] [stdout] 
[INFO] [stderr]     Finished dev [unoptimized + debuginfo] target(s) in 37.24s
[INFO] running `Command { std: "docker" "inspect" "760e55fa27da2e2b533b79ef03d030d141d5bc122d35dde72b2b6219a977184f", kill_on_drop: false }`
[INFO] running `Command { std: "docker" "rm" "-f" "760e55fa27da2e2b533b79ef03d030d141d5bc122d35dde72b2b6219a977184f", kill_on_drop: false }`
[INFO] [stdout] 760e55fa27da2e2b533b79ef03d030d141d5bc122d35dde72b2b6219a977184f
[INFO] running `Command { std: "docker" "create" "-v" "/var/lib/crater-agent-workspace/builds/worker-7-tc2/target:/opt/rustwide/target:rw,Z" "-v" "/var/lib/crater-agent-workspace/builds/worker-7-tc2/source:/opt/rustwide/workdir:ro,Z" "-v" "/var/lib/crater-agent-workspace/cargo-home:/opt/rustwide/cargo-home:ro,Z" "-v" "/var/lib/crater-agent-workspace/rustup-home:/opt/rustwide/rustup-home:ro,Z" "-e" "SOURCE_DIR=/opt/rustwide/workdir" "-e" "CARGO_TARGET_DIR=/opt/rustwide/target" "-e" "CARGO_INCREMENTAL=0" "-e" "RUST_BACKTRACE=full" "-e" "RUSTFLAGS=--cap-lints=warn" "-e" "RUSTDOCFLAGS=--cap-lints=warn" "-e" "CARGO_HOME=/opt/rustwide/cargo-home" "-e" "RUSTUP_HOME=/opt/rustwide/rustup-home" "-w" "/opt/rustwide/workdir" "-m" "1610612736" "--user" "0:0" "--network" "none" "ghcr.io/rust-lang/crates-build-env/linux@sha256:2788e3201cd34a07e3172128adcd8b3090168a8e3bcc40d7c032b9dda1df7d1c" "/opt/rustwide/cargo-home/bin/cargo" "+beta-2023-12-22" "test" "--frozen" "--no-run" "--message-format=json", kill_on_drop: false }`
[INFO] [stdout] 99ff03a16150e57c0c234c8b87b318e94e5435709ee223a1fd60f4c23595591f
[INFO] running `Command { std: "docker" "start" "-a" "99ff03a16150e57c0c234c8b87b318e94e5435709ee223a1fd60f4c23595591f", kill_on_drop: false }`
[INFO] [stderr]    Compiling unfurl v0.3.0 (/opt/rustwide/workdir)
[INFO] [stdout] warning: use of deprecated function `std::env::home_dir`: This function's behavior may be unexpected on Windows. Consider using a crate from crates.io instead.
[INFO] [stdout]   --> src/config.rs:53:14
[INFO] [stdout]    |
[INFO] [stdout] 53 |   match env::home_dir() {
[INFO] [stdout]    |              ^^^^^^^^
[INFO] [stdout]    |
[INFO] [stdout]    = note: `#[warn(deprecated)]` on by default
[INFO] [stdout] 
[INFO] [stdout] 
[INFO] [stdout] error[E0599]: no function or associated item named `new` found for struct `route::Pattern` in the current scope
[INFO] [stdout]    --> src/route.rs:118:22
[INFO] [stdout]     |
[INFO] [stdout] 24  | pub struct Pattern (path::PathBuf);
[INFO] [stdout]     | ------------------ function or associated item `new` not found for this struct
[INFO] [stdout] ...
[INFO] [stdout] 118 |     let p = Pattern::new("a/b");
[INFO] [stdout]     |                      ^^^
[INFO] [stdout]     |                      |
[INFO] [stdout]     |                      function or associated item not found in `Pattern`
[INFO] [stdout]     |                      help: there is an associated function with a similar name: `_new`
[INFO] [stdout]     |
[INFO] [stdout] note: if you're trying to build a new `route::Pattern`, consider using `route::Pattern::_new` which returns `route::Pattern`
[INFO] [stdout]    --> src/route.rs:27:3
[INFO] [stdout]     |
[INFO] [stdout] 27  |   pub fn _new<P: AsRef<path::Path>>(p: P) -> Pattern {
[INFO] [stdout]     |   ^^^^^^^^^^^^^^^^^^^^^^^^^^^^^^^^^^^^^^^^^^^^^^^^^^
[INFO] [stdout]     = help: items from traits can only be used if the trait is implemented and in scope
[INFO] [stdout]     = note: the following trait defines an item `new`, perhaps you need to implement it:
[INFO] [stdout]             candidate #1: `parking_lot_core::thread_parker::ThreadParkerT`
[INFO] [stdout] 
[INFO] [stdout] 
[INFO] [stdout] error[E0599]: no function or associated item named `new` found for struct `route::Pattern` in the current scope
[INFO] [stdout]    --> src/route.rs:120:22
[INFO] [stdout]     |
[INFO] [stdout] 24  | pub struct Pattern (path::PathBuf);
[INFO] [stdout]     | ------------------ function or associated item `new` not found for this struct
[INFO] [stdout] ...
[INFO] [stdout] 120 |     let p = Pattern::new("/a/b");
[INFO] [stdout]     |                      ^^^
[INFO] [stdout]     |                      |
[INFO] [stdout]     |                      function or associated item not found in `Pattern`
[INFO] [stdout]     |                      help: there is an associated function with a similar name: `_new`
[INFO] [stdout]     |
[INFO] [stdout] note: if you're trying to build a new `route::Pattern`, consider using `route::Pattern::_new` which returns `route::Pattern`
[INFO] [stdout]    --> src/route.rs:27:3
[INFO] [stdout]     |
[INFO] [stdout] 27  |   pub fn _new<P: AsRef<path::Path>>(p: P) -> Pattern {
[INFO] [stdout]     |   ^^^^^^^^^^^^^^^^^^^^^^^^^^^^^^^^^^^^^^^^^^^^^^^^^^
[INFO] [stdout]     = help: items from traits can only be used if the trait is implemented and in scope
[INFO] [stdout]     = note: the following trait defines an item `new`, perhaps you need to implement it:
[INFO] [stdout]             candidate #1: `parking_lot_core::thread_parker::ThreadParkerT`
[INFO] [stdout] 
[INFO] [stdout] 
[INFO] [stdout] error[E0599]: no function or associated item named `new` found for struct `route::Pattern` in the current scope
[INFO] [stdout]    --> src/route.rs:122:22
[INFO] [stdout]     |
[INFO] [stdout] 24  | pub struct Pattern (path::PathBuf);
[INFO] [stdout]     | ------------------ function or associated item `new` not found for this struct
[INFO] [stdout] ...
[INFO] [stdout] 122 |     let p = Pattern::new("a/{b}");
[INFO] [stdout]     |                      ^^^
[INFO] [stdout]     |                      |
[INFO] [stdout]     |                      function or associated item not found in `Pattern`
[INFO] [stdout]     |                      help: there is an associated function with a similar name: `_new`
[INFO] [stdout]     |
[INFO] [stdout] note: if you're trying to build a new `route::Pattern`, consider using `route::Pattern::_new` which returns `route::Pattern`
[INFO] [stdout]    --> src/route.rs:27:3
[INFO] [stdout]     |
[INFO] [stdout] 27  |   pub fn _new<P: AsRef<path::Path>>(p: P) -> Pattern {
[INFO] [stdout]     |   ^^^^^^^^^^^^^^^^^^^^^^^^^^^^^^^^^^^^^^^^^^^^^^^^^^
[INFO] [stdout]     = help: items from traits can only be used if the trait is implemented and in scope
[INFO] [stdout]     = note: the following trait defines an item `new`, perhaps you need to implement it:
[INFO] [stdout]             candidate #1: `parking_lot_core::thread_parker::ThreadParkerT`
[INFO] [stdout] 
[INFO] [stdout] 
[INFO] [stdout] error: aborting due to 3 previous errors; 1 warning emitted
[INFO] [stdout] 
[INFO] [stdout] 
[INFO] [stdout] For more information about this error, try `rustc --explain E0599`.
[INFO] [stdout] 
[INFO] [stderr] error: could not compile `unfurl` (bin "unfurl" test) due to 4 previous errors; 1 warning emitted
[INFO] running `Command { std: "docker" "inspect" "99ff03a16150e57c0c234c8b87b318e94e5435709ee223a1fd60f4c23595591f", kill_on_drop: false }`
[INFO] running `Command { std: "docker" "rm" "-f" "99ff03a16150e57c0c234c8b87b318e94e5435709ee223a1fd60f4c23595591f", kill_on_drop: false }`
[INFO] [stdout] 99ff03a16150e57c0c234c8b87b318e94e5435709ee223a1fd60f4c23595591f
