[INFO] fetching crate ultron 0.2.6...
[INFO] testing ultron-0.2.6 against 1.75.0 for beta-1.76-1
[INFO] extracting crate ultron 0.2.6 into /workspace/builds/worker-7-tc1/source
[INFO] validating manifest of crates.io crate ultron 0.2.6 on toolchain 1.75.0
[INFO] running `Command { std: CARGO_HOME="/workspace/cargo-home" RUSTUP_HOME="/workspace/rustup-home" "/workspace/cargo-home/bin/cargo" "+1.75.0" "metadata" "--manifest-path" "Cargo.toml" "--no-deps", kill_on_drop: false }`
[INFO] started tweaking crates.io crate ultron 0.2.6
[INFO] finished tweaking crates.io crate ultron 0.2.6
[INFO] tweaked toml for crates.io crate ultron 0.2.6 written to /workspace/builds/worker-7-tc1/source/Cargo.toml
[INFO] running `Command { std: CARGO_HOME="/workspace/cargo-home" RUSTUP_HOME="/workspace/rustup-home" "/workspace/cargo-home/bin/cargo" "+1.75.0" "generate-lockfile" "--manifest-path" "Cargo.toml", kill_on_drop: false }`
[INFO] [stderr]     Updating crates.io index
[INFO] running `Command { std: CARGO_HOME="/workspace/cargo-home" RUSTUP_HOME="/workspace/rustup-home" "/workspace/cargo-home/bin/cargo" "+1.75.0" "fetch" "--manifest-path" "Cargo.toml", kill_on_drop: false }`
[INFO] [stderr]  Downloading crates ...
[INFO] [stderr]   Downloaded css-colors v1.0.1
[INFO] [stderr]   Downloaded syn-rsx v0.8.1
[INFO] [stderr]   Downloaded sauron-core v0.43.11
[INFO] [stderr]   Downloaded jss v0.4.0
[INFO] [stderr]   Downloaded sauron v0.43.11
[INFO] [stderr]   Downloaded sauron-node-macro v0.43.11
[INFO] [stderr]   Downloaded mt-dom v0.12.3
[INFO] [stderr]   Downloaded ultron-syntaxes-themes v0.2.6
[INFO] running `Command { std: "docker" "create" "-v" "/var/lib/crater-agent-workspace/builds/worker-7-tc1/target:/opt/rustwide/target:rw,Z" "-v" "/var/lib/crater-agent-workspace/builds/worker-7-tc1/source:/opt/rustwide/workdir:ro,Z" "-v" "/var/lib/crater-agent-workspace/cargo-home:/opt/rustwide/cargo-home:ro,Z" "-v" "/var/lib/crater-agent-workspace/rustup-home:/opt/rustwide/rustup-home:ro,Z" "-e" "SOURCE_DIR=/opt/rustwide/workdir" "-e" "CARGO_TARGET_DIR=/opt/rustwide/target" "-e" "CARGO_HOME=/opt/rustwide/cargo-home" "-e" "RUSTUP_HOME=/opt/rustwide/rustup-home" "-w" "/opt/rustwide/workdir" "-m" "1610612736" "--user" "0:0" "--network" "none" "ghcr.io/rust-lang/crates-build-env/linux@sha256:2788e3201cd34a07e3172128adcd8b3090168a8e3bcc40d7c032b9dda1df7d1c" "/opt/rustwide/cargo-home/bin/cargo" "+1.75.0" "metadata" "--no-deps" "--format-version=1", kill_on_drop: false }`
[INFO] [stdout] fa79776fbfea3b2ca898f9fea2f6fd02124e5d59df34d86a791e3e31cf6594f1
[INFO] running `Command { std: "docker" "start" "-a" "fa79776fbfea3b2ca898f9fea2f6fd02124e5d59df34d86a791e3e31cf6594f1", kill_on_drop: false }`
[INFO] running `Command { std: "docker" "inspect" "fa79776fbfea3b2ca898f9fea2f6fd02124e5d59df34d86a791e3e31cf6594f1", kill_on_drop: false }`
[INFO] running `Command { std: "docker" "rm" "-f" "fa79776fbfea3b2ca898f9fea2f6fd02124e5d59df34d86a791e3e31cf6594f1", kill_on_drop: false }`
[INFO] [stdout] fa79776fbfea3b2ca898f9fea2f6fd02124e5d59df34d86a791e3e31cf6594f1
[INFO] running `Command { std: "docker" "create" "-v" "/var/lib/crater-agent-workspace/builds/worker-7-tc1/target:/opt/rustwide/target:rw,Z" "-v" "/var/lib/crater-agent-workspace/builds/worker-7-tc1/source:/opt/rustwide/workdir:ro,Z" "-v" "/var/lib/crater-agent-workspace/cargo-home:/opt/rustwide/cargo-home:ro,Z" "-v" "/var/lib/crater-agent-workspace/rustup-home:/opt/rustwide/rustup-home:ro,Z" "-e" "SOURCE_DIR=/opt/rustwide/workdir" "-e" "CARGO_TARGET_DIR=/opt/rustwide/target" "-e" "CARGO_INCREMENTAL=0" "-e" "RUST_BACKTRACE=full" "-e" "RUSTFLAGS=--cap-lints=warn" "-e" "RUSTDOCFLAGS=--cap-lints=warn" "-e" "CARGO_HOME=/opt/rustwide/cargo-home" "-e" "RUSTUP_HOME=/opt/rustwide/rustup-home" "-w" "/opt/rustwide/workdir" "-m" "1610612736" "--user" "0:0" "--network" "none" "ghcr.io/rust-lang/crates-build-env/linux@sha256:2788e3201cd34a07e3172128adcd8b3090168a8e3bcc40d7c032b9dda1df7d1c" "/opt/rustwide/cargo-home/bin/cargo" "+1.75.0" "build" "--frozen" "--message-format=json", kill_on_drop: false }`
[INFO] [stdout] 66ebff7ef2038ef91036078db4cd23447c51256b251566ca9b024f83b5cc4420
[INFO] running `Command { std: "docker" "start" "-a" "66ebff7ef2038ef91036078db4cd23447c51256b251566ca9b024f83b5cc4420", kill_on_drop: false }`
[INFO] [stderr]    Compiling cfg-if v1.0.0
[INFO] [stderr]    Compiling autocfg v1.1.0
[INFO] [stderr]    Compiling serde v1.0.194
[INFO] [stderr]    Compiling libc v0.2.151
[INFO] [stderr]    Compiling log v0.4.20
[INFO] [stderr]    Compiling wasm-bindgen-shared v0.2.89
[INFO] [stderr]    Compiling itoa v1.0.10
[INFO] [stderr]    Compiling syn v1.0.109
[INFO] [stderr]    Compiling once_cell v1.19.0
[INFO] [stderr]    Compiling serde_json v1.0.111
[INFO] [stderr]    Compiling ppv-lite86 v0.2.17
[INFO] [stderr]    Compiling ryu v1.0.16
[INFO] [stderr]    Compiling bumpalo v3.14.0
[INFO] [stderr]    Compiling memchr v2.7.1
[INFO] [stderr]    Compiling proc-macro-hack v0.5.20+deprecated
[INFO] [stderr]    Compiling syn v2.0.48
[INFO] [stderr]    Compiling siphasher v0.3.11
[INFO] [stderr]    Compiling wasm-bindgen v0.2.89
[INFO] [stderr]    Compiling phf_shared v0.10.0
[INFO] [stderr]    Compiling crc32fast v1.3.2
[INFO] [stderr]    Compiling powerfmt v0.2.0
[INFO] [stderr]    Compiling doc-comment v0.3.3
[INFO] [stderr]    Compiling regex-syntax v0.8.2
[INFO] [stderr]    Compiling time-core v0.1.2
[INFO] [stderr]    Compiling equivalent v1.0.1
[INFO] [stderr]    Compiling deranged v0.3.11
[INFO] [stderr]    Compiling num-traits v0.2.17
[INFO] [stderr]    Compiling num-integer v0.1.45
[INFO] [stderr]    Compiling paste v1.0.14
[INFO] [stderr]    Compiling safemem v0.3.3
[INFO] [stderr]    Compiling bytemuck v1.14.0
[INFO] [stderr]    Compiling bit-vec v0.6.3
[INFO] [stderr]    Compiling json v0.12.4
[INFO] [stderr]    Compiling adler v1.0.2
[INFO] [stderr]    Compiling aho-corasick v1.1.2
[INFO] [stderr]    Compiling hashbrown v0.14.3
[INFO] [stderr]    Compiling bit-set v0.5.3
[INFO] [stderr]    Compiling miniz_oxide v0.7.1
[INFO] [stderr]    Compiling safe_arch v0.7.1
[INFO] [stderr]    Compiling quick-xml v0.31.0
[INFO] [stderr]    Compiling line-wrap v0.1.1
[INFO] [stderr]    Compiling num-rational v0.4.1
[INFO] [stderr]    Compiling matrixmultiply v0.3.8
[INFO] [stderr]    Compiling time v0.3.31
[INFO] [stderr]    Compiling getrandom v0.2.11
[INFO] [stderr]    Compiling indexmap v2.1.0
[INFO] [stderr]    Compiling mt-dom v0.12.3
[INFO] [stderr]    Compiling cfg-if v0.1.10
[INFO] [stderr]    Compiling base64 v0.21.5
[INFO] [stderr]    Compiling linked-hash-map v0.5.6
[INFO] [stderr]    Compiling typenum v1.17.0
[INFO] [stderr]    Compiling rand_core v0.6.4
[INFO] [stderr]    Compiling same-file v1.0.6
[INFO] [stderr]    Compiling yaml-rust v0.4.5
[INFO] [stderr]    Compiling rand_chacha v0.3.1
[INFO] [stderr]    Compiling walkdir v2.4.0
[INFO] [stderr]    Compiling wide v0.7.13
[INFO] [stderr]    Compiling flate2 v1.0.28
[INFO] [stderr]    Compiling lazycell v1.3.0
[INFO] [stderr]    Compiling rand v0.8.5
[INFO] [stderr]    Compiling approx v0.5.1
[INFO] [stderr]    Compiling num-complex v0.4.4
[INFO] [stderr]    Compiling lazy_static v1.4.0
[INFO] [stderr]    Compiling regex-automata v0.4.3
[INFO] [stderr]    Compiling rawpointer v0.2.1
[INFO] [stderr]    Compiling regex-syntax v0.6.29
[INFO] [stderr]    Compiling fnv v1.0.7
[INFO] [stderr]    Compiling bitflags v1.3.2
[INFO] [stderr]    Compiling css-colors v1.0.1
[INFO] [stderr]    Compiling unicode-width v0.1.11
[INFO] [stderr]    Compiling wasm-bindgen-backend v0.2.89
[INFO] [stderr]    Compiling phf_generator v0.10.0
[INFO] [stderr]    Compiling simba v0.6.0
[INFO] [stderr]    Compiling bincode v1.3.3
[INFO] [stderr]    Compiling plist v1.6.0
[INFO] [stderr]    Compiling syn-rsx v0.8.1
[INFO] [stderr]    Compiling wasm-bindgen-macro-support v0.2.89
[INFO] [stderr]    Compiling thiserror-impl v1.0.56
[INFO] [stderr]    Compiling serde_derive v1.0.194
[INFO] [stderr]    Compiling regex v1.10.2
[INFO] [stderr]    Compiling wasm-bindgen-macro v0.2.89
[INFO] [stderr]    Compiling phf_macros v0.10.0
[INFO] [stderr]    Compiling nalgebra-macros v0.1.0
[INFO] [stderr]    Compiling fancy-regex v0.7.1
[INFO] [stderr]    Compiling thiserror v1.0.56
[INFO] [stderr]    Compiling phf v0.10.1
[INFO] [stderr]    Compiling jss v0.4.0
[INFO] [stderr]    Compiling js-sys v0.3.66
[INFO] [stderr]    Compiling syntect v4.6.0
[INFO] [stderr]    Compiling ultron-syntaxes-themes v0.2.6
[INFO] [stderr]    Compiling nalgebra v0.29.0
[INFO] [stderr]    Compiling web-sys v0.3.66
[INFO] [stderr]    Compiling sauron-core v0.43.11
[INFO] [stderr]    Compiling sauron-node-macro v0.43.11
[INFO] [stderr]    Compiling sauron v0.43.11
[INFO] [stderr]    Compiling ultron v0.2.6 (/opt/rustwide/workdir)
[INFO] [stdout] error[E0599]: no method named `copy_to_clipboard` found for reference `&Editor<XMSG>` in the current scope
[INFO] [stdout]    --> src/editor.rs:474:17
[INFO] [stdout]     |
[INFO] [stdout] 474 |         if self.copy_to_clipboard() {
[INFO] [stdout]     |                 ^^^^^^^^^^^^^^^^^ method not found in `&Editor<XMSG>`
[INFO] [stdout] 
[INFO] [stdout] 
[INFO] [stdout] error[E0599]: no method named `cut_to_clipboard` found for mutable reference `&mut Editor<XMSG>` in the current scope
[INFO] [stdout]    --> src/editor.rs:485:17
[INFO] [stdout]     |
[INFO] [stdout] 485 |         if self.cut_to_clipboard() {
[INFO] [stdout]     |                 ^^^^^^^^^^^^^^^^ method not found in `&mut Editor<XMSG>`
[INFO] [stdout] 
[INFO] [stdout] 
[INFO] [stdout] error: aborting due to 2 previous errors
[INFO] [stdout] 
[INFO] [stdout] 
[INFO] [stdout] For more information about this error, try `rustc --explain E0599`.
[INFO] [stdout] 
[INFO] [stderr] error: could not compile `ultron` (lib) due to 3 previous errors
[INFO] running `Command { std: "docker" "inspect" "66ebff7ef2038ef91036078db4cd23447c51256b251566ca9b024f83b5cc4420", kill_on_drop: false }`
[INFO] running `Command { std: "docker" "rm" "-f" "66ebff7ef2038ef91036078db4cd23447c51256b251566ca9b024f83b5cc4420", kill_on_drop: false }`
[INFO] [stdout] 66ebff7ef2038ef91036078db4cd23447c51256b251566ca9b024f83b5cc4420
[INFO] testing ultron-0.2.6 against beta-2023-12-22 for beta-1.76-1
[INFO] extracting crate ultron 0.2.6 into /workspace/builds/worker-7-tc2/source
[INFO] validating manifest of crates.io crate ultron 0.2.6 on toolchain beta-2023-12-22
[INFO] running `Command { std: CARGO_HOME="/workspace/cargo-home" RUSTUP_HOME="/workspace/rustup-home" "/workspace/cargo-home/bin/cargo" "+beta-2023-12-22" "metadata" "--manifest-path" "Cargo.toml" "--no-deps", kill_on_drop: false }`
[INFO] started tweaking crates.io crate ultron 0.2.6
[INFO] finished tweaking crates.io crate ultron 0.2.6
[INFO] tweaked toml for crates.io crate ultron 0.2.6 written to /workspace/builds/worker-7-tc2/source/Cargo.toml
[INFO] running `Command { std: CARGO_HOME="/workspace/cargo-home" RUSTUP_HOME="/workspace/rustup-home" "/workspace/cargo-home/bin/cargo" "+beta-2023-12-22" "generate-lockfile" "--manifest-path" "Cargo.toml", kill_on_drop: false }`
[INFO] [stderr]     Updating crates.io index
[INFO] running `Command { std: CARGO_HOME="/workspace/cargo-home" RUSTUP_HOME="/workspace/rustup-home" "/workspace/cargo-home/bin/cargo" "+beta-2023-12-22" "fetch" "--manifest-path" "Cargo.toml", kill_on_drop: false }`
[INFO] running `Command { std: "docker" "create" "-v" "/var/lib/crater-agent-workspace/builds/worker-7-tc2/target:/opt/rustwide/target:rw,Z" "-v" "/var/lib/crater-agent-workspace/builds/worker-7-tc2/source:/opt/rustwide/workdir:ro,Z" "-v" "/var/lib/crater-agent-workspace/cargo-home:/opt/rustwide/cargo-home:ro,Z" "-v" "/var/lib/crater-agent-workspace/rustup-home:/opt/rustwide/rustup-home:ro,Z" "-e" "SOURCE_DIR=/opt/rustwide/workdir" "-e" "CARGO_TARGET_DIR=/opt/rustwide/target" "-e" "CARGO_HOME=/opt/rustwide/cargo-home" "-e" "RUSTUP_HOME=/opt/rustwide/rustup-home" "-w" "/opt/rustwide/workdir" "-m" "1610612736" "--user" "0:0" "--network" "none" "ghcr.io/rust-lang/crates-build-env/linux@sha256:2788e3201cd34a07e3172128adcd8b3090168a8e3bcc40d7c032b9dda1df7d1c" "/opt/rustwide/cargo-home/bin/cargo" "+beta-2023-12-22" "metadata" "--no-deps" "--format-version=1", kill_on_drop: false }`
[INFO] [stdout] 5ff63cd4020240490c20fb8c0f04e1d6021ec9e8d0bc0a433a9c94c6dd2eca19
[INFO] running `Command { std: "docker" "start" "-a" "5ff63cd4020240490c20fb8c0f04e1d6021ec9e8d0bc0a433a9c94c6dd2eca19", kill_on_drop: false }`
[INFO] running `Command { std: "docker" "inspect" "5ff63cd4020240490c20fb8c0f04e1d6021ec9e8d0bc0a433a9c94c6dd2eca19", kill_on_drop: false }`
[INFO] running `Command { std: "docker" "rm" "-f" "5ff63cd4020240490c20fb8c0f04e1d6021ec9e8d0bc0a433a9c94c6dd2eca19", kill_on_drop: false }`
[INFO] [stdout] 5ff63cd4020240490c20fb8c0f04e1d6021ec9e8d0bc0a433a9c94c6dd2eca19
[INFO] running `Command { std: "docker" "create" "-v" "/var/lib/crater-agent-workspace/builds/worker-7-tc2/target:/opt/rustwide/target:rw,Z" "-v" "/var/lib/crater-agent-workspace/builds/worker-7-tc2/source:/opt/rustwide/workdir:ro,Z" "-v" "/var/lib/crater-agent-workspace/cargo-home:/opt/rustwide/cargo-home:ro,Z" "-v" "/var/lib/crater-agent-workspace/rustup-home:/opt/rustwide/rustup-home:ro,Z" "-e" "SOURCE_DIR=/opt/rustwide/workdir" "-e" "CARGO_TARGET_DIR=/opt/rustwide/target" "-e" "CARGO_INCREMENTAL=0" "-e" "RUST_BACKTRACE=full" "-e" "RUSTFLAGS=--cap-lints=warn" "-e" "RUSTDOCFLAGS=--cap-lints=warn" "-e" "CARGO_HOME=/opt/rustwide/cargo-home" "-e" "RUSTUP_HOME=/opt/rustwide/rustup-home" "-w" "/opt/rustwide/workdir" "-m" "1610612736" "--user" "0:0" "--network" "none" "ghcr.io/rust-lang/crates-build-env/linux@sha256:2788e3201cd34a07e3172128adcd8b3090168a8e3bcc40d7c032b9dda1df7d1c" "/opt/rustwide/cargo-home/bin/cargo" "+beta-2023-12-22" "build" "--frozen" "--message-format=json", kill_on_drop: false }`
[INFO] [stdout] 45f8cefae21ddfdb27866bd16a892bd6985eac0b4b0f272486195a3a4736201c
[INFO] running `Command { std: "docker" "start" "-a" "45f8cefae21ddfdb27866bd16a892bd6985eac0b4b0f272486195a3a4736201c", kill_on_drop: false }`
[INFO] [stderr]    Compiling cfg-if v1.0.0
[INFO] [stderr]    Compiling autocfg v1.1.0
[INFO] [stderr]    Compiling libc v0.2.151
[INFO] [stderr]    Compiling serde v1.0.194
[INFO] [stderr]    Compiling log v0.4.20
[INFO] [stderr]    Compiling wasm-bindgen-shared v0.2.89
[INFO] [stderr]    Compiling itoa v1.0.10
[INFO] [stderr]    Compiling syn v1.0.109
[INFO] [stderr]    Compiling once_cell v1.19.0
[INFO] [stderr]    Compiling serde_json v1.0.111
[INFO] [stderr]    Compiling bumpalo v3.14.0
[INFO] [stderr]    Compiling ppv-lite86 v0.2.17
[INFO] [stderr]    Compiling ryu v1.0.16
[INFO] [stderr]    Compiling siphasher v0.3.11
[INFO] [stderr]    Compiling proc-macro-hack v0.5.20+deprecated
[INFO] [stderr]    Compiling syn v2.0.48
[INFO] [stderr]    Compiling memchr v2.7.1
[INFO] [stderr]    Compiling wasm-bindgen v0.2.89
[INFO] [stderr]    Compiling phf_shared v0.10.0
[INFO] [stderr]    Compiling crc32fast v1.3.2
[INFO] [stderr]    Compiling doc-comment v0.3.3
[INFO] [stderr]    Compiling regex-syntax v0.8.2
[INFO] [stderr]    Compiling powerfmt v0.2.0
[INFO] [stderr]    Compiling hashbrown v0.14.3
[INFO] [stderr]    Compiling json v0.12.4
[INFO] [stderr]    Compiling num-traits v0.2.17
[INFO] [stderr]    Compiling deranged v0.3.11
[INFO] [stderr]    Compiling num-integer v0.1.45
[INFO] [stderr]    Compiling adler v1.0.2
[INFO] [stderr]    Compiling equivalent v1.0.1
[INFO] [stderr]    Compiling paste v1.0.14
[INFO] [stderr]    Compiling bit-vec v0.6.3
[INFO] [stderr]    Compiling aho-corasick v1.1.2
[INFO] [stderr]    Compiling time-core v0.1.2
[INFO] [stderr]    Compiling bytemuck v1.14.0
[INFO] [stderr]    Compiling safemem v0.3.3
[INFO] [stderr]    Compiling line-wrap v0.1.1
[INFO] [stderr]    Compiling safe_arch v0.7.1
[INFO] [stderr]    Compiling bit-set v0.5.3
[INFO] [stderr]    Compiling quick-xml v0.31.0
[INFO] [stderr]    Compiling miniz_oxide v0.7.1
[INFO] [stderr]    Compiling getrandom v0.2.11
[INFO] [stderr]    Compiling indexmap v2.1.0
[INFO] [stderr]    Compiling rand_core v0.6.4
[INFO] [stderr]    Compiling matrixmultiply v0.3.8
[INFO] [stderr]    Compiling num-rational v0.4.1
[INFO] [stderr]    Compiling rand_chacha v0.3.1
[INFO] [stderr]    Compiling time v0.3.31
[INFO] [stderr]    Compiling mt-dom v0.12.3
[INFO] [stderr]    Compiling cfg-if v0.1.10
[INFO] [stderr]    Compiling base64 v0.21.5
[INFO] [stderr]    Compiling typenum v1.17.0
[INFO] [stderr]    Compiling linked-hash-map v0.5.6
[INFO] [stderr]    Compiling same-file v1.0.6
[INFO] [stderr]    Compiling rand v0.8.5
[INFO] [stderr]    Compiling yaml-rust v0.4.5
[INFO] [stderr]    Compiling walkdir v2.4.0
[INFO] [stderr]    Compiling flate2 v1.0.28
[INFO] [stderr]    Compiling wide v0.7.13
[INFO] [stderr]    Compiling lazy_static v1.4.0
[INFO] [stderr]    Compiling approx v0.5.1
[INFO] [stderr]    Compiling num-complex v0.4.4
[INFO] [stderr]    Compiling rawpointer v0.2.1
[INFO] [stderr]    Compiling fnv v1.0.7
[INFO] [stderr]    Compiling bitflags v1.3.2
[INFO] [stderr]    Compiling regex-syntax v0.6.29
[INFO] [stderr]    Compiling lazycell v1.3.0
[INFO] [stderr]    Compiling regex-automata v0.4.3
[INFO] [stderr]    Compiling phf_generator v0.10.0
[INFO] [stderr]    Compiling css-colors v1.0.1
[INFO] [stderr]    Compiling unicode-width v0.1.11
[INFO] [stderr]    Compiling wasm-bindgen-backend v0.2.89
[INFO] [stderr]    Compiling simba v0.6.0
[INFO] [stderr]    Compiling bincode v1.3.3
[INFO] [stderr]    Compiling plist v1.6.0
[INFO] [stderr]    Compiling syn-rsx v0.8.1
[INFO] [stderr]    Compiling wasm-bindgen-macro-support v0.2.89
[INFO] [stderr]    Compiling thiserror-impl v1.0.56
[INFO] [stderr]    Compiling serde_derive v1.0.194
[INFO] [stderr]    Compiling phf_macros v0.10.0
[INFO] [stderr]    Compiling nalgebra-macros v0.1.0
[INFO] [stderr]    Compiling wasm-bindgen-macro v0.2.89
[INFO] [stderr]    Compiling regex v1.10.2
[INFO] [stderr]    Compiling fancy-regex v0.7.1
[INFO] [stderr]    Compiling thiserror v1.0.56
[INFO] [stderr]    Compiling phf v0.10.1
[INFO] [stderr]    Compiling jss v0.4.0
[INFO] [stderr]    Compiling js-sys v0.3.66
[INFO] [stderr]    Compiling syntect v4.6.0
[INFO] [stderr]    Compiling ultron-syntaxes-themes v0.2.6
[INFO] [stderr]    Compiling nalgebra v0.29.0
[INFO] [stderr]    Compiling web-sys v0.3.66
[INFO] [stderr]    Compiling sauron-core v0.43.11
[INFO] [stderr]    Compiling sauron-node-macro v0.43.11
[INFO] [stderr]    Compiling sauron v0.43.11
[INFO] [stderr]    Compiling ultron v0.2.6 (/opt/rustwide/workdir)
[INFO] [stdout] error[E0599]: no method named `copy_to_clipboard` found for reference `&Editor<XMSG>` in the current scope
[INFO] [stdout]    --> src/editor.rs:474:17
[INFO] [stdout]     |
[INFO] [stdout] 474 |         if self.copy_to_clipboard() {
[INFO] [stdout]     |                 ^^^^^^^^^^^^^^^^^ method not found in `&Editor<XMSG>`
[INFO] [stdout] 
[INFO] [stdout] 
[INFO] [stdout] error[E0599]: no method named `cut_to_clipboard` found for mutable reference `&mut Editor<XMSG>` in the current scope
[INFO] [stdout]    --> src/editor.rs:485:17
[INFO] [stdout]     |
[INFO] [stdout] 485 |         if self.cut_to_clipboard() {
[INFO] [stdout]     |                 ^^^^^^^^^^^^^^^^ method not found in `&mut Editor<XMSG>`
[INFO] [stdout] 
[INFO] [stdout] 
[INFO] [stdout] error: aborting due to 2 previous errors
[INFO] [stdout] 
[INFO] [stdout] 
[INFO] [stdout] For more information about this error, try `rustc --explain E0599`.
[INFO] [stdout] 
[INFO] [stderr] error: could not compile `ultron` (lib) due to 3 previous errors
[INFO] running `Command { std: "docker" "inspect" "45f8cefae21ddfdb27866bd16a892bd6985eac0b4b0f272486195a3a4736201c", kill_on_drop: false }`
[INFO] running `Command { std: "docker" "rm" "-f" "45f8cefae21ddfdb27866bd16a892bd6985eac0b4b0f272486195a3a4736201c", kill_on_drop: false }`
[INFO] [stdout] 45f8cefae21ddfdb27866bd16a892bd6985eac0b4b0f272486195a3a4736201c
