[INFO] fetching crate ui_image2d 0.0.1...
[INFO] testing ui_image2d-0.0.1 against 1.75.0 for beta-1.76-1
[INFO] extracting crate ui_image2d 0.0.1 into /workspace/builds/worker-0-tc1/source
[INFO] validating manifest of crates.io crate ui_image2d 0.0.1 on toolchain 1.75.0
[INFO] running `Command { std: CARGO_HOME="/workspace/cargo-home" RUSTUP_HOME="/workspace/rustup-home" "/workspace/cargo-home/bin/cargo" "+1.75.0" "metadata" "--manifest-path" "Cargo.toml" "--no-deps", kill_on_drop: false }`
[INFO] started tweaking crates.io crate ui_image2d 0.0.1
[INFO] finished tweaking crates.io crate ui_image2d 0.0.1
[INFO] tweaked toml for crates.io crate ui_image2d 0.0.1 written to /workspace/builds/worker-0-tc1/source/Cargo.toml
[INFO] running `Command { std: CARGO_HOME="/workspace/cargo-home" RUSTUP_HOME="/workspace/rustup-home" "/workspace/cargo-home/bin/cargo" "+1.75.0" "generate-lockfile" "--manifest-path" "Cargo.toml", kill_on_drop: false }`
[INFO] [stderr]     Updating crates.io index
[INFO] running `Command { std: CARGO_HOME="/workspace/cargo-home" RUSTUP_HOME="/workspace/rustup-home" "/workspace/cargo-home/bin/cargo" "+1.75.0" "fetch" "--manifest-path" "Cargo.toml", kill_on_drop: false }`
[INFO] [stderr]  Downloading crates ...
[INFO] [stderr]   Downloaded wayland-sys v0.12.5
[INFO] [stderr]   Downloaded core-graphics v0.12.4
[INFO] [stderr]   Downloaded core-foundation-sys v0.4.6
[INFO] [stderr]   Downloaded wayland-scanner v0.12.5
[INFO] [stderr]   Downloaded wayland-client v0.12.5
[INFO] [stderr]   Downloaded token_store v0.1.2
[INFO] [stderr]   Downloaded wayland-window v0.13.3
[INFO] [stderr]   Downloaded core-graphics v0.13.0
[INFO] [stderr]   Downloaded gl_generator v0.8.0
[INFO] [stderr]   Downloaded core-foundation v0.4.6
[INFO] [stderr]   Downloaded wayland-kbd v0.13.1
[INFO] [stderr]   Downloaded glutin v0.12.2
[INFO] [stderr]   Downloaded wayland-protocols v0.12.5
[INFO] [stderr]   Downloaded glium v0.20.0
[INFO] [stderr]   Downloaded winit v0.10.0
[INFO] [stderr]   Downloaded cocoa v0.14.0
[INFO] [stderr]   Downloaded aflak_imgui-sys v0.18.1
[INFO] [stderr]   Downloaded aflak_imgui v0.18.1
[INFO] [stderr]   Downloaded aflak_plot v0.0.1
[INFO] [stderr]   Downloaded aflak_imgui-glium-renderer v0.18.1
[INFO] [stderr]   Downloaded cocoa v0.13.0
[INFO] running `Command { std: "docker" "create" "-v" "/var/lib/crater-agent-workspace/builds/worker-0-tc1/target:/opt/rustwide/target:rw,Z" "-v" "/var/lib/crater-agent-workspace/builds/worker-0-tc1/source:/opt/rustwide/workdir:ro,Z" "-v" "/var/lib/crater-agent-workspace/cargo-home:/opt/rustwide/cargo-home:ro,Z" "-v" "/var/lib/crater-agent-workspace/rustup-home:/opt/rustwide/rustup-home:ro,Z" "-e" "SOURCE_DIR=/opt/rustwide/workdir" "-e" "CARGO_TARGET_DIR=/opt/rustwide/target" "-e" "CARGO_HOME=/opt/rustwide/cargo-home" "-e" "RUSTUP_HOME=/opt/rustwide/rustup-home" "-w" "/opt/rustwide/workdir" "-m" "1610612736" "--user" "0:0" "--network" "none" "ghcr.io/rust-lang/crates-build-env/linux@sha256:2788e3201cd34a07e3172128adcd8b3090168a8e3bcc40d7c032b9dda1df7d1c" "/opt/rustwide/cargo-home/bin/cargo" "+1.75.0" "metadata" "--no-deps" "--format-version=1", kill_on_drop: false }`
[INFO] [stdout] 86517183a20e4b7b0d4a0481fb42f07262569352c3878b579d90b3326115bc92
[INFO] running `Command { std: "docker" "start" "-a" "86517183a20e4b7b0d4a0481fb42f07262569352c3878b579d90b3326115bc92", kill_on_drop: false }`
[INFO] running `Command { std: "docker" "inspect" "86517183a20e4b7b0d4a0481fb42f07262569352c3878b579d90b3326115bc92", kill_on_drop: false }`
[INFO] running `Command { std: "docker" "rm" "-f" "86517183a20e4b7b0d4a0481fb42f07262569352c3878b579d90b3326115bc92", kill_on_drop: false }`
[INFO] [stdout] 86517183a20e4b7b0d4a0481fb42f07262569352c3878b579d90b3326115bc92
[INFO] running `Command { std: "docker" "create" "-v" "/var/lib/crater-agent-workspace/builds/worker-0-tc1/target:/opt/rustwide/target:rw,Z" "-v" "/var/lib/crater-agent-workspace/builds/worker-0-tc1/source:/opt/rustwide/workdir:ro,Z" "-v" "/var/lib/crater-agent-workspace/cargo-home:/opt/rustwide/cargo-home:ro,Z" "-v" "/var/lib/crater-agent-workspace/rustup-home:/opt/rustwide/rustup-home:ro,Z" "-e" "SOURCE_DIR=/opt/rustwide/workdir" "-e" "CARGO_TARGET_DIR=/opt/rustwide/target" "-e" "CARGO_INCREMENTAL=0" "-e" "RUST_BACKTRACE=full" "-e" "RUSTFLAGS=--cap-lints=warn" "-e" "RUSTDOCFLAGS=--cap-lints=warn" "-e" "CARGO_HOME=/opt/rustwide/cargo-home" "-e" "RUSTUP_HOME=/opt/rustwide/rustup-home" "-w" "/opt/rustwide/workdir" "-m" "1610612736" "--user" "0:0" "--network" "none" "ghcr.io/rust-lang/crates-build-env/linux@sha256:2788e3201cd34a07e3172128adcd8b3090168a8e3bcc40d7c032b9dda1df7d1c" "/opt/rustwide/cargo-home/bin/cargo" "+1.75.0" "build" "--frozen" "--message-format=json", kill_on_drop: false }`
[INFO] [stdout] ad60acb5e0161c637469381b60f50ad07bd49e8212220a0bfaac5d4569c00108
[INFO] running `Command { std: "docker" "start" "-a" "ad60acb5e0161c637469381b60f50ad07bd49e8212220a0bfaac5d4569c00108", kill_on_drop: false }`
[INFO] [stderr]    Compiling xml-rs v0.7.0
[INFO] [stderr]    Compiling lazy_static v1.4.0
[INFO] [stderr]    Compiling libloading v0.6.7
[INFO] [stderr]    Compiling khronos_api v2.2.0
[INFO] [stderr]    Compiling log v0.4.20
[INFO] [stderr]    Compiling token_store v0.1.2
[INFO] [stderr]    Compiling cc v1.0.83
[INFO] [stderr]    Compiling linux-raw-sys v0.4.12
[INFO] [stderr]    Compiling bitflags v2.4.1
[INFO] [stderr]    Compiling memmap v0.6.2
[INFO] [stderr]    Compiling fastrand v2.0.1
[INFO] [stderr]    Compiling maybe-uninit v2.0.0
[INFO] [stderr]    Compiling rustix v0.38.28
[INFO] [stderr]    Compiling x11-dl v2.21.0
[INFO] [stderr]    Compiling adler v1.0.2
[INFO] [stderr]    Compiling memchr v2.7.1
[INFO] [stderr]    Compiling shared_library v0.1.9
[INFO] [stderr]    Compiling gimli v0.28.1
[INFO] [stderr]    Compiling miniz_oxide v0.7.1
[INFO] [stderr]    Compiling num-traits v0.2.17
[INFO] [stderr]    Compiling dlib v0.4.2
[INFO] [stderr]    Compiling log v0.3.9
[INFO] [stderr]    Compiling osmesa-sys v0.1.2
[INFO] [stderr]    Compiling wayland-sys v0.12.5
[INFO] [stderr]    Compiling rustc-demangle v0.1.23
[INFO] [stderr]    Compiling matrixmultiply v0.1.15
[INFO] [stderr]    Compiling ndarray v0.11.2
[INFO] [stderr]    Compiling either v1.9.0
[INFO] [stderr]    Compiling smallvec v0.6.14
[INFO] [stderr]    Compiling rawpointer v0.1.0
[INFO] [stderr]    Compiling itertools v0.7.11
[INFO] [stderr]    Compiling object v0.32.2
[INFO] [stderr]    Compiling wayland-scanner v0.12.5
[INFO] [stderr]    Compiling gl_generator v0.8.0
[INFO] [stderr]    Compiling backtrace v0.3.69
[INFO] [stderr]    Compiling aflak_imgui-sys v0.18.1
[INFO] [stderr]    Compiling wayland-client v0.12.5
[INFO] [stderr]    Compiling wayland-protocols v0.12.5
[INFO] [stderr]    Compiling glutin v0.12.2
[INFO] [stderr]    Compiling glium v0.20.0
[INFO] [stderr]    Compiling num-complex v0.1.43
[INFO] [stderr]    Compiling num-traits v0.1.43
[INFO] [stderr]    Compiling tempfile v3.9.0
[INFO] [stderr]    Compiling wayland-kbd v0.13.1
[INFO] [stderr]    Compiling addr2line v0.21.0
[INFO] [stderr]    Compiling wayland-window v0.13.3
[INFO] [stderr]    Compiling winit v0.10.0
[INFO] [stderr]    Compiling aflak_imgui v0.18.1
[INFO] [stderr]    Compiling aflak_imgui-glium-renderer v0.18.1
[INFO] [stderr]    Compiling aflak_plot v0.0.1
[INFO] [stderr]    Compiling ui_image2d v0.0.1 (/opt/rustwide/workdir)
[INFO] [stderr]     Finished dev [unoptimized + debuginfo] target(s) in 9.18s
[INFO] running `Command { std: "docker" "inspect" "ad60acb5e0161c637469381b60f50ad07bd49e8212220a0bfaac5d4569c00108", kill_on_drop: false }`
[INFO] running `Command { std: "docker" "rm" "-f" "ad60acb5e0161c637469381b60f50ad07bd49e8212220a0bfaac5d4569c00108", kill_on_drop: false }`
[INFO] [stdout] ad60acb5e0161c637469381b60f50ad07bd49e8212220a0bfaac5d4569c00108
[INFO] running `Command { std: "docker" "create" "-v" "/var/lib/crater-agent-workspace/builds/worker-0-tc1/target:/opt/rustwide/target:rw,Z" "-v" "/var/lib/crater-agent-workspace/builds/worker-0-tc1/source:/opt/rustwide/workdir:ro,Z" "-v" "/var/lib/crater-agent-workspace/cargo-home:/opt/rustwide/cargo-home:ro,Z" "-v" "/var/lib/crater-agent-workspace/rustup-home:/opt/rustwide/rustup-home:ro,Z" "-e" "SOURCE_DIR=/opt/rustwide/workdir" "-e" "CARGO_TARGET_DIR=/opt/rustwide/target" "-e" "CARGO_INCREMENTAL=0" "-e" "RUST_BACKTRACE=full" "-e" "RUSTFLAGS=--cap-lints=warn" "-e" "RUSTDOCFLAGS=--cap-lints=warn" "-e" "CARGO_HOME=/opt/rustwide/cargo-home" "-e" "RUSTUP_HOME=/opt/rustwide/rustup-home" "-w" "/opt/rustwide/workdir" "-m" "1610612736" "--user" "0:0" "--network" "none" "ghcr.io/rust-lang/crates-build-env/linux@sha256:2788e3201cd34a07e3172128adcd8b3090168a8e3bcc40d7c032b9dda1df7d1c" "/opt/rustwide/cargo-home/bin/cargo" "+1.75.0" "test" "--frozen" "--no-run" "--message-format=json", kill_on_drop: false }`
[INFO] [stdout] 88ff6cae708380e392fcb60a3ee10f97f0b02608dcadee5bdec86ce0292e75f6
[INFO] running `Command { std: "docker" "start" "-a" "88ff6cae708380e392fcb60a3ee10f97f0b02608dcadee5bdec86ce0292e75f6", kill_on_drop: false }`
[INFO] [stderr]    Compiling ui_image2d v0.0.1 (/opt/rustwide/workdir)
[INFO] [stdout] error[E0463]: can't find crate for `glium`
[INFO] [stdout]  --> examples/gradient.rs:1:1
[INFO] [stdout]   |
[INFO] [stdout] 1 | extern crate glium;
[INFO] [stdout]   | ^^^^^^^^^^^^^^^^^^^ can't find crate
[INFO] [stdout] 
[INFO] [stdout] 
[INFO] [stdout] error[E0463]: can't find crate for `imgui`
[INFO] [stdout]  --> examples/gradient.rs:3:1
[INFO] [stdout]   |
[INFO] [stdout] 3 | extern crate imgui;
[INFO] [stdout]   | ^^^^^^^^^^^^^^^^^^^ can't find crate
[INFO] [stdout] 
[INFO] [stdout] 
[INFO] [stdout] error[E0463]: can't find crate for `imgui_glium_renderer`
[INFO] [stdout]  --> examples/gradient.rs:4:1
[INFO] [stdout]   |
[INFO] [stdout] 4 | extern crate imgui_glium_renderer;
[INFO] [stdout]   | ^^^^^^^^^^^^^^^^^^^^^^^^^^^^^^^^^^ can't find crate
[INFO] [stdout] 
[INFO] [stdout] 
[INFO] [stdout] error[E0463]: can't find crate for `ndarray`
[INFO] [stdout]  --> examples/gradient.rs:5:1
[INFO] [stdout]   |
[INFO] [stdout] 5 | extern crate ndarray;
[INFO] [stdout]   | ^^^^^^^^^^^^^^^^^^^^^ can't find crate
[INFO] [stdout] 
[INFO] [stdout] 
[INFO] [stdout] error: cannot find macro `im_str` in this scope
[INFO] [stdout]   --> examples/gradient.rs:32:19
[INFO] [stdout]    |
[INFO] [stdout] 32 |         ui.window(im_str!("Gradient")).build(|| {
[INFO] [stdout]    |                   ^^^^^^
[INFO] [stdout] 
[INFO] [stdout] 
[INFO] [stdout] error: cannot find macro `im_str` in this scope
[INFO] [stdout]   --> examples/gradient.rs:33:33
[INFO] [stdout]    |
[INFO] [stdout] 33 |             ui.image2d(&gl_ctx, im_str!("Gradient"), &image_data, &mut state)
[INFO] [stdout]    |                                 ^^^^^^
[INFO] [stdout] 
[INFO] [stdout] 
[INFO] [stdout] warning: unused import: `ui_image2d::UiImage2d`
[INFO] [stdout]   --> examples/gradient.rs:10:5
[INFO] [stdout]    |
[INFO] [stdout] 10 | use ui_image2d::UiImage2d;
[INFO] [stdout]    |     ^^^^^^^^^^^^^^^^^^^^^
[INFO] [stdout]    |
[INFO] [stdout]    = note: `#[warn(unused_imports)]` on by default
[INFO] [stdout] 
[INFO] [stdout] 
[INFO] [stdout] error: aborting due to 6 previous errors; 1 warning emitted
[INFO] [stdout] 
[INFO] [stdout] 
[INFO] [stdout] For more information about this error, try `rustc --explain E0463`.
[INFO] [stdout] 
[INFO] [stderr] error: could not compile `ui_image2d` (example "gradient") due to 7 previous errors; 1 warning emitted
[INFO] [stderr] warning: build failed, waiting for other jobs to finish...
[INFO] running `Command { std: "docker" "inspect" "88ff6cae708380e392fcb60a3ee10f97f0b02608dcadee5bdec86ce0292e75f6", kill_on_drop: false }`
[INFO] running `Command { std: "docker" "rm" "-f" "88ff6cae708380e392fcb60a3ee10f97f0b02608dcadee5bdec86ce0292e75f6", kill_on_drop: false }`
[INFO] [stdout] 88ff6cae708380e392fcb60a3ee10f97f0b02608dcadee5bdec86ce0292e75f6
[INFO] testing ui_image2d-0.0.1 against beta-2023-12-22 for beta-1.76-1
[INFO] extracting crate ui_image2d 0.0.1 into /workspace/builds/worker-0-tc2/source
[INFO] validating manifest of crates.io crate ui_image2d 0.0.1 on toolchain beta-2023-12-22
[INFO] running `Command { std: CARGO_HOME="/workspace/cargo-home" RUSTUP_HOME="/workspace/rustup-home" "/workspace/cargo-home/bin/cargo" "+beta-2023-12-22" "metadata" "--manifest-path" "Cargo.toml" "--no-deps", kill_on_drop: false }`
[INFO] started tweaking crates.io crate ui_image2d 0.0.1
[INFO] finished tweaking crates.io crate ui_image2d 0.0.1
[INFO] tweaked toml for crates.io crate ui_image2d 0.0.1 written to /workspace/builds/worker-0-tc2/source/Cargo.toml
[INFO] running `Command { std: CARGO_HOME="/workspace/cargo-home" RUSTUP_HOME="/workspace/rustup-home" "/workspace/cargo-home/bin/cargo" "+beta-2023-12-22" "generate-lockfile" "--manifest-path" "Cargo.toml", kill_on_drop: false }`
[INFO] [stderr]     Updating crates.io index
[INFO] running `Command { std: CARGO_HOME="/workspace/cargo-home" RUSTUP_HOME="/workspace/rustup-home" "/workspace/cargo-home/bin/cargo" "+beta-2023-12-22" "fetch" "--manifest-path" "Cargo.toml", kill_on_drop: false }`
[INFO] running `Command { std: "docker" "create" "-v" "/var/lib/crater-agent-workspace/builds/worker-0-tc2/target:/opt/rustwide/target:rw,Z" "-v" "/var/lib/crater-agent-workspace/builds/worker-0-tc2/source:/opt/rustwide/workdir:ro,Z" "-v" "/var/lib/crater-agent-workspace/cargo-home:/opt/rustwide/cargo-home:ro,Z" "-v" "/var/lib/crater-agent-workspace/rustup-home:/opt/rustwide/rustup-home:ro,Z" "-e" "SOURCE_DIR=/opt/rustwide/workdir" "-e" "CARGO_TARGET_DIR=/opt/rustwide/target" "-e" "CARGO_HOME=/opt/rustwide/cargo-home" "-e" "RUSTUP_HOME=/opt/rustwide/rustup-home" "-w" "/opt/rustwide/workdir" "-m" "1610612736" "--user" "0:0" "--network" "none" "ghcr.io/rust-lang/crates-build-env/linux@sha256:2788e3201cd34a07e3172128adcd8b3090168a8e3bcc40d7c032b9dda1df7d1c" "/opt/rustwide/cargo-home/bin/cargo" "+beta-2023-12-22" "metadata" "--no-deps" "--format-version=1", kill_on_drop: false }`
[INFO] [stdout] dd367fc17f407fe8b1e20f7a08e56834ac760d555687d2a8d6884ba9cb6b457e
[INFO] running `Command { std: "docker" "start" "-a" "dd367fc17f407fe8b1e20f7a08e56834ac760d555687d2a8d6884ba9cb6b457e", kill_on_drop: false }`
[INFO] running `Command { std: "docker" "inspect" "dd367fc17f407fe8b1e20f7a08e56834ac760d555687d2a8d6884ba9cb6b457e", kill_on_drop: false }`
[INFO] running `Command { std: "docker" "rm" "-f" "dd367fc17f407fe8b1e20f7a08e56834ac760d555687d2a8d6884ba9cb6b457e", kill_on_drop: false }`
[INFO] [stdout] dd367fc17f407fe8b1e20f7a08e56834ac760d555687d2a8d6884ba9cb6b457e
[INFO] running `Command { std: "docker" "create" "-v" "/var/lib/crater-agent-workspace/builds/worker-0-tc2/target:/opt/rustwide/target:rw,Z" "-v" "/var/lib/crater-agent-workspace/builds/worker-0-tc2/source:/opt/rustwide/workdir:ro,Z" "-v" "/var/lib/crater-agent-workspace/cargo-home:/opt/rustwide/cargo-home:ro,Z" "-v" "/var/lib/crater-agent-workspace/rustup-home:/opt/rustwide/rustup-home:ro,Z" "-e" "SOURCE_DIR=/opt/rustwide/workdir" "-e" "CARGO_TARGET_DIR=/opt/rustwide/target" "-e" "CARGO_INCREMENTAL=0" "-e" "RUST_BACKTRACE=full" "-e" "RUSTFLAGS=--cap-lints=warn" "-e" "RUSTDOCFLAGS=--cap-lints=warn" "-e" "CARGO_HOME=/opt/rustwide/cargo-home" "-e" "RUSTUP_HOME=/opt/rustwide/rustup-home" "-w" "/opt/rustwide/workdir" "-m" "1610612736" "--user" "0:0" "--network" "none" "ghcr.io/rust-lang/crates-build-env/linux@sha256:2788e3201cd34a07e3172128adcd8b3090168a8e3bcc40d7c032b9dda1df7d1c" "/opt/rustwide/cargo-home/bin/cargo" "+beta-2023-12-22" "build" "--frozen" "--message-format=json", kill_on_drop: false }`
[INFO] [stdout] fa64827665f597d26fb0ce5d17cdbadbc071175ecb6fbc32b90213e1735d18c0
[INFO] running `Command { std: "docker" "start" "-a" "fa64827665f597d26fb0ce5d17cdbadbc071175ecb6fbc32b90213e1735d18c0", kill_on_drop: false }`
[INFO] [stderr]    Compiling lazy_static v1.4.0
[INFO] [stderr]    Compiling khronos_api v2.2.0
[INFO] [stderr]    Compiling log v0.4.20
[INFO] [stderr]    Compiling xml-rs v0.7.0
[INFO] [stderr]    Compiling libloading v0.6.7
[INFO] [stderr]    Compiling token_store v0.1.2
[INFO] [stderr]    Compiling cc v1.0.83
[INFO] [stderr]    Compiling rustix v0.38.28
[INFO] [stderr]    Compiling linux-raw-sys v0.4.12
[INFO] [stderr]    Compiling bitflags v2.4.1
[INFO] [stderr]    Compiling memmap v0.6.2
[INFO] [stderr]    Compiling fastrand v2.0.1
[INFO] [stderr]    Compiling maybe-uninit v2.0.0
[INFO] [stderr]    Compiling gimli v0.28.1
[INFO] [stderr]    Compiling x11-dl v2.21.0
[INFO] [stderr]    Compiling adler v1.0.2
[INFO] [stderr]    Compiling shared_library v0.1.9
[INFO] [stderr]    Compiling memchr v2.7.1
[INFO] [stderr]    Compiling num-traits v0.2.17
[INFO] [stderr]    Compiling dlib v0.4.2
[INFO] [stderr]    Compiling wayland-sys v0.12.5
[INFO] [stderr]    Compiling log v0.3.9
[INFO] [stderr]    Compiling osmesa-sys v0.1.2
[INFO] [stderr]    Compiling miniz_oxide v0.7.1
[INFO] [stderr]    Compiling rustc-demangle v0.1.23
[INFO] [stderr]    Compiling matrixmultiply v0.1.15
[INFO] [stderr]    Compiling ndarray v0.11.2
[INFO] [stderr]    Compiling either v1.9.0
[INFO] [stderr]    Compiling rawpointer v0.1.0
[INFO] [stderr]    Compiling smallvec v0.6.14
[INFO] [stderr]    Compiling itertools v0.7.11
[INFO] [stderr]    Compiling wayland-scanner v0.12.5
[INFO] [stderr]    Compiling gl_generator v0.8.0
[INFO] [stderr]    Compiling object v0.32.2
[INFO] [stderr]    Compiling wayland-client v0.12.5
[INFO] [stderr]    Compiling wayland-protocols v0.12.5
[INFO] [stderr]    Compiling backtrace v0.3.69
[INFO] [stderr]    Compiling aflak_imgui-sys v0.18.1
[INFO] [stderr]    Compiling glutin v0.12.2
[INFO] [stderr]    Compiling glium v0.20.0
[INFO] [stderr]    Compiling num-complex v0.1.43
[INFO] [stderr]    Compiling num-traits v0.1.43
[INFO] [stderr]    Compiling tempfile v3.9.0
[INFO] [stderr]    Compiling addr2line v0.21.0
[INFO] [stderr]    Compiling wayland-kbd v0.13.1
[INFO] [stderr]    Compiling wayland-window v0.13.3
[INFO] [stderr]    Compiling winit v0.10.0
[INFO] [stderr]    Compiling aflak_imgui v0.18.1
[INFO] [stderr]    Compiling aflak_imgui-glium-renderer v0.18.1
[INFO] [stderr]    Compiling aflak_plot v0.0.1
[INFO] [stderr]    Compiling ui_image2d v0.0.1 (/opt/rustwide/workdir)
[INFO] [stderr]     Finished dev [unoptimized + debuginfo] target(s) in 11.07s
[INFO] running `Command { std: "docker" "inspect" "fa64827665f597d26fb0ce5d17cdbadbc071175ecb6fbc32b90213e1735d18c0", kill_on_drop: false }`
[INFO] running `Command { std: "docker" "rm" "-f" "fa64827665f597d26fb0ce5d17cdbadbc071175ecb6fbc32b90213e1735d18c0", kill_on_drop: false }`
[INFO] [stdout] fa64827665f597d26fb0ce5d17cdbadbc071175ecb6fbc32b90213e1735d18c0
[INFO] running `Command { std: "docker" "create" "-v" "/var/lib/crater-agent-workspace/builds/worker-0-tc2/target:/opt/rustwide/target:rw,Z" "-v" "/var/lib/crater-agent-workspace/builds/worker-0-tc2/source:/opt/rustwide/workdir:ro,Z" "-v" "/var/lib/crater-agent-workspace/cargo-home:/opt/rustwide/cargo-home:ro,Z" "-v" "/var/lib/crater-agent-workspace/rustup-home:/opt/rustwide/rustup-home:ro,Z" "-e" "SOURCE_DIR=/opt/rustwide/workdir" "-e" "CARGO_TARGET_DIR=/opt/rustwide/target" "-e" "CARGO_INCREMENTAL=0" "-e" "RUST_BACKTRACE=full" "-e" "RUSTFLAGS=--cap-lints=warn" "-e" "RUSTDOCFLAGS=--cap-lints=warn" "-e" "CARGO_HOME=/opt/rustwide/cargo-home" "-e" "RUSTUP_HOME=/opt/rustwide/rustup-home" "-w" "/opt/rustwide/workdir" "-m" "1610612736" "--user" "0:0" "--network" "none" "ghcr.io/rust-lang/crates-build-env/linux@sha256:2788e3201cd34a07e3172128adcd8b3090168a8e3bcc40d7c032b9dda1df7d1c" "/opt/rustwide/cargo-home/bin/cargo" "+beta-2023-12-22" "test" "--frozen" "--no-run" "--message-format=json", kill_on_drop: false }`
[INFO] [stdout] 7ea952803b70fb0bde246740acbb2e1c5a024c41fb927e9ab11eedeacea64fb7
[INFO] running `Command { std: "docker" "start" "-a" "7ea952803b70fb0bde246740acbb2e1c5a024c41fb927e9ab11eedeacea64fb7", kill_on_drop: false }`
[INFO] [stderr]    Compiling ui_image2d v0.0.1 (/opt/rustwide/workdir)
[INFO] [stdout] error[E0463]: can't find crate for `glium`
[INFO] [stdout]  --> examples/gradient.rs:1:1
[INFO] [stdout]   |
[INFO] [stdout] 1 | extern crate glium;
[INFO] [stdout]   | ^^^^^^^^^^^^^^^^^^^ can't find crate
[INFO] [stdout] 
[INFO] [stdout] 
[INFO] [stdout] error[E0463]: can't find crate for `imgui`
[INFO] [stdout]  --> examples/gradient.rs:3:1
[INFO] [stdout]   |
[INFO] [stdout] 3 | extern crate imgui;
[INFO] [stdout]   | ^^^^^^^^^^^^^^^^^^^ can't find crate
[INFO] [stdout] 
[INFO] [stdout] 
[INFO] [stdout] error[E0463]: can't find crate for `imgui_glium_renderer`
[INFO] [stdout]  --> examples/gradient.rs:4:1
[INFO] [stdout]   |
[INFO] [stdout] 4 | extern crate imgui_glium_renderer;
[INFO] [stdout]   | ^^^^^^^^^^^^^^^^^^^^^^^^^^^^^^^^^^ can't find crate
[INFO] [stdout] 
[INFO] [stdout] 
[INFO] [stdout] error[E0463]: can't find crate for `ndarray`
[INFO] [stdout]  --> examples/gradient.rs:5:1
[INFO] [stdout]   |
[INFO] [stdout] 5 | extern crate ndarray;
[INFO] [stdout]   | ^^^^^^^^^^^^^^^^^^^^^ can't find crate
[INFO] [stdout] 
[INFO] [stdout] 
[INFO] [stdout] error: cannot find macro `im_str` in this scope
[INFO] [stdout]   --> examples/gradient.rs:32:19
[INFO] [stdout]    |
[INFO] [stdout] 32 |         ui.window(im_str!("Gradient")).build(|| {
[INFO] [stdout]    |                   ^^^^^^
[INFO] [stdout] 
[INFO] [stdout] 
[INFO] [stdout] error: cannot find macro `im_str` in this scope
[INFO] [stdout]   --> examples/gradient.rs:33:33
[INFO] [stdout]    |
[INFO] [stdout] 33 |             ui.image2d(&gl_ctx, im_str!("Gradient"), &image_data, &mut state)
[INFO] [stdout]    |                                 ^^^^^^
[INFO] [stdout] 
[INFO] [stdout] 
[INFO] [stdout] warning: unused import: `ui_image2d::UiImage2d`
[INFO] [stdout]   --> examples/gradient.rs:10:5
[INFO] [stdout]    |
[INFO] [stdout] 10 | use ui_image2d::UiImage2d;
[INFO] [stdout]    |     ^^^^^^^^^^^^^^^^^^^^^
[INFO] [stdout]    |
[INFO] [stdout]    = note: `#[warn(unused_imports)]` on by default
[INFO] [stdout] 
[INFO] [stdout] 
[INFO] [stdout] error: aborting due to 6 previous errors; 1 warning emitted
[INFO] [stdout] 
[INFO] [stdout] 
[INFO] [stdout] For more information about this error, try `rustc --explain E0463`.
[INFO] [stdout] 
[INFO] [stderr] error: could not compile `ui_image2d` (example "gradient") due to 7 previous errors; 1 warning emitted
[INFO] [stderr] warning: build failed, waiting for other jobs to finish...
[INFO] running `Command { std: "docker" "inspect" "7ea952803b70fb0bde246740acbb2e1c5a024c41fb927e9ab11eedeacea64fb7", kill_on_drop: false }`
[INFO] running `Command { std: "docker" "rm" "-f" "7ea952803b70fb0bde246740acbb2e1c5a024c41fb927e9ab11eedeacea64fb7", kill_on_drop: false }`
[INFO] [stdout] 7ea952803b70fb0bde246740acbb2e1c5a024c41fb927e9ab11eedeacea64fb7
