[INFO] fetching crate uefi 0.26.0...
[INFO] testing uefi-0.26.0 against 1.75.0 for beta-1.76-1
[INFO] extracting crate uefi 0.26.0 into /workspace/builds/worker-3-tc1/source
[INFO] validating manifest of crates.io crate uefi 0.26.0 on toolchain 1.75.0
[INFO] running `Command { std: CARGO_HOME="/workspace/cargo-home" RUSTUP_HOME="/workspace/rustup-home" "/workspace/cargo-home/bin/cargo" "+1.75.0" "metadata" "--manifest-path" "Cargo.toml" "--no-deps", kill_on_drop: false }`
[INFO] started tweaking crates.io crate uefi 0.26.0
[INFO] finished tweaking crates.io crate uefi 0.26.0
[INFO] tweaked toml for crates.io crate uefi 0.26.0 written to /workspace/builds/worker-3-tc1/source/Cargo.toml
[INFO] running `Command { std: CARGO_HOME="/workspace/cargo-home" RUSTUP_HOME="/workspace/rustup-home" "/workspace/cargo-home/bin/cargo" "+1.75.0" "generate-lockfile" "--manifest-path" "Cargo.toml", kill_on_drop: false }`
[INFO] [stderr]     Updating crates.io index
[INFO] running `Command { std: CARGO_HOME="/workspace/cargo-home" RUSTUP_HOME="/workspace/rustup-home" "/workspace/cargo-home/bin/cargo" "+1.75.0" "fetch" "--manifest-path" "Cargo.toml", kill_on_drop: false }`
[INFO] [stderr]  Downloading crates ...
[INFO] [stderr]   Downloaded ucs2 v0.3.2
[INFO] [stderr]   Downloaded ptr_meta_derive v0.2.0
[INFO] [stderr]   Downloaded ptr_meta v0.2.0
[INFO] [stderr]   Downloaded uguid v2.2.0
[INFO] [stderr]   Downloaded uefi-macros v0.13.0
[INFO] [stderr]   Downloaded uefi-raw v0.5.0
[INFO] running `Command { std: "docker" "create" "-v" "/var/lib/crater-agent-workspace/builds/worker-3-tc1/target:/opt/rustwide/target:rw,Z" "-v" "/var/lib/crater-agent-workspace/builds/worker-3-tc1/source:/opt/rustwide/workdir:ro,Z" "-v" "/var/lib/crater-agent-workspace/cargo-home:/opt/rustwide/cargo-home:ro,Z" "-v" "/var/lib/crater-agent-workspace/rustup-home:/opt/rustwide/rustup-home:ro,Z" "-e" "SOURCE_DIR=/opt/rustwide/workdir" "-e" "CARGO_TARGET_DIR=/opt/rustwide/target" "-e" "CARGO_HOME=/opt/rustwide/cargo-home" "-e" "RUSTUP_HOME=/opt/rustwide/rustup-home" "-w" "/opt/rustwide/workdir" "-m" "1610612736" "--user" "0:0" "--network" "none" "ghcr.io/rust-lang/crates-build-env/linux@sha256:2788e3201cd34a07e3172128adcd8b3090168a8e3bcc40d7c032b9dda1df7d1c" "/opt/rustwide/cargo-home/bin/cargo" "+1.75.0" "metadata" "--no-deps" "--format-version=1", kill_on_drop: false }`
[INFO] [stdout] 47d986abfa41470512b9d3b8ea1d883593a42aaa78011c6cc8e00bed882e4088
[INFO] running `Command { std: "docker" "start" "-a" "47d986abfa41470512b9d3b8ea1d883593a42aaa78011c6cc8e00bed882e4088", kill_on_drop: false }`
[INFO] running `Command { std: "docker" "inspect" "47d986abfa41470512b9d3b8ea1d883593a42aaa78011c6cc8e00bed882e4088", kill_on_drop: false }`
[INFO] running `Command { std: "docker" "rm" "-f" "47d986abfa41470512b9d3b8ea1d883593a42aaa78011c6cc8e00bed882e4088", kill_on_drop: false }`
[INFO] [stdout] 47d986abfa41470512b9d3b8ea1d883593a42aaa78011c6cc8e00bed882e4088
[INFO] running `Command { std: "docker" "create" "-v" "/var/lib/crater-agent-workspace/builds/worker-3-tc1/target:/opt/rustwide/target:rw,Z" "-v" "/var/lib/crater-agent-workspace/builds/worker-3-tc1/source:/opt/rustwide/workdir:ro,Z" "-v" "/var/lib/crater-agent-workspace/cargo-home:/opt/rustwide/cargo-home:ro,Z" "-v" "/var/lib/crater-agent-workspace/rustup-home:/opt/rustwide/rustup-home:ro,Z" "-e" "SOURCE_DIR=/opt/rustwide/workdir" "-e" "CARGO_TARGET_DIR=/opt/rustwide/target" "-e" "CARGO_INCREMENTAL=0" "-e" "RUST_BACKTRACE=full" "-e" "RUSTFLAGS=--cap-lints=warn" "-e" "RUSTDOCFLAGS=--cap-lints=warn" "-e" "CARGO_HOME=/opt/rustwide/cargo-home" "-e" "RUSTUP_HOME=/opt/rustwide/rustup-home" "-w" "/opt/rustwide/workdir" "-m" "1610612736" "--user" "0:0" "--network" "none" "ghcr.io/rust-lang/crates-build-env/linux@sha256:2788e3201cd34a07e3172128adcd8b3090168a8e3bcc40d7c032b9dda1df7d1c" "/opt/rustwide/cargo-home/bin/cargo" "+1.75.0" "build" "--frozen" "--message-format=json", kill_on_drop: false }`
[INFO] [stdout] e701d6bde59a425b8460584b350b961806dcab6c9a2c3ba49dc8412df51460e0
[INFO] running `Command { std: "docker" "start" "-a" "e701d6bde59a425b8460584b350b961806dcab6c9a2c3ba49dc8412df51460e0", kill_on_drop: false }`
[INFO] [stderr]    Compiling syn v1.0.109
[INFO] [stderr]    Compiling bit_field v0.10.2
[INFO] [stderr]    Compiling uguid v2.2.0
[INFO] [stderr]    Compiling log v0.4.20
[INFO] [stderr]    Compiling syn v2.0.48
[INFO] [stderr]    Compiling ucs2 v0.3.2
[INFO] [stderr]    Compiling uefi-macros v0.13.0
[INFO] [stderr]    Compiling ptr_meta_derive v0.2.0
[INFO] [stderr]    Compiling ptr_meta v0.2.0
[INFO] [stderr]    Compiling uefi-raw v0.5.0
[INFO] [stderr]    Compiling uefi v0.26.0 (/opt/rustwide/workdir)
[INFO] [stderr]     Finished dev [unoptimized + debuginfo] target(s) in 9.81s
[INFO] running `Command { std: "docker" "inspect" "e701d6bde59a425b8460584b350b961806dcab6c9a2c3ba49dc8412df51460e0", kill_on_drop: false }`
[INFO] running `Command { std: "docker" "rm" "-f" "e701d6bde59a425b8460584b350b961806dcab6c9a2c3ba49dc8412df51460e0", kill_on_drop: false }`
[INFO] [stdout] e701d6bde59a425b8460584b350b961806dcab6c9a2c3ba49dc8412df51460e0
[INFO] running `Command { std: "docker" "create" "-v" "/var/lib/crater-agent-workspace/builds/worker-3-tc1/target:/opt/rustwide/target:rw,Z" "-v" "/var/lib/crater-agent-workspace/builds/worker-3-tc1/source:/opt/rustwide/workdir:ro,Z" "-v" "/var/lib/crater-agent-workspace/cargo-home:/opt/rustwide/cargo-home:ro,Z" "-v" "/var/lib/crater-agent-workspace/rustup-home:/opt/rustwide/rustup-home:ro,Z" "-e" "SOURCE_DIR=/opt/rustwide/workdir" "-e" "CARGO_TARGET_DIR=/opt/rustwide/target" "-e" "CARGO_INCREMENTAL=0" "-e" "RUST_BACKTRACE=full" "-e" "RUSTFLAGS=--cap-lints=warn" "-e" "RUSTDOCFLAGS=--cap-lints=warn" "-e" "CARGO_HOME=/opt/rustwide/cargo-home" "-e" "RUSTUP_HOME=/opt/rustwide/rustup-home" "-w" "/opt/rustwide/workdir" "-m" "1610612736" "--user" "0:0" "--network" "none" "ghcr.io/rust-lang/crates-build-env/linux@sha256:2788e3201cd34a07e3172128adcd8b3090168a8e3bcc40d7c032b9dda1df7d1c" "/opt/rustwide/cargo-home/bin/cargo" "+1.75.0" "test" "--frozen" "--no-run" "--message-format=json", kill_on_drop: false }`
[INFO] [stdout] 38a63c1929b9e7f36916501211045cfd24ed853936154f148798ed1f917c9aa8
[INFO] running `Command { std: "docker" "start" "-a" "38a63c1929b9e7f36916501211045cfd24ed853936154f148798ed1f917c9aa8", kill_on_drop: false }`
[INFO] [stderr]    Compiling uefi v0.26.0 (/opt/rustwide/workdir)
[INFO] [stdout] error[E0432]: unresolved import `crate::CString16`
[INFO] [stdout]    --> src/proto/media/file/info.rs:430:9
[INFO] [stdout]     |
[INFO] [stdout] 430 |     use crate::CString16;
[INFO] [stdout]     |         ^^^^^^^---------
[INFO] [stdout]     |         |      |
[INFO] [stdout]     |         |      help: a similar name exists in the module: `CStr16`
[INFO] [stdout]     |         no `CString16` in the root
[INFO] [stdout]     |
[INFO] [stdout] note: found an item that was configured out
[INFO] [stdout]    --> src/lib.rs:101:27
[INFO] [stdout]     |
[INFO] [stdout] 101 | pub use self::data_types::CString16;
[INFO] [stdout]     |                           ^^^^^^^^^
[INFO] [stdout]     = note: the item is gated behind the `alloc` feature
[INFO] [stdout] 
[INFO] [stdout] 
[INFO] [stdout] error[E0432]: unresolved import `crate::CString16`
[INFO] [stdout]    --> src/proto/media/file/mod.rs:350:17
[INFO] [stdout]     |
[INFO] [stdout] 350 |     use crate::{CString16, Guid, Identify};
[INFO] [stdout]     |                 ^^^^^^^^^
[INFO] [stdout]     |                 |
[INFO] [stdout]     |                 no `CString16` in the root
[INFO] [stdout]     |                 help: a similar name exists in the module: `CStr16`
[INFO] [stdout]     |
[INFO] [stdout] note: found an item that was configured out
[INFO] [stdout]    --> src/lib.rs:101:27
[INFO] [stdout]     |
[INFO] [stdout] 101 | pub use self::data_types::CString16;
[INFO] [stdout]     |                           ^^^^^^^^^
[INFO] [stdout]     = note: the item is gated behind the `alloc` feature
[INFO] [stdout] 
[INFO] [stdout] 
[INFO] [stdout] error[E0433]: failed to resolve: use of undeclared crate or module `alloc`
[INFO] [stdout]    --> src/data_types/strs.rs:585:9
[INFO] [stdout]     |
[INFO] [stdout] 585 |     use alloc::string::String;
[INFO] [stdout]     |         ^^^^^ use of undeclared crate or module `alloc`
[INFO] [stdout]     |
[INFO] [stdout]     = help: add `extern crate alloc` to use the `alloc` crate
[INFO] [stdout] 
[INFO] [stdout] 
[INFO] [stdout] error[E0433]: failed to resolve: use of undeclared crate or module `alloc`
[INFO] [stdout]    --> src/data_types/unaligned_slice.rs:202:9
[INFO] [stdout]     |
[INFO] [stdout] 202 |     use alloc::vec::Vec;
[INFO] [stdout]     |         ^^^^^ use of undeclared crate or module `alloc`
[INFO] [stdout]     |
[INFO] [stdout]     = help: add `extern crate alloc` to use the `alloc` crate
[INFO] [stdout] 
[INFO] [stdout] 
[INFO] [stdout] error[E0433]: failed to resolve: use of undeclared crate or module `alloc`
[INFO] [stdout]    --> src/proto/device_path/mod.rs:839:9
[INFO] [stdout]     |
[INFO] [stdout] 839 |     use alloc::vec::Vec;
[INFO] [stdout]     |         ^^^^^ use of undeclared crate or module `alloc`
[INFO] [stdout]     |
[INFO] [stdout]     = help: add `extern crate alloc` to use the `alloc` crate
[INFO] [stdout] 
[INFO] [stdout] 
[INFO] [stdout] error[E0433]: failed to resolve: use of undeclared crate or module `alloc`
[INFO] [stdout]    --> src/proto/driver/component_name.rs:348:9
[INFO] [stdout]     |
[INFO] [stdout] 348 |     use alloc::vec::Vec;
[INFO] [stdout]     |         ^^^^^ use of undeclared crate or module `alloc`
[INFO] [stdout]     |
[INFO] [stdout]     = help: add `extern crate alloc` to use the `alloc` crate
[INFO] [stdout] 
[INFO] [stdout] 
[INFO] [stdout] error[E0432]: unresolved import `alloc`
[INFO] [stdout]    --> src/proto/media/file/mod.rs:351:11
[INFO] [stdout]     |
[INFO] [stdout] 351 |     use ::alloc::vec;
[INFO] [stdout]     |           ^^^^^ help: a similar path exists: `core::alloc`
[INFO] [stdout] 
[INFO] [stdout] 
[INFO] [stdout] error[E0433]: failed to resolve: use of undeclared crate or module `alloc`
[INFO] [stdout]    --> src/proto/media/file/regular.rs:192:9
[INFO] [stdout]     |
[INFO] [stdout] 192 |     use alloc::rc::Rc;
[INFO] [stdout]     |         ^^^^^ use of undeclared crate or module `alloc`
[INFO] [stdout]     |
[INFO] [stdout]     = help: add `extern crate alloc` to use the `alloc` crate
[INFO] [stdout] 
[INFO] [stdout] 
[INFO] [stdout] error[E0432]: unresolved import `alloc`
[INFO] [stdout]    --> src/proto/media/file/info.rs:431:9
[INFO] [stdout]     |
[INFO] [stdout] 431 |     use alloc::vec;
[INFO] [stdout]     |         ^^^^^ help: a similar path exists: `core::alloc`
[INFO] [stdout] 
[INFO] [stdout] 
[INFO] [stdout] error[E0433]: failed to resolve: use of undeclared crate or module `alloc`
[INFO] [stdout]    --> src/proto/media/file/regular.rs:194:9
[INFO] [stdout]     |
[INFO] [stdout] 194 |     use alloc::vec::Vec;
[INFO] [stdout]     |         ^^^^^ use of undeclared crate or module `alloc`
[INFO] [stdout]     |
[INFO] [stdout]     = help: add `extern crate alloc` to use the `alloc` crate
[INFO] [stdout] 
[INFO] [stdout] 
[INFO] [stdout] error[E0433]: failed to resolve: use of undeclared crate or module `alloc`
[INFO] [stdout]    --> src/proto/tcg/v2.rs:783:9
[INFO] [stdout]     |
[INFO] [stdout] 783 |     use alloc::vec::Vec;
[INFO] [stdout]     |         ^^^^^ use of undeclared crate or module `alloc`
[INFO] [stdout]     |
[INFO] [stdout]     = help: add `extern crate alloc` to use the `alloc` crate
[INFO] [stdout] 
[INFO] [stdout] 
[INFO] [stdout] error[E0432]: unresolved import `alloc`
[INFO] [stdout]    --> src/proto/media/file/regular.rs:193:9
[INFO] [stdout]     |
[INFO] [stdout] 193 |     use alloc::vec;
[INFO] [stdout]     |         ^^^^^ help: a similar path exists: `core::alloc`
[INFO] [stdout] 
[INFO] [stdout] 
[INFO] [stdout] error: cannot determine resolution for the macro `vec`
[INFO] [stdout]    --> src/proto/media/file/info.rs:445:27
[INFO] [stdout]     |
[INFO] [stdout] 445 |         let mut storage = vec![0; 128];
[INFO] [stdout]     |                           ^^^
[INFO] [stdout]     |
[INFO] [stdout]     = note: import resolution is stuck, try simplifying macro imports
[INFO] [stdout] 
[INFO] [stdout] 
[INFO] [stdout] error: cannot determine resolution for the macro `vec`
[INFO] [stdout]    --> src/proto/media/file/info.rs:497:27
[INFO] [stdout]     |
[INFO] [stdout] 497 |         let mut storage = vec![0; 128];
[INFO] [stdout]     |                           ^^^
[INFO] [stdout]     |
[INFO] [stdout]     = note: import resolution is stuck, try simplifying macro imports
[INFO] [stdout] 
[INFO] [stdout] 
[INFO] [stdout] error: cannot determine resolution for the macro `vec`
[INFO] [stdout]    --> src/proto/media/file/info.rs:532:27
[INFO] [stdout]     |
[INFO] [stdout] 532 |         let mut storage = vec![0; 128];
[INFO] [stdout]     |                           ^^^
[INFO] [stdout]     |
[INFO] [stdout]     = note: import resolution is stuck, try simplifying macro imports
[INFO] [stdout] 
[INFO] [stdout] 
[INFO] [stdout] error: cannot determine resolution for the macro `vec`
[INFO] [stdout]    --> src/proto/media/file/regular.rs:219:39
[INFO] [stdout]     |
[INFO] [stdout] 219 |             *self.data.borrow_mut() = vec![1, 2, 3, 4, 5, 6, 7, 8, 9, 10];
[INFO] [stdout]     |                                       ^^^
[INFO] [stdout]     |
[INFO] [stdout]     = note: import resolution is stuck, try simplifying macro imports
[INFO] [stdout] 
[INFO] [stdout] 
[INFO] [stdout] error: cannot determine resolution for the macro `vec`
[INFO] [stdout]    --> src/proto/media/file/mod.rs:390:23
[INFO] [stdout]     |
[INFO] [stdout] 390 |         let mut tmp = vec![0; 128];
[INFO] [stdout]     |                       ^^^
[INFO] [stdout]     |
[INFO] [stdout]     = note: import resolution is stuck, try simplifying macro imports
[INFO] [stdout] 
[INFO] [stdout] 
[INFO] [stdout] error[E0412]: cannot find type `Vec` in this scope
[INFO] [stdout]    --> src/proto/device_path/build.rs:268:48
[INFO] [stdout]     |
[INFO] [stdout] 268 |         assert_eq!(node.adr().iter().collect::<Vec<_>>(), [1, 2]);
[INFO] [stdout]     |                                                ^^^ not found in this scope
[INFO] [stdout] 
[INFO] [stdout] 
[INFO] [stdout] error[E0433]: failed to resolve: use of undeclared type `CString16`
[INFO] [stdout]    --> src/data_types/strs.rs:681:13
[INFO] [stdout]     |
[INFO] [stdout] 681 |             CString16::try_from("test").unwrap()
[INFO] [stdout]     |             ^^^^^^^^^
[INFO] [stdout]     |             |
[INFO] [stdout]     |             use of undeclared type `CString16`
[INFO] [stdout]     |             help: a struct with a similar name exists: `CStr16`
[INFO] [stdout] 
[INFO] [stdout] 
[INFO] [stdout] error[E0599]: no method named `to_cstring16` found for struct `unaligned_slice::UnalignedSlice` in the current scope
[INFO] [stdout]    --> src/data_types/strs.rs:686:16
[INFO] [stdout]     |
[INFO] [stdout] 686 |             us.to_cstring16().unwrap(),
[INFO] [stdout]     |                ^^^^^^^^^^^^ help: there is a method with a similar name: `to_cstr16`
[INFO] [stdout]     |
[INFO] [stdout]    ::: src/data_types/unaligned_slice.rs:15:1
[INFO] [stdout]     |
[INFO] [stdout] 15  | pub struct UnalignedSlice<'a, T: Copy> {
[INFO] [stdout]     | -------------------------------------- method `to_cstring16` not found for this struct
[INFO] [stdout] 
[INFO] [stdout] 
[INFO] [stdout] error[E0433]: failed to resolve: use of undeclared type `CString16`
[INFO] [stdout]    --> src/data_types/strs.rs:687:13
[INFO] [stdout]     |
[INFO] [stdout] 687 |             CString16::try_from("test").unwrap()
[INFO] [stdout]     |             ^^^^^^^^^
[INFO] [stdout]     |             |
[INFO] [stdout]     |             use of undeclared type `CString16`
[INFO] [stdout]     |             help: a struct with a similar name exists: `CStr16`
[INFO] [stdout] 
[INFO] [stdout] 
[INFO] [stdout] error[E0433]: failed to resolve: use of undeclared type `Vec`
[INFO] [stdout]    --> src/proto/device_path/build.rs:259:21
[INFO] [stdout]     |
[INFO] [stdout] 259 |         let mut v = Vec::new();
[INFO] [stdout]     |                     ^^^ use of undeclared type `Vec`
[INFO] [stdout] 
[INFO] [stdout] 
[INFO] [stdout] error[E0599]: no function or associated item named `with_vec` found for struct `proto::device_path::build::DevicePathBuilder` in the current scope
[INFO] [stdout]    --> src/proto/device_path/build.rs:260:39
[INFO] [stdout]     |
[INFO] [stdout] 74  | pub struct DevicePathBuilder<'a> {
[INFO] [stdout]     | -------------------------------- function or associated item `with_vec` not found for this struct
[INFO] [stdout] ...
[INFO] [stdout] 260 |         let path = DevicePathBuilder::with_vec(&mut v)
[INFO] [stdout]     |                                       ^^^^^^^^ function or associated item not found in `DevicePathBuilder<'_>`
[INFO] [stdout]     |
[INFO] [stdout] note: if you're trying to build a new `proto::device_path::build::DevicePathBuilder<'_>`, consider using `proto::device_path::build::DevicePathBuilder::<'a>::with_buf` which returns `proto::device_path::build::DevicePathBuilder<'a>`
[INFO] [stdout]    --> src/proto/device_path/build.rs:80:5
[INFO] [stdout]     |
[INFO] [stdout] 80  |     pub fn with_buf(buf: &'a mut [MaybeUninit<u8>]) -> Self {
[INFO] [stdout]     |     ^^^^^^^^^^^^^^^^^^^^^^^^^^^^^^^^^^^^^^^^^^^^^^^^^^^^^^^
[INFO] [stdout] 
[INFO] [stdout] 
[INFO] [stdout] error[E0433]: failed to resolve: use of undeclared type `Vec`
[INFO] [stdout]    --> src/proto/device_path/build.rs:289:21
[INFO] [stdout]     |
[INFO] [stdout] 289 |         let mut v = Vec::new();
[INFO] [stdout]     |                     ^^^ use of undeclared type `Vec`
[INFO] [stdout] 
[INFO] [stdout] 
[INFO] [stdout] error[E0599]: no function or associated item named `with_vec` found for struct `proto::device_path::build::DevicePathBuilder` in the current scope
[INFO] [stdout]    --> src/proto/device_path/build.rs:290:39
[INFO] [stdout]     |
[INFO] [stdout] 74  | pub struct DevicePathBuilder<'a> {
[INFO] [stdout]     | -------------------------------- function or associated item `with_vec` not found for this struct
[INFO] [stdout] ...
[INFO] [stdout] 290 |         let path = DevicePathBuilder::with_vec(&mut v)
[INFO] [stdout]     |                                       ^^^^^^^^ function or associated item not found in `DevicePathBuilder<'_>`
[INFO] [stdout]     |
[INFO] [stdout] note: if you're trying to build a new `proto::device_path::build::DevicePathBuilder<'_>`, consider using `proto::device_path::build::DevicePathBuilder::<'a>::with_buf` which returns `proto::device_path::build::DevicePathBuilder<'a>`
[INFO] [stdout]    --> src/proto/device_path/build.rs:80:5
[INFO] [stdout]     |
[INFO] [stdout] 80  |     pub fn with_buf(buf: &'a mut [MaybeUninit<u8>]) -> Self {
[INFO] [stdout]     |     ^^^^^^^^^^^^^^^^^^^^^^^^^^^^^^^^^^^^^^^^^^^^^^^^^^^^^^^
[INFO] [stdout] 
[INFO] [stdout] 
[INFO] [stdout] error[E0433]: failed to resolve: use of undeclared type `Vec`
[INFO] [stdout]    --> src/proto/device_path/build.rs:341:21
[INFO] [stdout]     |
[INFO] [stdout] 341 |         let mut v = Vec::new();
[INFO] [stdout]     |                     ^^^ use of undeclared type `Vec`
[INFO] [stdout] 
[INFO] [stdout] 
[INFO] [stdout] error[E0599]: no function or associated item named `with_vec` found for struct `proto::device_path::build::DevicePathBuilder` in the current scope
[INFO] [stdout]    --> src/proto/device_path/build.rs:343:39
[INFO] [stdout]     |
[INFO] [stdout] 74  | pub struct DevicePathBuilder<'a> {
[INFO] [stdout]     | -------------------------------- function or associated item `with_vec` not found for this struct
[INFO] [stdout] ...
[INFO] [stdout] 343 |         let path = DevicePathBuilder::with_vec(&mut v)
[INFO] [stdout]     |                                       ^^^^^^^^ function or associated item not found in `DevicePathBuilder<'_>`
[INFO] [stdout]     |
[INFO] [stdout] note: if you're trying to build a new `proto::device_path::build::DevicePathBuilder<'_>`, consider using `proto::device_path::build::DevicePathBuilder::<'a>::with_buf` which returns `proto::device_path::build::DevicePathBuilder<'a>`
[INFO] [stdout]    --> src/proto/device_path/build.rs:80:5
[INFO] [stdout]     |
[INFO] [stdout] 80  |     pub fn with_buf(buf: &'a mut [MaybeUninit<u8>]) -> Self {
[INFO] [stdout]     |     ^^^^^^^^^^^^^^^^^^^^^^^^^^^^^^^^^^^^^^^^^^^^^^^^^^^^^^^
[INFO] [stdout] 
[INFO] [stdout] 
[INFO] [stdout] error[E0433]: failed to resolve: use of undeclared type `Vec`
[INFO] [stdout]    --> src/proto/device_path/build.rs:399:21
[INFO] [stdout]     |
[INFO] [stdout] 399 |         let mut v = Vec::new();
[INFO] [stdout]     |                     ^^^ use of undeclared type `Vec`
[INFO] [stdout] 
[INFO] [stdout] 
[INFO] [stdout] error[E0599]: no function or associated item named `with_vec` found for struct `proto::device_path::build::DevicePathBuilder` in the current scope
[INFO] [stdout]    --> src/proto/device_path/build.rs:400:40
[INFO] [stdout]     |
[INFO] [stdout] 74  | pub struct DevicePathBuilder<'a> {
[INFO] [stdout]     | -------------------------------- function or associated item `with_vec` not found for this struct
[INFO] [stdout] ...
[INFO] [stdout] 400 |         let path1 = DevicePathBuilder::with_vec(&mut v)
[INFO] [stdout]     |                                        ^^^^^^^^ function or associated item not found in `DevicePathBuilder<'_>`
[INFO] [stdout]     |
[INFO] [stdout] note: if you're trying to build a new `proto::device_path::build::DevicePathBuilder<'_>`, consider using `proto::device_path::build::DevicePathBuilder::<'a>::with_buf` which returns `proto::device_path::build::DevicePathBuilder<'a>`
[INFO] [stdout]    --> src/proto/device_path/build.rs:80:5
[INFO] [stdout]     |
[INFO] [stdout] 80  |     pub fn with_buf(buf: &'a mut [MaybeUninit<u8>]) -> Self {
[INFO] [stdout]     |     ^^^^^^^^^^^^^^^^^^^^^^^^^^^^^^^^^^^^^^^^^^^^^^^^^^^^^^^
[INFO] [stdout] 
[INFO] [stdout] 
[INFO] [stdout] error[E0433]: failed to resolve: use of undeclared type `Vec`
[INFO] [stdout]    --> src/proto/device_path/build.rs:413:21
[INFO] [stdout]     |
[INFO] [stdout] 413 |         let mut v = Vec::new();
[INFO] [stdout]     |                     ^^^ use of undeclared type `Vec`
[INFO] [stdout] 
[INFO] [stdout] 
[INFO] [stdout] error[E0599]: no function or associated item named `with_vec` found for struct `proto::device_path::build::DevicePathBuilder` in the current scope
[INFO] [stdout]    --> src/proto/device_path/build.rs:414:46
[INFO] [stdout]     |
[INFO] [stdout] 74  | pub struct DevicePathBuilder<'a> {
[INFO] [stdout]     | -------------------------------- function or associated item `with_vec` not found for this struct
[INFO] [stdout] ...
[INFO] [stdout] 414 |         let mut builder = DevicePathBuilder::with_vec(&mut v);
[INFO] [stdout]     |                                              ^^^^^^^^ function or associated item not found in `DevicePathBuilder<'_>`
[INFO] [stdout]     |
[INFO] [stdout] note: if you're trying to build a new `proto::device_path::build::DevicePathBuilder<'_>`, consider using `proto::device_path::build::DevicePathBuilder::<'a>::with_buf` which returns `proto::device_path::build::DevicePathBuilder<'a>`
[INFO] [stdout]    --> src/proto/device_path/build.rs:80:5
[INFO] [stdout]     |
[INFO] [stdout] 80  |     pub fn with_buf(buf: &'a mut [MaybeUninit<u8>]) -> Self {
[INFO] [stdout]     |     ^^^^^^^^^^^^^^^^^^^^^^^^^^^^^^^^^^^^^^^^^^^^^^^^^^^^^^^
[INFO] [stdout] 
[INFO] [stdout] 
[INFO] [stdout] error[E0433]: failed to resolve: use of undeclared type `Vec`
[INFO] [stdout]    --> src/proto/device_path/build.rs:488:21
[INFO] [stdout]     |
[INFO] [stdout] 488 |         let mut v = Vec::new();
[INFO] [stdout]     |                     ^^^ use of undeclared type `Vec`
[INFO] [stdout] 
[INFO] [stdout] 
[INFO] [stdout] error[E0599]: no function or associated item named `with_vec` found for struct `proto::device_path::build::DevicePathBuilder` in the current scope
[INFO] [stdout]    --> src/proto/device_path/build.rs:489:39
[INFO] [stdout]     |
[INFO] [stdout] 74  | pub struct DevicePathBuilder<'a> {
[INFO] [stdout]     | -------------------------------- function or associated item `with_vec` not found for this struct
[INFO] [stdout] ...
[INFO] [stdout] 489 |         let path = DevicePathBuilder::with_vec(&mut v)
[INFO] [stdout]     |                                       ^^^^^^^^ function or associated item not found in `DevicePathBuilder<'_>`
[INFO] [stdout]     |
[INFO] [stdout] note: if you're trying to build a new `proto::device_path::build::DevicePathBuilder<'_>`, consider using `proto::device_path::build::DevicePathBuilder::<'a>::with_buf` which returns `proto::device_path::build::DevicePathBuilder<'a>`
[INFO] [stdout]    --> src/proto/device_path/build.rs:80:5
[INFO] [stdout]     |
[INFO] [stdout] 80  |     pub fn with_buf(buf: &'a mut [MaybeUninit<u8>]) -> Self {
[INFO] [stdout]     |     ^^^^^^^^^^^^^^^^^^^^^^^^^^^^^^^^^^^^^^^^^^^^^^^^^^^^^^^
[INFO] [stdout] 
[INFO] [stdout] 
[INFO] [stdout] error[E0599]: no method named `to_owned` found for reference `&proto::device_path::DevicePath` in the current scope
[INFO] [stdout]    --> src/proto/device_path/mod.rs:957:27
[INFO] [stdout]     |
[INFO] [stdout] 957 |         let owned_dp = dp.to_owned();
[INFO] [stdout]     |                           ^^^^^^^^ method not found in `&DevicePath`
[INFO] [stdout]    --> /rustc/82e1608dfa6e0b5569232559e3d385fea5a93112/library/alloc/src/borrow.rs:59:8
[INFO] [stdout]     |
[INFO] [stdout]     = note: the method is available for `&proto::device_path::DevicePath` here
[INFO] [stdout]     |
[INFO] [stdout]     = help: items from traits can only be used if the trait is in scope
[INFO] [stdout] help: the following trait is implemented but not in scope; perhaps add a `use` for it:
[INFO] [stdout]     |
[INFO] [stdout] 838 +     use alloc::borrow::ToOwned;
[INFO] [stdout]     |
[INFO] [stdout] 
[INFO] [stdout] 
[INFO] [stdout] error[E0599]: no method named `get_boxed_info` found for struct `regular::RegularFile` in the current scope
[INFO] [stdout]    --> src/proto/media/file/mod.rs:375:25
[INFO] [stdout]     |
[INFO] [stdout] 375 |         let info = file.get_boxed_info::<FileInfo>().unwrap();
[INFO] [stdout]     |                         ^^^^^^^^^^^^^^ method not found in `RegularFile`
[INFO] [stdout]     |
[INFO] [stdout]    ::: src/proto/media/file/regular.rs:11:1
[INFO] [stdout]     |
[INFO] [stdout] 11  | pub struct RegularFile(FileHandle);
[INFO] [stdout]     | ---------------------- method `get_boxed_info` not found for this struct
[INFO] [stdout] 
[INFO] [stdout] 
[INFO] [stdout] error[E0599]: no method named `to_vec` found for struct `unaligned_slice::UnalignedSlice` in the current scope
[INFO] [stdout]    --> src/proto/tcg/v2.rs:970:45
[INFO] [stdout]     |
[INFO] [stdout] 970 |             header.algorithm_digest_sizes.0.to_vec(),
[INFO] [stdout]     |                                             ^^^^^^ method not found in `UnalignedSlice<'_, AlgorithmDigestSize>`
[INFO] [stdout]     |
[INFO] [stdout]    ::: src/data_types/unaligned_slice.rs:15:1
[INFO] [stdout]     |
[INFO] [stdout] 15  | pub struct UnalignedSlice<'a, T: Copy> {
[INFO] [stdout]     | -------------------------------------- method `to_vec` not found for this struct
[INFO] [stdout]     |
[INFO] [stdout]     = help: items from traits can only be used if the trait is implemented and in scope
[INFO] [stdout]     = note: the following trait defines an item `to_vec`, perhaps you need to implement it:
[INFO] [stdout]             candidate #1: `alloc::slice::hack::ConvertVec`
[INFO] [stdout] help: the following trait is implemented but not in scope; perhaps add a `use` for it:
[INFO] [stdout]     |
[INFO] [stdout] 782 +     use alloc::slice::hack::ConvertVec;
[INFO] [stdout]     |
[INFO] [stdout] 
[INFO] [stdout] 
[INFO] [stdout] error: aborting due to 36 previous errors
[INFO] [stdout] 
[INFO] [stdout] 
[INFO] [stdout] Some errors have detailed explanations: E0412, E0432, E0433, E0599.
[INFO] [stdout] 
[INFO] [stdout] For more information about an error, try `rustc --explain E0412`.
[INFO] [stdout] 
[INFO] [stderr] error: could not compile `uefi` (lib test) due to 37 previous errors
[INFO] running `Command { std: "docker" "inspect" "38a63c1929b9e7f36916501211045cfd24ed853936154f148798ed1f917c9aa8", kill_on_drop: false }`
[INFO] running `Command { std: "docker" "rm" "-f" "38a63c1929b9e7f36916501211045cfd24ed853936154f148798ed1f917c9aa8", kill_on_drop: false }`
[INFO] [stdout] 38a63c1929b9e7f36916501211045cfd24ed853936154f148798ed1f917c9aa8
