[INFO] fetching crate uckb-jsonrpc-client 0.3.0...
[INFO] testing uckb-jsonrpc-client-0.3.0 against 1.75.0 for beta-1.76-1
[INFO] extracting crate uckb-jsonrpc-client 0.3.0 into /workspace/builds/worker-0-tc1/source
[INFO] validating manifest of crates.io crate uckb-jsonrpc-client 0.3.0 on toolchain 1.75.0
[INFO] running `Command { std: CARGO_HOME="/workspace/cargo-home" RUSTUP_HOME="/workspace/rustup-home" "/workspace/cargo-home/bin/cargo" "+1.75.0" "metadata" "--manifest-path" "Cargo.toml" "--no-deps", kill_on_drop: false }`
[INFO] started tweaking crates.io crate uckb-jsonrpc-client 0.3.0
[INFO] finished tweaking crates.io crate uckb-jsonrpc-client 0.3.0
[INFO] tweaked toml for crates.io crate uckb-jsonrpc-client 0.3.0 written to /workspace/builds/worker-0-tc1/source/Cargo.toml
[INFO] running `Command { std: CARGO_HOME="/workspace/cargo-home" RUSTUP_HOME="/workspace/rustup-home" "/workspace/cargo-home/bin/cargo" "+1.75.0" "generate-lockfile" "--manifest-path" "Cargo.toml", kill_on_drop: false }`
[INFO] [stderr]     Updating crates.io index
[INFO] running `Command { std: CARGO_HOME="/workspace/cargo-home" RUSTUP_HOME="/workspace/rustup-home" "/workspace/cargo-home/bin/cargo" "+1.75.0" "fetch" "--manifest-path" "Cargo.toml", kill_on_drop: false }`
[INFO] [stderr]  Downloading crates ...
[INFO] [stderr]   Downloaded bytes v0.6.0
[INFO] [stderr]   Downloaded backtrace v0.3.57
[INFO] [stderr]   Downloaded tokio-macros v0.3.2
[INFO] [stderr]   Downloaded secp256k1 v0.17.2
[INFO] [stderr]   Downloaded secp256k1-sys v0.1.2
[INFO] [stderr]   Downloaded cc v1.0.41
[INFO] [stderr]   Downloaded jsonrpc-server-utils v15.1.0
[INFO] [stderr]   Downloaded tokio v0.3.7
[INFO] [stderr]   Downloaded ckb-fee-estimator v0.38.0
[INFO] [stderr]   Downloaded jsonrpc-core v14.2.0
[INFO] [stderr]   Downloaded ckb-logger v0.38.0
[INFO] [stderr]   Downloaded ckb-occupied-capacity v0.38.0
[INFO] [stderr]   Downloaded ckb-rational v0.38.0
[INFO] [stderr]   Downloaded ckb-occupied-capacity-macros v0.38.0
[INFO] [stderr]   Downloaded uckb-jsonrpc-core v0.3.0
[INFO] [stderr]   Downloaded ckb-fixed-hash-core v0.38.0
[INFO] [stderr]   Downloaded ckb-fixed-hash v0.38.0
[INFO] [stderr]   Downloaded ckb-hash v0.38.0
[INFO] [stderr]   Downloaded ckb-fixed-hash-macros v0.38.0
[INFO] [stderr]   Downloaded ckb-occupied-capacity-core v0.38.0
[INFO] [stderr]   Downloaded ckb-channel v0.38.0
[INFO] [stderr]   Downloaded ckb-error v0.38.0
[INFO] [stderr]   Downloaded ckb-crypto v0.38.0
[INFO] [stderr]   Downloaded ckb-jsonrpc-types v0.38.0
[INFO] [stderr]   Downloaded ckb-types v0.38.0
[INFO] running `Command { std: "docker" "create" "-v" "/var/lib/crater-agent-workspace/builds/worker-0-tc1/target:/opt/rustwide/target:rw,Z" "-v" "/var/lib/crater-agent-workspace/builds/worker-0-tc1/source:/opt/rustwide/workdir:ro,Z" "-v" "/var/lib/crater-agent-workspace/cargo-home:/opt/rustwide/cargo-home:ro,Z" "-v" "/var/lib/crater-agent-workspace/rustup-home:/opt/rustwide/rustup-home:ro,Z" "-e" "SOURCE_DIR=/opt/rustwide/workdir" "-e" "CARGO_TARGET_DIR=/opt/rustwide/target" "-e" "CARGO_HOME=/opt/rustwide/cargo-home" "-e" "RUSTUP_HOME=/opt/rustwide/rustup-home" "-w" "/opt/rustwide/workdir" "-m" "1610612736" "--user" "0:0" "--network" "none" "ghcr.io/rust-lang/crates-build-env/linux@sha256:2788e3201cd34a07e3172128adcd8b3090168a8e3bcc40d7c032b9dda1df7d1c" "/opt/rustwide/cargo-home/bin/cargo" "+1.75.0" "metadata" "--no-deps" "--format-version=1", kill_on_drop: false }`
[INFO] [stdout] cfa477dd61ff4ef0c27b6b4bacdceb8428c92dd596919c3019fa75eb6881a15c
[INFO] running `Command { std: "docker" "start" "-a" "cfa477dd61ff4ef0c27b6b4bacdceb8428c92dd596919c3019fa75eb6881a15c", kill_on_drop: false }`
[INFO] running `Command { std: "docker" "inspect" "cfa477dd61ff4ef0c27b6b4bacdceb8428c92dd596919c3019fa75eb6881a15c", kill_on_drop: false }`
[INFO] running `Command { std: "docker" "rm" "-f" "cfa477dd61ff4ef0c27b6b4bacdceb8428c92dd596919c3019fa75eb6881a15c", kill_on_drop: false }`
[INFO] [stdout] cfa477dd61ff4ef0c27b6b4bacdceb8428c92dd596919c3019fa75eb6881a15c
[INFO] running `Command { std: "docker" "create" "-v" "/var/lib/crater-agent-workspace/builds/worker-0-tc1/target:/opt/rustwide/target:rw,Z" "-v" "/var/lib/crater-agent-workspace/builds/worker-0-tc1/source:/opt/rustwide/workdir:ro,Z" "-v" "/var/lib/crater-agent-workspace/cargo-home:/opt/rustwide/cargo-home:ro,Z" "-v" "/var/lib/crater-agent-workspace/rustup-home:/opt/rustwide/rustup-home:ro,Z" "-e" "SOURCE_DIR=/opt/rustwide/workdir" "-e" "CARGO_TARGET_DIR=/opt/rustwide/target" "-e" "CARGO_INCREMENTAL=0" "-e" "RUST_BACKTRACE=full" "-e" "RUSTFLAGS=--cap-lints=warn" "-e" "RUSTDOCFLAGS=--cap-lints=warn" "-e" "CARGO_HOME=/opt/rustwide/cargo-home" "-e" "RUSTUP_HOME=/opt/rustwide/rustup-home" "-w" "/opt/rustwide/workdir" "-m" "1610612736" "--user" "0:0" "--network" "none" "ghcr.io/rust-lang/crates-build-env/linux@sha256:2788e3201cd34a07e3172128adcd8b3090168a8e3bcc40d7c032b9dda1df7d1c" "/opt/rustwide/cargo-home/bin/cargo" "+1.75.0" "build" "--frozen" "--message-format=json", kill_on_drop: false }`
[INFO] [stdout] 6a5660bd101ad8a8115af7e5d91d203d8bf1c85fd1875b520f2d05cea5c90890
[INFO] running `Command { std: "docker" "start" "-a" "6a5660bd101ad8a8115af7e5d91d203d8bf1c85fd1875b520f2d05cea5c90890", kill_on_drop: false }`
[INFO] [stderr]    Compiling cfg-if v0.1.10
[INFO] [stderr]    Compiling futures v0.1.31
[INFO] [stderr]    Compiling serde v1.0.194
[INFO] [stderr]    Compiling syn v1.0.109
[INFO] [stderr]    Compiling lazy_static v1.4.0
[INFO] [stderr]    Compiling scopeguard v1.2.0
[INFO] [stderr]    Compiling crossbeam-utils v0.7.2
[INFO] [stderr]    Compiling maybe-uninit v2.0.0
[INFO] [stderr]    Compiling semver-parser v0.7.0
[INFO] [stderr]    Compiling byteorder v1.5.0
[INFO] [stderr]    Compiling either v1.9.0
[INFO] [stderr]    Compiling getrandom v0.1.16
[INFO] [stderr]    Compiling miniz_oxide v0.4.4
[INFO] [stderr]    Compiling iovec v0.1.4
[INFO] [stderr]    Compiling num_cpus v1.16.0
[INFO] [stderr]    Compiling syn v2.0.48
[INFO] [stderr]    Compiling gimli v0.23.0
[INFO] [stderr]    Compiling unicode-xid v0.2.4
[INFO] [stderr]    Compiling failure_derive v0.1.8
[INFO] [stderr]    Compiling adler v1.0.2
[INFO] [stderr]    Compiling lock_api v0.3.4
[INFO] [stderr]    Compiling semver v0.9.0
[INFO] [stderr]    Compiling bytes v0.4.12
[INFO] [stderr]    Compiling rustc-demangle v0.1.23
[INFO] [stderr]    Compiling object v0.23.0
[INFO] [stderr]    Compiling cc v1.0.41
[INFO] [stderr]    Compiling rustc_version v0.2.3
[INFO] [stderr]    Compiling smallvec v0.6.14
[INFO] [stderr]    Compiling net2 v0.2.39
[INFO] [stderr]    Compiling rand_core v0.5.1
[INFO] [stderr]    Compiling memoffset v0.5.6
[INFO] [stderr]    Compiling crossbeam-epoch v0.8.2
[INFO] [stderr]    Compiling parking_lot_core v0.6.3
[INFO] [stderr]    Compiling parking_lot v0.9.0
[INFO] [stderr]    Compiling rand_chacha v0.2.2
[INFO] [stderr]    Compiling mio v0.6.23
[INFO] [stderr]    Compiling autocfg v0.1.8
[INFO] [stderr]    Compiling rand_core v0.4.2
[INFO] [stderr]    Compiling heapsize v0.4.2
[INFO] [stderr]    Compiling rand v0.7.3
[INFO] [stderr]    Compiling serde_json v1.0.111
[INFO] [stderr]    Compiling thiserror v1.0.56
[INFO] [stderr]    Compiling tinyvec_macros v0.1.1
[INFO] [stderr]    Compiling faster-hex v0.4.1
[INFO] [stderr]    Compiling ryu v1.0.16
[INFO] [stderr]    Compiling smallvec v1.11.2
[INFO] [stderr]    Compiling tinyvec v1.6.0
[INFO] [stderr]    Compiling tokio-executor v0.1.10
[INFO] [stderr]    Compiling tokio-io v0.1.13
[INFO] [stderr]    Compiling tokio-sync v0.1.8
[INFO] [stderr]    Compiling crossbeam-deque v0.7.4
[INFO] [stderr]    Compiling crossbeam-queue v0.2.3
[INFO] [stderr]    Compiling blake2b-rs v0.1.5
[INFO] [stderr]    Compiling mio-uds v0.6.8
[INFO] [stderr]    Compiling tokio-threadpool v0.1.18
[INFO] [stderr]    Compiling rand_core v0.3.1
[INFO] [stderr]    Compiling unicode-bidi v0.3.14
[INFO] [stderr]    Compiling itoa v0.4.8
[INFO] [stderr]    Compiling tokio-current-thread v0.1.7
[INFO] [stderr]    Compiling tokio-timer v0.2.13
[INFO] [stderr]    Compiling tokio-codec v0.1.2
[INFO] [stderr]    Compiling http v0.1.21
[INFO] [stderr]    Compiling tokio-reactor v0.1.12
[INFO] [stderr]    Compiling crossbeam-utils v0.6.6
[INFO] [stderr]    Compiling secp256k1-sys v0.1.2
[INFO] [stderr]    Compiling parking_lot_core v0.7.3
[INFO] [stderr]    Compiling unicode-normalization v0.1.22
[INFO] [stderr]    Compiling tokio-udp v0.1.6
[INFO] [stderr]    Compiling tokio-uds v0.2.7
[INFO] [stderr]    Compiling addr2line v0.14.1
[INFO] [stderr]    Compiling tokio-tcp v0.1.4
[INFO] [stderr]    Compiling tokio-fs v0.1.7
[INFO] [stderr]    Compiling crossbeam-channel v0.3.9
[INFO] [stderr]    Compiling backtrace v0.3.57
[INFO] [stderr]    Compiling tokio v0.1.22
[INFO] [stderr]    Compiling tokio-buf v0.1.1
[INFO] [stderr]    Compiling rand_chacha v0.1.1
[INFO] [stderr]    Compiling rand_pcg v0.1.2
[INFO] [stderr]    Compiling string v0.2.1
[INFO] [stderr]    Compiling hyper v0.12.36
[INFO] [stderr]    Compiling matches v0.1.10
[INFO] [stderr]    Compiling want v0.2.0
[INFO] [stderr]    Compiling idna v0.1.5
[INFO] [stderr]    Compiling ckb-hash v0.38.0
[INFO] [stderr]    Compiling parking_lot v0.10.2
[INFO] [stderr]    Compiling futures-cpupool v0.1.8
[INFO] [stderr]    Compiling rand v0.6.5
[INFO] [stderr]    Compiling time v0.1.45
[INFO] [stderr]    Compiling merkle-cbt v0.3.2
[INFO] [stderr]    Compiling ckb-channel v0.38.0
[INFO] [stderr]    Compiling lock_api v0.4.11
[INFO] [stderr]    Compiling bit-vec v0.5.1
[INFO] [stderr]    Compiling futures-sink v0.3.30
[INFO] [stderr]    Compiling percent-encoding v1.0.1
[INFO] [stderr]    Compiling version_check v0.9.4
[INFO] [stderr]    Compiling parking_lot_core v0.8.6
[INFO] [stderr]    Compiling url v1.7.2
[INFO] [stderr]    Compiling futures-channel v0.3.30
[INFO] [stderr]    Compiling rand_hc v0.1.0
[INFO] [stderr]    Compiling rand_xorshift v0.1.1
[INFO] [stderr]    Compiling rand_isaac v0.1.1
[INFO] [stderr]    Compiling aho-corasick v1.1.2
[INFO] [stderr]    Compiling rand_jitter v0.1.4
[INFO] [stderr]    Compiling rand_os v0.1.3
[INFO] [stderr]    Compiling instant v0.1.12
[INFO] [stderr]    Compiling unicase v2.7.0
[INFO] [stderr]    Compiling regex-syntax v0.8.2
[INFO] [stderr]    Compiling futures-task v0.3.30
[INFO] [stderr]    Compiling futures-io v0.3.30
[INFO] [stderr]    Compiling http-body v0.1.0
[INFO] [stderr]    Compiling h2 v0.1.26
[INFO] [stderr]    Compiling bstr v1.9.0
[INFO] [stderr]    Compiling secp256k1 v0.17.2
[INFO] [stderr]    Compiling ckb-logger v0.38.0
[INFO] [stderr]    Compiling tokio v0.3.7
[INFO] [stderr]    Compiling form_urlencoded v1.2.1
[INFO] [stderr]    Compiling parking_lot v0.11.2
[INFO] [stderr]    Compiling idna v0.5.0
[INFO] [stderr]    Compiling mio v0.7.14
[INFO] [stderr]    Compiling signal-hook-registry v1.4.1
[INFO] [stderr]    Compiling bytes v0.6.0
[INFO] [stderr]    Compiling synstructure v0.12.6
[INFO] [stderr]    Compiling url v2.5.0
[INFO] [stderr]    Compiling serde_derive v1.0.194
[INFO] [stderr]    Compiling thiserror-impl v1.0.56
[INFO] [stderr]    Compiling futures-macro v0.3.30
[INFO] [stderr]    Compiling regex-automata v0.4.3
[INFO] [stderr]    Compiling numext-constructor v0.1.6
[INFO] [stderr]    Compiling enum-display-derive v0.1.1
[INFO] [stderr]    Compiling tokio-macros v0.3.2
[INFO] [stderr]    Compiling futures-util v0.3.30
[INFO] [stderr]    Compiling globset v0.4.14
[INFO] [stderr]    Compiling failure v0.1.8
[INFO] [stderr]    Compiling futures-executor v0.3.30
[INFO] [stderr]    Compiling futures v0.3.30
[INFO] [stderr]    Compiling ckb-fixed-hash-core v0.38.0
[INFO] [stderr]    Compiling ckb-occupied-capacity-core v0.38.0
[INFO] [stderr]    Compiling bytes v0.5.6
[INFO] [stderr]    Compiling toml v0.5.11
[INFO] [stderr]    Compiling ckb-occupied-capacity-macros v0.38.0
[INFO] [stderr]    Compiling ckb-fixed-hash-macros v0.38.0
[INFO] [stderr]    Compiling molecule v0.6.0
[INFO] [stderr]    Compiling numext-fixed-uint-core v0.1.6
[INFO] [stderr]    Compiling ckb-occupied-capacity v0.38.0
[INFO] [stderr]    Compiling ckb-error v0.38.0
[INFO] [stderr]    Compiling jsonrpc-core v15.1.0
[INFO] [stderr]    Compiling jsonrpc-core v14.2.0
[INFO] [stderr]    Compiling proc-macro-crate v0.1.5
[INFO] [stderr]    Compiling ckb-fixed-hash v0.38.0
[INFO] [stderr]    Compiling ckb-crypto v0.38.0
[INFO] [stderr]    Compiling jsonrpc-derive v15.1.0
[INFO] [stderr]    Compiling jsonrpc-pubsub v15.1.0
[INFO] [stderr]    Compiling jsonrpc-server-utils v15.1.0
[INFO] [stderr]    Compiling jsonrpc-client-transports v15.1.0
[INFO] [stderr]    Compiling jsonrpc-core-client v15.1.0
[INFO] [stderr]    Compiling numext-fixed-uint-hack v0.1.6
[INFO] [stderr]    Compiling numext-fixed-uint v0.1.6
[INFO] [stderr]    Compiling ckb-rational v0.38.0
[INFO] [stderr]    Compiling ckb-types v0.38.0
[INFO] [stderr]    Compiling ckb-jsonrpc-types v0.38.0
[INFO] [stderr]    Compiling ckb-fee-estimator v0.38.0
[INFO] [stderr]    Compiling uckb-jsonrpc-core v0.3.0
[INFO] [stderr]    Compiling uckb-jsonrpc-client v0.3.0 (/opt/rustwide/workdir)
[INFO] [stdout] error[E0433]: failed to resolve: could not find `write` in `core`
[INFO] [stdout]   --> src/error.rs:15:17
[INFO] [stdout]    |
[INFO] [stdout] 15 | #[derive(Debug, Error)]
[INFO] [stdout]    |                 ^^^^^ could not find `write` in `core`
[INFO] [stdout]    |
[INFO] [stdout]    = note: this error originates in the derive macro `Error` (in Nightly builds, run with -Z macro-backtrace for more info)
[INFO] [stdout] 
[INFO] [stdout] 
[INFO] [stdout] error[E0433]: failed to resolve: could not find `fmt` in `core`
[INFO] [stdout]   --> src/error.rs:15:17
[INFO] [stdout]    |
[INFO] [stdout] 15 | #[derive(Debug, Error)]
[INFO] [stdout]    |                 ^^^^^ could not find `fmt` in `core`
[INFO] [stdout]    |
[INFO] [stdout]    = note: this error originates in the derive macro `Error` (in Nightly builds, run with -Z macro-backtrace for more info)
[INFO] [stdout] help: consider importing one of these items
[INFO] [stdout]    |
[INFO] [stdout] 9  + use core::fmt;
[INFO] [stdout]    |
[INFO] [stdout] 9  + use std::fmt;
[INFO] [stdout]    |
[INFO] [stdout] 
[INFO] [stdout] 
[INFO] [stdout] error: aborting due to 2 previous errors
[INFO] [stdout] 
[INFO] [stdout] 
[INFO] [stdout] For more information about this error, try `rustc --explain E0433`.
[INFO] [stdout] 
[INFO] [stderr] error: could not compile `uckb-jsonrpc-client` (lib) due to 3 previous errors
[INFO] [stderr] warning: build failed, waiting for other jobs to finish...
[INFO] running `Command { std: "docker" "inspect" "6a5660bd101ad8a8115af7e5d91d203d8bf1c85fd1875b520f2d05cea5c90890", kill_on_drop: false }`
[INFO] running `Command { std: "docker" "rm" "-f" "6a5660bd101ad8a8115af7e5d91d203d8bf1c85fd1875b520f2d05cea5c90890", kill_on_drop: false }`
[INFO] [stdout] 6a5660bd101ad8a8115af7e5d91d203d8bf1c85fd1875b520f2d05cea5c90890
[INFO] testing uckb-jsonrpc-client-0.3.0 against beta-2023-12-22 for beta-1.76-1
[INFO] extracting crate uckb-jsonrpc-client 0.3.0 into /workspace/builds/worker-0-tc2/source
[INFO] validating manifest of crates.io crate uckb-jsonrpc-client 0.3.0 on toolchain beta-2023-12-22
[INFO] running `Command { std: CARGO_HOME="/workspace/cargo-home" RUSTUP_HOME="/workspace/rustup-home" "/workspace/cargo-home/bin/cargo" "+beta-2023-12-22" "metadata" "--manifest-path" "Cargo.toml" "--no-deps", kill_on_drop: false }`
[INFO] started tweaking crates.io crate uckb-jsonrpc-client 0.3.0
[INFO] finished tweaking crates.io crate uckb-jsonrpc-client 0.3.0
[INFO] tweaked toml for crates.io crate uckb-jsonrpc-client 0.3.0 written to /workspace/builds/worker-0-tc2/source/Cargo.toml
[INFO] running `Command { std: CARGO_HOME="/workspace/cargo-home" RUSTUP_HOME="/workspace/rustup-home" "/workspace/cargo-home/bin/cargo" "+beta-2023-12-22" "generate-lockfile" "--manifest-path" "Cargo.toml", kill_on_drop: false }`
[INFO] [stderr]     Updating crates.io index
[INFO] running `Command { std: CARGO_HOME="/workspace/cargo-home" RUSTUP_HOME="/workspace/rustup-home" "/workspace/cargo-home/bin/cargo" "+beta-2023-12-22" "fetch" "--manifest-path" "Cargo.toml", kill_on_drop: false }`
[INFO] running `Command { std: "docker" "create" "-v" "/var/lib/crater-agent-workspace/builds/worker-0-tc2/target:/opt/rustwide/target:rw,Z" "-v" "/var/lib/crater-agent-workspace/builds/worker-0-tc2/source:/opt/rustwide/workdir:ro,Z" "-v" "/var/lib/crater-agent-workspace/cargo-home:/opt/rustwide/cargo-home:ro,Z" "-v" "/var/lib/crater-agent-workspace/rustup-home:/opt/rustwide/rustup-home:ro,Z" "-e" "SOURCE_DIR=/opt/rustwide/workdir" "-e" "CARGO_TARGET_DIR=/opt/rustwide/target" "-e" "CARGO_HOME=/opt/rustwide/cargo-home" "-e" "RUSTUP_HOME=/opt/rustwide/rustup-home" "-w" "/opt/rustwide/workdir" "-m" "1610612736" "--user" "0:0" "--network" "none" "ghcr.io/rust-lang/crates-build-env/linux@sha256:2788e3201cd34a07e3172128adcd8b3090168a8e3bcc40d7c032b9dda1df7d1c" "/opt/rustwide/cargo-home/bin/cargo" "+beta-2023-12-22" "metadata" "--no-deps" "--format-version=1", kill_on_drop: false }`
[INFO] [stdout] 5f97479c9b686abd071334c7e931de6a9730655aceb288002c1b23c1ca710d23
[INFO] running `Command { std: "docker" "start" "-a" "5f97479c9b686abd071334c7e931de6a9730655aceb288002c1b23c1ca710d23", kill_on_drop: false }`
[INFO] running `Command { std: "docker" "inspect" "5f97479c9b686abd071334c7e931de6a9730655aceb288002c1b23c1ca710d23", kill_on_drop: false }`
[INFO] running `Command { std: "docker" "rm" "-f" "5f97479c9b686abd071334c7e931de6a9730655aceb288002c1b23c1ca710d23", kill_on_drop: false }`
[INFO] [stdout] 5f97479c9b686abd071334c7e931de6a9730655aceb288002c1b23c1ca710d23
[INFO] running `Command { std: "docker" "create" "-v" "/var/lib/crater-agent-workspace/builds/worker-0-tc2/target:/opt/rustwide/target:rw,Z" "-v" "/var/lib/crater-agent-workspace/builds/worker-0-tc2/source:/opt/rustwide/workdir:ro,Z" "-v" "/var/lib/crater-agent-workspace/cargo-home:/opt/rustwide/cargo-home:ro,Z" "-v" "/var/lib/crater-agent-workspace/rustup-home:/opt/rustwide/rustup-home:ro,Z" "-e" "SOURCE_DIR=/opt/rustwide/workdir" "-e" "CARGO_TARGET_DIR=/opt/rustwide/target" "-e" "CARGO_INCREMENTAL=0" "-e" "RUST_BACKTRACE=full" "-e" "RUSTFLAGS=--cap-lints=warn" "-e" "RUSTDOCFLAGS=--cap-lints=warn" "-e" "CARGO_HOME=/opt/rustwide/cargo-home" "-e" "RUSTUP_HOME=/opt/rustwide/rustup-home" "-w" "/opt/rustwide/workdir" "-m" "1610612736" "--user" "0:0" "--network" "none" "ghcr.io/rust-lang/crates-build-env/linux@sha256:2788e3201cd34a07e3172128adcd8b3090168a8e3bcc40d7c032b9dda1df7d1c" "/opt/rustwide/cargo-home/bin/cargo" "+beta-2023-12-22" "build" "--frozen" "--message-format=json", kill_on_drop: false }`
[INFO] [stdout] 33e79e9b50b2e82e7cb146c79b6588eda0cb4849f4fda9c44567b9985ba487a1
[INFO] running `Command { std: "docker" "start" "-a" "33e79e9b50b2e82e7cb146c79b6588eda0cb4849f4fda9c44567b9985ba487a1", kill_on_drop: false }`
[INFO] [stderr]    Compiling syn v2.0.48
[INFO] [stderr]    Compiling cfg-if v0.1.10
[INFO] [stderr]    Compiling futures v0.1.31
[INFO] [stderr]    Compiling serde v1.0.194
[INFO] [stderr]    Compiling syn v1.0.109
[INFO] [stderr]    Compiling lazy_static v1.4.0
[INFO] [stderr]    Compiling iovec v0.1.4
[INFO] [stderr]    Compiling scopeguard v1.2.0
[INFO] [stderr]    Compiling crossbeam-utils v0.7.2
[INFO] [stderr]    Compiling maybe-uninit v2.0.0
[INFO] [stderr]    Compiling semver-parser v0.7.0
[INFO] [stderr]    Compiling either v1.9.0
[INFO] [stderr]    Compiling byteorder v1.5.0
[INFO] [stderr]    Compiling getrandom v0.1.16
[INFO] [stderr]    Compiling miniz_oxide v0.4.4
[INFO] [stderr]    Compiling num_cpus v1.16.0
[INFO] [stderr]    Compiling gimli v0.23.0
[INFO] [stderr]    Compiling failure_derive v0.1.8
[INFO] [stderr]    Compiling unicode-xid v0.2.4
[INFO] [stderr]    Compiling adler v1.0.2
[INFO] [stderr]    Compiling semver v0.9.0
[INFO] [stderr]    Compiling lock_api v0.3.4
[INFO] [stderr]    Compiling object v0.23.0
[INFO] [stderr]    Compiling bytes v0.4.12
[INFO] [stderr]    Compiling cc v1.0.41
[INFO] [stderr]    Compiling rustc-demangle v0.1.23
[INFO] [stderr]    Compiling net2 v0.2.39
[INFO] [stderr]    Compiling memoffset v0.5.6
[INFO] [stderr]    Compiling rustc_version v0.2.3
[INFO] [stderr]    Compiling rand_core v0.5.1
[INFO] [stderr]    Compiling smallvec v0.6.14
[INFO] [stderr]    Compiling mio v0.6.23
[INFO] [stderr]    Compiling crossbeam-epoch v0.8.2
[INFO] [stderr]    Compiling parking_lot_core v0.6.3
[INFO] [stderr]    Compiling parking_lot v0.9.0
[INFO] [stderr]    Compiling rand_chacha v0.2.2
[INFO] [stderr]    Compiling autocfg v0.1.8
[INFO] [stderr]    Compiling rand_core v0.4.2
[INFO] [stderr]    Compiling rand v0.7.3
[INFO] [stderr]    Compiling serde_json v1.0.111
[INFO] [stderr]    Compiling heapsize v0.4.2
[INFO] [stderr]    Compiling thiserror v1.0.56
[INFO] [stderr]    Compiling smallvec v1.11.2
[INFO] [stderr]    Compiling ryu v1.0.16
[INFO] [stderr]    Compiling faster-hex v0.4.1
[INFO] [stderr]    Compiling tinyvec_macros v0.1.1
[INFO] [stderr]    Compiling tinyvec v1.6.0
[INFO] [stderr]    Compiling crossbeam-deque v0.7.4
[INFO] [stderr]    Compiling crossbeam-queue v0.2.3
[INFO] [stderr]    Compiling blake2b-rs v0.1.5
[INFO] [stderr]    Compiling tokio-executor v0.1.10
[INFO] [stderr]    Compiling tokio-io v0.1.13
[INFO] [stderr]    Compiling tokio-sync v0.1.8
[INFO] [stderr]    Compiling mio-uds v0.6.8
[INFO] [stderr]    Compiling rand_core v0.3.1
[INFO] [stderr]    Compiling itoa v0.4.8
[INFO] [stderr]    Compiling unicode-bidi v0.3.14
[INFO] [stderr]    Compiling tokio-threadpool v0.1.18
[INFO] [stderr]    Compiling http v0.1.21
[INFO] [stderr]    Compiling tokio-current-thread v0.1.7
[INFO] [stderr]    Compiling tokio-timer v0.2.13
[INFO] [stderr]    Compiling tokio-reactor v0.1.12
[INFO] [stderr]    Compiling tokio-codec v0.1.2
[INFO] [stderr]    Compiling crossbeam-utils v0.6.6
[INFO] [stderr]    Compiling tokio-buf v0.1.1
[INFO] [stderr]    Compiling parking_lot_core v0.7.3
[INFO] [stderr]    Compiling addr2line v0.14.1
[INFO] [stderr]    Compiling unicode-normalization v0.1.22
[INFO] [stderr]    Compiling tokio-uds v0.2.7
[INFO] [stderr]    Compiling tokio-udp v0.1.6
[INFO] [stderr]    Compiling tokio-fs v0.1.7
[INFO] [stderr]    Compiling tokio-tcp v0.1.4
[INFO] [stderr]    Compiling crossbeam-channel v0.3.9
[INFO] [stderr]    Compiling backtrace v0.3.57
[INFO] [stderr]    Compiling secp256k1-sys v0.1.2
[INFO] [stderr]    Compiling rand_chacha v0.1.1
[INFO] [stderr]    Compiling tokio v0.1.22
[INFO] [stderr]    Compiling rand_pcg v0.1.2
[INFO] [stderr]    Compiling hyper v0.12.36
[INFO] [stderr]    Compiling string v0.2.1
[INFO] [stderr]    Compiling matches v0.1.10
[INFO] [stderr]    Compiling want v0.2.0
[INFO] [stderr]    Compiling idna v0.1.5
[INFO] [stderr]    Compiling ckb-hash v0.38.0
[INFO] [stderr]    Compiling ckb-channel v0.38.0
[INFO] [stderr]    Compiling parking_lot v0.10.2
[INFO] [stderr]    Compiling futures-cpupool v0.1.8
[INFO] [stderr]    Compiling rand v0.6.5
[INFO] [stderr]    Compiling merkle-cbt v0.3.2
[INFO] [stderr]    Compiling time v0.1.45
[INFO] [stderr]    Compiling lock_api v0.4.11
[INFO] [stderr]    Compiling futures-sink v0.3.30
[INFO] [stderr]    Compiling bit-vec v0.5.1
[INFO] [stderr]    Compiling version_check v0.9.4
[INFO] [stderr]    Compiling percent-encoding v1.0.1
[INFO] [stderr]    Compiling parking_lot_core v0.8.6
[INFO] [stderr]    Compiling url v1.7.2
[INFO] [stderr]    Compiling futures-channel v0.3.30
[INFO] [stderr]    Compiling h2 v0.1.26
[INFO] [stderr]    Compiling http-body v0.1.0
[INFO] [stderr]    Compiling unicase v2.7.0
[INFO] [stderr]    Compiling rand_xorshift v0.1.1
[INFO] [stderr]    Compiling rand_isaac v0.1.1
[INFO] [stderr]    Compiling rand_hc v0.1.0
[INFO] [stderr]    Compiling aho-corasick v1.1.2
[INFO] [stderr]    Compiling rand_os v0.1.3
[INFO] [stderr]    Compiling rand_jitter v0.1.4
[INFO] [stderr]    Compiling instant v0.1.12
[INFO] [stderr]    Compiling futures-io v0.3.30
[INFO] [stderr]    Compiling futures-task v0.3.30
[INFO] [stderr]    Compiling regex-syntax v0.8.2
[INFO] [stderr]    Compiling bstr v1.9.0
[INFO] [stderr]    Compiling ckb-logger v0.38.0
[INFO] [stderr]    Compiling tokio v0.3.7
[INFO] [stderr]    Compiling form_urlencoded v1.2.1
[INFO] [stderr]    Compiling secp256k1 v0.17.2
[INFO] [stderr]    Compiling parking_lot v0.11.2
[INFO] [stderr]    Compiling idna v0.5.0
[INFO] [stderr]    Compiling mio v0.7.14
[INFO] [stderr]    Compiling signal-hook-registry v1.4.1
[INFO] [stderr]    Compiling bytes v0.6.0
[INFO] [stderr]    Compiling synstructure v0.12.6
[INFO] [stderr]    Compiling url v2.5.0
[INFO] [stderr]    Compiling serde_derive v1.0.194
[INFO] [stderr]    Compiling thiserror-impl v1.0.56
[INFO] [stderr]    Compiling futures-macro v0.3.30
[INFO] [stderr]    Compiling regex-automata v0.4.3
[INFO] [stderr]    Compiling numext-constructor v0.1.6
[INFO] [stderr]    Compiling enum-display-derive v0.1.1
[INFO] [stderr]    Compiling tokio-macros v0.3.2
[INFO] [stderr]    Compiling futures-util v0.3.30
[INFO] [stderr]    Compiling failure v0.1.8
[INFO] [stderr]    Compiling globset v0.4.14
[INFO] [stderr]    Compiling futures-executor v0.3.30
[INFO] [stderr]    Compiling futures v0.3.30
[INFO] [stderr]    Compiling numext-fixed-uint-core v0.1.6
[INFO] [stderr]    Compiling ckb-fixed-hash-core v0.38.0
[INFO] [stderr]    Compiling ckb-occupied-capacity-core v0.38.0
[INFO] [stderr]    Compiling bytes v0.5.6
[INFO] [stderr]    Compiling toml v0.5.11
[INFO] [stderr]    Compiling ckb-occupied-capacity-macros v0.38.0
[INFO] [stderr]    Compiling ckb-fixed-hash-macros v0.38.0
[INFO] [stderr]    Compiling molecule v0.6.0
[INFO] [stderr]    Compiling ckb-occupied-capacity v0.38.0
[INFO] [stderr]    Compiling ckb-error v0.38.0
[INFO] [stderr]    Compiling jsonrpc-core v15.1.0
[INFO] [stderr]    Compiling jsonrpc-core v14.2.0
[INFO] [stderr]    Compiling proc-macro-crate v0.1.5
[INFO] [stderr]    Compiling ckb-fixed-hash v0.38.0
[INFO] [stderr]    Compiling ckb-crypto v0.38.0
[INFO] [stderr]    Compiling jsonrpc-derive v15.1.0
[INFO] [stderr]    Compiling jsonrpc-pubsub v15.1.0
[INFO] [stderr]    Compiling jsonrpc-server-utils v15.1.0
[INFO] [stderr]    Compiling jsonrpc-client-transports v15.1.0
[INFO] [stderr]    Compiling jsonrpc-core-client v15.1.0
[INFO] [stderr]    Compiling numext-fixed-uint-hack v0.1.6
[INFO] [stderr]    Compiling numext-fixed-uint v0.1.6
[INFO] [stderr]    Compiling ckb-rational v0.38.0
[INFO] [stderr]    Compiling ckb-types v0.38.0
[INFO] [stderr]    Compiling ckb-fee-estimator v0.38.0
[INFO] [stderr]    Compiling ckb-jsonrpc-types v0.38.0
[INFO] [stderr]    Compiling uckb-jsonrpc-core v0.3.0
[INFO] [stderr]    Compiling uckb-jsonrpc-client v0.3.0 (/opt/rustwide/workdir)
[INFO] [stdout] error[E0433]: failed to resolve: could not find `write` in `core`
[INFO] [stdout]   --> src/error.rs:15:17
[INFO] [stdout]    |
[INFO] [stdout] 15 | #[derive(Debug, Error)]
[INFO] [stdout]    |                 ^^^^^ could not find `write` in `core`
[INFO] [stdout]    |
[INFO] [stdout]    = note: this error originates in the derive macro `Error` (in Nightly builds, run with -Z macro-backtrace for more info)
[INFO] [stdout] 
[INFO] [stdout] 
[INFO] [stdout] error[E0433]: failed to resolve: could not find `fmt` in `core`
[INFO] [stdout]   --> src/error.rs:15:17
[INFO] [stdout]    |
[INFO] [stdout] 15 | #[derive(Debug, Error)]
[INFO] [stdout]    |                 ^^^^^ could not find `fmt` in `core`
[INFO] [stdout]    |
[INFO] [stdout]    = note: this error originates in the derive macro `Error` (in Nightly builds, run with -Z macro-backtrace for more info)
[INFO] [stdout] help: consider importing one of these items
[INFO] [stdout]    |
[INFO] [stdout] 9  + use core::fmt;
[INFO] [stdout]    |
[INFO] [stdout] 9  + use std::fmt;
[INFO] [stdout]    |
[INFO] [stdout] 
[INFO] [stdout] 
[INFO] [stdout] error: aborting due to 2 previous errors
[INFO] [stdout] 
[INFO] [stdout] 
[INFO] [stdout] For more information about this error, try `rustc --explain E0433`.
[INFO] [stdout] 
[INFO] [stderr] error: could not compile `uckb-jsonrpc-client` (lib) due to 3 previous errors
[INFO] [stderr] warning: build failed, waiting for other jobs to finish...
[INFO] running `Command { std: "docker" "inspect" "33e79e9b50b2e82e7cb146c79b6588eda0cb4849f4fda9c44567b9985ba487a1", kill_on_drop: false }`
[INFO] running `Command { std: "docker" "rm" "-f" "33e79e9b50b2e82e7cb146c79b6588eda0cb4849f4fda9c44567b9985ba487a1", kill_on_drop: false }`
[INFO] [stdout] 33e79e9b50b2e82e7cb146c79b6588eda0cb4849f4fda9c44567b9985ba487a1
