[INFO] fetching crate ucan 0.4.0...
[INFO] testing ucan-0.4.0 against 1.75.0 for beta-1.76-1
[INFO] extracting crate ucan 0.4.0 into /workspace/builds/worker-4-tc1/source
[INFO] validating manifest of crates.io crate ucan 0.4.0 on toolchain 1.75.0
[INFO] running `Command { std: CARGO_HOME="/workspace/cargo-home" RUSTUP_HOME="/workspace/rustup-home" "/workspace/cargo-home/bin/cargo" "+1.75.0" "metadata" "--manifest-path" "Cargo.toml" "--no-deps", kill_on_drop: false }`
[INFO] started tweaking crates.io crate ucan 0.4.0
[INFO] finished tweaking crates.io crate ucan 0.4.0
[INFO] tweaked toml for crates.io crate ucan 0.4.0 written to /workspace/builds/worker-4-tc1/source/Cargo.toml
[INFO] running `Command { std: CARGO_HOME="/workspace/cargo-home" RUSTUP_HOME="/workspace/rustup-home" "/workspace/cargo-home/bin/cargo" "+1.75.0" "generate-lockfile" "--manifest-path" "Cargo.toml", kill_on_drop: false }`
[INFO] [stderr]     Updating crates.io index
[INFO] running `Command { std: CARGO_HOME="/workspace/cargo-home" RUSTUP_HOME="/workspace/rustup-home" "/workspace/cargo-home/bin/cargo" "+1.75.0" "fetch" "--manifest-path" "Cargo.toml", kill_on_drop: false }`
[INFO] running `Command { std: "docker" "create" "-v" "/var/lib/crater-agent-workspace/builds/worker-4-tc1/target:/opt/rustwide/target:rw,Z" "-v" "/var/lib/crater-agent-workspace/builds/worker-4-tc1/source:/opt/rustwide/workdir:ro,Z" "-v" "/var/lib/crater-agent-workspace/cargo-home:/opt/rustwide/cargo-home:ro,Z" "-v" "/var/lib/crater-agent-workspace/rustup-home:/opt/rustwide/rustup-home:ro,Z" "-e" "SOURCE_DIR=/opt/rustwide/workdir" "-e" "CARGO_TARGET_DIR=/opt/rustwide/target" "-e" "CARGO_HOME=/opt/rustwide/cargo-home" "-e" "RUSTUP_HOME=/opt/rustwide/rustup-home" "-w" "/opt/rustwide/workdir" "-m" "1610612736" "--user" "0:0" "--network" "none" "ghcr.io/rust-lang/crates-build-env/linux@sha256:2788e3201cd34a07e3172128adcd8b3090168a8e3bcc40d7c032b9dda1df7d1c" "/opt/rustwide/cargo-home/bin/cargo" "+1.75.0" "metadata" "--no-deps" "--format-version=1", kill_on_drop: false }`
[INFO] [stdout] a68f67e23a43870536c3927700282951cfb398da03a7edeca1044dfdd826740e
[INFO] running `Command { std: "docker" "start" "-a" "a68f67e23a43870536c3927700282951cfb398da03a7edeca1044dfdd826740e", kill_on_drop: false }`
[INFO] running `Command { std: "docker" "inspect" "a68f67e23a43870536c3927700282951cfb398da03a7edeca1044dfdd826740e", kill_on_drop: false }`
[INFO] running `Command { std: "docker" "rm" "-f" "a68f67e23a43870536c3927700282951cfb398da03a7edeca1044dfdd826740e", kill_on_drop: false }`
[INFO] [stdout] a68f67e23a43870536c3927700282951cfb398da03a7edeca1044dfdd826740e
[INFO] running `Command { std: "docker" "create" "-v" "/var/lib/crater-agent-workspace/builds/worker-4-tc1/target:/opt/rustwide/target:rw,Z" "-v" "/var/lib/crater-agent-workspace/builds/worker-4-tc1/source:/opt/rustwide/workdir:ro,Z" "-v" "/var/lib/crater-agent-workspace/cargo-home:/opt/rustwide/cargo-home:ro,Z" "-v" "/var/lib/crater-agent-workspace/rustup-home:/opt/rustwide/rustup-home:ro,Z" "-e" "SOURCE_DIR=/opt/rustwide/workdir" "-e" "CARGO_TARGET_DIR=/opt/rustwide/target" "-e" "CARGO_INCREMENTAL=0" "-e" "RUST_BACKTRACE=full" "-e" "RUSTFLAGS=--cap-lints=warn" "-e" "RUSTDOCFLAGS=--cap-lints=warn" "-e" "CARGO_HOME=/opt/rustwide/cargo-home" "-e" "RUSTUP_HOME=/opt/rustwide/rustup-home" "-w" "/opt/rustwide/workdir" "-m" "1610612736" "--user" "0:0" "--network" "none" "ghcr.io/rust-lang/crates-build-env/linux@sha256:2788e3201cd34a07e3172128adcd8b3090168a8e3bcc40d7c032b9dda1df7d1c" "/opt/rustwide/cargo-home/bin/cargo" "+1.75.0" "build" "--frozen" "--message-format=json", kill_on_drop: false }`
[INFO] [stdout] c757cca90664fba4652450168176b78f0a5d499ed50c2ccf9f95b991bc47cbde
[INFO] running `Command { std: "docker" "start" "-a" "c757cca90664fba4652450168176b78f0a5d499ed50c2ccf9f95b991bc47cbde", kill_on_drop: false }`
[INFO] [stderr]    Compiling proc-macro2 v1.0.75
[INFO] [stderr]    Compiling typenum v1.17.0
[INFO] [stderr]    Compiling syn v1.0.109
[INFO] [stderr]    Compiling serde v1.0.194
[INFO] [stderr]    Compiling arrayref v0.3.7
[INFO] [stderr]    Compiling arrayvec v0.7.4
[INFO] [stderr]    Compiling constant_time_eq v0.3.0
[INFO] [stderr]    Compiling data-encoding v2.5.0
[INFO] [stderr]    Compiling unicode-xid v0.2.4
[INFO] [stderr]    Compiling libc v0.2.151
[INFO] [stderr]    Compiling cpufeatures v0.2.12
[INFO] [stderr]    Compiling keccak v0.1.4
[INFO] [stderr]    Compiling core2 v0.4.0
[INFO] [stderr]    Compiling anyhow v1.0.79
[INFO] [stderr]    Compiling futures-sink v0.3.30
[INFO] [stderr]    Compiling base-x v0.2.11
[INFO] [stderr]    Compiling futures-core v0.3.30
[INFO] [stderr]    Compiling unsigned-varint v0.7.2
[INFO] [stderr]    Compiling rustversion v1.0.14
[INFO] [stderr]    Compiling blake2s_simd v1.0.2
[INFO] [stderr]    Compiling blake2b_simd v1.0.2
[INFO] [stderr]    Compiling futures-channel v0.3.30
[INFO] [stderr]    Compiling serde_json v1.0.111
[INFO] [stderr]    Compiling futures-io v0.3.30
[INFO] [stderr]    Compiling futures-task v0.3.30
[INFO] [stderr]    Compiling unicode-bidi v0.3.14
[INFO] [stderr]    Compiling async-trait v0.1.77
[INFO] [stderr]    Compiling instant v0.1.12
[INFO] [stderr]    Compiling bs58 v0.5.0
[INFO] [stderr]    Compiling strum v0.24.1
[INFO] [stderr]    Compiling cc v1.0.83
[INFO] [stderr]    Compiling getrandom v0.2.11
[INFO] [stderr]    Compiling quote v1.0.35
[INFO] [stderr]    Compiling rand_core v0.6.4
[INFO] [stderr]    Compiling idna v0.5.0
[INFO] [stderr]    Compiling syn v2.0.48
[INFO] [stderr]    Compiling rand_chacha v0.3.1
[INFO] [stderr]    Compiling proc-macro-error-attr v1.0.4
[INFO] [stderr]    Compiling rand v0.8.5
[INFO] [stderr]    Compiling generic-array v0.14.7
[INFO] [stderr]    Compiling url v2.5.0
[INFO] [stderr]    Compiling blake3 v1.5.0
[INFO] [stderr]    Compiling block-buffer v0.10.4
[INFO] [stderr]    Compiling crypto-common v0.1.6
[INFO] [stderr]    Compiling digest v0.10.7
[INFO] [stderr]    Compiling sha2 v0.10.8
[INFO] [stderr]    Compiling sha3 v0.10.8
[INFO] [stderr]    Compiling proc-macro-error v1.0.4
[INFO] [stderr]    Compiling synstructure v0.12.6
[INFO] [stderr]    Compiling toml v0.5.11
[INFO] [stderr]    Compiling data-encoding-macro-internal v0.1.12
[INFO] [stderr]    Compiling data-encoding-macro v0.1.14
[INFO] [stderr]    Compiling multibase v0.9.1
[INFO] [stderr]    Compiling serde_derive v1.0.194
[INFO] [stderr]    Compiling thiserror-impl v1.0.56
[INFO] [stderr]    Compiling futures-macro v0.3.30
[INFO] [stderr]    Compiling strum_macros v0.25.3
[INFO] [stderr]    Compiling async-recursion v1.0.5
[INFO] [stderr]    Compiling futures-util v0.3.30
[INFO] [stderr]    Compiling thiserror v1.0.56
[INFO] [stderr]    Compiling proc-macro-crate v1.1.3
[INFO] [stderr]    Compiling multihash-derive v0.8.1
[INFO] [stderr]    Compiling futures-executor v0.3.30
[INFO] [stderr]    Compiling futures v0.3.30
[INFO] [stderr]    Compiling serde-big-array v0.3.3
[INFO] [stderr]    Compiling serde_bytes v0.11.14
[INFO] [stderr]    Compiling multihash v0.18.1
[INFO] [stderr]    Compiling cid v0.10.1
[INFO] [stderr]    Compiling libipld-core v0.16.0
[INFO] [stderr]    Compiling libipld-json v0.16.0
[INFO] [stderr]    Compiling ucan v0.4.0 (/opt/rustwide/workdir)
[INFO] [stderr]     Finished dev [unoptimized + debuginfo] target(s) in 8.81s
[INFO] running `Command { std: "docker" "inspect" "c757cca90664fba4652450168176b78f0a5d499ed50c2ccf9f95b991bc47cbde", kill_on_drop: false }`
[INFO] running `Command { std: "docker" "rm" "-f" "c757cca90664fba4652450168176b78f0a5d499ed50c2ccf9f95b991bc47cbde", kill_on_drop: false }`
[INFO] [stdout] c757cca90664fba4652450168176b78f0a5d499ed50c2ccf9f95b991bc47cbde
[INFO] running `Command { std: "docker" "create" "-v" "/var/lib/crater-agent-workspace/builds/worker-4-tc1/target:/opt/rustwide/target:rw,Z" "-v" "/var/lib/crater-agent-workspace/builds/worker-4-tc1/source:/opt/rustwide/workdir:ro,Z" "-v" "/var/lib/crater-agent-workspace/cargo-home:/opt/rustwide/cargo-home:ro,Z" "-v" "/var/lib/crater-agent-workspace/rustup-home:/opt/rustwide/rustup-home:ro,Z" "-e" "SOURCE_DIR=/opt/rustwide/workdir" "-e" "CARGO_TARGET_DIR=/opt/rustwide/target" "-e" "CARGO_INCREMENTAL=0" "-e" "RUST_BACKTRACE=full" "-e" "RUSTFLAGS=--cap-lints=warn" "-e" "RUSTDOCFLAGS=--cap-lints=warn" "-e" "CARGO_HOME=/opt/rustwide/cargo-home" "-e" "RUSTUP_HOME=/opt/rustwide/rustup-home" "-w" "/opt/rustwide/workdir" "-m" "1610612736" "--user" "0:0" "--network" "none" "ghcr.io/rust-lang/crates-build-env/linux@sha256:2788e3201cd34a07e3172128adcd8b3090168a8e3bcc40d7c032b9dda1df7d1c" "/opt/rustwide/cargo-home/bin/cargo" "+1.75.0" "test" "--frozen" "--no-run" "--message-format=json", kill_on_drop: false }`
[INFO] [stdout] 34c1e4e3da9da2af987b4714835bb8baca601e7fd9ef9583805ff271e02e604d
[INFO] running `Command { std: "docker" "start" "-a" "34c1e4e3da9da2af987b4714835bb8baca601e7fd9ef9583805ff271e02e604d", kill_on_drop: false }`
[INFO] [stderr]    Compiling tokio-macros v2.2.0
[INFO] [stderr]    Compiling tokio v1.35.1
[INFO] [stderr]    Compiling ucan v0.4.0 (/opt/rustwide/workdir)
[INFO] [stdout] error[E0432]: unresolved import `did_key`
[INFO] [stdout]  --> src/tests/fixtures/identities.rs:2:5
[INFO] [stdout]   |
[INFO] [stdout] 2 | use did_key::{
[INFO] [stdout]   |     ^^^^^^^ use of undeclared crate or module `did_key`
[INFO] [stdout] 
[INFO] [stdout] 
[INFO] [stdout] error[E0432]: unresolved import `did_key`
[INFO] [stdout]  --> src/tests/helpers.rs:4:5
[INFO] [stdout]   |
[INFO] [stdout] 4 | use did_key::PatchedKeyPair;
[INFO] [stdout]   |     ^^^^^^^ use of undeclared crate or module `did_key`
[INFO] [stdout] 
[INFO] [stdout] 
[INFO] [stdout] error[E0432]: unresolved import `serde_ipld_dagcbor`
[INFO] [stdout]  --> src/tests/helpers.rs:6:5
[INFO] [stdout]   |
[INFO] [stdout] 6 | use serde_ipld_dagcbor::{from_slice, to_vec};
[INFO] [stdout]   |     ^^^^^^^^^^^^^^^^^^ use of undeclared crate or module `serde_ipld_dagcbor`
[INFO] [stdout] 
[INFO] [stdout] 
[INFO] [stdout] error[E0432]: unresolved import `did_key`
[INFO] [stdout]   --> src/tests/builder.rs:15:5
[INFO] [stdout]    |
[INFO] [stdout] 15 | use did_key::PatchedKeyPair;
[INFO] [stdout]    |     ^^^^^^^ use of undeclared crate or module `did_key`
[INFO] [stdout] 
[INFO] [stdout] 
[INFO] [stdout] error[E0432]: unresolved import `did_key`
[INFO] [stdout]  --> src/tests/crypto.rs:3:9
[INFO] [stdout]   |
[INFO] [stdout] 3 |     use did_key::{from_existing_key, Ed25519KeyPair, KeyMaterial as _KeyMaterial};
[INFO] [stdout]   |         ^^^^^^^ use of undeclared crate or module `did_key`
[INFO] [stdout] 
[INFO] [stdout] 
[INFO] [stdout] error[E0432]: unresolved import `did_key`
[INFO] [stdout]  --> src/tests/fixtures/crypto.rs:7:5
[INFO] [stdout]   |
[INFO] [stdout] 7 | use did_key::{from_existing_key, CoreSign, Ed25519KeyPair, Fingerprint, PatchedKeyPair};
[INFO] [stdout]   |     ^^^^^^^ use of undeclared crate or module `did_key`
[INFO] [stdout] 
[INFO] [stdout] 
[INFO] [stdout] error: aborting due to 6 previous errors
[INFO] [stdout] 
[INFO] [stdout] 
[INFO] [stdout] For more information about this error, try `rustc --explain E0432`.
[INFO] [stdout] 
[INFO] [stderr] error: could not compile `ucan` (lib test) due to 7 previous errors
[INFO] running `Command { std: "docker" "inspect" "34c1e4e3da9da2af987b4714835bb8baca601e7fd9ef9583805ff271e02e604d", kill_on_drop: false }`
[INFO] running `Command { std: "docker" "rm" "-f" "34c1e4e3da9da2af987b4714835bb8baca601e7fd9ef9583805ff271e02e604d", kill_on_drop: false }`
[INFO] [stdout] 34c1e4e3da9da2af987b4714835bb8baca601e7fd9ef9583805ff271e02e604d
[INFO] testing ucan-0.4.0 against beta-2023-12-22 for beta-1.76-1
[INFO] extracting crate ucan 0.4.0 into /workspace/builds/worker-4-tc2/source
[INFO] validating manifest of crates.io crate ucan 0.4.0 on toolchain beta-2023-12-22
[INFO] running `Command { std: CARGO_HOME="/workspace/cargo-home" RUSTUP_HOME="/workspace/rustup-home" "/workspace/cargo-home/bin/cargo" "+beta-2023-12-22" "metadata" "--manifest-path" "Cargo.toml" "--no-deps", kill_on_drop: false }`
[INFO] started tweaking crates.io crate ucan 0.4.0
[INFO] finished tweaking crates.io crate ucan 0.4.0
[INFO] tweaked toml for crates.io crate ucan 0.4.0 written to /workspace/builds/worker-4-tc2/source/Cargo.toml
[INFO] running `Command { std: CARGO_HOME="/workspace/cargo-home" RUSTUP_HOME="/workspace/rustup-home" "/workspace/cargo-home/bin/cargo" "+beta-2023-12-22" "generate-lockfile" "--manifest-path" "Cargo.toml", kill_on_drop: false }`
[INFO] [stderr]     Updating crates.io index
[INFO] running `Command { std: CARGO_HOME="/workspace/cargo-home" RUSTUP_HOME="/workspace/rustup-home" "/workspace/cargo-home/bin/cargo" "+beta-2023-12-22" "fetch" "--manifest-path" "Cargo.toml", kill_on_drop: false }`
[INFO] running `Command { std: "docker" "create" "-v" "/var/lib/crater-agent-workspace/builds/worker-4-tc2/target:/opt/rustwide/target:rw,Z" "-v" "/var/lib/crater-agent-workspace/builds/worker-4-tc2/source:/opt/rustwide/workdir:ro,Z" "-v" "/var/lib/crater-agent-workspace/cargo-home:/opt/rustwide/cargo-home:ro,Z" "-v" "/var/lib/crater-agent-workspace/rustup-home:/opt/rustwide/rustup-home:ro,Z" "-e" "SOURCE_DIR=/opt/rustwide/workdir" "-e" "CARGO_TARGET_DIR=/opt/rustwide/target" "-e" "CARGO_HOME=/opt/rustwide/cargo-home" "-e" "RUSTUP_HOME=/opt/rustwide/rustup-home" "-w" "/opt/rustwide/workdir" "-m" "1610612736" "--user" "0:0" "--network" "none" "ghcr.io/rust-lang/crates-build-env/linux@sha256:2788e3201cd34a07e3172128adcd8b3090168a8e3bcc40d7c032b9dda1df7d1c" "/opt/rustwide/cargo-home/bin/cargo" "+beta-2023-12-22" "metadata" "--no-deps" "--format-version=1", kill_on_drop: false }`
[INFO] [stdout] 72646ffeb97956f8a9303cb8ef58eabbdfd70a44eb3993543be423bcf9047b4a
[INFO] running `Command { std: "docker" "start" "-a" "72646ffeb97956f8a9303cb8ef58eabbdfd70a44eb3993543be423bcf9047b4a", kill_on_drop: false }`
[INFO] running `Command { std: "docker" "inspect" "72646ffeb97956f8a9303cb8ef58eabbdfd70a44eb3993543be423bcf9047b4a", kill_on_drop: false }`
[INFO] running `Command { std: "docker" "rm" "-f" "72646ffeb97956f8a9303cb8ef58eabbdfd70a44eb3993543be423bcf9047b4a", kill_on_drop: false }`
[INFO] [stdout] 72646ffeb97956f8a9303cb8ef58eabbdfd70a44eb3993543be423bcf9047b4a
[INFO] running `Command { std: "docker" "create" "-v" "/var/lib/crater-agent-workspace/builds/worker-4-tc2/target:/opt/rustwide/target:rw,Z" "-v" "/var/lib/crater-agent-workspace/builds/worker-4-tc2/source:/opt/rustwide/workdir:ro,Z" "-v" "/var/lib/crater-agent-workspace/cargo-home:/opt/rustwide/cargo-home:ro,Z" "-v" "/var/lib/crater-agent-workspace/rustup-home:/opt/rustwide/rustup-home:ro,Z" "-e" "SOURCE_DIR=/opt/rustwide/workdir" "-e" "CARGO_TARGET_DIR=/opt/rustwide/target" "-e" "CARGO_INCREMENTAL=0" "-e" "RUST_BACKTRACE=full" "-e" "RUSTFLAGS=--cap-lints=warn" "-e" "RUSTDOCFLAGS=--cap-lints=warn" "-e" "CARGO_HOME=/opt/rustwide/cargo-home" "-e" "RUSTUP_HOME=/opt/rustwide/rustup-home" "-w" "/opt/rustwide/workdir" "-m" "1610612736" "--user" "0:0" "--network" "none" "ghcr.io/rust-lang/crates-build-env/linux@sha256:2788e3201cd34a07e3172128adcd8b3090168a8e3bcc40d7c032b9dda1df7d1c" "/opt/rustwide/cargo-home/bin/cargo" "+beta-2023-12-22" "build" "--frozen" "--message-format=json", kill_on_drop: false }`
[INFO] [stdout] 44b0ec9f67fcbbee8fd277b1f833e7eedcac0281154850b6fe7fda2ded52ccc6
[INFO] running `Command { std: "docker" "start" "-a" "44b0ec9f67fcbbee8fd277b1f833e7eedcac0281154850b6fe7fda2ded52ccc6", kill_on_drop: false }`
[INFO] [stderr]    Compiling proc-macro2 v1.0.75
[INFO] [stderr]    Compiling syn v1.0.109
[INFO] [stderr]    Compiling typenum v1.17.0
[INFO] [stderr]    Compiling serde v1.0.194
[INFO] [stderr]    Compiling arrayvec v0.7.4
[INFO] [stderr]    Compiling arrayref v0.3.7
[INFO] [stderr]    Compiling constant_time_eq v0.3.0
[INFO] [stderr]    Compiling data-encoding v2.5.0
[INFO] [stderr]    Compiling libc v0.2.151
[INFO] [stderr]    Compiling unicode-xid v0.2.4
[INFO] [stderr]    Compiling cpufeatures v0.2.12
[INFO] [stderr]    Compiling keccak v0.1.4
[INFO] [stderr]    Compiling core2 v0.4.0
[INFO] [stderr]    Compiling futures-core v0.3.30
[INFO] [stderr]    Compiling anyhow v1.0.79
[INFO] [stderr]    Compiling unsigned-varint v0.7.2
[INFO] [stderr]    Compiling futures-sink v0.3.30
[INFO] [stderr]    Compiling base-x v0.2.11
[INFO] [stderr]    Compiling futures-channel v0.3.30
[INFO] [stderr]    Compiling rustversion v1.0.14
[INFO] [stderr]    Compiling blake2b_simd v1.0.2
[INFO] [stderr]    Compiling blake2s_simd v1.0.2
[INFO] [stderr]    Compiling serde_json v1.0.111
[INFO] [stderr]    Compiling futures-io v0.3.30
[INFO] [stderr]    Compiling futures-task v0.3.30
[INFO] [stderr]    Compiling unicode-bidi v0.3.14
[INFO] [stderr]    Compiling async-trait v0.1.77
[INFO] [stderr]    Compiling instant v0.1.12
[INFO] [stderr]    Compiling bs58 v0.5.0
[INFO] [stderr]    Compiling strum v0.24.1
[INFO] [stderr]    Compiling idna v0.5.0
[INFO] [stderr]    Compiling quote v1.0.35
[INFO] [stderr]    Compiling cc v1.0.83
[INFO] [stderr]    Compiling getrandom v0.2.11
[INFO] [stderr]    Compiling rand_core v0.6.4
[INFO] [stderr]    Compiling syn v2.0.48
[INFO] [stderr]    Compiling rand_chacha v0.3.1
[INFO] [stderr]    Compiling url v2.5.0
[INFO] [stderr]    Compiling proc-macro-error-attr v1.0.4
[INFO] [stderr]    Compiling generic-array v0.14.7
[INFO] [stderr]    Compiling rand v0.8.5
[INFO] [stderr]    Compiling blake3 v1.5.0
[INFO] [stderr]    Compiling block-buffer v0.10.4
[INFO] [stderr]    Compiling crypto-common v0.1.6
[INFO] [stderr]    Compiling digest v0.10.7
[INFO] [stderr]    Compiling sha2 v0.10.8
[INFO] [stderr]    Compiling sha3 v0.10.8
[INFO] [stderr]    Compiling proc-macro-error v1.0.4
[INFO] [stderr]    Compiling synstructure v0.12.6
[INFO] [stderr]    Compiling toml v0.5.11
[INFO] [stderr]    Compiling data-encoding-macro-internal v0.1.12
[INFO] [stderr]    Compiling data-encoding-macro v0.1.14
[INFO] [stderr]    Compiling multibase v0.9.1
[INFO] [stderr]    Compiling serde_derive v1.0.194
[INFO] [stderr]    Compiling thiserror-impl v1.0.56
[INFO] [stderr]    Compiling futures-macro v0.3.30
[INFO] [stderr]    Compiling async-recursion v1.0.5
[INFO] [stderr]    Compiling strum_macros v0.25.3
[INFO] [stderr]    Compiling futures-util v0.3.30
[INFO] [stderr]    Compiling thiserror v1.0.56
[INFO] [stderr]    Compiling proc-macro-crate v1.1.3
[INFO] [stderr]    Compiling multihash-derive v0.8.1
[INFO] [stderr]    Compiling futures-executor v0.3.30
[INFO] [stderr]    Compiling futures v0.3.30
[INFO] [stderr]    Compiling serde-big-array v0.3.3
[INFO] [stderr]    Compiling serde_bytes v0.11.14
[INFO] [stderr]    Compiling multihash v0.18.1
[INFO] [stderr]    Compiling cid v0.10.1
[INFO] [stderr]    Compiling libipld-core v0.16.0
[INFO] [stderr]    Compiling libipld-json v0.16.0
[INFO] [stderr]    Compiling ucan v0.4.0 (/opt/rustwide/workdir)
[INFO] [stderr]     Finished dev [unoptimized + debuginfo] target(s) in 10.63s
[INFO] running `Command { std: "docker" "inspect" "44b0ec9f67fcbbee8fd277b1f833e7eedcac0281154850b6fe7fda2ded52ccc6", kill_on_drop: false }`
[INFO] running `Command { std: "docker" "rm" "-f" "44b0ec9f67fcbbee8fd277b1f833e7eedcac0281154850b6fe7fda2ded52ccc6", kill_on_drop: false }`
[INFO] [stdout] 44b0ec9f67fcbbee8fd277b1f833e7eedcac0281154850b6fe7fda2ded52ccc6
[INFO] running `Command { std: "docker" "create" "-v" "/var/lib/crater-agent-workspace/builds/worker-4-tc2/target:/opt/rustwide/target:rw,Z" "-v" "/var/lib/crater-agent-workspace/builds/worker-4-tc2/source:/opt/rustwide/workdir:ro,Z" "-v" "/var/lib/crater-agent-workspace/cargo-home:/opt/rustwide/cargo-home:ro,Z" "-v" "/var/lib/crater-agent-workspace/rustup-home:/opt/rustwide/rustup-home:ro,Z" "-e" "SOURCE_DIR=/opt/rustwide/workdir" "-e" "CARGO_TARGET_DIR=/opt/rustwide/target" "-e" "CARGO_INCREMENTAL=0" "-e" "RUST_BACKTRACE=full" "-e" "RUSTFLAGS=--cap-lints=warn" "-e" "RUSTDOCFLAGS=--cap-lints=warn" "-e" "CARGO_HOME=/opt/rustwide/cargo-home" "-e" "RUSTUP_HOME=/opt/rustwide/rustup-home" "-w" "/opt/rustwide/workdir" "-m" "1610612736" "--user" "0:0" "--network" "none" "ghcr.io/rust-lang/crates-build-env/linux@sha256:2788e3201cd34a07e3172128adcd8b3090168a8e3bcc40d7c032b9dda1df7d1c" "/opt/rustwide/cargo-home/bin/cargo" "+beta-2023-12-22" "test" "--frozen" "--no-run" "--message-format=json", kill_on_drop: false }`
[INFO] [stdout] 187200e0f6e144a01c59cbf92ae2bbb3ced1698efaaa294dec90de229e1db702
[INFO] running `Command { std: "docker" "start" "-a" "187200e0f6e144a01c59cbf92ae2bbb3ced1698efaaa294dec90de229e1db702", kill_on_drop: false }`
[INFO] [stderr]    Compiling tokio-macros v2.2.0
[INFO] [stderr]    Compiling tokio v1.35.1
[INFO] [stderr]    Compiling ucan v0.4.0 (/opt/rustwide/workdir)
[INFO] [stdout] error[E0432]: unresolved import `did_key`
[INFO] [stdout]  --> src/tests/fixtures/identities.rs:2:5
[INFO] [stdout]   |
[INFO] [stdout] 2 | use did_key::{
[INFO] [stdout]   |     ^^^^^^^ use of undeclared crate or module `did_key`
[INFO] [stdout] 
[INFO] [stdout] 
[INFO] [stdout] error[E0432]: unresolved import `did_key`
[INFO] [stdout]  --> src/tests/helpers.rs:4:5
[INFO] [stdout]   |
[INFO] [stdout] 4 | use did_key::PatchedKeyPair;
[INFO] [stdout]   |     ^^^^^^^ use of undeclared crate or module `did_key`
[INFO] [stdout] 
[INFO] [stdout] 
[INFO] [stdout] error[E0432]: unresolved import `serde_ipld_dagcbor`
[INFO] [stdout]  --> src/tests/helpers.rs:6:5
[INFO] [stdout]   |
[INFO] [stdout] 6 | use serde_ipld_dagcbor::{from_slice, to_vec};
[INFO] [stdout]   |     ^^^^^^^^^^^^^^^^^^ use of undeclared crate or module `serde_ipld_dagcbor`
[INFO] [stdout] 
[INFO] [stdout] 
[INFO] [stdout] error[E0432]: unresolved import `did_key`
[INFO] [stdout]   --> src/tests/builder.rs:15:5
[INFO] [stdout]    |
[INFO] [stdout] 15 | use did_key::PatchedKeyPair;
[INFO] [stdout]    |     ^^^^^^^ use of undeclared crate or module `did_key`
[INFO] [stdout] 
[INFO] [stdout] 
[INFO] [stdout] error[E0432]: unresolved import `did_key`
[INFO] [stdout]  --> src/tests/crypto.rs:3:9
[INFO] [stdout]   |
[INFO] [stdout] 3 |     use did_key::{from_existing_key, Ed25519KeyPair, KeyMaterial as _KeyMaterial};
[INFO] [stdout]   |         ^^^^^^^ use of undeclared crate or module `did_key`
[INFO] [stdout] 
[INFO] [stdout] 
[INFO] [stdout] error[E0432]: unresolved import `did_key`
[INFO] [stdout]  --> src/tests/fixtures/crypto.rs:7:5
[INFO] [stdout]   |
[INFO] [stdout] 7 | use did_key::{from_existing_key, CoreSign, Ed25519KeyPair, Fingerprint, PatchedKeyPair};
[INFO] [stdout]   |     ^^^^^^^ use of undeclared crate or module `did_key`
[INFO] [stdout] 
[INFO] [stdout] 
[INFO] [stdout] error: aborting due to 6 previous errors
[INFO] [stdout] 
[INFO] [stdout] 
[INFO] [stdout] For more information about this error, try `rustc --explain E0432`.
[INFO] [stdout] 
[INFO] [stderr] error: could not compile `ucan` (lib test) due to 7 previous errors
[INFO] running `Command { std: "docker" "inspect" "187200e0f6e144a01c59cbf92ae2bbb3ced1698efaaa294dec90de229e1db702", kill_on_drop: false }`
[INFO] running `Command { std: "docker" "rm" "-f" "187200e0f6e144a01c59cbf92ae2bbb3ced1698efaaa294dec90de229e1db702", kill_on_drop: false }`
[INFO] [stdout] 187200e0f6e144a01c59cbf92ae2bbb3ced1698efaaa294dec90de229e1db702
