[INFO] fetching crate u-siem-datasetmanager-sqlite 0.0.3...
[INFO] testing u-siem-datasetmanager-sqlite-0.0.3 against 1.75.0 for beta-1.76-1
[INFO] extracting crate u-siem-datasetmanager-sqlite 0.0.3 into /workspace/builds/worker-2-tc1/source
[INFO] validating manifest of crates.io crate u-siem-datasetmanager-sqlite 0.0.3 on toolchain 1.75.0
[INFO] running `Command { std: CARGO_HOME="/workspace/cargo-home" RUSTUP_HOME="/workspace/rustup-home" "/workspace/cargo-home/bin/cargo" "+1.75.0" "metadata" "--manifest-path" "Cargo.toml" "--no-deps", kill_on_drop: false }`
[INFO] started tweaking crates.io crate u-siem-datasetmanager-sqlite 0.0.3
[INFO] finished tweaking crates.io crate u-siem-datasetmanager-sqlite 0.0.3
[INFO] tweaked toml for crates.io crate u-siem-datasetmanager-sqlite 0.0.3 written to /workspace/builds/worker-2-tc1/source/Cargo.toml
[INFO] running `Command { std: CARGO_HOME="/workspace/cargo-home" RUSTUP_HOME="/workspace/rustup-home" "/workspace/cargo-home/bin/cargo" "+1.75.0" "generate-lockfile" "--manifest-path" "Cargo.toml", kill_on_drop: false }`
[INFO] [stderr]     Updating crates.io index
[INFO] running `Command { std: CARGO_HOME="/workspace/cargo-home" RUSTUP_HOME="/workspace/rustup-home" "/workspace/cargo-home/bin/cargo" "+1.75.0" "fetch" "--manifest-path" "Cargo.toml", kill_on_drop: false }`
[INFO] [stderr]  Downloading crates ...
[INFO] [stderr]   Downloaded rusqlite v0.26.3
[INFO] [stderr]   Downloaded u-siem v0.0.113
[INFO] running `Command { std: "docker" "create" "-v" "/var/lib/crater-agent-workspace/builds/worker-2-tc1/target:/opt/rustwide/target:rw,Z" "-v" "/var/lib/crater-agent-workspace/builds/worker-2-tc1/source:/opt/rustwide/workdir:ro,Z" "-v" "/var/lib/crater-agent-workspace/cargo-home:/opt/rustwide/cargo-home:ro,Z" "-v" "/var/lib/crater-agent-workspace/rustup-home:/opt/rustwide/rustup-home:ro,Z" "-e" "SOURCE_DIR=/opt/rustwide/workdir" "-e" "CARGO_TARGET_DIR=/opt/rustwide/target" "-e" "CARGO_HOME=/opt/rustwide/cargo-home" "-e" "RUSTUP_HOME=/opt/rustwide/rustup-home" "-w" "/opt/rustwide/workdir" "-m" "1610612736" "--user" "0:0" "--network" "none" "ghcr.io/rust-lang/crates-build-env/linux@sha256:2788e3201cd34a07e3172128adcd8b3090168a8e3bcc40d7c032b9dda1df7d1c" "/opt/rustwide/cargo-home/bin/cargo" "+1.75.0" "metadata" "--no-deps" "--format-version=1", kill_on_drop: false }`
[INFO] [stdout] ba2584a036cdaa6606c2d14d1010f4da43aa275fdbfa61ce1ede79662a5541fd
[INFO] running `Command { std: "docker" "start" "-a" "ba2584a036cdaa6606c2d14d1010f4da43aa275fdbfa61ce1ede79662a5541fd", kill_on_drop: false }`
[INFO] running `Command { std: "docker" "inspect" "ba2584a036cdaa6606c2d14d1010f4da43aa275fdbfa61ce1ede79662a5541fd", kill_on_drop: false }`
[INFO] running `Command { std: "docker" "rm" "-f" "ba2584a036cdaa6606c2d14d1010f4da43aa275fdbfa61ce1ede79662a5541fd", kill_on_drop: false }`
[INFO] [stdout] ba2584a036cdaa6606c2d14d1010f4da43aa275fdbfa61ce1ede79662a5541fd
[INFO] running `Command { std: "docker" "create" "-v" "/var/lib/crater-agent-workspace/builds/worker-2-tc1/target:/opt/rustwide/target:rw,Z" "-v" "/var/lib/crater-agent-workspace/builds/worker-2-tc1/source:/opt/rustwide/workdir:ro,Z" "-v" "/var/lib/crater-agent-workspace/cargo-home:/opt/rustwide/cargo-home:ro,Z" "-v" "/var/lib/crater-agent-workspace/rustup-home:/opt/rustwide/rustup-home:ro,Z" "-e" "SOURCE_DIR=/opt/rustwide/workdir" "-e" "CARGO_TARGET_DIR=/opt/rustwide/target" "-e" "CARGO_INCREMENTAL=0" "-e" "RUST_BACKTRACE=full" "-e" "RUSTFLAGS=--cap-lints=warn" "-e" "RUSTDOCFLAGS=--cap-lints=warn" "-e" "CARGO_HOME=/opt/rustwide/cargo-home" "-e" "RUSTUP_HOME=/opt/rustwide/rustup-home" "-w" "/opt/rustwide/workdir" "-m" "1610612736" "--user" "0:0" "--network" "none" "ghcr.io/rust-lang/crates-build-env/linux@sha256:2788e3201cd34a07e3172128adcd8b3090168a8e3bcc40d7c032b9dda1df7d1c" "/opt/rustwide/cargo-home/bin/cargo" "+1.75.0" "build" "--frozen" "--message-format=json", kill_on_drop: false }`
[INFO] [stdout] f542ab64027b07f3ce6342d680aeae4cd7afe1f27190ca56f9376cef8a21a400
[INFO] running `Command { std: "docker" "start" "-a" "f542ab64027b07f3ce6342d680aeae4cd7afe1f27190ca56f9376cef8a21a400", kill_on_drop: false }`
[INFO] [stderr]    Compiling pkg-config v0.3.28
[INFO] [stderr]    Compiling crossbeam-utils v0.8.18
[INFO] [stderr]    Compiling vcpkg v0.2.15
[INFO] [stderr]    Compiling fallible-streaming-iterator v0.1.9
[INFO] [stderr]    Compiling dyn-clone v1.0.16
[INFO] [stderr]    Compiling ahash v0.7.7
[INFO] [stderr]    Compiling fallible-iterator v0.2.0
[INFO] [stderr]    Compiling getrandom v0.2.11
[INFO] [stderr]    Compiling syn v2.0.48
[INFO] [stderr]    Compiling chrono v0.4.31
[INFO] [stderr]    Compiling hashbrown v0.11.2
[INFO] [stderr]    Compiling libsqlite3-sys v0.23.2
[INFO] [stderr]    Compiling crossbeam-channel v0.5.10
[INFO] [stderr]    Compiling hashlink v0.7.0
[INFO] [stderr]    Compiling rusqlite v0.26.3
[INFO] [stderr]    Compiling serde_derive v1.0.194
[INFO] [stderr]    Compiling serde v1.0.194
[INFO] [stderr]    Compiling serde_json v1.0.111
[INFO] [stderr]    Compiling u-siem v0.0.113
[INFO] [stderr]    Compiling u-siem-datasetmanager-sqlite v0.0.3 (/opt/rustwide/workdir)
[INFO] [stdout] error[E0053]: method `get_datasets` has an incompatible type for trait
[INFO] [stdout]    --> src/lib.rs:546:31
[INFO] [stdout]     |
[INFO] [stdout] 546 |     fn get_datasets(&self) -> DatasetHolder {
[INFO] [stdout]     |                               ^^^^^^^^^^^^^
[INFO] [stdout]     |                               |
[INFO] [stdout]     |                               expected `Arc<Mutex<DatasetHolder>>`, found `DatasetHolder`
[INFO] [stdout]     |                               help: change the output type to match the trait: `Arc<Mutex<DatasetHolder>>`
[INFO] [stdout]     |
[INFO] [stdout]     = note: expected signature `fn(&SqliteDatasetManager) -> Arc<Mutex<DatasetHolder>>`
[INFO] [stdout]                found signature `fn(&SqliteDatasetManager) -> DatasetHolder`
[INFO] [stdout] 
[INFO] [stdout] 
[INFO] [stdout] error[E0046]: not all trait items implemented, missing: `register_datasets`
[INFO] [stdout]    --> src/lib.rs:278:1
[INFO] [stdout]     |
[INFO] [stdout] 278 | impl SiemDatasetManager for SqliteDatasetManager {
[INFO] [stdout]     | ^^^^^^^^^^^^^^^^^^^^^^^^^^^^^^^^^^^^^^^^^^^^^^^^ missing `register_datasets` in implementation
[INFO] [stdout]     |
[INFO] [stdout]     = help: implement the missing item: `fn register_datasets(&mut self, _: Vec<SiemDatasetType>) { todo!() }`
[INFO] [stdout] 
[INFO] [stdout] 
[INFO] [stdout] error[E0308]: mismatched types
[INFO] [stdout]    --> src/lib.rs:814:64
[INFO] [stdout]     |
[INFO] [stdout] 812 |                 pointer_list.push(pntr.clone());
[INFO] [stdout]     |                 ------------      ------------ this argument has type `Arc<AtomicPtr<SiemDataset>>`...
[INFO] [stdout]     |                 |
[INFO] [stdout]     |                 ... which causes `pointer_list` to have type `Vec<Arc<AtomicPtr<SiemDataset>>>`
[INFO] [stdout] 813 |             }
[INFO] [stdout] 814 |             self.dataset_holder = DatasetHolder::from_datasets(pointer_list);
[INFO] [stdout]     |                                   ---------------------------- ^^^^^^^^^^^^ expected `Vec<SiemDataset>`, found `Vec<Arc<AtomicPtr<SiemDataset>>>`
[INFO] [stdout]     |                                   |
[INFO] [stdout]     |                                   arguments to this function are incorrect
[INFO] [stdout]     |
[INFO] [stdout]     = note: expected struct `Vec<SiemDataset>`
[INFO] [stdout]                found struct `Vec<Arc<AtomicPtr<SiemDataset>>>`
[INFO] [stdout] note: associated function defined here
[INFO] [stdout]    --> /opt/rustwide/cargo-home/registry/src/index.crates.io-6f17d22bba15001f/u-siem-0.0.113/src/components/dataset/holder.rs:14:12
[INFO] [stdout]     |
[INFO] [stdout] 14  |     pub fn from_datasets(list: Vec<SiemDataset>) -> Self {
[INFO] [stdout]     |            ^^^^^^^^^^^^^
[INFO] [stdout] 
[INFO] [stdout] 
[INFO] [stdout] error: aborting due to 3 previous errors
[INFO] [stdout] 
[INFO] [stdout] 
[INFO] [stdout] Some errors have detailed explanations: E0046, E0053, E0308.
[INFO] [stdout] 
[INFO] [stdout] For more information about an error, try `rustc --explain E0046`.
[INFO] [stdout] 
[INFO] [stderr] error: could not compile `u-siem-datasetmanager-sqlite` (lib) due to 4 previous errors
[INFO] [stderr] warning: build failed, waiting for other jobs to finish...
[INFO] running `Command { std: "docker" "inspect" "f542ab64027b07f3ce6342d680aeae4cd7afe1f27190ca56f9376cef8a21a400", kill_on_drop: false }`
[INFO] running `Command { std: "docker" "rm" "-f" "f542ab64027b07f3ce6342d680aeae4cd7afe1f27190ca56f9376cef8a21a400", kill_on_drop: false }`
[INFO] [stdout] f542ab64027b07f3ce6342d680aeae4cd7afe1f27190ca56f9376cef8a21a400
[INFO] testing u-siem-datasetmanager-sqlite-0.0.3 against beta-2023-12-22 for beta-1.76-1
[INFO] extracting crate u-siem-datasetmanager-sqlite 0.0.3 into /workspace/builds/worker-2-tc2/source
[INFO] validating manifest of crates.io crate u-siem-datasetmanager-sqlite 0.0.3 on toolchain beta-2023-12-22
[INFO] running `Command { std: CARGO_HOME="/workspace/cargo-home" RUSTUP_HOME="/workspace/rustup-home" "/workspace/cargo-home/bin/cargo" "+beta-2023-12-22" "metadata" "--manifest-path" "Cargo.toml" "--no-deps", kill_on_drop: false }`
[INFO] started tweaking crates.io crate u-siem-datasetmanager-sqlite 0.0.3
[INFO] finished tweaking crates.io crate u-siem-datasetmanager-sqlite 0.0.3
[INFO] tweaked toml for crates.io crate u-siem-datasetmanager-sqlite 0.0.3 written to /workspace/builds/worker-2-tc2/source/Cargo.toml
[INFO] running `Command { std: CARGO_HOME="/workspace/cargo-home" RUSTUP_HOME="/workspace/rustup-home" "/workspace/cargo-home/bin/cargo" "+beta-2023-12-22" "generate-lockfile" "--manifest-path" "Cargo.toml", kill_on_drop: false }`
[INFO] [stderr]     Blocking waiting for file lock on package cache
[INFO] [stderr]     Updating crates.io index
[INFO] running `Command { std: CARGO_HOME="/workspace/cargo-home" RUSTUP_HOME="/workspace/rustup-home" "/workspace/cargo-home/bin/cargo" "+beta-2023-12-22" "fetch" "--manifest-path" "Cargo.toml", kill_on_drop: false }`
[INFO] running `Command { std: "docker" "create" "-v" "/var/lib/crater-agent-workspace/builds/worker-2-tc2/target:/opt/rustwide/target:rw,Z" "-v" "/var/lib/crater-agent-workspace/builds/worker-2-tc2/source:/opt/rustwide/workdir:ro,Z" "-v" "/var/lib/crater-agent-workspace/cargo-home:/opt/rustwide/cargo-home:ro,Z" "-v" "/var/lib/crater-agent-workspace/rustup-home:/opt/rustwide/rustup-home:ro,Z" "-e" "SOURCE_DIR=/opt/rustwide/workdir" "-e" "CARGO_TARGET_DIR=/opt/rustwide/target" "-e" "CARGO_HOME=/opt/rustwide/cargo-home" "-e" "RUSTUP_HOME=/opt/rustwide/rustup-home" "-w" "/opt/rustwide/workdir" "-m" "1610612736" "--user" "0:0" "--network" "none" "ghcr.io/rust-lang/crates-build-env/linux@sha256:2788e3201cd34a07e3172128adcd8b3090168a8e3bcc40d7c032b9dda1df7d1c" "/opt/rustwide/cargo-home/bin/cargo" "+beta-2023-12-22" "metadata" "--no-deps" "--format-version=1", kill_on_drop: false }`
[INFO] [stdout] bcf345991275fe1c62569f540276484ff8a6effc99f7e080acab7d79ebe1aa77
[INFO] running `Command { std: "docker" "start" "-a" "bcf345991275fe1c62569f540276484ff8a6effc99f7e080acab7d79ebe1aa77", kill_on_drop: false }`
[INFO] running `Command { std: "docker" "inspect" "bcf345991275fe1c62569f540276484ff8a6effc99f7e080acab7d79ebe1aa77", kill_on_drop: false }`
[INFO] running `Command { std: "docker" "rm" "-f" "bcf345991275fe1c62569f540276484ff8a6effc99f7e080acab7d79ebe1aa77", kill_on_drop: false }`
[INFO] [stdout] bcf345991275fe1c62569f540276484ff8a6effc99f7e080acab7d79ebe1aa77
[INFO] running `Command { std: "docker" "create" "-v" "/var/lib/crater-agent-workspace/builds/worker-2-tc2/target:/opt/rustwide/target:rw,Z" "-v" "/var/lib/crater-agent-workspace/builds/worker-2-tc2/source:/opt/rustwide/workdir:ro,Z" "-v" "/var/lib/crater-agent-workspace/cargo-home:/opt/rustwide/cargo-home:ro,Z" "-v" "/var/lib/crater-agent-workspace/rustup-home:/opt/rustwide/rustup-home:ro,Z" "-e" "SOURCE_DIR=/opt/rustwide/workdir" "-e" "CARGO_TARGET_DIR=/opt/rustwide/target" "-e" "CARGO_INCREMENTAL=0" "-e" "RUST_BACKTRACE=full" "-e" "RUSTFLAGS=--cap-lints=warn" "-e" "RUSTDOCFLAGS=--cap-lints=warn" "-e" "CARGO_HOME=/opt/rustwide/cargo-home" "-e" "RUSTUP_HOME=/opt/rustwide/rustup-home" "-w" "/opt/rustwide/workdir" "-m" "1610612736" "--user" "0:0" "--network" "none" "ghcr.io/rust-lang/crates-build-env/linux@sha256:2788e3201cd34a07e3172128adcd8b3090168a8e3bcc40d7c032b9dda1df7d1c" "/opt/rustwide/cargo-home/bin/cargo" "+beta-2023-12-22" "build" "--frozen" "--message-format=json", kill_on_drop: false }`
[INFO] [stdout] c881d3d96ff782fe0a23b56bb72d010f3d124f63d16a584365446b2c9614c989
[INFO] running `Command { std: "docker" "start" "-a" "c881d3d96ff782fe0a23b56bb72d010f3d124f63d16a584365446b2c9614c989", kill_on_drop: false }`
[INFO] [stderr]    Compiling vcpkg v0.2.15
[INFO] [stderr]    Compiling pkg-config v0.3.28
[INFO] [stderr]    Compiling crossbeam-utils v0.8.18
[INFO] [stderr]    Compiling fallible-iterator v0.2.0
[INFO] [stderr]    Compiling fallible-streaming-iterator v0.1.9
[INFO] [stderr]    Compiling ahash v0.7.7
[INFO] [stderr]    Compiling dyn-clone v1.0.16
[INFO] [stderr]    Compiling syn v2.0.48
[INFO] [stderr]    Compiling getrandom v0.2.11
[INFO] [stderr]    Compiling chrono v0.4.31
[INFO] [stderr]    Compiling hashbrown v0.11.2
[INFO] [stderr]    Compiling libsqlite3-sys v0.23.2
[INFO] [stderr]    Compiling crossbeam-channel v0.5.10
[INFO] [stderr]    Compiling hashlink v0.7.0
[INFO] [stderr]    Compiling rusqlite v0.26.3
[INFO] [stderr]    Compiling serde_derive v1.0.194
[INFO] [stderr]    Compiling serde v1.0.194
[INFO] [stderr]    Compiling serde_json v1.0.111
[INFO] [stderr]    Compiling u-siem v0.0.113
[INFO] [stderr]    Compiling u-siem-datasetmanager-sqlite v0.0.3 (/opt/rustwide/workdir)
[INFO] [stdout] error[E0053]: method `get_datasets` has an incompatible type for trait
[INFO] [stdout]    --> src/lib.rs:546:31
[INFO] [stdout]     |
[INFO] [stdout] 546 |     fn get_datasets(&self) -> DatasetHolder {
[INFO] [stdout]     |                               ^^^^^^^^^^^^^
[INFO] [stdout]     |                               |
[INFO] [stdout]     |                               expected `Arc<Mutex<DatasetHolder>>`, found `DatasetHolder`
[INFO] [stdout]     |                               help: change the output type to match the trait: `Arc<Mutex<DatasetHolder>>`
[INFO] [stdout]     |
[INFO] [stdout]     = note: expected signature `fn(&SqliteDatasetManager) -> Arc<Mutex<DatasetHolder>>`
[INFO] [stdout]                found signature `fn(&SqliteDatasetManager) -> DatasetHolder`
[INFO] [stdout] 
[INFO] [stdout] 
[INFO] [stdout] error[E0046]: not all trait items implemented, missing: `register_datasets`
[INFO] [stdout]    --> src/lib.rs:278:1
[INFO] [stdout]     |
[INFO] [stdout] 278 | impl SiemDatasetManager for SqliteDatasetManager {
[INFO] [stdout]     | ^^^^^^^^^^^^^^^^^^^^^^^^^^^^^^^^^^^^^^^^^^^^^^^^ missing `register_datasets` in implementation
[INFO] [stdout]     |
[INFO] [stdout]     = help: implement the missing item: `fn register_datasets(&mut self, _: Vec<SiemDatasetType>) { todo!() }`
[INFO] [stdout] 
[INFO] [stdout] 
[INFO] [stdout] error[E0308]: mismatched types
[INFO] [stdout]    --> src/lib.rs:814:64
[INFO] [stdout]     |
[INFO] [stdout] 812 |                 pointer_list.push(pntr.clone());
[INFO] [stdout]     |                 ------------      ------------ this argument has type `Arc<AtomicPtr<SiemDataset>>`...
[INFO] [stdout]     |                 |
[INFO] [stdout]     |                 ... which causes `pointer_list` to have type `Vec<Arc<AtomicPtr<SiemDataset>>>`
[INFO] [stdout] 813 |             }
[INFO] [stdout] 814 |             self.dataset_holder = DatasetHolder::from_datasets(pointer_list);
[INFO] [stdout]     |                                   ---------------------------- ^^^^^^^^^^^^ expected `Vec<SiemDataset>`, found `Vec<Arc<AtomicPtr<SiemDataset>>>`
[INFO] [stdout]     |                                   |
[INFO] [stdout]     |                                   arguments to this function are incorrect
[INFO] [stdout]     |
[INFO] [stdout]     = note: expected struct `Vec<SiemDataset>`
[INFO] [stdout]                found struct `Vec<Arc<AtomicPtr<SiemDataset>>>`
[INFO] [stdout] note: associated function defined here
[INFO] [stdout]    --> /opt/rustwide/cargo-home/registry/src/index.crates.io-6f17d22bba15001f/u-siem-0.0.113/src/components/dataset/holder.rs:14:12
[INFO] [stdout]     |
[INFO] [stdout] 14  |     pub fn from_datasets(list: Vec<SiemDataset>) -> Self {
[INFO] [stdout]     |            ^^^^^^^^^^^^^
[INFO] [stdout] 
[INFO] [stdout] 
[INFO] [stdout] error: aborting due to 3 previous errors
[INFO] [stdout] 
[INFO] [stdout] 
[INFO] [stdout] Some errors have detailed explanations: E0046, E0053, E0308.
[INFO] [stdout] 
[INFO] [stdout] For more information about an error, try `rustc --explain E0046`.
[INFO] [stdout] 
[INFO] [stderr] error: could not compile `u-siem-datasetmanager-sqlite` (lib) due to 4 previous errors
[INFO] [stderr] warning: build failed, waiting for other jobs to finish...
[INFO] running `Command { std: "docker" "inspect" "c881d3d96ff782fe0a23b56bb72d010f3d124f63d16a584365446b2c9614c989", kill_on_drop: false }`
[INFO] running `Command { std: "docker" "rm" "-f" "c881d3d96ff782fe0a23b56bb72d010f3d124f63d16a584365446b2c9614c989", kill_on_drop: false }`
[INFO] [stdout] c881d3d96ff782fe0a23b56bb72d010f3d124f63d16a584365446b2c9614c989
