[INFO] fetching crate typed-qb-procmacro 0.2.0...
[INFO] testing typed-qb-procmacro-0.2.0 against 1.75.0 for beta-1.76-1
[INFO] extracting crate typed-qb-procmacro 0.2.0 into /workspace/builds/worker-0-tc1/source
[INFO] validating manifest of crates.io crate typed-qb-procmacro 0.2.0 on toolchain 1.75.0
[INFO] running `Command { std: CARGO_HOME="/workspace/cargo-home" RUSTUP_HOME="/workspace/rustup-home" "/workspace/cargo-home/bin/cargo" "+1.75.0" "metadata" "--manifest-path" "Cargo.toml" "--no-deps", kill_on_drop: false }`
[INFO] started tweaking crates.io crate typed-qb-procmacro 0.2.0
[INFO] finished tweaking crates.io crate typed-qb-procmacro 0.2.0
[INFO] tweaked toml for crates.io crate typed-qb-procmacro 0.2.0 written to /workspace/builds/worker-0-tc1/source/Cargo.toml
[INFO] running `Command { std: CARGO_HOME="/workspace/cargo-home" RUSTUP_HOME="/workspace/rustup-home" "/workspace/cargo-home/bin/cargo" "+1.75.0" "generate-lockfile" "--manifest-path" "Cargo.toml", kill_on_drop: false }`
[INFO] [stderr]     Updating crates.io index
[INFO] running `Command { std: CARGO_HOME="/workspace/cargo-home" RUSTUP_HOME="/workspace/rustup-home" "/workspace/cargo-home/bin/cargo" "+1.75.0" "fetch" "--manifest-path" "Cargo.toml", kill_on_drop: false }`
[INFO] running `Command { std: "docker" "create" "-v" "/var/lib/crater-agent-workspace/builds/worker-0-tc1/target:/opt/rustwide/target:rw,Z" "-v" "/var/lib/crater-agent-workspace/builds/worker-0-tc1/source:/opt/rustwide/workdir:ro,Z" "-v" "/var/lib/crater-agent-workspace/cargo-home:/opt/rustwide/cargo-home:ro,Z" "-v" "/var/lib/crater-agent-workspace/rustup-home:/opt/rustwide/rustup-home:ro,Z" "-e" "SOURCE_DIR=/opt/rustwide/workdir" "-e" "CARGO_TARGET_DIR=/opt/rustwide/target" "-e" "CARGO_HOME=/opt/rustwide/cargo-home" "-e" "RUSTUP_HOME=/opt/rustwide/rustup-home" "-w" "/opt/rustwide/workdir" "-m" "1610612736" "--user" "0:0" "--network" "none" "ghcr.io/rust-lang/crates-build-env/linux@sha256:2788e3201cd34a07e3172128adcd8b3090168a8e3bcc40d7c032b9dda1df7d1c" "/opt/rustwide/cargo-home/bin/cargo" "+1.75.0" "metadata" "--no-deps" "--format-version=1", kill_on_drop: false }`
[INFO] [stdout] 9bb2fed207bac1ead61efe90ca8be5f176dcbd2f95b463692976425af392ffa3
[INFO] running `Command { std: "docker" "start" "-a" "9bb2fed207bac1ead61efe90ca8be5f176dcbd2f95b463692976425af392ffa3", kill_on_drop: false }`
[INFO] running `Command { std: "docker" "inspect" "9bb2fed207bac1ead61efe90ca8be5f176dcbd2f95b463692976425af392ffa3", kill_on_drop: false }`
[INFO] running `Command { std: "docker" "rm" "-f" "9bb2fed207bac1ead61efe90ca8be5f176dcbd2f95b463692976425af392ffa3", kill_on_drop: false }`
[INFO] [stdout] 9bb2fed207bac1ead61efe90ca8be5f176dcbd2f95b463692976425af392ffa3
[INFO] running `Command { std: "docker" "create" "-v" "/var/lib/crater-agent-workspace/builds/worker-0-tc1/target:/opt/rustwide/target:rw,Z" "-v" "/var/lib/crater-agent-workspace/builds/worker-0-tc1/source:/opt/rustwide/workdir:ro,Z" "-v" "/var/lib/crater-agent-workspace/cargo-home:/opt/rustwide/cargo-home:ro,Z" "-v" "/var/lib/crater-agent-workspace/rustup-home:/opt/rustwide/rustup-home:ro,Z" "-e" "SOURCE_DIR=/opt/rustwide/workdir" "-e" "CARGO_TARGET_DIR=/opt/rustwide/target" "-e" "CARGO_INCREMENTAL=0" "-e" "RUST_BACKTRACE=full" "-e" "RUSTFLAGS=--cap-lints=warn" "-e" "RUSTDOCFLAGS=--cap-lints=warn" "-e" "CARGO_HOME=/opt/rustwide/cargo-home" "-e" "RUSTUP_HOME=/opt/rustwide/rustup-home" "-w" "/opt/rustwide/workdir" "-m" "1610612736" "--user" "0:0" "--network" "none" "ghcr.io/rust-lang/crates-build-env/linux@sha256:2788e3201cd34a07e3172128adcd8b3090168a8e3bcc40d7c032b9dda1df7d1c" "/opt/rustwide/cargo-home/bin/cargo" "+1.75.0" "build" "--frozen" "--message-format=json", kill_on_drop: false }`
[INFO] [stdout] dd270a6db7d85ea848b591ca213c4b00a3e0e1e713fdfc59ec2fbc5cf577ea8f
[INFO] running `Command { std: "docker" "start" "-a" "dd270a6db7d85ea848b591ca213c4b00a3e0e1e713fdfc59ec2fbc5cf577ea8f", kill_on_drop: false }`
[INFO] [stderr]    Compiling proc-macro2 v1.0.75
[INFO] [stderr]    Compiling unicode-ident v1.0.12
[INFO] [stderr]    Compiling syn v1.0.109
[INFO] [stderr]    Compiling quote v1.0.35
[INFO] [stderr]    Compiling typed-qb-procmacro v0.2.0 (/opt/rustwide/workdir)
[INFO] [stdout] error[E0603]: module `group` is private
[INFO] [stdout]    --> src/parsing/create.rs:266:36
[INFO] [stdout]     |
[INFO] [stdout] 266 |         Ok(if let Ok(inner) = syn::group::parse_parens(&input) {
[INFO] [stdout]     |                                    ^^^^^ private module
[INFO] [stdout]     |
[INFO] [stdout] note: the module `group` is defined here
[INFO] [stdout]    --> /opt/rustwide/cargo-home/registry/src/index.crates.io-6f17d22bba15001f/syn-1.0.109/src/lib.rs:308:1
[INFO] [stdout]     |
[INFO] [stdout] 308 | mod group;
[INFO] [stdout]     | ^^^^^^^^^
[INFO] [stdout] help: consider importing this function instead
[INFO] [stdout]     |
[INFO] [stdout] 266 |         Ok(if let Ok(inner) = syn::__private::parse_parens(&input) {
[INFO] [stdout]     |                               ~~~~~~~~~~~~~~~~~~~~~~~~~~~~
[INFO] [stdout] 
[INFO] [stdout] 
[INFO] [stdout] error[E0603]: module `group` is private
[INFO] [stdout]    --> src/parsing/create.rs:277:36
[INFO] [stdout]     |
[INFO] [stdout] 277 |         Ok(if let Ok(inner) = syn::group::parse_parens(&input) {
[INFO] [stdout]     |                                    ^^^^^ private module
[INFO] [stdout]     |
[INFO] [stdout] note: the module `group` is defined here
[INFO] [stdout]    --> /opt/rustwide/cargo-home/registry/src/index.crates.io-6f17d22bba15001f/syn-1.0.109/src/lib.rs:308:1
[INFO] [stdout]     |
[INFO] [stdout] 308 | mod group;
[INFO] [stdout]     | ^^^^^^^^^
[INFO] [stdout] help: consider importing this function instead
[INFO] [stdout]     |
[INFO] [stdout] 277 |         Ok(if let Ok(inner) = syn::__private::parse_parens(&input) {
[INFO] [stdout]     |                               ~~~~~~~~~~~~~~~~~~~~~~~~~~~~
[INFO] [stdout] 
[INFO] [stdout] 
[INFO] [stdout] error[E0603]: module `group` is private
[INFO] [stdout]    --> src/parsing/expr.rs:429:39
[INFO] [stdout]     |
[INFO] [stdout] 429 |         } else if let Ok(args) = syn::group::parse_parens(input) {
[INFO] [stdout]     |                                       ^^^^^ private module
[INFO] [stdout]     |
[INFO] [stdout] note: the module `group` is defined here
[INFO] [stdout]    --> /opt/rustwide/cargo-home/registry/src/index.crates.io-6f17d22bba15001f/syn-1.0.109/src/lib.rs:308:1
[INFO] [stdout]     |
[INFO] [stdout] 308 | mod group;
[INFO] [stdout]     | ^^^^^^^^^
[INFO] [stdout] help: consider importing this function instead
[INFO] [stdout]     |
[INFO] [stdout] 429 |         } else if let Ok(args) = syn::__private::parse_parens(input) {
[INFO] [stdout]     |                                  ~~~~~~~~~~~~~~~~~~~~~~~~~~~~
[INFO] [stdout] 
[INFO] [stdout] 
[INFO] [stdout] error: aborting due to 3 previous errors
[INFO] [stdout] 
[INFO] [stdout] 
[INFO] [stdout] For more information about this error, try `rustc --explain E0603`.
[INFO] [stdout] 
[INFO] [stderr] error: could not compile `typed-qb-procmacro` (lib) due to 4 previous errors
[INFO] running `Command { std: "docker" "inspect" "dd270a6db7d85ea848b591ca213c4b00a3e0e1e713fdfc59ec2fbc5cf577ea8f", kill_on_drop: false }`
[INFO] running `Command { std: "docker" "rm" "-f" "dd270a6db7d85ea848b591ca213c4b00a3e0e1e713fdfc59ec2fbc5cf577ea8f", kill_on_drop: false }`
[INFO] [stdout] dd270a6db7d85ea848b591ca213c4b00a3e0e1e713fdfc59ec2fbc5cf577ea8f
[INFO] testing typed-qb-procmacro-0.2.0 against beta-2023-12-22 for beta-1.76-1
[INFO] extracting crate typed-qb-procmacro 0.2.0 into /workspace/builds/worker-0-tc2/source
[INFO] validating manifest of crates.io crate typed-qb-procmacro 0.2.0 on toolchain beta-2023-12-22
[INFO] running `Command { std: CARGO_HOME="/workspace/cargo-home" RUSTUP_HOME="/workspace/rustup-home" "/workspace/cargo-home/bin/cargo" "+beta-2023-12-22" "metadata" "--manifest-path" "Cargo.toml" "--no-deps", kill_on_drop: false }`
[INFO] started tweaking crates.io crate typed-qb-procmacro 0.2.0
[INFO] finished tweaking crates.io crate typed-qb-procmacro 0.2.0
[INFO] tweaked toml for crates.io crate typed-qb-procmacro 0.2.0 written to /workspace/builds/worker-0-tc2/source/Cargo.toml
[INFO] running `Command { std: CARGO_HOME="/workspace/cargo-home" RUSTUP_HOME="/workspace/rustup-home" "/workspace/cargo-home/bin/cargo" "+beta-2023-12-22" "generate-lockfile" "--manifest-path" "Cargo.toml", kill_on_drop: false }`
[INFO] [stderr]     Updating crates.io index
[INFO] running `Command { std: CARGO_HOME="/workspace/cargo-home" RUSTUP_HOME="/workspace/rustup-home" "/workspace/cargo-home/bin/cargo" "+beta-2023-12-22" "fetch" "--manifest-path" "Cargo.toml", kill_on_drop: false }`
[INFO] running `Command { std: "docker" "create" "-v" "/var/lib/crater-agent-workspace/builds/worker-0-tc2/target:/opt/rustwide/target:rw,Z" "-v" "/var/lib/crater-agent-workspace/builds/worker-0-tc2/source:/opt/rustwide/workdir:ro,Z" "-v" "/var/lib/crater-agent-workspace/cargo-home:/opt/rustwide/cargo-home:ro,Z" "-v" "/var/lib/crater-agent-workspace/rustup-home:/opt/rustwide/rustup-home:ro,Z" "-e" "SOURCE_DIR=/opt/rustwide/workdir" "-e" "CARGO_TARGET_DIR=/opt/rustwide/target" "-e" "CARGO_HOME=/opt/rustwide/cargo-home" "-e" "RUSTUP_HOME=/opt/rustwide/rustup-home" "-w" "/opt/rustwide/workdir" "-m" "1610612736" "--user" "0:0" "--network" "none" "ghcr.io/rust-lang/crates-build-env/linux@sha256:2788e3201cd34a07e3172128adcd8b3090168a8e3bcc40d7c032b9dda1df7d1c" "/opt/rustwide/cargo-home/bin/cargo" "+beta-2023-12-22" "metadata" "--no-deps" "--format-version=1", kill_on_drop: false }`
[INFO] [stdout] 6734863ad437e8e1a63cb652dd5ecd9f82c682883d71865467108f1215b0282e
[INFO] running `Command { std: "docker" "start" "-a" "6734863ad437e8e1a63cb652dd5ecd9f82c682883d71865467108f1215b0282e", kill_on_drop: false }`
[INFO] running `Command { std: "docker" "inspect" "6734863ad437e8e1a63cb652dd5ecd9f82c682883d71865467108f1215b0282e", kill_on_drop: false }`
[INFO] running `Command { std: "docker" "rm" "-f" "6734863ad437e8e1a63cb652dd5ecd9f82c682883d71865467108f1215b0282e", kill_on_drop: false }`
[INFO] [stdout] 6734863ad437e8e1a63cb652dd5ecd9f82c682883d71865467108f1215b0282e
[INFO] running `Command { std: "docker" "create" "-v" "/var/lib/crater-agent-workspace/builds/worker-0-tc2/target:/opt/rustwide/target:rw,Z" "-v" "/var/lib/crater-agent-workspace/builds/worker-0-tc2/source:/opt/rustwide/workdir:ro,Z" "-v" "/var/lib/crater-agent-workspace/cargo-home:/opt/rustwide/cargo-home:ro,Z" "-v" "/var/lib/crater-agent-workspace/rustup-home:/opt/rustwide/rustup-home:ro,Z" "-e" "SOURCE_DIR=/opt/rustwide/workdir" "-e" "CARGO_TARGET_DIR=/opt/rustwide/target" "-e" "CARGO_INCREMENTAL=0" "-e" "RUST_BACKTRACE=full" "-e" "RUSTFLAGS=--cap-lints=warn" "-e" "RUSTDOCFLAGS=--cap-lints=warn" "-e" "CARGO_HOME=/opt/rustwide/cargo-home" "-e" "RUSTUP_HOME=/opt/rustwide/rustup-home" "-w" "/opt/rustwide/workdir" "-m" "1610612736" "--user" "0:0" "--network" "none" "ghcr.io/rust-lang/crates-build-env/linux@sha256:2788e3201cd34a07e3172128adcd8b3090168a8e3bcc40d7c032b9dda1df7d1c" "/opt/rustwide/cargo-home/bin/cargo" "+beta-2023-12-22" "build" "--frozen" "--message-format=json", kill_on_drop: false }`
[INFO] [stdout] dba7684abe08c6578676e821b010203c8e7dce381254012e6c2e81c384cc7705
[INFO] running `Command { std: "docker" "start" "-a" "dba7684abe08c6578676e821b010203c8e7dce381254012e6c2e81c384cc7705", kill_on_drop: false }`
[INFO] [stderr]    Compiling proc-macro2 v1.0.75
[INFO] [stderr]    Compiling unicode-ident v1.0.12
[INFO] [stderr]    Compiling syn v1.0.109
[INFO] [stderr]    Compiling quote v1.0.35
[INFO] [stderr]    Compiling typed-qb-procmacro v0.2.0 (/opt/rustwide/workdir)
[INFO] [stdout] error[E0603]: module `group` is private
[INFO] [stdout]    --> src/parsing/create.rs:266:36
[INFO] [stdout]     |
[INFO] [stdout] 266 |         Ok(if let Ok(inner) = syn::group::parse_parens(&input) {
[INFO] [stdout]     |                                    ^^^^^ private module
[INFO] [stdout]     |
[INFO] [stdout] note: the module `group` is defined here
[INFO] [stdout]    --> /opt/rustwide/cargo-home/registry/src/index.crates.io-6f17d22bba15001f/syn-1.0.109/src/lib.rs:308:1
[INFO] [stdout]     |
[INFO] [stdout] 308 | mod group;
[INFO] [stdout]     | ^^^^^^^^^
[INFO] [stdout] help: consider importing this function instead
[INFO] [stdout]     |
[INFO] [stdout] 266 |         Ok(if let Ok(inner) = syn::__private::parse_parens(&input) {
[INFO] [stdout]     |                               ~~~~~~~~~~~~~~~~~~~~~~~~~~~~
[INFO] [stdout] 
[INFO] [stdout] 
[INFO] [stdout] error[E0603]: module `group` is private
[INFO] [stdout]    --> src/parsing/create.rs:277:36
[INFO] [stdout]     |
[INFO] [stdout] 277 |         Ok(if let Ok(inner) = syn::group::parse_parens(&input) {
[INFO] [stdout]     |                                    ^^^^^ private module
[INFO] [stdout]     |
[INFO] [stdout] note: the module `group` is defined here
[INFO] [stdout]    --> /opt/rustwide/cargo-home/registry/src/index.crates.io-6f17d22bba15001f/syn-1.0.109/src/lib.rs:308:1
[INFO] [stdout]     |
[INFO] [stdout] 308 | mod group;
[INFO] [stdout]     | ^^^^^^^^^
[INFO] [stdout] help: consider importing this function instead
[INFO] [stdout]     |
[INFO] [stdout] 277 |         Ok(if let Ok(inner) = syn::__private::parse_parens(&input) {
[INFO] [stdout]     |                               ~~~~~~~~~~~~~~~~~~~~~~~~~~~~
[INFO] [stdout] 
[INFO] [stdout] 
[INFO] [stdout] error[E0603]: module `group` is private
[INFO] [stdout]    --> src/parsing/expr.rs:429:39
[INFO] [stdout]     |
[INFO] [stdout] 429 |         } else if let Ok(args) = syn::group::parse_parens(input) {
[INFO] [stdout]     |                                       ^^^^^ private module
[INFO] [stdout]     |
[INFO] [stdout] note: the module `group` is defined here
[INFO] [stdout]    --> /opt/rustwide/cargo-home/registry/src/index.crates.io-6f17d22bba15001f/syn-1.0.109/src/lib.rs:308:1
[INFO] [stdout]     |
[INFO] [stdout] 308 | mod group;
[INFO] [stdout]     | ^^^^^^^^^
[INFO] [stdout] help: consider importing this function instead
[INFO] [stdout]     |
[INFO] [stdout] 429 |         } else if let Ok(args) = syn::__private::parse_parens(input) {
[INFO] [stdout]     |                                  ~~~~~~~~~~~~~~~~~~~~~~~~~~~~
[INFO] [stdout] 
[INFO] [stdout] 
[INFO] [stdout] error: aborting due to 3 previous errors
[INFO] [stdout] 
[INFO] [stdout] 
[INFO] [stdout] For more information about this error, try `rustc --explain E0603`.
[INFO] [stdout] 
[INFO] [stderr] error: could not compile `typed-qb-procmacro` (lib) due to 4 previous errors
[INFO] running `Command { std: "docker" "inspect" "dba7684abe08c6578676e821b010203c8e7dce381254012e6c2e81c384cc7705", kill_on_drop: false }`
[INFO] running `Command { std: "docker" "rm" "-f" "dba7684abe08c6578676e821b010203c8e7dce381254012e6c2e81c384cc7705", kill_on_drop: false }`
[INFO] [stdout] dba7684abe08c6578676e821b010203c8e7dce381254012e6c2e81c384cc7705
