[INFO] fetching crate type-rules 0.2.3...
[INFO] testing type-rules-0.2.3 against 1.75.0 for beta-1.76-1
[INFO] extracting crate type-rules 0.2.3 into /workspace/builds/worker-2-tc1/source
[INFO] validating manifest of crates.io crate type-rules 0.2.3 on toolchain 1.75.0
[INFO] running `Command { std: CARGO_HOME="/workspace/cargo-home" RUSTUP_HOME="/workspace/rustup-home" "/workspace/cargo-home/bin/cargo" "+1.75.0" "metadata" "--manifest-path" "Cargo.toml" "--no-deps", kill_on_drop: false }`
[INFO] started tweaking crates.io crate type-rules 0.2.3
[INFO] removed 0 missing examples
[INFO] finished tweaking crates.io crate type-rules 0.2.3
[INFO] tweaked toml for crates.io crate type-rules 0.2.3 written to /workspace/builds/worker-2-tc1/source/Cargo.toml
[INFO] crate crates.io crate type-rules 0.2.3 already has a lockfile, it will not be regenerated
[INFO] running `Command { std: CARGO_HOME="/workspace/cargo-home" RUSTUP_HOME="/workspace/rustup-home" "/workspace/cargo-home/bin/cargo" "+1.75.0" "fetch" "--manifest-path" "Cargo.toml", kill_on_drop: false }`
[INFO] [stderr]     Updating crates.io index
[INFO] [stderr]  Downloading crates ...
[INFO] [stderr]   Downloaded claim v0.5.0
[INFO] [stderr]   Downloaded type-rules-derive v0.2.3
[INFO] running `Command { std: "docker" "create" "-v" "/var/lib/crater-agent-workspace/builds/worker-2-tc1/target:/opt/rustwide/target:rw,Z" "-v" "/var/lib/crater-agent-workspace/builds/worker-2-tc1/source:/opt/rustwide/workdir:ro,Z" "-v" "/var/lib/crater-agent-workspace/cargo-home:/opt/rustwide/cargo-home:ro,Z" "-v" "/var/lib/crater-agent-workspace/rustup-home:/opt/rustwide/rustup-home:ro,Z" "-e" "SOURCE_DIR=/opt/rustwide/workdir" "-e" "CARGO_TARGET_DIR=/opt/rustwide/target" "-e" "CARGO_HOME=/opt/rustwide/cargo-home" "-e" "RUSTUP_HOME=/opt/rustwide/rustup-home" "-w" "/opt/rustwide/workdir" "-m" "1610612736" "--user" "0:0" "--network" "none" "ghcr.io/rust-lang/crates-build-env/linux@sha256:2788e3201cd34a07e3172128adcd8b3090168a8e3bcc40d7c032b9dda1df7d1c" "/opt/rustwide/cargo-home/bin/cargo" "+1.75.0" "metadata" "--no-deps" "--format-version=1", kill_on_drop: false }`
[INFO] [stdout] b1163aa26df73273c1d9c8c4f5965c201dc901b3a972120b78b13aaef03eafd7
[INFO] running `Command { std: "docker" "start" "-a" "b1163aa26df73273c1d9c8c4f5965c201dc901b3a972120b78b13aaef03eafd7", kill_on_drop: false }`
[INFO] running `Command { std: "docker" "inspect" "b1163aa26df73273c1d9c8c4f5965c201dc901b3a972120b78b13aaef03eafd7", kill_on_drop: false }`
[INFO] running `Command { std: "docker" "rm" "-f" "b1163aa26df73273c1d9c8c4f5965c201dc901b3a972120b78b13aaef03eafd7", kill_on_drop: false }`
[INFO] [stdout] b1163aa26df73273c1d9c8c4f5965c201dc901b3a972120b78b13aaef03eafd7
[INFO] running `Command { std: "docker" "create" "-v" "/var/lib/crater-agent-workspace/builds/worker-2-tc1/target:/opt/rustwide/target:rw,Z" "-v" "/var/lib/crater-agent-workspace/builds/worker-2-tc1/source:/opt/rustwide/workdir:ro,Z" "-v" "/var/lib/crater-agent-workspace/cargo-home:/opt/rustwide/cargo-home:ro,Z" "-v" "/var/lib/crater-agent-workspace/rustup-home:/opt/rustwide/rustup-home:ro,Z" "-e" "SOURCE_DIR=/opt/rustwide/workdir" "-e" "CARGO_TARGET_DIR=/opt/rustwide/target" "-e" "CARGO_INCREMENTAL=0" "-e" "RUST_BACKTRACE=full" "-e" "RUSTFLAGS=--cap-lints=warn" "-e" "RUSTDOCFLAGS=--cap-lints=warn" "-e" "CARGO_HOME=/opt/rustwide/cargo-home" "-e" "RUSTUP_HOME=/opt/rustwide/rustup-home" "-w" "/opt/rustwide/workdir" "-m" "1610612736" "--user" "0:0" "--network" "none" "ghcr.io/rust-lang/crates-build-env/linux@sha256:2788e3201cd34a07e3172128adcd8b3090168a8e3bcc40d7c032b9dda1df7d1c" "/opt/rustwide/cargo-home/bin/cargo" "+1.75.0" "build" "--frozen" "--message-format=json", kill_on_drop: false }`
[INFO] [stdout] 1d321535725f770aa9ae5d9ad7acda417336ca03f4f49f4b935731080e272a5a
[INFO] running `Command { std: "docker" "start" "-a" "1d321535725f770aa9ae5d9ad7acda417336ca03f4f49f4b935731080e272a5a", kill_on_drop: false }`
[INFO] [stderr]    Compiling type-rules v0.2.3 (/opt/rustwide/workdir)
[INFO] [stderr]     Finished dev [unoptimized + debuginfo] target(s) in 0.15s
[INFO] running `Command { std: "docker" "inspect" "1d321535725f770aa9ae5d9ad7acda417336ca03f4f49f4b935731080e272a5a", kill_on_drop: false }`
[INFO] running `Command { std: "docker" "rm" "-f" "1d321535725f770aa9ae5d9ad7acda417336ca03f4f49f4b935731080e272a5a", kill_on_drop: false }`
[INFO] [stdout] 1d321535725f770aa9ae5d9ad7acda417336ca03f4f49f4b935731080e272a5a
[INFO] running `Command { std: "docker" "create" "-v" "/var/lib/crater-agent-workspace/builds/worker-2-tc1/target:/opt/rustwide/target:rw,Z" "-v" "/var/lib/crater-agent-workspace/builds/worker-2-tc1/source:/opt/rustwide/workdir:ro,Z" "-v" "/var/lib/crater-agent-workspace/cargo-home:/opt/rustwide/cargo-home:ro,Z" "-v" "/var/lib/crater-agent-workspace/rustup-home:/opt/rustwide/rustup-home:ro,Z" "-e" "SOURCE_DIR=/opt/rustwide/workdir" "-e" "CARGO_TARGET_DIR=/opt/rustwide/target" "-e" "CARGO_INCREMENTAL=0" "-e" "RUST_BACKTRACE=full" "-e" "RUSTFLAGS=--cap-lints=warn" "-e" "RUSTDOCFLAGS=--cap-lints=warn" "-e" "CARGO_HOME=/opt/rustwide/cargo-home" "-e" "RUSTUP_HOME=/opt/rustwide/rustup-home" "-w" "/opt/rustwide/workdir" "-m" "1610612736" "--user" "0:0" "--network" "none" "ghcr.io/rust-lang/crates-build-env/linux@sha256:2788e3201cd34a07e3172128adcd8b3090168a8e3bcc40d7c032b9dda1df7d1c" "/opt/rustwide/cargo-home/bin/cargo" "+1.75.0" "test" "--frozen" "--no-run" "--message-format=json", kill_on_drop: false }`
[INFO] [stdout] b2f7ba6fcbc1e7723aded53f9d6c86cb582b66acbcd4742077e5cb538c48b725
[INFO] running `Command { std: "docker" "start" "-a" "b2f7ba6fcbc1e7723aded53f9d6c86cb582b66acbcd4742077e5cb538c48b725", kill_on_drop: false }`
[INFO] [stderr]    Compiling autocfg v1.0.1
[INFO] [stderr]    Compiling proc-macro2 v1.0.40
[INFO] [stderr]    Compiling libc v0.2.125
[INFO] [stderr]    Compiling unicode-ident v1.0.1
[INFO] [stderr]    Compiling syn v1.0.98
[INFO] [stderr]    Compiling serde v1.0.137
[INFO] [stderr]    Compiling itoa v1.0.2
[INFO] [stderr]    Compiling ryu v1.0.10
[INFO] [stderr]    Compiling num-traits v0.2.15
[INFO] [stderr]    Compiling num-integer v0.1.45
[INFO] [stderr]    Compiling claim v0.5.0
[INFO] [stderr]    Compiling quote v1.0.10
[INFO] [stderr]    Compiling time v0.1.44
[INFO] [stderr]    Compiling chrono v0.4.19
[INFO] [stderr]    Compiling serde_derive v1.0.137
[INFO] [stderr]    Compiling serde_json v1.0.81
[INFO] [stderr]    Compiling type-rules v0.2.3 (/opt/rustwide/workdir)
[INFO] [stdout] error[E0412]: cannot find type `RegEx` in this scope
[INFO] [stdout]   --> src/rules/and.rs:42:36
[INFO] [stdout]    |
[INFO] [stdout] 42 |     const RULE: Opt<And<MaxLength, RegEx>> = Opt(And(MaxLength(20), RegEx(r"^\S+@\S+\.\S+")));
[INFO] [stdout]    |                                    ^^^^^ not found in this scope
[INFO] [stdout]    |
[INFO] [stdout] help: you might be missing a type parameter
[INFO] [stdout]    |
[INFO] [stdout] 42 |     const RULE<RegEx>: Opt<And<MaxLength, RegEx>> = Opt(And(MaxLength(20), RegEx(r"^\S+@\S+\.\S+")));
[INFO] [stdout]    |               +++++++
[INFO] [stdout] 
[INFO] [stdout] 
[INFO] [stdout] error[E0425]: cannot find function, tuple struct or tuple variant `RegEx` in this scope
[INFO] [stdout]   --> src/rules/and.rs:42:69
[INFO] [stdout]    |
[INFO] [stdout] 42 |     const RULE: Opt<And<MaxLength, RegEx>> = Opt(And(MaxLength(20), RegEx(r"^\S+@\S+\.\S+")));
[INFO] [stdout]    |                                                                     ^^^^^ not found in this scope
[INFO] [stdout] 
[INFO] [stdout] 
[INFO] [stdout] error: aborting due to 2 previous errors
[INFO] [stdout] 
[INFO] [stdout] 
[INFO] [stdout] Some errors have detailed explanations: E0412, E0425.
[INFO] [stdout] 
[INFO] [stdout] For more information about an error, try `rustc --explain E0412`.
[INFO] [stdout] 
[INFO] [stderr] error: could not compile `type-rules` (lib test) due to 3 previous errors
[INFO] running `Command { std: "docker" "inspect" "b2f7ba6fcbc1e7723aded53f9d6c86cb582b66acbcd4742077e5cb538c48b725", kill_on_drop: false }`
[INFO] running `Command { std: "docker" "rm" "-f" "b2f7ba6fcbc1e7723aded53f9d6c86cb582b66acbcd4742077e5cb538c48b725", kill_on_drop: false }`
[INFO] [stdout] b2f7ba6fcbc1e7723aded53f9d6c86cb582b66acbcd4742077e5cb538c48b725
[INFO] testing type-rules-0.2.3 against beta-2023-12-22 for beta-1.76-1
[INFO] extracting crate type-rules 0.2.3 into /workspace/builds/worker-2-tc2/source
[INFO] validating manifest of crates.io crate type-rules 0.2.3 on toolchain beta-2023-12-22
[INFO] running `Command { std: CARGO_HOME="/workspace/cargo-home" RUSTUP_HOME="/workspace/rustup-home" "/workspace/cargo-home/bin/cargo" "+beta-2023-12-22" "metadata" "--manifest-path" "Cargo.toml" "--no-deps", kill_on_drop: false }`
[INFO] started tweaking crates.io crate type-rules 0.2.3
[INFO] removed 0 missing examples
[INFO] finished tweaking crates.io crate type-rules 0.2.3
[INFO] tweaked toml for crates.io crate type-rules 0.2.3 written to /workspace/builds/worker-2-tc2/source/Cargo.toml
[INFO] crate crates.io crate type-rules 0.2.3 already has a lockfile, it will not be regenerated
[INFO] running `Command { std: CARGO_HOME="/workspace/cargo-home" RUSTUP_HOME="/workspace/rustup-home" "/workspace/cargo-home/bin/cargo" "+beta-2023-12-22" "fetch" "--manifest-path" "Cargo.toml", kill_on_drop: false }`
[INFO] running `Command { std: "docker" "create" "-v" "/var/lib/crater-agent-workspace/builds/worker-2-tc2/target:/opt/rustwide/target:rw,Z" "-v" "/var/lib/crater-agent-workspace/builds/worker-2-tc2/source:/opt/rustwide/workdir:ro,Z" "-v" "/var/lib/crater-agent-workspace/cargo-home:/opt/rustwide/cargo-home:ro,Z" "-v" "/var/lib/crater-agent-workspace/rustup-home:/opt/rustwide/rustup-home:ro,Z" "-e" "SOURCE_DIR=/opt/rustwide/workdir" "-e" "CARGO_TARGET_DIR=/opt/rustwide/target" "-e" "CARGO_HOME=/opt/rustwide/cargo-home" "-e" "RUSTUP_HOME=/opt/rustwide/rustup-home" "-w" "/opt/rustwide/workdir" "-m" "1610612736" "--user" "0:0" "--network" "none" "ghcr.io/rust-lang/crates-build-env/linux@sha256:2788e3201cd34a07e3172128adcd8b3090168a8e3bcc40d7c032b9dda1df7d1c" "/opt/rustwide/cargo-home/bin/cargo" "+beta-2023-12-22" "metadata" "--no-deps" "--format-version=1", kill_on_drop: false }`
[INFO] [stdout] a00fc9ef556cbf55f0c28bd7e28db0e73452dc19ca50274e885fd2fb972023a3
[INFO] running `Command { std: "docker" "start" "-a" "a00fc9ef556cbf55f0c28bd7e28db0e73452dc19ca50274e885fd2fb972023a3", kill_on_drop: false }`
[INFO] running `Command { std: "docker" "inspect" "a00fc9ef556cbf55f0c28bd7e28db0e73452dc19ca50274e885fd2fb972023a3", kill_on_drop: false }`
[INFO] running `Command { std: "docker" "rm" "-f" "a00fc9ef556cbf55f0c28bd7e28db0e73452dc19ca50274e885fd2fb972023a3", kill_on_drop: false }`
[INFO] [stdout] a00fc9ef556cbf55f0c28bd7e28db0e73452dc19ca50274e885fd2fb972023a3
[INFO] running `Command { std: "docker" "create" "-v" "/var/lib/crater-agent-workspace/builds/worker-2-tc2/target:/opt/rustwide/target:rw,Z" "-v" "/var/lib/crater-agent-workspace/builds/worker-2-tc2/source:/opt/rustwide/workdir:ro,Z" "-v" "/var/lib/crater-agent-workspace/cargo-home:/opt/rustwide/cargo-home:ro,Z" "-v" "/var/lib/crater-agent-workspace/rustup-home:/opt/rustwide/rustup-home:ro,Z" "-e" "SOURCE_DIR=/opt/rustwide/workdir" "-e" "CARGO_TARGET_DIR=/opt/rustwide/target" "-e" "CARGO_INCREMENTAL=0" "-e" "RUST_BACKTRACE=full" "-e" "RUSTFLAGS=--cap-lints=warn" "-e" "RUSTDOCFLAGS=--cap-lints=warn" "-e" "CARGO_HOME=/opt/rustwide/cargo-home" "-e" "RUSTUP_HOME=/opt/rustwide/rustup-home" "-w" "/opt/rustwide/workdir" "-m" "1610612736" "--user" "0:0" "--network" "none" "ghcr.io/rust-lang/crates-build-env/linux@sha256:2788e3201cd34a07e3172128adcd8b3090168a8e3bcc40d7c032b9dda1df7d1c" "/opt/rustwide/cargo-home/bin/cargo" "+beta-2023-12-22" "build" "--frozen" "--message-format=json", kill_on_drop: false }`
[INFO] [stdout] bccf362bd1b84d9260a828fb024c022677602eb55ef48d39b36f111fd12509a4
[INFO] running `Command { std: "docker" "start" "-a" "bccf362bd1b84d9260a828fb024c022677602eb55ef48d39b36f111fd12509a4", kill_on_drop: false }`
[INFO] [stderr]    Compiling type-rules v0.2.3 (/opt/rustwide/workdir)
[INFO] [stderr]     Finished dev [unoptimized + debuginfo] target(s) in 0.17s
[INFO] running `Command { std: "docker" "inspect" "bccf362bd1b84d9260a828fb024c022677602eb55ef48d39b36f111fd12509a4", kill_on_drop: false }`
[INFO] running `Command { std: "docker" "rm" "-f" "bccf362bd1b84d9260a828fb024c022677602eb55ef48d39b36f111fd12509a4", kill_on_drop: false }`
[INFO] [stdout] bccf362bd1b84d9260a828fb024c022677602eb55ef48d39b36f111fd12509a4
[INFO] running `Command { std: "docker" "create" "-v" "/var/lib/crater-agent-workspace/builds/worker-2-tc2/target:/opt/rustwide/target:rw,Z" "-v" "/var/lib/crater-agent-workspace/builds/worker-2-tc2/source:/opt/rustwide/workdir:ro,Z" "-v" "/var/lib/crater-agent-workspace/cargo-home:/opt/rustwide/cargo-home:ro,Z" "-v" "/var/lib/crater-agent-workspace/rustup-home:/opt/rustwide/rustup-home:ro,Z" "-e" "SOURCE_DIR=/opt/rustwide/workdir" "-e" "CARGO_TARGET_DIR=/opt/rustwide/target" "-e" "CARGO_INCREMENTAL=0" "-e" "RUST_BACKTRACE=full" "-e" "RUSTFLAGS=--cap-lints=warn" "-e" "RUSTDOCFLAGS=--cap-lints=warn" "-e" "CARGO_HOME=/opt/rustwide/cargo-home" "-e" "RUSTUP_HOME=/opt/rustwide/rustup-home" "-w" "/opt/rustwide/workdir" "-m" "1610612736" "--user" "0:0" "--network" "none" "ghcr.io/rust-lang/crates-build-env/linux@sha256:2788e3201cd34a07e3172128adcd8b3090168a8e3bcc40d7c032b9dda1df7d1c" "/opt/rustwide/cargo-home/bin/cargo" "+beta-2023-12-22" "test" "--frozen" "--no-run" "--message-format=json", kill_on_drop: false }`
[INFO] [stdout] 310ecef06efb69b6d0a994b1d036102ce85686009714edf1289871b20c8655ba
[INFO] running `Command { std: "docker" "start" "-a" "310ecef06efb69b6d0a994b1d036102ce85686009714edf1289871b20c8655ba", kill_on_drop: false }`
[INFO] [stderr]    Compiling autocfg v1.0.1
[INFO] [stderr]    Compiling proc-macro2 v1.0.40
[INFO] [stderr]    Compiling libc v0.2.125
[INFO] [stderr]    Compiling unicode-ident v1.0.1
[INFO] [stderr]    Compiling serde v1.0.137
[INFO] [stderr]    Compiling syn v1.0.98
[INFO] [stderr]    Compiling ryu v1.0.10
[INFO] [stderr]    Compiling itoa v1.0.2
[INFO] [stderr]    Compiling num-traits v0.2.15
[INFO] [stderr]    Compiling num-integer v0.1.45
[INFO] [stderr]    Compiling claim v0.5.0
[INFO] [stderr]    Compiling quote v1.0.10
[INFO] [stderr]    Compiling time v0.1.44
[INFO] [stderr]    Compiling chrono v0.4.19
[INFO] [stderr]    Compiling serde_derive v1.0.137
[INFO] [stderr]    Compiling serde_json v1.0.81
[INFO] [stderr]    Compiling type-rules v0.2.3 (/opt/rustwide/workdir)
[INFO] [stdout] error[E0412]: cannot find type `RegEx` in this scope
[INFO] [stdout]   --> src/rules/and.rs:42:36
[INFO] [stdout]    |
[INFO] [stdout] 42 |     const RULE: Opt<And<MaxLength, RegEx>> = Opt(And(MaxLength(20), RegEx(r"^\S+@\S+\.\S+")));
[INFO] [stdout]    |                                    ^^^^^ not found in this scope
[INFO] [stdout]    |
[INFO] [stdout] help: you might be missing a type parameter
[INFO] [stdout]    |
[INFO] [stdout] 42 |     const RULE<RegEx>: Opt<And<MaxLength, RegEx>> = Opt(And(MaxLength(20), RegEx(r"^\S+@\S+\.\S+")));
[INFO] [stdout]    |               +++++++
[INFO] [stdout] 
[INFO] [stdout] 
[INFO] [stdout] error[E0425]: cannot find function, tuple struct or tuple variant `RegEx` in this scope
[INFO] [stdout]   --> src/rules/and.rs:42:69
[INFO] [stdout]    |
[INFO] [stdout] 42 |     const RULE: Opt<And<MaxLength, RegEx>> = Opt(And(MaxLength(20), RegEx(r"^\S+@\S+\.\S+")));
[INFO] [stdout]    |                                                                     ^^^^^ not found in this scope
[INFO] [stdout] 
[INFO] [stdout] 
[INFO] [stdout] error: aborting due to 2 previous errors
[INFO] [stdout] 
[INFO] [stdout] 
[INFO] [stdout] Some errors have detailed explanations: E0412, E0425.
[INFO] [stdout] 
[INFO] [stdout] For more information about an error, try `rustc --explain E0412`.
[INFO] [stdout] 
[INFO] [stderr] error: could not compile `type-rules` (lib test) due to 3 previous errors
[INFO] running `Command { std: "docker" "inspect" "310ecef06efb69b6d0a994b1d036102ce85686009714edf1289871b20c8655ba", kill_on_drop: false }`
[INFO] running `Command { std: "docker" "rm" "-f" "310ecef06efb69b6d0a994b1d036102ce85686009714edf1289871b20c8655ba", kill_on_drop: false }`
[INFO] [stdout] 310ecef06efb69b6d0a994b1d036102ce85686009714edf1289871b20c8655ba
