[INFO] fetching crate twirl 0.1.1...
[INFO] testing twirl-0.1.1 against 1.75.0 for beta-1.76-1
[INFO] extracting crate twirl 0.1.1 into /workspace/builds/worker-2-tc1/source
[INFO] validating manifest of crates.io crate twirl 0.1.1 on toolchain 1.75.0
[INFO] running `Command { std: CARGO_HOME="/workspace/cargo-home" RUSTUP_HOME="/workspace/rustup-home" "/workspace/cargo-home/bin/cargo" "+1.75.0" "metadata" "--manifest-path" "Cargo.toml" "--no-deps", kill_on_drop: false }`
[INFO] started tweaking crates.io crate twirl 0.1.1
[INFO] finished tweaking crates.io crate twirl 0.1.1
[INFO] tweaked toml for crates.io crate twirl 0.1.1 written to /workspace/builds/worker-2-tc1/source/Cargo.toml
[INFO] running `Command { std: CARGO_HOME="/workspace/cargo-home" RUSTUP_HOME="/workspace/rustup-home" "/workspace/cargo-home/bin/cargo" "+1.75.0" "generate-lockfile" "--manifest-path" "Cargo.toml", kill_on_drop: false }`
[INFO] [stderr]     Updating crates.io index
[INFO] running `Command { std: CARGO_HOME="/workspace/cargo-home" RUSTUP_HOME="/workspace/rustup-home" "/workspace/cargo-home/bin/cargo" "+1.75.0" "fetch" "--manifest-path" "Cargo.toml", kill_on_drop: false }`
[INFO] [stderr]  Downloading crates ...
[INFO] [stderr]   Downloaded tokio-io v0.2.0-alpha.6
[INFO] [stderr]   Downloaded tower-service v0.3.0-alpha.2
[INFO] [stderr]   Downloaded tower-make v0.3.0-alpha.2a
[INFO] [stderr]   Downloaded http-body v0.2.0-alpha.3
[INFO] [stderr]   Downloaded tokio-macros v0.2.0-alpha.6
[INFO] [stderr]   Downloaded hyper-tls v0.4.0-alpha.4
[INFO] [stderr]   Downloaded simple-error v0.2.3
[INFO] [stderr]   Downloaded tokio-fs v0.2.0-alpha.6
[INFO] [stderr]   Downloaded tokio-codec v0.2.0-alpha.6
[INFO] [stderr]   Downloaded ffi-support v0.3.5
[INFO] [stderr]   Downloaded tokio v0.2.0-alpha.6
[INFO] [stderr]   Downloaded tokio-executor v0.2.0-alpha.6
[INFO] [stderr]   Downloaded h2 v0.2.0-alpha.3
[INFO] [stderr]   Downloaded tokio-timer v0.3.0-alpha.6
[INFO] [stderr]   Downloaded tokio-net v0.2.0-alpha.6
[INFO] [stderr]   Downloaded hyper v0.13.0-alpha.4
[INFO] [stderr]   Downloaded tokio-tls v0.3.0-alpha.6
[INFO] [stderr]   Downloaded connect v0.1.2
[INFO] [stderr]   Downloaded async-tls v0.9.0
[INFO] running `Command { std: "docker" "create" "-v" "/var/lib/crater-agent-workspace/builds/worker-2-tc1/target:/opt/rustwide/target:rw,Z" "-v" "/var/lib/crater-agent-workspace/builds/worker-2-tc1/source:/opt/rustwide/workdir:ro,Z" "-v" "/var/lib/crater-agent-workspace/cargo-home:/opt/rustwide/cargo-home:ro,Z" "-v" "/var/lib/crater-agent-workspace/rustup-home:/opt/rustwide/rustup-home:ro,Z" "-e" "SOURCE_DIR=/opt/rustwide/workdir" "-e" "CARGO_TARGET_DIR=/opt/rustwide/target" "-e" "CARGO_HOME=/opt/rustwide/cargo-home" "-e" "RUSTUP_HOME=/opt/rustwide/rustup-home" "-w" "/opt/rustwide/workdir" "-m" "1610612736" "--user" "0:0" "--network" "none" "ghcr.io/rust-lang/crates-build-env/linux@sha256:2788e3201cd34a07e3172128adcd8b3090168a8e3bcc40d7c032b9dda1df7d1c" "/opt/rustwide/cargo-home/bin/cargo" "+1.75.0" "metadata" "--no-deps" "--format-version=1", kill_on_drop: false }`
[INFO] [stdout] 4af98e77b159cdf0a2d487b1afd67d2306d177d070a73ee59006625ccdf78892
[INFO] running `Command { std: "docker" "start" "-a" "4af98e77b159cdf0a2d487b1afd67d2306d177d070a73ee59006625ccdf78892", kill_on_drop: false }`
[INFO] running `Command { std: "docker" "inspect" "4af98e77b159cdf0a2d487b1afd67d2306d177d070a73ee59006625ccdf78892", kill_on_drop: false }`
[INFO] running `Command { std: "docker" "rm" "-f" "4af98e77b159cdf0a2d487b1afd67d2306d177d070a73ee59006625ccdf78892", kill_on_drop: false }`
[INFO] [stdout] 4af98e77b159cdf0a2d487b1afd67d2306d177d070a73ee59006625ccdf78892
[INFO] running `Command { std: "docker" "create" "-v" "/var/lib/crater-agent-workspace/builds/worker-2-tc1/target:/opt/rustwide/target:rw,Z" "-v" "/var/lib/crater-agent-workspace/builds/worker-2-tc1/source:/opt/rustwide/workdir:ro,Z" "-v" "/var/lib/crater-agent-workspace/cargo-home:/opt/rustwide/cargo-home:ro,Z" "-v" "/var/lib/crater-agent-workspace/rustup-home:/opt/rustwide/rustup-home:ro,Z" "-e" "SOURCE_DIR=/opt/rustwide/workdir" "-e" "CARGO_TARGET_DIR=/opt/rustwide/target" "-e" "CARGO_INCREMENTAL=0" "-e" "RUST_BACKTRACE=full" "-e" "RUSTFLAGS=--cap-lints=warn" "-e" "RUSTDOCFLAGS=--cap-lints=warn" "-e" "CARGO_HOME=/opt/rustwide/cargo-home" "-e" "RUSTUP_HOME=/opt/rustwide/rustup-home" "-w" "/opt/rustwide/workdir" "-m" "1610612736" "--user" "0:0" "--network" "none" "ghcr.io/rust-lang/crates-build-env/linux@sha256:2788e3201cd34a07e3172128adcd8b3090168a8e3bcc40d7c032b9dda1df7d1c" "/opt/rustwide/cargo-home/bin/cargo" "+1.75.0" "build" "--frozen" "--message-format=json", kill_on_drop: false }`
[INFO] [stdout] e06be26ae2af46225b1b7702d9fa39502882f91ef8468f4bb0d2ef101a30d34b
[INFO] running `Command { std: "docker" "start" "-a" "e06be26ae2af46225b1b7702d9fa39502882f91ef8468f4bb0d2ef101a30d34b", kill_on_drop: false }`
[INFO] [stderr]    Compiling value-bag v1.4.3
[INFO] [stderr]    Compiling pin-project-lite v0.2.13
[INFO] [stderr]    Compiling memchr v2.7.1
[INFO] [stderr]    Compiling syn v1.0.109
[INFO] [stderr]    Compiling crossbeam-utils v0.8.18
[INFO] [stderr]    Compiling pin-utils v0.1.0
[INFO] [stderr]    Compiling syn v2.0.48
[INFO] [stderr]    Compiling futures-core v0.3.30
[INFO] [stderr]    Compiling futures-core-preview v0.3.0-alpha.19
[INFO] [stderr]    Compiling tracing-core v0.1.32
[INFO] [stderr]    Compiling parking v2.2.0
[INFO] [stderr]    Compiling log v0.4.20
[INFO] [stderr]    Compiling futures-io v0.3.30
[INFO] [stderr]    Compiling futures-sink-preview v0.3.0-alpha.19
[INFO] [stderr]    Compiling bytes v0.4.12
[INFO] [stderr]    Compiling pin-project-internal v0.4.30
[INFO] [stderr]    Compiling futures-channel-preview v0.3.0-alpha.19
[INFO] [stderr]    Compiling futures-io-preview v0.3.0-alpha.19
[INFO] [stderr]    Compiling crossbeam-utils v0.6.6
[INFO] [stderr]    Compiling concurrent-queue v2.4.0
[INFO] [stderr]    Compiling futures-util-preview v0.3.0-alpha.19
[INFO] [stderr]    Compiling rustix v0.38.28
[INFO] [stderr]    Compiling event-listener v4.0.2
[INFO] [stderr]    Compiling futures-lite v2.1.0
[INFO] [stderr]    Compiling ring v0.16.20
[INFO] [stderr]    Compiling event-listener-strategy v0.4.0
[INFO] [stderr]    Compiling linux-raw-sys v0.4.12
[INFO] [stderr]    Compiling async-lock v3.2.0
[INFO] [stderr]    Compiling crossbeam-queue v0.1.2
[INFO] [stderr]    Compiling crossbeam-channel v0.3.9
[INFO] [stderr]    Compiling untrusted v0.7.1
[INFO] [stderr]    Compiling io-lifetimes v1.0.11
[INFO] [stderr]    Compiling protobuf v2.28.0
[INFO] [stderr]    Compiling spin v0.5.2
[INFO] [stderr]    Compiling polling v2.8.0
[INFO] [stderr]    Compiling rustix v0.37.27
[INFO] [stderr]    Compiling futures-sink v0.3.30
[INFO] [stderr]    Compiling event-listener v2.5.3
[INFO] [stderr]    Compiling futures-channel v0.3.30
[INFO] [stderr]    Compiling tokio-sync v0.2.0-alpha.6
[INFO] [stderr]    Compiling mio v0.6.23
[INFO] [stderr]    Compiling async-io v1.13.0
[INFO] [stderr]    Compiling linux-raw-sys v0.3.8
[INFO] [stderr]    Compiling bitflags v1.3.2
[INFO] [stderr]    Compiling async-task v4.7.0
[INFO] [stderr]    Compiling futures-task v0.3.30
[INFO] [stderr]    Compiling fastrand v1.9.0
[INFO] [stderr]    Compiling waker-fn v1.1.1
[INFO] [stderr]    Compiling atomic-waker v1.1.2
[INFO] [stderr]    Compiling futures-lite v1.13.0
[INFO] [stderr]    Compiling piper v0.2.1
[INFO] [stderr]    Compiling http v0.1.21
[INFO] [stderr]    Compiling webpki v0.21.4
[INFO] [stderr]    Compiling mio-uds v0.6.8
[INFO] [stderr]    Compiling protobuf-codegen v2.28.0
[INFO] [stderr]    Compiling async-lock v2.8.0
[INFO] [stderr]    Compiling async-channel v2.1.1
[INFO] [stderr]    Compiling signal-hook-registry v1.4.1
[INFO] [stderr]    Compiling socket2 v0.4.10
[INFO] [stderr]    Compiling tracing-attributes v0.1.27
[INFO] [stderr]    Compiling futures-macro v0.3.30
[INFO] [stderr]    Compiling openssl-macros v0.1.1
[INFO] [stderr]    Compiling miniz_oxide v0.7.1
[INFO] [stderr]    Compiling openssl v0.10.62
[INFO] [stderr]    Compiling synstructure v0.12.6
[INFO] [stderr]    Compiling tokio-macros v0.2.0-alpha.6
[INFO] [stderr]    Compiling futures-util v0.3.30
[INFO] [stderr]    Compiling protobuf-codegen-pure v2.28.0
[INFO] [stderr]    Compiling sct v0.6.1
[INFO] [stderr]    Compiling tracing v0.1.40
[INFO] [stderr]    Compiling async-executor v1.8.0
[INFO] [stderr]    Compiling tokio-executor v0.2.0-alpha.6
[INFO] [stderr]    Compiling pin-project v0.4.30
[INFO] [stderr]    Compiling tokio-io v0.2.0-alpha.6
[INFO] [stderr]    Compiling polling v3.3.1
[INFO] [stderr]    Compiling blocking v1.5.1
[INFO] [stderr]    Compiling tokio-codec v0.2.0-alpha.6
[INFO] [stderr]    Compiling async-io v2.2.2
[INFO] [stderr]    Compiling event-listener v3.1.0
[INFO] [stderr]    Compiling string v0.2.1
[INFO] [stderr]    Compiling tokio-net v0.2.0-alpha.6
[INFO] [stderr]    Compiling tokio-fs v0.2.0-alpha.6
[INFO] [stderr]    Compiling tokio-timer v0.3.0-alpha.6
[INFO] [stderr]    Compiling async-signal v0.2.5
[INFO] [stderr]    Compiling object v0.32.2
[INFO] [stderr]    Compiling num-traits v0.2.17
[INFO] [stderr]    Compiling base64 v0.12.3
[INFO] [stderr]    Compiling futures-executor v0.3.30
[INFO] [stderr]    Compiling tower-service v0.3.0-alpha.2
[INFO] [stderr]    Compiling anyhow v1.0.79
[INFO] [stderr]    Compiling serde v1.0.194
[INFO] [stderr]    Compiling native-tls v0.2.11
[INFO] [stderr]    Compiling want v0.3.1
[INFO] [stderr]    Compiling tower-make v0.3.0-alpha.2a
[INFO] [stderr]    Compiling futures v0.3.30
[INFO] [stderr]    Compiling rustls v0.18.1
[INFO] [stderr]    Compiling async-process v1.8.1
[INFO] [stderr]    Compiling tokio v0.2.0-alpha.6
[INFO] [stderr]    Compiling async-global-executor v2.4.1
[INFO] [stderr]    Compiling h2 v0.2.0-alpha.3
[INFO] [stderr]    Compiling failure_derive v0.1.8
[INFO] [stderr]    Compiling unicode-normalization v0.1.22
[INFO] [stderr]    Compiling http-body v0.2.0-alpha.3
[INFO] [stderr]    Compiling webpki-roots v0.20.0
[INFO] [stderr]    Compiling async-channel v1.9.0
[INFO] [stderr]    Compiling kv-log-macro v1.0.7
[INFO] [stderr]    Compiling unicode-bidi v0.3.14
[INFO] [stderr]    Compiling async-std v1.12.0
[INFO] [stderr]    Compiling async-tls v0.9.0
[INFO] [stderr]    Compiling idna v0.5.0
[INFO] [stderr]    Compiling connect v0.1.2
[INFO] [stderr]    Compiling hyper v0.13.0-alpha.4
[INFO] [stderr]    Compiling backtrace v0.3.69
[INFO] [stderr]    Compiling tokio-tls v0.3.0-alpha.6
[INFO] [stderr]    Compiling futures-executor-preview v0.3.0-alpha.19
[INFO] [stderr]    Compiling bytes v0.5.6
[INFO] [stderr]    Compiling failure v0.1.8
[INFO] [stderr]    Compiling iana-time-zone v0.1.59
[INFO] [stderr]    Compiling chrono v0.4.31
[INFO] [stderr]    Compiling hyper-tls v0.4.0-alpha.4
[INFO] [stderr]    Compiling futures-preview v0.3.0-alpha.19
[INFO] [stderr]    Compiling ffi-support v0.3.5
[INFO] [stderr]    Compiling url v2.5.0
[INFO] [stderr]    Compiling serde_derive v1.0.194
[INFO] [stderr]    Compiling simple-error v0.2.3
[INFO] [stderr]    Compiling serde_json v1.0.111
[INFO] [stderr]    Compiling twirl v0.1.1 (/opt/rustwide/workdir)
[INFO] [stdout] error[E0557]: feature has been removed
[INFO] [stdout]  --> src/lib.rs:1:12
[INFO] [stdout]   |
[INFO] [stdout] 1 | #![feature(in_band_lifetimes)]
[INFO] [stdout]   |            ^^^^^^^^^^^^^^^^^ feature has been removed
[INFO] [stdout]   |
[INFO] [stdout]   = note: removed due to unsolved ergonomic questions and added lifetime resolution complexity
[INFO] [stdout] 
[INFO] [stdout] 
[INFO] [stdout] error[E0261]: use of undeclared lifetime name `'a`
[INFO] [stdout]   --> src/auth/auth_provider.rs:16:22
[INFO] [stdout]    |
[INFO] [stdout] 16 |     fn access_token(&'a mut self, scope: Option<Vec<&'a str>>) -> BoxFuture<'a, Result<AccessToken>>;
[INFO] [stdout]    |                      ^^ undeclared lifetime
[INFO] [stdout]    |
[INFO] [stdout] help: consider introducing lifetime `'a` here
[INFO] [stdout]    |
[INFO] [stdout] 16 |     fn access_token<'a>(&'a mut self, scope: Option<Vec<&'a str>>) -> BoxFuture<'a, Result<AccessToken>>;
[INFO] [stdout]    |                    ++++
[INFO] [stdout] help: consider introducing lifetime `'a` here
[INFO] [stdout]    |
[INFO] [stdout] 13 | pub trait AuthProvider<'a> {
[INFO] [stdout]    |                       ++++
[INFO] [stdout] 
[INFO] [stdout] 
[INFO] [stdout] error[E0261]: use of undeclared lifetime name `'a`
[INFO] [stdout]   --> src/auth/auth_provider.rs:16:54
[INFO] [stdout]    |
[INFO] [stdout] 16 |     fn access_token(&'a mut self, scope: Option<Vec<&'a str>>) -> BoxFuture<'a, Result<AccessToken>>;
[INFO] [stdout]    |                                                      ^^ undeclared lifetime
[INFO] [stdout]    |
[INFO] [stdout] help: consider introducing lifetime `'a` here
[INFO] [stdout]    |
[INFO] [stdout] 16 |     fn access_token<'a>(&'a mut self, scope: Option<Vec<&'a str>>) -> BoxFuture<'a, Result<AccessToken>>;
[INFO] [stdout]    |                    ++++
[INFO] [stdout] help: consider introducing lifetime `'a` here
[INFO] [stdout]    |
[INFO] [stdout] 13 | pub trait AuthProvider<'a> {
[INFO] [stdout]    |                       ++++
[INFO] [stdout] 
[INFO] [stdout] 
[INFO] [stdout] error[E0261]: use of undeclared lifetime name `'a`
[INFO] [stdout]   --> src/auth/auth_provider.rs:16:77
[INFO] [stdout]    |
[INFO] [stdout] 16 |     fn access_token(&'a mut self, scope: Option<Vec<&'a str>>) -> BoxFuture<'a, Result<AccessToken>>;
[INFO] [stdout]    |                                                                             ^^ undeclared lifetime
[INFO] [stdout]    |
[INFO] [stdout] help: consider introducing lifetime `'a` here
[INFO] [stdout]    |
[INFO] [stdout] 16 |     fn access_token<'a>(&'a mut self, scope: Option<Vec<&'a str>>) -> BoxFuture<'a, Result<AccessToken>>;
[INFO] [stdout]    |                    ++++
[INFO] [stdout] help: consider introducing lifetime `'a` here
[INFO] [stdout]    |
[INFO] [stdout] 13 | pub trait AuthProvider<'a> {
[INFO] [stdout]    |                       ++++
[INFO] [stdout] 
[INFO] [stdout] 
[INFO] [stdout] error[E0261]: use of undeclared lifetime name `'a`
[INFO] [stdout]   --> src/auth/auth_provider.rs:21:17
[INFO] [stdout]    |
[INFO] [stdout] 21 |     fn refresh(&'a mut self) -> BoxFuture<'a, Result<AccessToken>>;
[INFO] [stdout]    |                 ^^ undeclared lifetime
[INFO] [stdout]    |
[INFO] [stdout] help: consider introducing lifetime `'a` here
[INFO] [stdout]    |
[INFO] [stdout] 21 |     fn refresh<'a>(&'a mut self) -> BoxFuture<'a, Result<AccessToken>>;
[INFO] [stdout]    |               ++++
[INFO] [stdout] help: consider introducing lifetime `'a` here
[INFO] [stdout]    |
[INFO] [stdout] 20 | pub trait RefreshableAuthProvider<'a>: AuthProvider {
[INFO] [stdout]    |                                  ++++
[INFO] [stdout] 
[INFO] [stdout] 
[INFO] [stdout] error[E0261]: use of undeclared lifetime name `'a`
[INFO] [stdout]   --> src/auth/auth_provider.rs:21:43
[INFO] [stdout]    |
[INFO] [stdout] 21 |     fn refresh(&'a mut self) -> BoxFuture<'a, Result<AccessToken>>;
[INFO] [stdout]    |                                           ^^ undeclared lifetime
[INFO] [stdout]    |
[INFO] [stdout] help: consider introducing lifetime `'a` here
[INFO] [stdout]    |
[INFO] [stdout] 21 |     fn refresh<'a>(&'a mut self) -> BoxFuture<'a, Result<AccessToken>>;
[INFO] [stdout]    |               ++++
[INFO] [stdout] help: consider introducing lifetime `'a` here
[INFO] [stdout]    |
[INFO] [stdout] 20 | pub trait RefreshableAuthProvider<'a>: AuthProvider {
[INFO] [stdout]    |                                  ++++
[INFO] [stdout] 
[INFO] [stdout] 
[INFO] [stdout] error[E0261]: use of undeclared lifetime name `'a`
[INFO] [stdout]   --> src/auth/auth_provider.rs:61:22
[INFO] [stdout]    |
[INFO] [stdout] 61 |     fn access_token(&'a mut self, scope: Option<Vec<&'a str>>) -> BoxFuture<'a, Result<AccessToken>> {
[INFO] [stdout]    |                      ^^ undeclared lifetime
[INFO] [stdout]    |
[INFO] [stdout] help: consider introducing lifetime `'a` here
[INFO] [stdout]    |
[INFO] [stdout] 61 |     fn access_token<'a>(&'a mut self, scope: Option<Vec<&'a str>>) -> BoxFuture<'a, Result<AccessToken>> {
[INFO] [stdout]    |                    ++++
[INFO] [stdout] help: consider introducing lifetime `'a` here
[INFO] [stdout]    |
[INFO] [stdout] 52 | impl<'a> AuthProvider for StaticAuthProvider {
[INFO] [stdout]    |     ++++
[INFO] [stdout] 
[INFO] [stdout] 
[INFO] [stdout] error[E0261]: use of undeclared lifetime name `'a`
[INFO] [stdout]   --> src/auth/auth_provider.rs:61:54
[INFO] [stdout]    |
[INFO] [stdout] 61 |     fn access_token(&'a mut self, scope: Option<Vec<&'a str>>) -> BoxFuture<'a, Result<AccessToken>> {
[INFO] [stdout]    |                                                      ^^ undeclared lifetime
[INFO] [stdout]    |
[INFO] [stdout] help: consider introducing lifetime `'a` here
[INFO] [stdout]    |
[INFO] [stdout] 61 |     fn access_token<'a>(&'a mut self, scope: Option<Vec<&'a str>>) -> BoxFuture<'a, Result<AccessToken>> {
[INFO] [stdout]    |                    ++++
[INFO] [stdout] help: consider introducing lifetime `'a` here
[INFO] [stdout]    |
[INFO] [stdout] 52 | impl<'a> AuthProvider for StaticAuthProvider {
[INFO] [stdout]    |     ++++
[INFO] [stdout] 
[INFO] [stdout] 
[INFO] [stdout] error[E0261]: use of undeclared lifetime name `'a`
[INFO] [stdout]   --> src/auth/auth_provider.rs:61:77
[INFO] [stdout]    |
[INFO] [stdout] 61 |     fn access_token(&'a mut self, scope: Option<Vec<&'a str>>) -> BoxFuture<'a, Result<AccessToken>> {
[INFO] [stdout]    |                                                                             ^^ undeclared lifetime
[INFO] [stdout]    |
[INFO] [stdout] help: consider introducing lifetime `'a` here
[INFO] [stdout]    |
[INFO] [stdout] 61 |     fn access_token<'a>(&'a mut self, scope: Option<Vec<&'a str>>) -> BoxFuture<'a, Result<AccessToken>> {
[INFO] [stdout]    |                    ++++
[INFO] [stdout] help: consider introducing lifetime `'a` here
[INFO] [stdout]    |
[INFO] [stdout] 52 | impl<'a> AuthProvider for StaticAuthProvider {
[INFO] [stdout]    |     ++++
[INFO] [stdout] 
[INFO] [stdout] 
[INFO] [stdout] error[E0261]: use of undeclared lifetime name `'a`
[INFO] [stdout]    --> src/auth/auth_provider.rs:121:22
[INFO] [stdout]     |
[INFO] [stdout] 121 |     fn access_token(&'a mut self, scope: Option<Vec<&'a str>>) -> BoxFuture<'a, Result<AccessToken>> {
[INFO] [stdout]     |                      ^^ undeclared lifetime
[INFO] [stdout]     |
[INFO] [stdout] help: consider introducing lifetime `'a` here
[INFO] [stdout]     |
[INFO] [stdout] 121 |     fn access_token<'a>(&'a mut self, scope: Option<Vec<&'a str>>) -> BoxFuture<'a, Result<AccessToken>> {
[INFO] [stdout]     |                    ++++
[INFO] [stdout] help: consider introducing lifetime `'a` here
[INFO] [stdout]     |
[INFO] [stdout] 112 | impl<'a> AuthProvider for ClientCredentialsAuthProvider {
[INFO] [stdout]     |     ++++
[INFO] [stdout] 
[INFO] [stdout] 
[INFO] [stdout] error[E0261]: use of undeclared lifetime name `'a`
[INFO] [stdout]    --> src/auth/auth_provider.rs:121:54
[INFO] [stdout]     |
[INFO] [stdout] 121 |     fn access_token(&'a mut self, scope: Option<Vec<&'a str>>) -> BoxFuture<'a, Result<AccessToken>> {
[INFO] [stdout]     |                                                      ^^ undeclared lifetime
[INFO] [stdout]     |
[INFO] [stdout] help: consider introducing lifetime `'a` here
[INFO] [stdout]     |
[INFO] [stdout] 121 |     fn access_token<'a>(&'a mut self, scope: Option<Vec<&'a str>>) -> BoxFuture<'a, Result<AccessToken>> {
[INFO] [stdout]     |                    ++++
[INFO] [stdout] help: consider introducing lifetime `'a` here
[INFO] [stdout]     |
[INFO] [stdout] 112 | impl<'a> AuthProvider for ClientCredentialsAuthProvider {
[INFO] [stdout]     |     ++++
[INFO] [stdout] 
[INFO] [stdout] 
[INFO] [stdout] error[E0261]: use of undeclared lifetime name `'a`
[INFO] [stdout]    --> src/auth/auth_provider.rs:121:77
[INFO] [stdout]     |
[INFO] [stdout] 121 |     fn access_token(&'a mut self, scope: Option<Vec<&'a str>>) -> BoxFuture<'a, Result<AccessToken>> {
[INFO] [stdout]     |                                                                             ^^ undeclared lifetime
[INFO] [stdout]     |
[INFO] [stdout] help: consider introducing lifetime `'a` here
[INFO] [stdout]     |
[INFO] [stdout] 121 |     fn access_token<'a>(&'a mut self, scope: Option<Vec<&'a str>>) -> BoxFuture<'a, Result<AccessToken>> {
[INFO] [stdout]     |                    ++++
[INFO] [stdout] help: consider introducing lifetime `'a` here
[INFO] [stdout]     |
[INFO] [stdout] 112 | impl<'a> AuthProvider for ClientCredentialsAuthProvider {
[INFO] [stdout]     |     ++++
[INFO] [stdout] 
[INFO] [stdout] 
[INFO] [stdout] error[E0261]: use of undeclared lifetime name `'a`
[INFO] [stdout]    --> src/auth/auth_provider.rs:147:17
[INFO] [stdout]     |
[INFO] [stdout] 147 |     fn refresh(&'a mut self) -> BoxFuture<'a, Result<AccessToken>> {
[INFO] [stdout]     |                 ^^ undeclared lifetime
[INFO] [stdout]     |
[INFO] [stdout] help: consider introducing lifetime `'a` here
[INFO] [stdout]     |
[INFO] [stdout] 147 |     fn refresh<'a>(&'a mut self) -> BoxFuture<'a, Result<AccessToken>> {
[INFO] [stdout]     |               ++++
[INFO] [stdout] help: consider introducing lifetime `'a` here
[INFO] [stdout]     |
[INFO] [stdout] 146 | impl<'a> RefreshableAuthProvider for ClientCredentialsAuthProvider {
[INFO] [stdout]     |     ++++
[INFO] [stdout] 
[INFO] [stdout] 
[INFO] [stdout] error[E0261]: use of undeclared lifetime name `'a`
[INFO] [stdout]    --> src/auth/auth_provider.rs:147:43
[INFO] [stdout]     |
[INFO] [stdout] 147 |     fn refresh(&'a mut self) -> BoxFuture<'a, Result<AccessToken>> {
[INFO] [stdout]     |                                           ^^ undeclared lifetime
[INFO] [stdout]     |
[INFO] [stdout] help: consider introducing lifetime `'a` here
[INFO] [stdout]     |
[INFO] [stdout] 147 |     fn refresh<'a>(&'a mut self) -> BoxFuture<'a, Result<AccessToken>> {
[INFO] [stdout]     |               ++++
[INFO] [stdout] help: consider introducing lifetime `'a` here
[INFO] [stdout]     |
[INFO] [stdout] 146 | impl<'a> RefreshableAuthProvider for ClientCredentialsAuthProvider {
[INFO] [stdout]     |     ++++
[INFO] [stdout] 
[INFO] [stdout] 
[INFO] [stdout] warning: unused import: `TwitchAPICallBuilder`
[INFO] [stdout]  --> src/api/mod.rs:4:35
[INFO] [stdout]   |
[INFO] [stdout] 4 | pub use api_call::{TwitchAPICall, TwitchAPICallBuilder, TwitchAPICallType};
[INFO] [stdout]   |                                   ^^^^^^^^^^^^^^^^^^^^
[INFO] [stdout]   |
[INFO] [stdout]   = note: `#[warn(unused_imports)]` on by default
[INFO] [stdout] 
[INFO] [stdout] 
[INFO] [stdout] warning: unused import: `AccessTokenData`
[INFO] [stdout]  --> src/auth/mod.rs:4:43
[INFO] [stdout]   |
[INFO] [stdout] 4 | pub use self::access_token::{AccessToken, AccessTokenData};
[INFO] [stdout]   |                                           ^^^^^^^^^^^^^^^
[INFO] [stdout] 
[INFO] [stdout] 
[INFO] [stdout] warning: unused import: `RefreshableAuthProvider`
[INFO] [stdout]  --> src/auth/mod.rs:5:76
[INFO] [stdout]   |
[INFO] [stdout] 5 | pub use self::auth_provider::{AuthProvider, ClientCredentialsAuthProvider, RefreshableAuthProvider, StaticAuthProvider};
[INFO] [stdout]   |                                                                            ^^^^^^^^^^^^^^^^^^^^^^^
[INFO] [stdout] 
[INFO] [stdout] 
[INFO] [stdout] warning: use of deprecated method `std::error::Error::description`: use the Display impl or to_string()
[INFO] [stdout]    --> src/api/api_call.rs:166:16
[INFO] [stdout]     |
[INFO] [stdout] 166 |         Error::description(self).fmt(f)
[INFO] [stdout]     |                ^^^^^^^^^^^
[INFO] [stdout]     |
[INFO] [stdout]     = note: `#[warn(deprecated)]` on by default
[INFO] [stdout] 
[INFO] [stdout] 
[INFO] [stdout] warning: use of deprecated method `std::error::Error::description`: use the Display impl or to_string()
[INFO] [stdout]    --> src/auth/auth_provider.rs:177:16
[INFO] [stdout]     |
[INFO] [stdout] 177 |         Error::description(self).fmt(f)
[INFO] [stdout]     |                ^^^^^^^^^^^
[INFO] [stdout] 
[INFO] [stdout] 
[INFO] [stdout] error[E0597]: `call` does not live long enough
[INFO] [stdout]   --> src/lib.rs:57:57
[INFO] [stdout]    |
[INFO] [stdout] 55 |     pub async fn call_api<T, B>(&mut self, call: TwitchAPICall<'_, B>) -> Result<T>
[INFO] [stdout]    |                                            ---- binding `call` declared here
[INFO] [stdout] 56 |         where T: serde::de::DeserializeOwned {
[INFO] [stdout] 57 |         let token: AccessToken = self.auth.access_token(call.scope().map(|scope| vec![scope])).await?;
[INFO] [stdout]    |                                                         ^^^^                     ----------- returning this value requires that `call` is borrowed for `'static`
[INFO] [stdout]    |                                                         |
[INFO] [stdout]    |                                                         borrowed value does not live long enough
[INFO] [stdout] ...
[INFO] [stdout] 62 |     }
[INFO] [stdout]    |     - `call` dropped here while still borrowed
[INFO] [stdout] 
[INFO] [stdout] 
[INFO] [stdout] error[E0505]: cannot move out of `call` because it is borrowed
[INFO] [stdout]   --> src/lib.rs:61:41
[INFO] [stdout]    |
[INFO] [stdout] 55 |     pub async fn call_api<T, B>(&mut self, call: TwitchAPICall<'_, B>) -> Result<T>
[INFO] [stdout]    |                                            ---- binding `call` declared here
[INFO] [stdout] 56 |         where T: serde::de::DeserializeOwned {
[INFO] [stdout] 57 |         let token: AccessToken = self.auth.access_token(call.scope().map(|scope| vec![scope])).await?;
[INFO] [stdout]    |                                                         ----                     ----------- returning this value requires that `call` is borrowed for `'static`
[INFO] [stdout]    |                                                         |
[INFO] [stdout]    |                                                         borrow of `call` occurs here
[INFO] [stdout] ...
[INFO] [stdout] 61 |         Self::call_api_with_credentials(call, self.auth.client_id(), token.access_token().to_string()).await
[INFO] [stdout]    |                                         ^^^^ move out of `call` occurs here
[INFO] [stdout] 
[INFO] [stdout] 
[INFO] [stdout] error[E0502]: cannot borrow `*self.auth` as immutable because it is also borrowed as mutable
[INFO] [stdout]   --> src/lib.rs:61:47
[INFO] [stdout]    |
[INFO] [stdout] 57 |         let token: AccessToken = self.auth.access_token(call.scope().map(|scope| vec![scope])).await?;
[INFO] [stdout]    |                                  -------------------------------------------------------------
[INFO] [stdout]    |                                  |
[INFO] [stdout]    |                                  mutable borrow occurs here
[INFO] [stdout]    |                                  argument requires that `*self.auth` is borrowed for `'static`
[INFO] [stdout] ...
[INFO] [stdout] 61 |         Self::call_api_with_credentials(call, self.auth.client_id(), token.access_token().to_string()).await
[INFO] [stdout]    |                                               ^^^^^^^^^ immutable borrow occurs here
[INFO] [stdout] 
[INFO] [stdout] 
[INFO] [stdout] error[E0521]: borrowed data escapes outside of method
[INFO] [stdout]   --> src/lib.rs:57:34
[INFO] [stdout]    |
[INFO] [stdout] 55 |     pub async fn call_api<T, B>(&mut self, call: TwitchAPICall<'_, B>) -> Result<T>
[INFO] [stdout]    |                                 ---------
[INFO] [stdout]    |                                 |
[INFO] [stdout]    |                                 `self` is a reference that is only valid in the method body
[INFO] [stdout]    |                                 let's call the lifetime of this reference `'1`
[INFO] [stdout] 56 |         where T: serde::de::DeserializeOwned {
[INFO] [stdout] 57 |         let token: AccessToken = self.auth.access_token(call.scope().map(|scope| vec![scope])).await?;
[INFO] [stdout]    |                                  ^^^^^^^^^^^^^^^^^^^^^^^^^^^^^^^^^^^^^^^^^^^^^^^^^^^^^^^^^^^^^
[INFO] [stdout]    |                                  |
[INFO] [stdout]    |                                  `self` escapes the method body here
[INFO] [stdout]    |                                  argument requires that `'1` must outlive `'static`
[INFO] [stdout] 
[INFO] [stdout] 
[INFO] [stdout] error[E0310]: the parameter type `B` may not live long enough
[INFO] [stdout]   --> src/lib.rs:57:57
[INFO] [stdout]    |
[INFO] [stdout] 57 |         let token: AccessToken = self.auth.access_token(call.scope().map(|scope| vec![scope])).await?;
[INFO] [stdout]    |                                                         ^^^^^^^^^^^^
[INFO] [stdout]    |                                                         |
[INFO] [stdout]    |                                                         the parameter type `B` must be valid for the static lifetime...
[INFO] [stdout]    |                                                         ...so that the type `B` will meet its required lifetime bounds
[INFO] [stdout]    |
[INFO] [stdout] help: consider adding an explicit lifetime bound
[INFO] [stdout]    |
[INFO] [stdout] 55 |     pub async fn call_api<T, B: 'static>(&mut self, call: TwitchAPICall<'_, B>) -> Result<T>
[INFO] [stdout]    |                               +++++++++
[INFO] [stdout] 
[INFO] [stdout] 
[INFO] [stdout] error[E0311]: the parameter type `B` may not live long enough
[INFO] [stdout]   --> src/lib.rs:57:57
[INFO] [stdout]    |
[INFO] [stdout] 55 |     pub async fn call_api<T, B>(&mut self, call: TwitchAPICall<'_, B>) -> Result<T>
[INFO] [stdout]    |                                 --------- the parameter type `B` must be valid for the anonymous lifetime defined here...
[INFO] [stdout] 56 |         where T: serde::de::DeserializeOwned {
[INFO] [stdout] 57 |         let token: AccessToken = self.auth.access_token(call.scope().map(|scope| vec![scope])).await?;
[INFO] [stdout]    |                                                         ^^^^^^^^^^^^ ...so that the type `B` will meet its required lifetime bounds
[INFO] [stdout]    |
[INFO] [stdout] help: consider adding an explicit lifetime bound
[INFO] [stdout]    |
[INFO] [stdout] 55 |     pub async fn call_api<'a, T, B: 'a>(&'a mut self, call: TwitchAPICall<'_, B>) -> Result<T>
[INFO] [stdout]    |                           +++     ++++   ++
[INFO] [stdout] 
[INFO] [stdout] 
[INFO] [stdout] error[E0311]: the parameter type `B` may not live long enough
[INFO] [stdout]   --> src/lib.rs:57:57
[INFO] [stdout]    |
[INFO] [stdout] 55 |     pub async fn call_api<T, B>(&mut self, call: TwitchAPICall<'_, B>) -> Result<T>
[INFO] [stdout]    |                                                  -------------------- the parameter type `B` must be valid for the anonymous lifetime defined here...
[INFO] [stdout] 56 |         where T: serde::de::DeserializeOwned {
[INFO] [stdout] 57 |         let token: AccessToken = self.auth.access_token(call.scope().map(|scope| vec![scope])).await?;
[INFO] [stdout]    |                                                         ^^^^^^^^^^^^ ...so that the type `B` will meet its required lifetime bounds
[INFO] [stdout]    |
[INFO] [stdout] help: consider adding an explicit lifetime bound
[INFO] [stdout]    |
[INFO] [stdout] 55 |     pub async fn call_api<'a, T, B: 'a>(&mut self, call: TwitchAPICall<'a, B>) -> Result<T>
[INFO] [stdout]    |                           +++     ++++                                 ~~
[INFO] [stdout] 
[INFO] [stdout] 
[INFO] [stdout] error: lifetime may not live long enough
[INFO] [stdout]   --> src/lib.rs:57:82
[INFO] [stdout]    |
[INFO] [stdout] 55 |     pub async fn call_api<T, B>(&mut self, call: TwitchAPICall<'_, B>) -> Result<T>
[INFO] [stdout]    |                                                                -- let's call the lifetime of this reference `'2`
[INFO] [stdout] 56 |         where T: serde::de::DeserializeOwned {
[INFO] [stdout] 57 |         let token: AccessToken = self.auth.access_token(call.scope().map(|scope| vec![scope])).await?;
[INFO] [stdout]    |                                                                                  ^^^^^^^^^^^ returning this value requires that `'2` must outlive `'static`
[INFO] [stdout]    |
[INFO] [stdout]    = note: this error originates in the macro `vec` (in Nightly builds, run with -Z macro-backtrace for more info)
[INFO] [stdout] 
[INFO] [stdout] 
[INFO] [stdout] warning: use of deprecated method `url::Url::into_string`: use Into<String>
[INFO] [stdout]   --> src/lib.rs:72:27
[INFO] [stdout]    |
[INFO] [stdout] 72 |         let url_str = url.into_string();
[INFO] [stdout]    |                           ^^^^^^^^^^^
[INFO] [stdout] 
[INFO] [stdout] 
[INFO] [stdout] error: aborting due to 22 previous errors; 6 warnings emitted
[INFO] [stdout] 
[INFO] [stdout] 
[INFO] [stdout] Some errors have detailed explanations: E0261, E0310, E0311, E0502, E0505, E0521, E0557, E0597.
[INFO] [stdout] 
[INFO] [stdout] For more information about an error, try `rustc --explain E0261`.
[INFO] [stdout] 
[INFO] [stderr] error: could not compile `twirl` (lib) due to 23 previous errors; 6 warnings emitted
[INFO] running `Command { std: "docker" "inspect" "e06be26ae2af46225b1b7702d9fa39502882f91ef8468f4bb0d2ef101a30d34b", kill_on_drop: false }`
[INFO] running `Command { std: "docker" "rm" "-f" "e06be26ae2af46225b1b7702d9fa39502882f91ef8468f4bb0d2ef101a30d34b", kill_on_drop: false }`
[INFO] [stdout] e06be26ae2af46225b1b7702d9fa39502882f91ef8468f4bb0d2ef101a30d34b
[INFO] testing twirl-0.1.1 against beta-2023-12-22 for beta-1.76-1
[INFO] extracting crate twirl 0.1.1 into /workspace/builds/worker-2-tc2/source
[INFO] validating manifest of crates.io crate twirl 0.1.1 on toolchain beta-2023-12-22
[INFO] running `Command { std: CARGO_HOME="/workspace/cargo-home" RUSTUP_HOME="/workspace/rustup-home" "/workspace/cargo-home/bin/cargo" "+beta-2023-12-22" "metadata" "--manifest-path" "Cargo.toml" "--no-deps", kill_on_drop: false }`
[INFO] started tweaking crates.io crate twirl 0.1.1
[INFO] finished tweaking crates.io crate twirl 0.1.1
[INFO] tweaked toml for crates.io crate twirl 0.1.1 written to /workspace/builds/worker-2-tc2/source/Cargo.toml
[INFO] running `Command { std: CARGO_HOME="/workspace/cargo-home" RUSTUP_HOME="/workspace/rustup-home" "/workspace/cargo-home/bin/cargo" "+beta-2023-12-22" "generate-lockfile" "--manifest-path" "Cargo.toml", kill_on_drop: false }`
[INFO] [stderr]     Updating crates.io index
[INFO] running `Command { std: CARGO_HOME="/workspace/cargo-home" RUSTUP_HOME="/workspace/rustup-home" "/workspace/cargo-home/bin/cargo" "+beta-2023-12-22" "fetch" "--manifest-path" "Cargo.toml", kill_on_drop: false }`
[INFO] running `Command { std: "docker" "create" "-v" "/var/lib/crater-agent-workspace/builds/worker-2-tc2/target:/opt/rustwide/target:rw,Z" "-v" "/var/lib/crater-agent-workspace/builds/worker-2-tc2/source:/opt/rustwide/workdir:ro,Z" "-v" "/var/lib/crater-agent-workspace/cargo-home:/opt/rustwide/cargo-home:ro,Z" "-v" "/var/lib/crater-agent-workspace/rustup-home:/opt/rustwide/rustup-home:ro,Z" "-e" "SOURCE_DIR=/opt/rustwide/workdir" "-e" "CARGO_TARGET_DIR=/opt/rustwide/target" "-e" "CARGO_HOME=/opt/rustwide/cargo-home" "-e" "RUSTUP_HOME=/opt/rustwide/rustup-home" "-w" "/opt/rustwide/workdir" "-m" "1610612736" "--user" "0:0" "--network" "none" "ghcr.io/rust-lang/crates-build-env/linux@sha256:2788e3201cd34a07e3172128adcd8b3090168a8e3bcc40d7c032b9dda1df7d1c" "/opt/rustwide/cargo-home/bin/cargo" "+beta-2023-12-22" "metadata" "--no-deps" "--format-version=1", kill_on_drop: false }`
[INFO] [stdout] 94ab58318455883f435f25bdae860edf7d1206ad0df371a588a08696fea4bcb1
[INFO] running `Command { std: "docker" "start" "-a" "94ab58318455883f435f25bdae860edf7d1206ad0df371a588a08696fea4bcb1", kill_on_drop: false }`
[INFO] running `Command { std: "docker" "inspect" "94ab58318455883f435f25bdae860edf7d1206ad0df371a588a08696fea4bcb1", kill_on_drop: false }`
[INFO] running `Command { std: "docker" "rm" "-f" "94ab58318455883f435f25bdae860edf7d1206ad0df371a588a08696fea4bcb1", kill_on_drop: false }`
[INFO] [stdout] 94ab58318455883f435f25bdae860edf7d1206ad0df371a588a08696fea4bcb1
[INFO] running `Command { std: "docker" "create" "-v" "/var/lib/crater-agent-workspace/builds/worker-2-tc2/target:/opt/rustwide/target:rw,Z" "-v" "/var/lib/crater-agent-workspace/builds/worker-2-tc2/source:/opt/rustwide/workdir:ro,Z" "-v" "/var/lib/crater-agent-workspace/cargo-home:/opt/rustwide/cargo-home:ro,Z" "-v" "/var/lib/crater-agent-workspace/rustup-home:/opt/rustwide/rustup-home:ro,Z" "-e" "SOURCE_DIR=/opt/rustwide/workdir" "-e" "CARGO_TARGET_DIR=/opt/rustwide/target" "-e" "CARGO_INCREMENTAL=0" "-e" "RUST_BACKTRACE=full" "-e" "RUSTFLAGS=--cap-lints=warn" "-e" "RUSTDOCFLAGS=--cap-lints=warn" "-e" "CARGO_HOME=/opt/rustwide/cargo-home" "-e" "RUSTUP_HOME=/opt/rustwide/rustup-home" "-w" "/opt/rustwide/workdir" "-m" "1610612736" "--user" "0:0" "--network" "none" "ghcr.io/rust-lang/crates-build-env/linux@sha256:2788e3201cd34a07e3172128adcd8b3090168a8e3bcc40d7c032b9dda1df7d1c" "/opt/rustwide/cargo-home/bin/cargo" "+beta-2023-12-22" "build" "--frozen" "--message-format=json", kill_on_drop: false }`
[INFO] [stdout] 42dd67708eae47e6639cb08fff67d24b9a15208e3d464cae19260a05c10897ad
[INFO] running `Command { std: "docker" "start" "-a" "42dd67708eae47e6639cb08fff67d24b9a15208e3d464cae19260a05c10897ad", kill_on_drop: false }`
[INFO] [stderr]    Compiling value-bag v1.4.3
[INFO] [stderr]    Compiling memchr v2.7.1
[INFO] [stderr]    Compiling pin-project-lite v0.2.13
[INFO] [stderr]    Compiling syn v1.0.109
[INFO] [stderr]    Compiling futures-core v0.3.30
[INFO] [stderr]    Compiling syn v2.0.48
[INFO] [stderr]    Compiling pin-utils v0.1.0
[INFO] [stderr]    Compiling crossbeam-utils v0.8.18
[INFO] [stderr]    Compiling futures-core-preview v0.3.0-alpha.19
[INFO] [stderr]    Compiling tracing-core v0.1.32
[INFO] [stderr]    Compiling parking v2.2.0
[INFO] [stderr]    Compiling log v0.4.20
[INFO] [stderr]    Compiling futures-io v0.3.30
[INFO] [stderr]    Compiling futures-sink-preview v0.3.0-alpha.19
[INFO] [stderr]    Compiling bytes v0.4.12
[INFO] [stderr]    Compiling pin-project-internal v0.4.30
[INFO] [stderr]    Compiling futures-channel-preview v0.3.0-alpha.19
[INFO] [stderr]    Compiling futures-io-preview v0.3.0-alpha.19
[INFO] [stderr]    Compiling crossbeam-utils v0.6.6
[INFO] [stderr]    Compiling concurrent-queue v2.4.0
[INFO] [stderr]    Compiling futures-util-preview v0.3.0-alpha.19
[INFO] [stderr]    Compiling rustix v0.38.28
[INFO] [stderr]    Compiling event-listener v4.0.2
[INFO] [stderr]    Compiling futures-lite v2.1.0
[INFO] [stderr]    Compiling ring v0.16.20
[INFO] [stderr]    Compiling event-listener-strategy v0.4.0
[INFO] [stderr]    Compiling linux-raw-sys v0.4.12
[INFO] [stderr]    Compiling crossbeam-channel v0.3.9
[INFO] [stderr]    Compiling async-lock v3.2.0
[INFO] [stderr]    Compiling crossbeam-queue v0.1.2
[INFO] [stderr]    Compiling spin v0.5.2
[INFO] [stderr]    Compiling untrusted v0.7.1
[INFO] [stderr]    Compiling protobuf v2.28.0
[INFO] [stderr]    Compiling io-lifetimes v1.0.11
[INFO] [stderr]    Compiling polling v2.8.0
[INFO] [stderr]    Compiling rustix v0.37.27
[INFO] [stderr]    Compiling event-listener v2.5.3
[INFO] [stderr]    Compiling futures-sink v0.3.30
[INFO] [stderr]    Compiling futures-channel v0.3.30
[INFO] [stderr]    Compiling tokio-sync v0.2.0-alpha.6
[INFO] [stderr]    Compiling mio v0.6.23
[INFO] [stderr]    Compiling async-io v1.13.0
[INFO] [stderr]    Compiling linux-raw-sys v0.3.8
[INFO] [stderr]    Compiling waker-fn v1.1.1
[INFO] [stderr]    Compiling atomic-waker v1.1.2
[INFO] [stderr]    Compiling fastrand v1.9.0
[INFO] [stderr]    Compiling bitflags v1.3.2
[INFO] [stderr]    Compiling futures-task v0.3.30
[INFO] [stderr]    Compiling async-task v4.7.0
[INFO] [stderr]    Compiling futures-lite v1.13.0
[INFO] [stderr]    Compiling piper v0.2.1
[INFO] [stderr]    Compiling mio-uds v0.6.8
[INFO] [stderr]    Compiling http v0.1.21
[INFO] [stderr]    Compiling webpki v0.21.4
[INFO] [stderr]    Compiling protobuf-codegen v2.28.0
[INFO] [stderr]    Compiling async-lock v2.8.0
[INFO] [stderr]    Compiling async-channel v2.1.1
[INFO] [stderr]    Compiling socket2 v0.4.10
[INFO] [stderr]    Compiling signal-hook-registry v1.4.1
[INFO] [stderr]    Compiling tracing-attributes v0.1.27
[INFO] [stderr]    Compiling futures-macro v0.3.30
[INFO] [stderr]    Compiling openssl-macros v0.1.1
[INFO] [stderr]    Compiling synstructure v0.12.6
[INFO] [stderr]    Compiling miniz_oxide v0.7.1
[INFO] [stderr]    Compiling openssl v0.10.62
[INFO] [stderr]    Compiling tokio-macros v0.2.0-alpha.6
[INFO] [stderr]    Compiling futures-util v0.3.30
[INFO] [stderr]    Compiling protobuf-codegen-pure v2.28.0
[INFO] [stderr]    Compiling tracing v0.1.40
[INFO] [stderr]    Compiling polling v3.3.1
[INFO] [stderr]    Compiling tokio-executor v0.2.0-alpha.6
[INFO] [stderr]    Compiling async-io v2.2.2
[INFO] [stderr]    Compiling blocking v1.5.1
[INFO] [stderr]    Compiling pin-project v0.4.30
[INFO] [stderr]    Compiling tokio-io v0.2.0-alpha.6
[INFO] [stderr]    Compiling tokio-codec v0.2.0-alpha.6
[INFO] [stderr]    Compiling tokio-timer v0.3.0-alpha.6
[INFO] [stderr]    Compiling tokio-fs v0.2.0-alpha.6
[INFO] [stderr]    Compiling tokio-net v0.2.0-alpha.6
[INFO] [stderr]    Compiling async-signal v0.2.5
[INFO] [stderr]    Compiling sct v0.6.1
[INFO] [stderr]    Compiling async-executor v1.8.0
[INFO] [stderr]    Compiling event-listener v3.1.0
[INFO] [stderr]    Compiling string v0.2.1
[INFO] [stderr]    Compiling object v0.32.2
[INFO] [stderr]    Compiling num-traits v0.2.17
[INFO] [stderr]    Compiling tower-service v0.3.0-alpha.2
[INFO] [stderr]    Compiling futures-executor v0.3.30
[INFO] [stderr]    Compiling anyhow v1.0.79
[INFO] [stderr]    Compiling serde v1.0.194
[INFO] [stderr]    Compiling base64 v0.12.3
[INFO] [stderr]    Compiling want v0.3.1
[INFO] [stderr]    Compiling futures v0.3.30
[INFO] [stderr]    Compiling native-tls v0.2.11
[INFO] [stderr]    Compiling tower-make v0.3.0-alpha.2a
[INFO] [stderr]    Compiling h2 v0.2.0-alpha.3
[INFO] [stderr]    Compiling async-process v1.8.1
[INFO] [stderr]    Compiling rustls v0.18.1
[INFO] [stderr]    Compiling async-global-executor v2.4.1
[INFO] [stderr]    Compiling tokio v0.2.0-alpha.6
[INFO] [stderr]    Compiling failure_derive v0.1.8
[INFO] [stderr]    Compiling unicode-normalization v0.1.22
[INFO] [stderr]    Compiling http-body v0.2.0-alpha.3
[INFO] [stderr]    Compiling webpki-roots v0.20.0
[INFO] [stderr]    Compiling async-channel v1.9.0
[INFO] [stderr]    Compiling kv-log-macro v1.0.7
[INFO] [stderr]    Compiling unicode-bidi v0.3.14
[INFO] [stderr]    Compiling async-std v1.12.0
[INFO] [stderr]    Compiling hyper v0.13.0-alpha.4
[INFO] [stderr]    Compiling connect v0.1.2
[INFO] [stderr]    Compiling backtrace v0.3.69
[INFO] [stderr]    Compiling idna v0.5.0
[INFO] [stderr]    Compiling async-tls v0.9.0
[INFO] [stderr]    Compiling tokio-tls v0.3.0-alpha.6
[INFO] [stderr]    Compiling failure v0.1.8
[INFO] [stderr]    Compiling futures-executor-preview v0.3.0-alpha.19
[INFO] [stderr]    Compiling iana-time-zone v0.1.59
[INFO] [stderr]    Compiling bytes v0.5.6
[INFO] [stderr]    Compiling chrono v0.4.31
[INFO] [stderr]    Compiling hyper-tls v0.4.0-alpha.4
[INFO] [stderr]    Compiling futures-preview v0.3.0-alpha.19
[INFO] [stderr]    Compiling url v2.5.0
[INFO] [stderr]    Compiling ffi-support v0.3.5
[INFO] [stderr]    Compiling serde_derive v1.0.194
[INFO] [stderr]    Compiling simple-error v0.2.3
[INFO] [stderr]    Compiling serde_json v1.0.111
[INFO] [stderr]    Compiling twirl v0.1.1 (/opt/rustwide/workdir)
[INFO] [stdout] error[E0557]: feature has been removed
[INFO] [stdout]  --> src/lib.rs:1:12
[INFO] [stdout]   |
[INFO] [stdout] 1 | #![feature(in_band_lifetimes)]
[INFO] [stdout]   |            ^^^^^^^^^^^^^^^^^ feature has been removed
[INFO] [stdout]   |
[INFO] [stdout]   = note: removed due to unsolved ergonomic questions and added lifetime resolution complexity
[INFO] [stdout] 
[INFO] [stdout] 
[INFO] [stdout] error[E0261]: use of undeclared lifetime name `'a`
[INFO] [stdout]   --> src/auth/auth_provider.rs:16:22
[INFO] [stdout]    |
[INFO] [stdout] 16 |     fn access_token(&'a mut self, scope: Option<Vec<&'a str>>) -> BoxFuture<'a, Result<AccessToken>>;
[INFO] [stdout]    |                      ^^ undeclared lifetime
[INFO] [stdout]    |
[INFO] [stdout] help: consider introducing lifetime `'a` here
[INFO] [stdout]    |
[INFO] [stdout] 16 |     fn access_token<'a>(&'a mut self, scope: Option<Vec<&'a str>>) -> BoxFuture<'a, Result<AccessToken>>;
[INFO] [stdout]    |                    ++++
[INFO] [stdout] help: consider introducing lifetime `'a` here
[INFO] [stdout]    |
[INFO] [stdout] 13 | pub trait AuthProvider<'a> {
[INFO] [stdout]    |                       ++++
[INFO] [stdout] 
[INFO] [stdout] 
[INFO] [stdout] error[E0261]: use of undeclared lifetime name `'a`
[INFO] [stdout]   --> src/auth/auth_provider.rs:16:54
[INFO] [stdout]    |
[INFO] [stdout] 16 |     fn access_token(&'a mut self, scope: Option<Vec<&'a str>>) -> BoxFuture<'a, Result<AccessToken>>;
[INFO] [stdout]    |                                                      ^^ undeclared lifetime
[INFO] [stdout]    |
[INFO] [stdout] help: consider introducing lifetime `'a` here
[INFO] [stdout]    |
[INFO] [stdout] 16 |     fn access_token<'a>(&'a mut self, scope: Option<Vec<&'a str>>) -> BoxFuture<'a, Result<AccessToken>>;
[INFO] [stdout]    |                    ++++
[INFO] [stdout] help: consider introducing lifetime `'a` here
[INFO] [stdout]    |
[INFO] [stdout] 13 | pub trait AuthProvider<'a> {
[INFO] [stdout]    |                       ++++
[INFO] [stdout] 
[INFO] [stdout] 
[INFO] [stdout] error[E0261]: use of undeclared lifetime name `'a`
[INFO] [stdout]   --> src/auth/auth_provider.rs:16:77
[INFO] [stdout]    |
[INFO] [stdout] 16 |     fn access_token(&'a mut self, scope: Option<Vec<&'a str>>) -> BoxFuture<'a, Result<AccessToken>>;
[INFO] [stdout]    |                                                                             ^^ undeclared lifetime
[INFO] [stdout]    |
[INFO] [stdout] help: consider introducing lifetime `'a` here
[INFO] [stdout]    |
[INFO] [stdout] 16 |     fn access_token<'a>(&'a mut self, scope: Option<Vec<&'a str>>) -> BoxFuture<'a, Result<AccessToken>>;
[INFO] [stdout]    |                    ++++
[INFO] [stdout] help: consider introducing lifetime `'a` here
[INFO] [stdout]    |
[INFO] [stdout] 13 | pub trait AuthProvider<'a> {
[INFO] [stdout]    |                       ++++
[INFO] [stdout] 
[INFO] [stdout] 
[INFO] [stdout] error[E0261]: use of undeclared lifetime name `'a`
[INFO] [stdout]   --> src/auth/auth_provider.rs:21:17
[INFO] [stdout]    |
[INFO] [stdout] 21 |     fn refresh(&'a mut self) -> BoxFuture<'a, Result<AccessToken>>;
[INFO] [stdout]    |                 ^^ undeclared lifetime
[INFO] [stdout]    |
[INFO] [stdout] help: consider introducing lifetime `'a` here
[INFO] [stdout]    |
[INFO] [stdout] 21 |     fn refresh<'a>(&'a mut self) -> BoxFuture<'a, Result<AccessToken>>;
[INFO] [stdout]    |               ++++
[INFO] [stdout] help: consider introducing lifetime `'a` here
[INFO] [stdout]    |
[INFO] [stdout] 20 | pub trait RefreshableAuthProvider<'a>: AuthProvider {
[INFO] [stdout]    |                                  ++++
[INFO] [stdout] 
[INFO] [stdout] 
[INFO] [stdout] error[E0261]: use of undeclared lifetime name `'a`
[INFO] [stdout]   --> src/auth/auth_provider.rs:21:43
[INFO] [stdout]    |
[INFO] [stdout] 21 |     fn refresh(&'a mut self) -> BoxFuture<'a, Result<AccessToken>>;
[INFO] [stdout]    |                                           ^^ undeclared lifetime
[INFO] [stdout]    |
[INFO] [stdout] help: consider introducing lifetime `'a` here
[INFO] [stdout]    |
[INFO] [stdout] 21 |     fn refresh<'a>(&'a mut self) -> BoxFuture<'a, Result<AccessToken>>;
[INFO] [stdout]    |               ++++
[INFO] [stdout] help: consider introducing lifetime `'a` here
[INFO] [stdout]    |
[INFO] [stdout] 20 | pub trait RefreshableAuthProvider<'a>: AuthProvider {
[INFO] [stdout]    |                                  ++++
[INFO] [stdout] 
[INFO] [stdout] 
[INFO] [stdout] error[E0261]: use of undeclared lifetime name `'a`
[INFO] [stdout]   --> src/auth/auth_provider.rs:61:22
[INFO] [stdout]    |
[INFO] [stdout] 61 |     fn access_token(&'a mut self, scope: Option<Vec<&'a str>>) -> BoxFuture<'a, Result<AccessToken>> {
[INFO] [stdout]    |                      ^^ undeclared lifetime
[INFO] [stdout]    |
[INFO] [stdout] help: consider introducing lifetime `'a` here
[INFO] [stdout]    |
[INFO] [stdout] 61 |     fn access_token<'a>(&'a mut self, scope: Option<Vec<&'a str>>) -> BoxFuture<'a, Result<AccessToken>> {
[INFO] [stdout]    |                    ++++
[INFO] [stdout] help: consider introducing lifetime `'a` here
[INFO] [stdout]    |
[INFO] [stdout] 52 | impl<'a> AuthProvider for StaticAuthProvider {
[INFO] [stdout]    |     ++++
[INFO] [stdout] 
[INFO] [stdout] 
[INFO] [stdout] error[E0261]: use of undeclared lifetime name `'a`
[INFO] [stdout]   --> src/auth/auth_provider.rs:61:54
[INFO] [stdout]    |
[INFO] [stdout] 61 |     fn access_token(&'a mut self, scope: Option<Vec<&'a str>>) -> BoxFuture<'a, Result<AccessToken>> {
[INFO] [stdout]    |                                                      ^^ undeclared lifetime
[INFO] [stdout]    |
[INFO] [stdout] help: consider introducing lifetime `'a` here
[INFO] [stdout]    |
[INFO] [stdout] 61 |     fn access_token<'a>(&'a mut self, scope: Option<Vec<&'a str>>) -> BoxFuture<'a, Result<AccessToken>> {
[INFO] [stdout]    |                    ++++
[INFO] [stdout] help: consider introducing lifetime `'a` here
[INFO] [stdout]    |
[INFO] [stdout] 52 | impl<'a> AuthProvider for StaticAuthProvider {
[INFO] [stdout]    |     ++++
[INFO] [stdout] 
[INFO] [stdout] 
[INFO] [stdout] error[E0261]: use of undeclared lifetime name `'a`
[INFO] [stdout]   --> src/auth/auth_provider.rs:61:77
[INFO] [stdout]    |
[INFO] [stdout] 61 |     fn access_token(&'a mut self, scope: Option<Vec<&'a str>>) -> BoxFuture<'a, Result<AccessToken>> {
[INFO] [stdout]    |                                                                             ^^ undeclared lifetime
[INFO] [stdout]    |
[INFO] [stdout] help: consider introducing lifetime `'a` here
[INFO] [stdout]    |
[INFO] [stdout] 61 |     fn access_token<'a>(&'a mut self, scope: Option<Vec<&'a str>>) -> BoxFuture<'a, Result<AccessToken>> {
[INFO] [stdout]    |                    ++++
[INFO] [stdout] help: consider introducing lifetime `'a` here
[INFO] [stdout]    |
[INFO] [stdout] 52 | impl<'a> AuthProvider for StaticAuthProvider {
[INFO] [stdout]    |     ++++
[INFO] [stdout] 
[INFO] [stdout] 
[INFO] [stdout] error[E0261]: use of undeclared lifetime name `'a`
[INFO] [stdout]    --> src/auth/auth_provider.rs:121:22
[INFO] [stdout]     |
[INFO] [stdout] 121 |     fn access_token(&'a mut self, scope: Option<Vec<&'a str>>) -> BoxFuture<'a, Result<AccessToken>> {
[INFO] [stdout]     |                      ^^ undeclared lifetime
[INFO] [stdout]     |
[INFO] [stdout] help: consider introducing lifetime `'a` here
[INFO] [stdout]     |
[INFO] [stdout] 121 |     fn access_token<'a>(&'a mut self, scope: Option<Vec<&'a str>>) -> BoxFuture<'a, Result<AccessToken>> {
[INFO] [stdout]     |                    ++++
[INFO] [stdout] help: consider introducing lifetime `'a` here
[INFO] [stdout]     |
[INFO] [stdout] 112 | impl<'a> AuthProvider for ClientCredentialsAuthProvider {
[INFO] [stdout]     |     ++++
[INFO] [stdout] 
[INFO] [stdout] 
[INFO] [stdout] error[E0261]: use of undeclared lifetime name `'a`
[INFO] [stdout]    --> src/auth/auth_provider.rs:121:54
[INFO] [stdout]     |
[INFO] [stdout] 121 |     fn access_token(&'a mut self, scope: Option<Vec<&'a str>>) -> BoxFuture<'a, Result<AccessToken>> {
[INFO] [stdout]     |                                                      ^^ undeclared lifetime
[INFO] [stdout]     |
[INFO] [stdout] help: consider introducing lifetime `'a` here
[INFO] [stdout]     |
[INFO] [stdout] 121 |     fn access_token<'a>(&'a mut self, scope: Option<Vec<&'a str>>) -> BoxFuture<'a, Result<AccessToken>> {
[INFO] [stdout]     |                    ++++
[INFO] [stdout] help: consider introducing lifetime `'a` here
[INFO] [stdout]     |
[INFO] [stdout] 112 | impl<'a> AuthProvider for ClientCredentialsAuthProvider {
[INFO] [stdout]     |     ++++
[INFO] [stdout] 
[INFO] [stdout] 
[INFO] [stdout] error[E0261]: use of undeclared lifetime name `'a`
[INFO] [stdout]    --> src/auth/auth_provider.rs:121:77
[INFO] [stdout]     |
[INFO] [stdout] 121 |     fn access_token(&'a mut self, scope: Option<Vec<&'a str>>) -> BoxFuture<'a, Result<AccessToken>> {
[INFO] [stdout]     |                                                                             ^^ undeclared lifetime
[INFO] [stdout]     |
[INFO] [stdout] help: consider introducing lifetime `'a` here
[INFO] [stdout]     |
[INFO] [stdout] 121 |     fn access_token<'a>(&'a mut self, scope: Option<Vec<&'a str>>) -> BoxFuture<'a, Result<AccessToken>> {
[INFO] [stdout]     |                    ++++
[INFO] [stdout] help: consider introducing lifetime `'a` here
[INFO] [stdout]     |
[INFO] [stdout] 112 | impl<'a> AuthProvider for ClientCredentialsAuthProvider {
[INFO] [stdout]     |     ++++
[INFO] [stdout] 
[INFO] [stdout] 
[INFO] [stdout] error[E0261]: use of undeclared lifetime name `'a`
[INFO] [stdout]    --> src/auth/auth_provider.rs:147:17
[INFO] [stdout]     |
[INFO] [stdout] 147 |     fn refresh(&'a mut self) -> BoxFuture<'a, Result<AccessToken>> {
[INFO] [stdout]     |                 ^^ undeclared lifetime
[INFO] [stdout]     |
[INFO] [stdout] help: consider introducing lifetime `'a` here
[INFO] [stdout]     |
[INFO] [stdout] 147 |     fn refresh<'a>(&'a mut self) -> BoxFuture<'a, Result<AccessToken>> {
[INFO] [stdout]     |               ++++
[INFO] [stdout] help: consider introducing lifetime `'a` here
[INFO] [stdout]     |
[INFO] [stdout] 146 | impl<'a> RefreshableAuthProvider for ClientCredentialsAuthProvider {
[INFO] [stdout]     |     ++++
[INFO] [stdout] 
[INFO] [stdout] 
[INFO] [stdout] error[E0261]: use of undeclared lifetime name `'a`
[INFO] [stdout]    --> src/auth/auth_provider.rs:147:43
[INFO] [stdout]     |
[INFO] [stdout] 147 |     fn refresh(&'a mut self) -> BoxFuture<'a, Result<AccessToken>> {
[INFO] [stdout]     |                                           ^^ undeclared lifetime
[INFO] [stdout]     |
[INFO] [stdout] help: consider introducing lifetime `'a` here
[INFO] [stdout]     |
[INFO] [stdout] 147 |     fn refresh<'a>(&'a mut self) -> BoxFuture<'a, Result<AccessToken>> {
[INFO] [stdout]     |               ++++
[INFO] [stdout] help: consider introducing lifetime `'a` here
[INFO] [stdout]     |
[INFO] [stdout] 146 | impl<'a> RefreshableAuthProvider for ClientCredentialsAuthProvider {
[INFO] [stdout]     |     ++++
[INFO] [stdout] 
[INFO] [stdout] 
[INFO] [stdout] warning: unused import: `TwitchAPICallBuilder`
[INFO] [stdout]  --> src/api/mod.rs:4:35
[INFO] [stdout]   |
[INFO] [stdout] 4 | pub use api_call::{TwitchAPICall, TwitchAPICallBuilder, TwitchAPICallType};
[INFO] [stdout]   |                                   ^^^^^^^^^^^^^^^^^^^^
[INFO] [stdout]   |
[INFO] [stdout]   = note: `#[warn(unused_imports)]` on by default
[INFO] [stdout] 
[INFO] [stdout] 
[INFO] [stdout] warning: unused import: `AccessTokenData`
[INFO] [stdout]  --> src/auth/mod.rs:4:43
[INFO] [stdout]   |
[INFO] [stdout] 4 | pub use self::access_token::{AccessToken, AccessTokenData};
[INFO] [stdout]   |                                           ^^^^^^^^^^^^^^^
[INFO] [stdout] 
[INFO] [stdout] 
[INFO] [stdout] warning: unused import: `RefreshableAuthProvider`
[INFO] [stdout]  --> src/auth/mod.rs:5:76
[INFO] [stdout]   |
[INFO] [stdout] 5 | pub use self::auth_provider::{AuthProvider, ClientCredentialsAuthProvider, RefreshableAuthProvider, StaticAuthProvider};
[INFO] [stdout]   |                                                                            ^^^^^^^^^^^^^^^^^^^^^^^
[INFO] [stdout] 
[INFO] [stdout] 
[INFO] [stdout] warning: use of deprecated method `std::error::Error::description`: use the Display impl or to_string()
[INFO] [stdout]    --> src/api/api_call.rs:166:16
[INFO] [stdout]     |
[INFO] [stdout] 166 |         Error::description(self).fmt(f)
[INFO] [stdout]     |                ^^^^^^^^^^^
[INFO] [stdout]     |
[INFO] [stdout]     = note: `#[warn(deprecated)]` on by default
[INFO] [stdout] 
[INFO] [stdout] 
[INFO] [stdout] warning: use of deprecated method `std::error::Error::description`: use the Display impl or to_string()
[INFO] [stdout]    --> src/auth/auth_provider.rs:177:16
[INFO] [stdout]     |
[INFO] [stdout] 177 |         Error::description(self).fmt(f)
[INFO] [stdout]     |                ^^^^^^^^^^^
[INFO] [stdout] 
[INFO] [stdout] 
[INFO] [stdout] error[E0597]: `call` does not live long enough
[INFO] [stdout]   --> src/lib.rs:57:57
[INFO] [stdout]    |
[INFO] [stdout] 55 |     pub async fn call_api<T, B>(&mut self, call: TwitchAPICall<'_, B>) -> Result<T>
[INFO] [stdout]    |                                            ---- binding `call` declared here
[INFO] [stdout] 56 |         where T: serde::de::DeserializeOwned {
[INFO] [stdout] 57 |         let token: AccessToken = self.auth.access_token(call.scope().map(|scope| vec![scope])).await?;
[INFO] [stdout]    |                                                         ^^^^                     ----------- returning this value requires that `call` is borrowed for `'static`
[INFO] [stdout]    |                                                         |
[INFO] [stdout]    |                                                         borrowed value does not live long enough
[INFO] [stdout] ...
[INFO] [stdout] 62 |     }
[INFO] [stdout]    |     - `call` dropped here while still borrowed
[INFO] [stdout] 
[INFO] [stdout] 
[INFO] [stdout] error[E0505]: cannot move out of `call` because it is borrowed
[INFO] [stdout]   --> src/lib.rs:61:41
[INFO] [stdout]    |
[INFO] [stdout] 55 |     pub async fn call_api<T, B>(&mut self, call: TwitchAPICall<'_, B>) -> Result<T>
[INFO] [stdout]    |                                            ---- binding `call` declared here
[INFO] [stdout] 56 |         where T: serde::de::DeserializeOwned {
[INFO] [stdout] 57 |         let token: AccessToken = self.auth.access_token(call.scope().map(|scope| vec![scope])).await?;
[INFO] [stdout]    |                                                         ----                     ----------- returning this value requires that `call` is borrowed for `'static`
[INFO] [stdout]    |                                                         |
[INFO] [stdout]    |                                                         borrow of `call` occurs here
[INFO] [stdout] ...
[INFO] [stdout] 61 |         Self::call_api_with_credentials(call, self.auth.client_id(), token.access_token().to_string()).await
[INFO] [stdout]    |                                         ^^^^ move out of `call` occurs here
[INFO] [stdout] 
[INFO] [stdout] 
[INFO] [stdout] error[E0502]: cannot borrow `*self.auth` as immutable because it is also borrowed as mutable
[INFO] [stdout]   --> src/lib.rs:61:47
[INFO] [stdout]    |
[INFO] [stdout] 57 |         let token: AccessToken = self.auth.access_token(call.scope().map(|scope| vec![scope])).await?;
[INFO] [stdout]    |                                  -------------------------------------------------------------
[INFO] [stdout]    |                                  |
[INFO] [stdout]    |                                  mutable borrow occurs here
[INFO] [stdout]    |                                  argument requires that `*self.auth` is borrowed for `'static`
[INFO] [stdout] ...
[INFO] [stdout] 61 |         Self::call_api_with_credentials(call, self.auth.client_id(), token.access_token().to_string()).await
[INFO] [stdout]    |                                               ^^^^^^^^^ immutable borrow occurs here
[INFO] [stdout] 
[INFO] [stdout] 
[INFO] [stdout] error[E0521]: borrowed data escapes outside of method
[INFO] [stdout]   --> src/lib.rs:57:34
[INFO] [stdout]    |
[INFO] [stdout] 55 |     pub async fn call_api<T, B>(&mut self, call: TwitchAPICall<'_, B>) -> Result<T>
[INFO] [stdout]    |                                 ---------
[INFO] [stdout]    |                                 |
[INFO] [stdout]    |                                 `self` is a reference that is only valid in the method body
[INFO] [stdout]    |                                 let's call the lifetime of this reference `'1`
[INFO] [stdout] 56 |         where T: serde::de::DeserializeOwned {
[INFO] [stdout] 57 |         let token: AccessToken = self.auth.access_token(call.scope().map(|scope| vec![scope])).await?;
[INFO] [stdout]    |                                  ^^^^^^^^^^^^^^^^^^^^^^^^^^^^^^^^^^^^^^^^^^^^^^^^^^^^^^^^^^^^^
[INFO] [stdout]    |                                  |
[INFO] [stdout]    |                                  `self` escapes the method body here
[INFO] [stdout]    |                                  argument requires that `'1` must outlive `'static`
[INFO] [stdout] 
[INFO] [stdout] 
[INFO] [stdout] error[E0310]: the parameter type `B` may not live long enough
[INFO] [stdout]   --> src/lib.rs:57:57
[INFO] [stdout]    |
[INFO] [stdout] 57 |         let token: AccessToken = self.auth.access_token(call.scope().map(|scope| vec![scope])).await?;
[INFO] [stdout]    |                                                         ^^^^^^^^^^^^
[INFO] [stdout]    |                                                         |
[INFO] [stdout]    |                                                         the parameter type `B` must be valid for the static lifetime...
[INFO] [stdout]    |                                                         ...so that the type `B` will meet its required lifetime bounds
[INFO] [stdout]    |
[INFO] [stdout] help: consider adding an explicit lifetime bound
[INFO] [stdout]    |
[INFO] [stdout] 55 |     pub async fn call_api<T, B: 'static>(&mut self, call: TwitchAPICall<'_, B>) -> Result<T>
[INFO] [stdout]    |                               +++++++++
[INFO] [stdout] 
[INFO] [stdout] 
[INFO] [stdout] error[E0311]: the parameter type `B` may not live long enough
[INFO] [stdout]   --> src/lib.rs:57:57
[INFO] [stdout]    |
[INFO] [stdout] 55 |     pub async fn call_api<T, B>(&mut self, call: TwitchAPICall<'_, B>) -> Result<T>
[INFO] [stdout]    |                                 --------- the parameter type `B` must be valid for the anonymous lifetime defined here...
[INFO] [stdout] 56 |         where T: serde::de::DeserializeOwned {
[INFO] [stdout] 57 |         let token: AccessToken = self.auth.access_token(call.scope().map(|scope| vec![scope])).await?;
[INFO] [stdout]    |                                                         ^^^^^^^^^^^^ ...so that the type `B` will meet its required lifetime bounds
[INFO] [stdout]    |
[INFO] [stdout] help: consider adding an explicit lifetime bound
[INFO] [stdout]    |
[INFO] [stdout] 55 |     pub async fn call_api<'a, T, B: 'a>(&'a mut self, call: TwitchAPICall<'_, B>) -> Result<T>
[INFO] [stdout]    |                           +++     ++++   ++
[INFO] [stdout] 
[INFO] [stdout] 
[INFO] [stdout] error[E0311]: the parameter type `B` may not live long enough
[INFO] [stdout]   --> src/lib.rs:57:57
[INFO] [stdout]    |
[INFO] [stdout] 55 |     pub async fn call_api<T, B>(&mut self, call: TwitchAPICall<'_, B>) -> Result<T>
[INFO] [stdout]    |                                                  -------------------- the parameter type `B` must be valid for the anonymous lifetime defined here...
[INFO] [stdout] 56 |         where T: serde::de::DeserializeOwned {
[INFO] [stdout] 57 |         let token: AccessToken = self.auth.access_token(call.scope().map(|scope| vec![scope])).await?;
[INFO] [stdout]    |                                                         ^^^^^^^^^^^^ ...so that the type `B` will meet its required lifetime bounds
[INFO] [stdout]    |
[INFO] [stdout] help: consider adding an explicit lifetime bound
[INFO] [stdout]    |
[INFO] [stdout] 55 |     pub async fn call_api<'a, T, B: 'a>(&mut self, call: TwitchAPICall<'a, B>) -> Result<T>
[INFO] [stdout]    |                           +++     ++++                                 ~~
[INFO] [stdout] 
[INFO] [stdout] 
[INFO] [stdout] error: lifetime may not live long enough
[INFO] [stdout]   --> src/lib.rs:57:82
[INFO] [stdout]    |
[INFO] [stdout] 55 |     pub async fn call_api<T, B>(&mut self, call: TwitchAPICall<'_, B>) -> Result<T>
[INFO] [stdout]    |                                                                -- let's call the lifetime of this reference `'2`
[INFO] [stdout] 56 |         where T: serde::de::DeserializeOwned {
[INFO] [stdout] 57 |         let token: AccessToken = self.auth.access_token(call.scope().map(|scope| vec![scope])).await?;
[INFO] [stdout]    |                                                                                  ^^^^^^^^^^^ returning this value requires that `'2` must outlive `'static`
[INFO] [stdout]    |
[INFO] [stdout]    = note: this error originates in the macro `vec` (in Nightly builds, run with -Z macro-backtrace for more info)
[INFO] [stdout] 
[INFO] [stdout] 
[INFO] [stdout] warning: use of deprecated method `url::Url::into_string`: use Into<String>
[INFO] [stdout]   --> src/lib.rs:72:27
[INFO] [stdout]    |
[INFO] [stdout] 72 |         let url_str = url.into_string();
[INFO] [stdout]    |                           ^^^^^^^^^^^
[INFO] [stdout] 
[INFO] [stdout] 
[INFO] [stdout] error: aborting due to 22 previous errors; 6 warnings emitted
[INFO] [stdout] 
[INFO] [stdout] 
[INFO] [stdout] Some errors have detailed explanations: E0261, E0310, E0311, E0502, E0505, E0521, E0557, E0597.
[INFO] [stdout] 
[INFO] [stdout] For more information about an error, try `rustc --explain E0261`.
[INFO] [stdout] 
[INFO] [stderr] error: could not compile `twirl` (lib) due to 23 previous errors; 6 warnings emitted
[INFO] running `Command { std: "docker" "inspect" "42dd67708eae47e6639cb08fff67d24b9a15208e3d464cae19260a05c10897ad", kill_on_drop: false }`
[INFO] running `Command { std: "docker" "rm" "-f" "42dd67708eae47e6639cb08fff67d24b9a15208e3d464cae19260a05c10897ad", kill_on_drop: false }`
[INFO] [stdout] 42dd67708eae47e6639cb08fff67d24b9a15208e3d464cae19260a05c10897ad
