[INFO] fetching crate tusk_parser 0.1.2...
[INFO] testing tusk_parser-0.1.2 against 1.75.0 for beta-1.76-1
[INFO] extracting crate tusk_parser 0.1.2 into /workspace/builds/worker-4-tc1/source
[INFO] validating manifest of crates.io crate tusk_parser 0.1.2 on toolchain 1.75.0
[INFO] running `Command { std: CARGO_HOME="/workspace/cargo-home" RUSTUP_HOME="/workspace/rustup-home" "/workspace/cargo-home/bin/cargo" "+1.75.0" "metadata" "--manifest-path" "Cargo.toml" "--no-deps", kill_on_drop: false }`
[INFO] started tweaking crates.io crate tusk_parser 0.1.2
[INFO] finished tweaking crates.io crate tusk_parser 0.1.2
[INFO] tweaked toml for crates.io crate tusk_parser 0.1.2 written to /workspace/builds/worker-4-tc1/source/Cargo.toml
[INFO] crate crates.io crate tusk_parser 0.1.2 already has a lockfile, it will not be regenerated
[INFO] running `Command { std: CARGO_HOME="/workspace/cargo-home" RUSTUP_HOME="/workspace/rustup-home" "/workspace/cargo-home/bin/cargo" "+1.75.0" "fetch" "--manifest-path" "Cargo.toml", kill_on_drop: false }`
[INFO] [stderr]     Updating crates.io index
[INFO] [stderr]  Downloading crates ...
[INFO] [stderr]   Downloaded text-size v1.1.0
[INFO] [stderr]   Downloaded beef v0.5.0
[INFO] [stderr]   Downloaded logos v0.12.0
[INFO] [stderr]   Downloaded tusk_lexer v0.4.7
[INFO] [stderr]   Downloaded logos-derive v0.12.0
[INFO] running `Command { std: "docker" "create" "-v" "/var/lib/crater-agent-workspace/builds/worker-4-tc1/target:/opt/rustwide/target:rw,Z" "-v" "/var/lib/crater-agent-workspace/builds/worker-4-tc1/source:/opt/rustwide/workdir:ro,Z" "-v" "/var/lib/crater-agent-workspace/cargo-home:/opt/rustwide/cargo-home:ro,Z" "-v" "/var/lib/crater-agent-workspace/rustup-home:/opt/rustwide/rustup-home:ro,Z" "-e" "SOURCE_DIR=/opt/rustwide/workdir" "-e" "CARGO_TARGET_DIR=/opt/rustwide/target" "-e" "CARGO_HOME=/opt/rustwide/cargo-home" "-e" "RUSTUP_HOME=/opt/rustwide/rustup-home" "-w" "/opt/rustwide/workdir" "-m" "1610612736" "--user" "0:0" "--network" "none" "ghcr.io/rust-lang/crates-build-env/linux@sha256:2788e3201cd34a07e3172128adcd8b3090168a8e3bcc40d7c032b9dda1df7d1c" "/opt/rustwide/cargo-home/bin/cargo" "+1.75.0" "metadata" "--no-deps" "--format-version=1", kill_on_drop: false }`
[INFO] [stdout] 4c42ca5524322f5bc26111acc73f0c37cf0566eac03167ebce37bfe756e6c60b
[INFO] running `Command { std: "docker" "start" "-a" "4c42ca5524322f5bc26111acc73f0c37cf0566eac03167ebce37bfe756e6c60b", kill_on_drop: false }`
[INFO] running `Command { std: "docker" "inspect" "4c42ca5524322f5bc26111acc73f0c37cf0566eac03167ebce37bfe756e6c60b", kill_on_drop: false }`
[INFO] running `Command { std: "docker" "rm" "-f" "4c42ca5524322f5bc26111acc73f0c37cf0566eac03167ebce37bfe756e6c60b", kill_on_drop: false }`
[INFO] [stdout] 4c42ca5524322f5bc26111acc73f0c37cf0566eac03167ebce37bfe756e6c60b
[INFO] running `Command { std: "docker" "create" "-v" "/var/lib/crater-agent-workspace/builds/worker-4-tc1/target:/opt/rustwide/target:rw,Z" "-v" "/var/lib/crater-agent-workspace/builds/worker-4-tc1/source:/opt/rustwide/workdir:ro,Z" "-v" "/var/lib/crater-agent-workspace/cargo-home:/opt/rustwide/cargo-home:ro,Z" "-v" "/var/lib/crater-agent-workspace/rustup-home:/opt/rustwide/rustup-home:ro,Z" "-e" "SOURCE_DIR=/opt/rustwide/workdir" "-e" "CARGO_TARGET_DIR=/opt/rustwide/target" "-e" "CARGO_INCREMENTAL=0" "-e" "RUST_BACKTRACE=full" "-e" "RUSTFLAGS=--cap-lints=warn" "-e" "RUSTDOCFLAGS=--cap-lints=warn" "-e" "CARGO_HOME=/opt/rustwide/cargo-home" "-e" "RUSTUP_HOME=/opt/rustwide/rustup-home" "-w" "/opt/rustwide/workdir" "-m" "1610612736" "--user" "0:0" "--network" "none" "ghcr.io/rust-lang/crates-build-env/linux@sha256:2788e3201cd34a07e3172128adcd8b3090168a8e3bcc40d7c032b9dda1df7d1c" "/opt/rustwide/cargo-home/bin/cargo" "+1.75.0" "build" "--frozen" "--message-format=json", kill_on_drop: false }`
[INFO] [stdout] 17091b2314f376ec4e5e3498880f3fc52154be0b6645c576e77fbc0e6c15a5dd
[INFO] running `Command { std: "docker" "start" "-a" "17091b2314f376ec4e5e3498880f3fc52154be0b6645c576e77fbc0e6c15a5dd", kill_on_drop: false }`
[INFO] [stderr]    Compiling proc-macro2 v1.0.27
[INFO] [stderr]    Compiling unicode-xid v0.2.2
[INFO] [stderr]    Compiling syn v1.0.72
[INFO] [stderr]    Compiling wasm-bindgen-shared v0.2.74
[INFO] [stderr]    Compiling log v0.4.14
[INFO] [stderr]    Compiling serde_derive v1.0.126
[INFO] [stderr]    Compiling ryu v1.0.5
[INFO] [stderr]    Compiling lazy_static v1.4.0
[INFO] [stderr]    Compiling bumpalo v3.7.0
[INFO] [stderr]    Compiling serde v1.0.126
[INFO] [stderr]    Compiling serde_json v1.0.64
[INFO] [stderr]    Compiling utf8-ranges v1.0.4
[INFO] [stderr]    Compiling regex-syntax v0.6.25
[INFO] [stderr]    Compiling beef v0.5.0
[INFO] [stderr]    Compiling fnv v1.0.7
[INFO] [stderr]    Compiling itoa v0.4.7
[INFO] [stderr]    Compiling wasm-bindgen v0.2.74
[INFO] [stderr]    Compiling text-size v1.1.0
[INFO] [stderr]    Compiling quote v1.0.9
[INFO] [stderr]    Compiling wasm-bindgen-backend v0.2.74
[INFO] [stderr]    Compiling logos-derive v0.12.0
[INFO] [stderr]    Compiling thiserror-impl v1.0.25
[INFO] [stderr]    Compiling wasm-bindgen-macro-support v0.2.74
[INFO] [stderr]    Compiling wasm-bindgen-macro v0.2.74
[INFO] [stderr]    Compiling thiserror v1.0.25
[INFO] [stderr]    Compiling logos v0.12.0
[INFO] [stderr]    Compiling tusk_lexer v0.4.7
[INFO] [stderr]    Compiling tusk_parser v0.1.2 (/opt/rustwide/workdir)
[INFO] [stdout] error[E0554]: `#![feature]` may not be used on the stable release channel
[INFO] [stdout]  --> src/lib.rs:1:1
[INFO] [stdout]   |
[INFO] [stdout] 1 | #![feature(bindings_after_at)]
[INFO] [stdout]   | ^^^^^^^^^^^^^^^^^^^^^^^^^^^^^^ help: remove the attribute
[INFO] [stdout]   |
[INFO] [stdout]   = help: the feature `bindings_after_at` has been stable since `1.56.0` and no longer requires an attribute to enable
[INFO] [stdout] 
[INFO] [stdout] 
[INFO] [stdout] error[E0554]: `#![feature]` may not be used on the stable release channel
[INFO] [stdout]  --> src/lib.rs:2:1
[INFO] [stdout]   |
[INFO] [stdout] 2 | #![feature(label_break_value)]
[INFO] [stdout]   | ^^^^^^^^^^^^^^^^^^^^^^^^^^^^^^ help: remove the attribute
[INFO] [stdout]   |
[INFO] [stdout]   = help: the feature `label_break_value` has been stable since `1.65.0` and no longer requires an attribute to enable
[INFO] [stdout] 
[INFO] [stdout] 
[INFO] [stdout] warning: unused import: `crate::Nullable`
[INFO] [stdout]  --> src/parser.rs:9:5
[INFO] [stdout]   |
[INFO] [stdout] 9 | use crate::Nullable;
[INFO] [stdout]   |     ^^^^^^^^^^^^^^^
[INFO] [stdout]   |
[INFO] [stdout]   = note: `#[warn(unused_imports)]` on by default
[INFO] [stdout] 
[INFO] [stdout] 
[INFO] [stdout] warning: unused import: `std::borrow::BorrowMut`
[INFO] [stdout]   --> src/parser.rs:12:5
[INFO] [stdout]    |
[INFO] [stdout] 12 | use std::borrow::BorrowMut;
[INFO] [stdout]    |     ^^^^^^^^^^^^^^^^^^^^^^
[INFO] [stdout] 
[INFO] [stdout] 
[INFO] [stdout] warning: the feature `bindings_after_at` has been stable since 1.56.0 and no longer requires an attribute to enable
[INFO] [stdout]  --> src/lib.rs:1:12
[INFO] [stdout]   |
[INFO] [stdout] 1 | #![feature(bindings_after_at)]
[INFO] [stdout]   |            ^^^^^^^^^^^^^^^^^
[INFO] [stdout]   |
[INFO] [stdout]   = note: `#[warn(stable_features)]` on by default
[INFO] [stdout] 
[INFO] [stdout] 
[INFO] [stdout] warning: the feature `label_break_value` has been stable since 1.65.0 and no longer requires an attribute to enable
[INFO] [stdout]  --> src/lib.rs:2:12
[INFO] [stdout]   |
[INFO] [stdout] 2 | #![feature(label_break_value)]
[INFO] [stdout]   |            ^^^^^^^^^^^^^^^^^
[INFO] [stdout] 
[INFO] [stdout] 
[INFO] [stdout] error: aborting due to 2 previous errors; 4 warnings emitted
[INFO] [stdout] 
[INFO] [stdout] 
[INFO] [stdout] For more information about this error, try `rustc --explain E0554`.
[INFO] [stdout] 
[INFO] [stderr] error: could not compile `tusk_parser` (lib) due to 3 previous errors; 4 warnings emitted
[INFO] running `Command { std: "docker" "inspect" "17091b2314f376ec4e5e3498880f3fc52154be0b6645c576e77fbc0e6c15a5dd", kill_on_drop: false }`
[INFO] running `Command { std: "docker" "rm" "-f" "17091b2314f376ec4e5e3498880f3fc52154be0b6645c576e77fbc0e6c15a5dd", kill_on_drop: false }`
[INFO] [stdout] 17091b2314f376ec4e5e3498880f3fc52154be0b6645c576e77fbc0e6c15a5dd
[INFO] testing tusk_parser-0.1.2 against beta-2023-12-22 for beta-1.76-1
[INFO] extracting crate tusk_parser 0.1.2 into /workspace/builds/worker-4-tc2/source
[INFO] validating manifest of crates.io crate tusk_parser 0.1.2 on toolchain beta-2023-12-22
[INFO] running `Command { std: CARGO_HOME="/workspace/cargo-home" RUSTUP_HOME="/workspace/rustup-home" "/workspace/cargo-home/bin/cargo" "+beta-2023-12-22" "metadata" "--manifest-path" "Cargo.toml" "--no-deps", kill_on_drop: false }`
[INFO] started tweaking crates.io crate tusk_parser 0.1.2
[INFO] finished tweaking crates.io crate tusk_parser 0.1.2
[INFO] tweaked toml for crates.io crate tusk_parser 0.1.2 written to /workspace/builds/worker-4-tc2/source/Cargo.toml
[INFO] crate crates.io crate tusk_parser 0.1.2 already has a lockfile, it will not be regenerated
[INFO] running `Command { std: CARGO_HOME="/workspace/cargo-home" RUSTUP_HOME="/workspace/rustup-home" "/workspace/cargo-home/bin/cargo" "+beta-2023-12-22" "fetch" "--manifest-path" "Cargo.toml", kill_on_drop: false }`
[INFO] running `Command { std: "docker" "create" "-v" "/var/lib/crater-agent-workspace/builds/worker-4-tc2/target:/opt/rustwide/target:rw,Z" "-v" "/var/lib/crater-agent-workspace/builds/worker-4-tc2/source:/opt/rustwide/workdir:ro,Z" "-v" "/var/lib/crater-agent-workspace/cargo-home:/opt/rustwide/cargo-home:ro,Z" "-v" "/var/lib/crater-agent-workspace/rustup-home:/opt/rustwide/rustup-home:ro,Z" "-e" "SOURCE_DIR=/opt/rustwide/workdir" "-e" "CARGO_TARGET_DIR=/opt/rustwide/target" "-e" "CARGO_HOME=/opt/rustwide/cargo-home" "-e" "RUSTUP_HOME=/opt/rustwide/rustup-home" "-w" "/opt/rustwide/workdir" "-m" "1610612736" "--user" "0:0" "--network" "none" "ghcr.io/rust-lang/crates-build-env/linux@sha256:2788e3201cd34a07e3172128adcd8b3090168a8e3bcc40d7c032b9dda1df7d1c" "/opt/rustwide/cargo-home/bin/cargo" "+beta-2023-12-22" "metadata" "--no-deps" "--format-version=1", kill_on_drop: false }`
[INFO] [stdout] fc5e7e0e7321e672b1e4d80d00d7e97548f98909212147dac7aa7f1075002185
[INFO] running `Command { std: "docker" "start" "-a" "fc5e7e0e7321e672b1e4d80d00d7e97548f98909212147dac7aa7f1075002185", kill_on_drop: false }`
[INFO] running `Command { std: "docker" "inspect" "fc5e7e0e7321e672b1e4d80d00d7e97548f98909212147dac7aa7f1075002185", kill_on_drop: false }`
[INFO] running `Command { std: "docker" "rm" "-f" "fc5e7e0e7321e672b1e4d80d00d7e97548f98909212147dac7aa7f1075002185", kill_on_drop: false }`
[INFO] [stdout] fc5e7e0e7321e672b1e4d80d00d7e97548f98909212147dac7aa7f1075002185
[INFO] running `Command { std: "docker" "create" "-v" "/var/lib/crater-agent-workspace/builds/worker-4-tc2/target:/opt/rustwide/target:rw,Z" "-v" "/var/lib/crater-agent-workspace/builds/worker-4-tc2/source:/opt/rustwide/workdir:ro,Z" "-v" "/var/lib/crater-agent-workspace/cargo-home:/opt/rustwide/cargo-home:ro,Z" "-v" "/var/lib/crater-agent-workspace/rustup-home:/opt/rustwide/rustup-home:ro,Z" "-e" "SOURCE_DIR=/opt/rustwide/workdir" "-e" "CARGO_TARGET_DIR=/opt/rustwide/target" "-e" "CARGO_INCREMENTAL=0" "-e" "RUST_BACKTRACE=full" "-e" "RUSTFLAGS=--cap-lints=warn" "-e" "RUSTDOCFLAGS=--cap-lints=warn" "-e" "CARGO_HOME=/opt/rustwide/cargo-home" "-e" "RUSTUP_HOME=/opt/rustwide/rustup-home" "-w" "/opt/rustwide/workdir" "-m" "1610612736" "--user" "0:0" "--network" "none" "ghcr.io/rust-lang/crates-build-env/linux@sha256:2788e3201cd34a07e3172128adcd8b3090168a8e3bcc40d7c032b9dda1df7d1c" "/opt/rustwide/cargo-home/bin/cargo" "+beta-2023-12-22" "build" "--frozen" "--message-format=json", kill_on_drop: false }`
[INFO] [stdout] 615ed06450e0942c095e71ce765cb4e7ff5f903b98c72a868b4627759c4e6aa1
[INFO] running `Command { std: "docker" "start" "-a" "615ed06450e0942c095e71ce765cb4e7ff5f903b98c72a868b4627759c4e6aa1", kill_on_drop: false }`
[INFO] [stderr]    Compiling proc-macro2 v1.0.27
[INFO] [stderr]    Compiling unicode-xid v0.2.2
[INFO] [stderr]    Compiling syn v1.0.72
[INFO] [stderr]    Compiling log v0.4.14
[INFO] [stderr]    Compiling wasm-bindgen-shared v0.2.74
[INFO] [stderr]    Compiling serde_derive v1.0.126
[INFO] [stderr]    Compiling lazy_static v1.4.0
[INFO] [stderr]    Compiling ryu v1.0.5
[INFO] [stderr]    Compiling serde v1.0.126
[INFO] [stderr]    Compiling bumpalo v3.7.0
[INFO] [stderr]    Compiling serde_json v1.0.64
[INFO] [stderr]    Compiling beef v0.5.0
[INFO] [stderr]    Compiling utf8-ranges v1.0.4
[INFO] [stderr]    Compiling regex-syntax v0.6.25
[INFO] [stderr]    Compiling fnv v1.0.7
[INFO] [stderr]    Compiling wasm-bindgen v0.2.74
[INFO] [stderr]    Compiling itoa v0.4.7
[INFO] [stderr]    Compiling text-size v1.1.0
[INFO] [stderr]    Compiling quote v1.0.9
[INFO] [stderr]    Compiling wasm-bindgen-backend v0.2.74
[INFO] [stderr]    Compiling logos-derive v0.12.0
[INFO] [stderr]    Compiling thiserror-impl v1.0.25
[INFO] [stderr]    Compiling wasm-bindgen-macro-support v0.2.74
[INFO] [stderr]    Compiling wasm-bindgen-macro v0.2.74
[INFO] [stderr]    Compiling thiserror v1.0.25
[INFO] [stderr]    Compiling logos v0.12.0
[INFO] [stderr]    Compiling tusk_lexer v0.4.7
[INFO] [stderr]    Compiling tusk_parser v0.1.2 (/opt/rustwide/workdir)
[INFO] [stdout] error[E0554]: `#![feature]` may not be used on the beta release channel
[INFO] [stdout]  --> src/lib.rs:1:1
[INFO] [stdout]   |
[INFO] [stdout] 1 | #![feature(bindings_after_at)]
[INFO] [stdout]   | ^^^^^^^^^^^^^^^^^^^^^^^^^^^^^^ help: remove the attribute
[INFO] [stdout]   |
[INFO] [stdout]   = help: the feature `bindings_after_at` has been stable since `1.56.0` and no longer requires an attribute to enable
[INFO] [stdout] 
[INFO] [stdout] 
[INFO] [stdout] error[E0554]: `#![feature]` may not be used on the beta release channel
[INFO] [stdout]  --> src/lib.rs:2:1
[INFO] [stdout]   |
[INFO] [stdout] 2 | #![feature(label_break_value)]
[INFO] [stdout]   | ^^^^^^^^^^^^^^^^^^^^^^^^^^^^^^ help: remove the attribute
[INFO] [stdout]   |
[INFO] [stdout]   = help: the feature `label_break_value` has been stable since `1.65.0` and no longer requires an attribute to enable
[INFO] [stdout] 
[INFO] [stdout] 
[INFO] [stdout] warning: unused import: `crate::Nullable`
[INFO] [stdout]  --> src/parser.rs:9:5
[INFO] [stdout]   |
[INFO] [stdout] 9 | use crate::Nullable;
[INFO] [stdout]   |     ^^^^^^^^^^^^^^^
[INFO] [stdout]   |
[INFO] [stdout]   = note: `#[warn(unused_imports)]` on by default
[INFO] [stdout] 
[INFO] [stdout] 
[INFO] [stdout] warning: unused import: `std::borrow::BorrowMut`
[INFO] [stdout]   --> src/parser.rs:12:5
[INFO] [stdout]    |
[INFO] [stdout] 12 | use std::borrow::BorrowMut;
[INFO] [stdout]    |     ^^^^^^^^^^^^^^^^^^^^^^
[INFO] [stdout] 
[INFO] [stdout] 
[INFO] [stdout] warning: the feature `bindings_after_at` has been stable since 1.56.0 and no longer requires an attribute to enable
[INFO] [stdout]  --> src/lib.rs:1:12
[INFO] [stdout]   |
[INFO] [stdout] 1 | #![feature(bindings_after_at)]
[INFO] [stdout]   |            ^^^^^^^^^^^^^^^^^
[INFO] [stdout]   |
[INFO] [stdout]   = note: `#[warn(stable_features)]` on by default
[INFO] [stdout] 
[INFO] [stdout] 
[INFO] [stdout] warning: the feature `label_break_value` has been stable since 1.65.0 and no longer requires an attribute to enable
[INFO] [stdout]  --> src/lib.rs:2:12
[INFO] [stdout]   |
[INFO] [stdout] 2 | #![feature(label_break_value)]
[INFO] [stdout]   |            ^^^^^^^^^^^^^^^^^
[INFO] [stdout] 
[INFO] [stdout] 
[INFO] [stdout] error: aborting due to 2 previous errors; 4 warnings emitted
[INFO] [stdout] 
[INFO] [stdout] 
[INFO] [stdout] For more information about this error, try `rustc --explain E0554`.
[INFO] [stdout] 
[INFO] [stderr] error: could not compile `tusk_parser` (lib) due to 3 previous errors; 4 warnings emitted
[INFO] running `Command { std: "docker" "inspect" "615ed06450e0942c095e71ce765cb4e7ff5f903b98c72a868b4627759c4e6aa1", kill_on_drop: false }`
[INFO] running `Command { std: "docker" "rm" "-f" "615ed06450e0942c095e71ce765cb4e7ff5f903b98c72a868b4627759c4e6aa1", kill_on_drop: false }`
[INFO] [stdout] 615ed06450e0942c095e71ce765cb4e7ff5f903b98c72a868b4627759c4e6aa1
