[INFO] fetching crate turnstiles 0.4.1...
[INFO] testing turnstiles-0.4.1 against 1.75.0 for beta-1.76-1
[INFO] extracting crate turnstiles 0.4.1 into /workspace/builds/worker-3-tc1/source
[INFO] validating manifest of crates.io crate turnstiles 0.4.1 on toolchain 1.75.0
[INFO] running `Command { std: CARGO_HOME="/workspace/cargo-home" RUSTUP_HOME="/workspace/rustup-home" "/workspace/cargo-home/bin/cargo" "+1.75.0" "metadata" "--manifest-path" "Cargo.toml" "--no-deps", kill_on_drop: false }`
[INFO] started tweaking crates.io crate turnstiles 0.4.1
[INFO] finished tweaking crates.io crate turnstiles 0.4.1
[INFO] tweaked toml for crates.io crate turnstiles 0.4.1 written to /workspace/builds/worker-3-tc1/source/Cargo.toml
[INFO] running `Command { std: CARGO_HOME="/workspace/cargo-home" RUSTUP_HOME="/workspace/rustup-home" "/workspace/cargo-home/bin/cargo" "+1.75.0" "generate-lockfile" "--manifest-path" "Cargo.toml", kill_on_drop: false }`
[INFO] [stderr]     Updating crates.io index
[INFO] running `Command { std: CARGO_HOME="/workspace/cargo-home" RUSTUP_HOME="/workspace/rustup-home" "/workspace/cargo-home/bin/cargo" "+1.75.0" "fetch" "--manifest-path" "Cargo.toml", kill_on_drop: false }`
[INFO] [stderr]  Downloading crates ...
[INFO] [stderr]   Downloaded tempdir v0.1.0
[INFO] running `Command { std: "docker" "create" "-v" "/var/lib/crater-agent-workspace/builds/worker-3-tc1/target:/opt/rustwide/target:rw,Z" "-v" "/var/lib/crater-agent-workspace/builds/worker-3-tc1/source:/opt/rustwide/workdir:ro,Z" "-v" "/var/lib/crater-agent-workspace/cargo-home:/opt/rustwide/cargo-home:ro,Z" "-v" "/var/lib/crater-agent-workspace/rustup-home:/opt/rustwide/rustup-home:ro,Z" "-e" "SOURCE_DIR=/opt/rustwide/workdir" "-e" "CARGO_TARGET_DIR=/opt/rustwide/target" "-e" "CARGO_HOME=/opt/rustwide/cargo-home" "-e" "RUSTUP_HOME=/opt/rustwide/rustup-home" "-w" "/opt/rustwide/workdir" "-m" "1610612736" "--user" "0:0" "--network" "none" "ghcr.io/rust-lang/crates-build-env/linux@sha256:2788e3201cd34a07e3172128adcd8b3090168a8e3bcc40d7c032b9dda1df7d1c" "/opt/rustwide/cargo-home/bin/cargo" "+1.75.0" "metadata" "--no-deps" "--format-version=1", kill_on_drop: false }`
[INFO] [stdout] 6d706a931857de23d26b4c97ad377b5e8e11793c3844883ef4d5c9b61185bf00
[INFO] running `Command { std: "docker" "start" "-a" "6d706a931857de23d26b4c97ad377b5e8e11793c3844883ef4d5c9b61185bf00", kill_on_drop: false }`
[INFO] running `Command { std: "docker" "inspect" "6d706a931857de23d26b4c97ad377b5e8e11793c3844883ef4d5c9b61185bf00", kill_on_drop: false }`
[INFO] running `Command { std: "docker" "rm" "-f" "6d706a931857de23d26b4c97ad377b5e8e11793c3844883ef4d5c9b61185bf00", kill_on_drop: false }`
[INFO] [stdout] 6d706a931857de23d26b4c97ad377b5e8e11793c3844883ef4d5c9b61185bf00
[INFO] running `Command { std: "docker" "create" "-v" "/var/lib/crater-agent-workspace/builds/worker-3-tc1/target:/opt/rustwide/target:rw,Z" "-v" "/var/lib/crater-agent-workspace/builds/worker-3-tc1/source:/opt/rustwide/workdir:ro,Z" "-v" "/var/lib/crater-agent-workspace/cargo-home:/opt/rustwide/cargo-home:ro,Z" "-v" "/var/lib/crater-agent-workspace/rustup-home:/opt/rustwide/rustup-home:ro,Z" "-e" "SOURCE_DIR=/opt/rustwide/workdir" "-e" "CARGO_TARGET_DIR=/opt/rustwide/target" "-e" "CARGO_INCREMENTAL=0" "-e" "RUST_BACKTRACE=full" "-e" "RUSTFLAGS=--cap-lints=warn" "-e" "RUSTDOCFLAGS=--cap-lints=warn" "-e" "CARGO_HOME=/opt/rustwide/cargo-home" "-e" "RUSTUP_HOME=/opt/rustwide/rustup-home" "-w" "/opt/rustwide/workdir" "-m" "1610612736" "--user" "0:0" "--network" "none" "ghcr.io/rust-lang/crates-build-env/linux@sha256:2788e3201cd34a07e3172128adcd8b3090168a8e3bcc40d7c032b9dda1df7d1c" "/opt/rustwide/cargo-home/bin/cargo" "+1.75.0" "build" "--frozen" "--message-format=json", kill_on_drop: false }`
[INFO] [stdout] cb5ba3ac611c0f7a30bb0ba9e1710b99a3e50496e5afc2a82e023ed37002fe67
[INFO] running `Command { std: "docker" "start" "-a" "cb5ba3ac611c0f7a30bb0ba9e1710b99a3e50496e5afc2a82e023ed37002fe67", kill_on_drop: false }`
[INFO] [stderr]    Compiling memchr v2.7.1
[INFO] [stderr]    Compiling anyhow v1.0.79
[INFO] [stderr]    Compiling regex-syntax v0.8.2
[INFO] [stderr]    Compiling aho-corasick v1.1.2
[INFO] [stderr]    Compiling regex-automata v0.4.3
[INFO] [stderr]    Compiling regex v1.10.2
[INFO] [stderr]    Compiling turnstiles v0.4.1 (/opt/rustwide/workdir)
[INFO] [stderr]     Finished dev [unoptimized + debuginfo] target(s) in 8.62s
[INFO] running `Command { std: "docker" "inspect" "cb5ba3ac611c0f7a30bb0ba9e1710b99a3e50496e5afc2a82e023ed37002fe67", kill_on_drop: false }`
[INFO] running `Command { std: "docker" "rm" "-f" "cb5ba3ac611c0f7a30bb0ba9e1710b99a3e50496e5afc2a82e023ed37002fe67", kill_on_drop: false }`
[INFO] [stdout] cb5ba3ac611c0f7a30bb0ba9e1710b99a3e50496e5afc2a82e023ed37002fe67
[INFO] running `Command { std: "docker" "create" "-v" "/var/lib/crater-agent-workspace/builds/worker-3-tc1/target:/opt/rustwide/target:rw,Z" "-v" "/var/lib/crater-agent-workspace/builds/worker-3-tc1/source:/opt/rustwide/workdir:ro,Z" "-v" "/var/lib/crater-agent-workspace/cargo-home:/opt/rustwide/cargo-home:ro,Z" "-v" "/var/lib/crater-agent-workspace/rustup-home:/opt/rustwide/rustup-home:ro,Z" "-e" "SOURCE_DIR=/opt/rustwide/workdir" "-e" "CARGO_TARGET_DIR=/opt/rustwide/target" "-e" "CARGO_INCREMENTAL=0" "-e" "RUST_BACKTRACE=full" "-e" "RUSTFLAGS=--cap-lints=warn" "-e" "RUSTDOCFLAGS=--cap-lints=warn" "-e" "CARGO_HOME=/opt/rustwide/cargo-home" "-e" "RUSTUP_HOME=/opt/rustwide/rustup-home" "-w" "/opt/rustwide/workdir" "-m" "1610612736" "--user" "0:0" "--network" "none" "ghcr.io/rust-lang/crates-build-env/linux@sha256:2788e3201cd34a07e3172128adcd8b3090168a8e3bcc40d7c032b9dda1df7d1c" "/opt/rustwide/cargo-home/bin/cargo" "+1.75.0" "test" "--frozen" "--no-run" "--message-format=json", kill_on_drop: false }`
[INFO] [stdout] 49ce3f97afee6ff89a26ad96694fd559646275f3ede849536faf9716119e7657
[INFO] running `Command { std: "docker" "start" "-a" "49ce3f97afee6ff89a26ad96694fd559646275f3ede849536faf9716119e7657", kill_on_drop: false }`
[INFO] [stderr]    Compiling cfg-if v1.0.0
[INFO] [stderr]    Compiling proc-macro2 v1.0.75
[INFO] [stderr]    Compiling unicode-ident v1.0.12
[INFO] [stderr]    Compiling libc v0.2.151
[INFO] [stderr]    Compiling slog v2.7.0
[INFO] [stderr]    Compiling serde v1.0.194
[INFO] [stderr]    Compiling crossbeam-utils v0.8.18
[INFO] [stderr]    Compiling ppv-lite86 v0.2.17
[INFO] [stderr]    Compiling itoa v1.0.10
[INFO] [stderr]    Compiling powerfmt v0.2.0
[INFO] [stderr]    Compiling serde_json v1.0.111
[INFO] [stderr]    Compiling deranged v0.3.11
[INFO] [stderr]    Compiling slog-async v2.8.0
[INFO] [stderr]    Compiling ryu v1.0.16
[INFO] [stderr]    Compiling time-core v0.1.2
[INFO] [stderr]    Compiling once_cell v1.19.0
[INFO] [stderr]    Compiling take_mut v0.2.2
[INFO] [stderr]    Compiling thread_local v1.1.7
[INFO] [stderr]    Compiling quote v1.0.35
[INFO] [stderr]    Compiling crossbeam-channel v0.5.10
[INFO] [stderr]    Compiling syn v2.0.48
[INFO] [stderr]    Compiling getrandom v0.2.11
[INFO] [stderr]    Compiling time v0.3.31
[INFO] [stderr]    Compiling rand_core v0.6.4
[INFO] [stderr]    Compiling rand_chacha v0.3.1
[INFO] [stderr]    Compiling rand v0.8.5
[INFO] [stderr]    Compiling tempdir v0.1.0
[INFO] [stdout] error[E0432]: unresolved import `std::old_io`
[INFO] [stdout]   --> /opt/rustwide/cargo-home/registry/src/index.crates.io-6f17d22bba15001f/tempdir-0.1.0/src/lib.rs:15:5
[INFO] [stdout]    |
[INFO] [stdout] 15 | use std::old_io;
[INFO] [stdout]    |     ^^^^^^^^^^^ no `old_io` in the root
[INFO] [stdout] 
[INFO] [stdout] 
[INFO] [stdout] error[E0432]: unresolved import `std::old_path`
[INFO] [stdout]   --> /opt/rustwide/cargo-home/registry/src/index.crates.io-6f17d22bba15001f/tempdir-0.1.0/src/lib.rs:19:5
[INFO] [stdout]    |
[INFO] [stdout] 19 | use std::old_path;
[INFO] [stdout]    |     ^^^^^^^^^^^^^ no `old_path` in the root
[INFO] [stdout] 
[INFO] [stdout] 
[INFO] [stdout] error[E0554]: `#![feature]` may not be used on the stable release channel
[INFO] [stdout]  --> /opt/rustwide/cargo-home/registry/src/index.crates.io-6f17d22bba15001f/tempdir-0.1.0/src/lib.rs:9:12
[INFO] [stdout]   |
[INFO] [stdout] 9 | #![feature(env, fs, io, old_io, old_path, path)]
[INFO] [stdout]   |            ^^^
[INFO] [stdout] 
[INFO] [stdout] 
[INFO] [stdout] error[E0554]: `#![feature]` may not be used on the stable release channel
[INFO] [stdout]  --> /opt/rustwide/cargo-home/registry/src/index.crates.io-6f17d22bba15001f/tempdir-0.1.0/src/lib.rs:9:17
[INFO] [stdout]   |
[INFO] [stdout] 9 | #![feature(env, fs, io, old_io, old_path, path)]
[INFO] [stdout]   |                 ^^
[INFO] [stdout] 
[INFO] [stdout] 
[INFO] [stdout] error[E0554]: `#![feature]` may not be used on the stable release channel
[INFO] [stdout]  --> /opt/rustwide/cargo-home/registry/src/index.crates.io-6f17d22bba15001f/tempdir-0.1.0/src/lib.rs:9:21
[INFO] [stdout]   |
[INFO] [stdout] 9 | #![feature(env, fs, io, old_io, old_path, path)]
[INFO] [stdout]   |                     ^^
[INFO] [stdout] 
[INFO] [stdout] 
[INFO] [stdout] error[E0554]: `#![feature]` may not be used on the stable release channel
[INFO] [stdout]  --> /opt/rustwide/cargo-home/registry/src/index.crates.io-6f17d22bba15001f/tempdir-0.1.0/src/lib.rs:9:25
[INFO] [stdout]   |
[INFO] [stdout] 9 | #![feature(env, fs, io, old_io, old_path, path)]
[INFO] [stdout]   |                         ^^^^^^
[INFO] [stdout] 
[INFO] [stdout] 
[INFO] [stdout] error[E0554]: `#![feature]` may not be used on the stable release channel
[INFO] [stdout]  --> /opt/rustwide/cargo-home/registry/src/index.crates.io-6f17d22bba15001f/tempdir-0.1.0/src/lib.rs:9:33
[INFO] [stdout]   |
[INFO] [stdout] 9 | #![feature(env, fs, io, old_io, old_path, path)]
[INFO] [stdout]   |                                 ^^^^^^^^
[INFO] [stdout] 
[INFO] [stdout] 
[INFO] [stdout] error[E0554]: `#![feature]` may not be used on the stable release channel
[INFO] [stdout]  --> /opt/rustwide/cargo-home/registry/src/index.crates.io-6f17d22bba15001f/tempdir-0.1.0/src/lib.rs:9:43
[INFO] [stdout]   |
[INFO] [stdout] 9 | #![feature(env, fs, io, old_io, old_path, path)]
[INFO] [stdout]   |                                           ^^^^
[INFO] [stdout] 
[INFO] [stdout] 
[INFO] [stdout] error[E0635]: unknown feature `path`
[INFO] [stdout]  --> /opt/rustwide/cargo-home/registry/src/index.crates.io-6f17d22bba15001f/tempdir-0.1.0/src/lib.rs:9:43
[INFO] [stdout]   |
[INFO] [stdout] 9 | #![feature(env, fs, io, old_io, old_path, path)]
[INFO] [stdout]   |                                           ^^^^
[INFO] [stdout] 
[INFO] [stdout] 
[INFO] [stdout] error[E0635]: unknown feature `fs`
[INFO] [stdout]  --> /opt/rustwide/cargo-home/registry/src/index.crates.io-6f17d22bba15001f/tempdir-0.1.0/src/lib.rs:9:17
[INFO] [stdout]   |
[INFO] [stdout] 9 | #![feature(env, fs, io, old_io, old_path, path)]
[INFO] [stdout]   |                 ^^
[INFO] [stdout] 
[INFO] [stdout] 
[INFO] [stdout] error[E0635]: unknown feature `io`
[INFO] [stdout]  --> /opt/rustwide/cargo-home/registry/src/index.crates.io-6f17d22bba15001f/tempdir-0.1.0/src/lib.rs:9:21
[INFO] [stdout]   |
[INFO] [stdout] 9 | #![feature(env, fs, io, old_io, old_path, path)]
[INFO] [stdout]   |                     ^^
[INFO] [stdout] 
[INFO] [stdout] 
[INFO] [stdout] error[E0635]: unknown feature `old_io`
[INFO] [stdout]  --> /opt/rustwide/cargo-home/registry/src/index.crates.io-6f17d22bba15001f/tempdir-0.1.0/src/lib.rs:9:25
[INFO] [stdout]   |
[INFO] [stdout] 9 | #![feature(env, fs, io, old_io, old_path, path)]
[INFO] [stdout]   |                         ^^^^^^
[INFO] [stdout] 
[INFO] [stdout] 
[INFO] [stdout] error[E0635]: unknown feature `old_path`
[INFO] [stdout]  --> /opt/rustwide/cargo-home/registry/src/index.crates.io-6f17d22bba15001f/tempdir-0.1.0/src/lib.rs:9:33
[INFO] [stdout]   |
[INFO] [stdout] 9 | #![feature(env, fs, io, old_io, old_path, path)]
[INFO] [stdout]   |                                 ^^^^^^^^
[INFO] [stdout] 
[INFO] [stdout] 
[INFO] [stdout] error[E0061]: this function takes 0 arguments but 1 argument was supplied
[INFO] [stdout]   --> /opt/rustwide/cargo-home/registry/src/index.crates.io-6f17d22bba15001f/tempdir-0.1.0/src/lib.rs:39:26
[INFO] [stdout]    |
[INFO] [stdout] 39 |                     Some(PathBuf::new(&x))
[INFO] [stdout]    |                          ^^^^^^^^^^^^ --
[INFO] [stdout]    |                                       |
[INFO] [stdout]    |                                       unexpected argument of type `&String`
[INFO] [stdout]    |                                       help: remove the extra argument
[INFO] [stdout]    |
[INFO] [stdout] note: associated function defined here
[INFO] [stdout]   --> /rustc/82e1608dfa6e0b5569232559e3d385fea5a93112/library/std/src/path.rs:1189:12
[INFO] [stdout] 
[INFO] [stdout] 
[INFO] [stdout] error[E0061]: this function takes 0 arguments but 1 argument was supplied
[INFO] [stdout]   --> /opt/rustwide/cargo-home/registry/src/index.crates.io-6f17d22bba15001f/tempdir-0.1.0/src/lib.rs:48:13
[INFO] [stdout]    |
[INFO] [stdout] 48 |             PathBuf::new("/data/local/tmp")
[INFO] [stdout]    |             ^^^^^^^^^^^^ -----------------
[INFO] [stdout]    |                          |
[INFO] [stdout]    |                          unexpected argument of type `&'static str`
[INFO] [stdout]    |                          help: remove the extra argument
[INFO] [stdout]    |
[INFO] [stdout] note: associated function defined here
[INFO] [stdout]   --> /rustc/82e1608dfa6e0b5569232559e3d385fea5a93112/library/std/src/path.rs:1189:12
[INFO] [stdout] 
[INFO] [stdout] 
[INFO] [stdout] error[E0061]: this function takes 0 arguments but 1 argument was supplied
[INFO] [stdout]   --> /opt/rustwide/cargo-home/registry/src/index.crates.io-6f17d22bba15001f/tempdir-0.1.0/src/lib.rs:50:13
[INFO] [stdout]    |
[INFO] [stdout] 50 |             PathBuf::new("/tmp")
[INFO] [stdout]    |             ^^^^^^^^^^^^ ------
[INFO] [stdout]    |                          |
[INFO] [stdout]    |                          unexpected argument of type `&'static str`
[INFO] [stdout]    |                          help: remove the extra argument
[INFO] [stdout]    |
[INFO] [stdout] note: associated function defined here
[INFO] [stdout]   --> /rustc/82e1608dfa6e0b5569232559e3d385fea5a93112/library/std/src/path.rs:1189:12
[INFO] [stdout] 
[INFO] [stdout] 
[INFO] [stdout] error[E0061]: this function takes 2 arguments but 3 arguments were supplied
[INFO] [stdout]   --> /opt/rustwide/cargo-home/registry/src/index.crates.io-6f17d22bba15001f/tempdir-0.1.0/src/lib.rs:96:51
[INFO] [stdout]    |
[INFO] [stdout] 96 |         old_io::IoError { kind, desc, detail } => io::Error::new(to_new_error_kind(&kind), desc, detail)
[INFO] [stdout]    |                                                   ^^^^^^^^^^^^^^                               --------
[INFO] [stdout]    |                                                                                                | |
[INFO] [stdout]    |                                                                                                | unexpected argument
[INFO] [stdout]    |                                                                                                help: remove the extra argument
[INFO] [stdout]    |
[INFO] [stdout] note: associated function defined here
[INFO] [stdout]   --> /rustc/82e1608dfa6e0b5569232559e3d385fea5a93112/library/std/src/io/error.rs:515:12
[INFO] [stdout] 
[INFO] [stdout] 
[INFO] [stdout] error[E0599]: no variant or associated item named `FileNotFound` found for enum `ErrorKind` in the current scope
[INFO] [stdout]   --> /opt/rustwide/cargo-home/registry/src/index.crates.io-6f17d22bba15001f/tempdir-0.1.0/src/lib.rs:74:65
[INFO] [stdout]    |
[INFO] [stdout] 74 |             old_io::IoErrorKind::FileNotFound => io::ErrorKind::FileNotFound,
[INFO] [stdout]    |                                                                 ^^^^^^^^^^^^
[INFO] [stdout]    |                                                                 |
[INFO] [stdout]    |                                                                 variant or associated item not found in `ErrorKind`
[INFO] [stdout]    |                                                                 help: there is a variant with a similar name: `NotFound`
[INFO] [stdout] 
[INFO] [stdout] 
[INFO] [stdout] error[E0599]: no variant or associated item named `PathAlreadyExists` found for enum `ErrorKind` in the current scope
[INFO] [stdout]   --> /opt/rustwide/cargo-home/registry/src/index.crates.io-6f17d22bba15001f/tempdir-0.1.0/src/lib.rs:83:70
[INFO] [stdout]    |
[INFO] [stdout] 83 |             old_io::IoErrorKind::PathAlreadyExists => io::ErrorKind::PathAlreadyExists,
[INFO] [stdout]    |                                                                      ^^^^^^^^^^^^^^^^^
[INFO] [stdout]    |                                                                      |
[INFO] [stdout]    |                                                                      variant or associated item not found in `ErrorKind`
[INFO] [stdout]    |                                                                      help: there is a variant with a similar name: `AlreadyExists`
[INFO] [stdout] 
[INFO] [stdout] 
[INFO] [stdout] error[E0599]: no variant or associated item named `PathDoesntExist` found for enum `ErrorKind` in the current scope
[INFO] [stdout]   --> /opt/rustwide/cargo-home/registry/src/index.crates.io-6f17d22bba15001f/tempdir-0.1.0/src/lib.rs:84:68
[INFO] [stdout]    |
[INFO] [stdout] 84 |             old_io::IoErrorKind::PathDoesntExist => io::ErrorKind::PathDoesntExist,
[INFO] [stdout]    |                                                                    ^^^^^^^^^^^^^^^ variant or associated item not found in `ErrorKind`
[INFO] [stdout] 
[INFO] [stdout] 
[INFO] [stdout] error[E0599]: no variant or associated item named `MismatchedFileTypeForOperation` found for enum `ErrorKind` in the current scope
[INFO] [stdout]   --> /opt/rustwide/cargo-home/registry/src/index.crates.io-6f17d22bba15001f/tempdir-0.1.0/src/lib.rs:85:83
[INFO] [stdout]    |
[INFO] [stdout] 85 |             old_io::IoErrorKind::MismatchedFileTypeForOperation => io::ErrorKind::MismatchedFileTypeForOperation,
[INFO] [stdout]    |                                                                                   ^^^^^^^^^^^^^^^^^^^^^^^^^^^^^^ variant or associated item not found in `ErrorKind`
[INFO] [stdout] 
[INFO] [stdout] 
[INFO] [stdout] error[E0599]: no variant or associated item named `ResourceUnavailable` found for enum `ErrorKind` in the current scope
[INFO] [stdout]   --> /opt/rustwide/cargo-home/registry/src/index.crates.io-6f17d22bba15001f/tempdir-0.1.0/src/lib.rs:86:72
[INFO] [stdout]    |
[INFO] [stdout] 86 |             old_io::IoErrorKind::ResourceUnavailable => io::ErrorKind::ResourceUnavailable,
[INFO] [stdout]    |                                                                        ^^^^^^^^^^^^^^^^^^^ variant or associated item not found in `ErrorKind`
[INFO] [stdout] 
[INFO] [stdout] 
[INFO] [stdout] error[E0599]: no method named `gen_ascii_chars` found for struct `ThreadRng` in the current scope
[INFO] [stdout]    --> /opt/rustwide/cargo-home/registry/src/index.crates.io-6f17d22bba15001f/tempdir-0.1.0/src/lib.rs:195:38
[INFO] [stdout]     |
[INFO] [stdout] 195 |             let suffix: String = rng.gen_ascii_chars().take(NUM_RAND_CHARS).collect();
[INFO] [stdout]     |                                      ^^^^^^^^^^^^^^^ method not found in `ThreadRng`
[INFO] [stdout] 
[INFO] [stdout] 
[INFO] [stdout] error[E0599]: no variant or associated item named `PathAlreadyExists` found for enum `ErrorKind` in the current scope
[INFO] [stdout]    --> /opt/rustwide/cargo-home/registry/src/index.crates.io-6f17d22bba15001f/tempdir-0.1.0/src/lib.rs:207:58
[INFO] [stdout]     |
[INFO] [stdout] 207 |                 Err(ref e) if e.kind() == io::ErrorKind::PathAlreadyExists => (),
[INFO] [stdout]     |                                                          ^^^^^^^^^^^^^^^^^
[INFO] [stdout]     |                                                          |
[INFO] [stdout]     |                                                          variant or associated item not found in `ErrorKind`
[INFO] [stdout]     |                                                          help: there is a variant with a similar name: `AlreadyExists`
[INFO] [stdout] 
[INFO] [stdout] 
[INFO] [stdout] error[E0599]: no variant or associated item named `PathAlreadyExists` found for enum `ErrorKind` in the current scope
[INFO] [stdout]    --> /opt/rustwide/cargo-home/registry/src/index.crates.io-6f17d22bba15001f/tempdir-0.1.0/src/lib.rs:212:43
[INFO] [stdout]     |
[INFO] [stdout] 212 |         Err(io::Error::new(io::ErrorKind::PathAlreadyExists, "Exhausted", None))
[INFO] [stdout]     |                                           ^^^^^^^^^^^^^^^^^
[INFO] [stdout]     |                                           |
[INFO] [stdout]     |                                           variant or associated item not found in `ErrorKind`
[INFO] [stdout]     |                                           help: there is a variant with a similar name: `AlreadyExists`
[INFO] [stdout] 
[INFO] [stdout] 
[INFO] [stdout] error[E0061]: this function takes 2 arguments but 3 arguments were supplied
[INFO] [stdout]    --> /opt/rustwide/cargo-home/registry/src/index.crates.io-6f17d22bba15001f/tempdir-0.1.0/src/lib.rs:212:13
[INFO] [stdout]     |
[INFO] [stdout] 212 |         Err(io::Error::new(io::ErrorKind::PathAlreadyExists, "Exhausted", None))
[INFO] [stdout]     |             ^^^^^^^^^^^^^^                                              ------
[INFO] [stdout]     |                                                                         | |
[INFO] [stdout]     |                                                                         | unexpected argument of type `Option<_>`
[INFO] [stdout]     |                                                                         help: remove the extra argument
[INFO] [stdout]     |
[INFO] [stdout] note: associated function defined here
[INFO] [stdout]    --> /rustc/82e1608dfa6e0b5569232559e3d385fea5a93112/library/std/src/io/error.rs:515:12
[INFO] [stdout] 
[INFO] [stdout] 
[INFO] [stdout] error: aborting due to 26 previous errors
[INFO] [stdout] 
[INFO] [stdout] 
[INFO] [stdout] Some errors have detailed explanations: E0061, E0432, E0554, E0599, E0635.
[INFO] [stdout] 
[INFO] [stdout] For more information about an error, try `rustc --explain E0061`.
[INFO] [stdout] 
[INFO] [stderr] error: could not compile `tempdir` (lib) due to 27 previous errors
[INFO] [stderr] warning: build failed, waiting for other jobs to finish...
[INFO] running `Command { std: "docker" "inspect" "49ce3f97afee6ff89a26ad96694fd559646275f3ede849536faf9716119e7657", kill_on_drop: false }`
[INFO] running `Command { std: "docker" "rm" "-f" "49ce3f97afee6ff89a26ad96694fd559646275f3ede849536faf9716119e7657", kill_on_drop: false }`
[INFO] [stdout] 49ce3f97afee6ff89a26ad96694fd559646275f3ede849536faf9716119e7657
