[INFO] fetching crate turbocommit 0.14.1...
[INFO] testing turbocommit-0.14.1 against 1.75.0 for beta-1.76-1
[INFO] extracting crate turbocommit 0.14.1 into /workspace/builds/worker-4-tc1/source
[INFO] validating manifest of crates.io crate turbocommit 0.14.1 on toolchain 1.75.0
[INFO] running `Command { std: CARGO_HOME="/workspace/cargo-home" RUSTUP_HOME="/workspace/rustup-home" "/workspace/cargo-home/bin/cargo" "+1.75.0" "metadata" "--manifest-path" "Cargo.toml" "--no-deps", kill_on_drop: false }`
[INFO] started tweaking crates.io crate turbocommit 0.14.1
[INFO] finished tweaking crates.io crate turbocommit 0.14.1
[INFO] tweaked toml for crates.io crate turbocommit 0.14.1 written to /workspace/builds/worker-4-tc1/source/Cargo.toml
[INFO] crate crates.io crate turbocommit 0.14.1 already has a lockfile, it will not be regenerated
[INFO] running `Command { std: CARGO_HOME="/workspace/cargo-home" RUSTUP_HOME="/workspace/rustup-home" "/workspace/cargo-home/bin/cargo" "+1.75.0" "fetch" "--manifest-path" "Cargo.toml", kill_on_drop: false }`
[INFO] [stderr]     Updating crates.io index
[INFO] [stderr]  Downloading crates ...
[INFO] [stderr]   Downloaded serde_yaml v0.9.19
[INFO] [stderr]   Downloaded terminal-supports-emoji v0.1.3
[INFO] [stderr]   Downloaded crates_io_api v0.8.1
[INFO] [stderr]   Downloaded serde_path_to_error v0.1.10
[INFO] [stderr]   Downloaded eventsource-stream v0.2.3
[INFO] [stderr]   Downloaded git2 v0.16.1
[INFO] [stderr]   Downloaded unsafe-libyaml v0.2.7
[INFO] [stderr]   Downloaded bstr v1.3.0
[INFO] [stderr]   Downloaded inquire v0.6.0
[INFO] [stderr]   Downloaded reqwest-eventsource v0.4.0
[INFO] [stderr]   Downloaded tiktoken-rs v0.2.2
[INFO] running `Command { std: "docker" "create" "-v" "/var/lib/crater-agent-workspace/builds/worker-4-tc1/target:/opt/rustwide/target:rw,Z" "-v" "/var/lib/crater-agent-workspace/builds/worker-4-tc1/source:/opt/rustwide/workdir:ro,Z" "-v" "/var/lib/crater-agent-workspace/cargo-home:/opt/rustwide/cargo-home:ro,Z" "-v" "/var/lib/crater-agent-workspace/rustup-home:/opt/rustwide/rustup-home:ro,Z" "-e" "SOURCE_DIR=/opt/rustwide/workdir" "-e" "CARGO_TARGET_DIR=/opt/rustwide/target" "-e" "CARGO_HOME=/opt/rustwide/cargo-home" "-e" "RUSTUP_HOME=/opt/rustwide/rustup-home" "-w" "/opt/rustwide/workdir" "-m" "1610612736" "--user" "0:0" "--network" "none" "ghcr.io/rust-lang/crates-build-env/linux@sha256:2788e3201cd34a07e3172128adcd8b3090168a8e3bcc40d7c032b9dda1df7d1c" "/opt/rustwide/cargo-home/bin/cargo" "+1.75.0" "metadata" "--no-deps" "--format-version=1", kill_on_drop: false }`
[INFO] [stdout] 6d7e2abbcc671a20c445fda4bd095e8015f9f34b4e9ec57b59fe78355ef70ed6
[INFO] running `Command { std: "docker" "start" "-a" "6d7e2abbcc671a20c445fda4bd095e8015f9f34b4e9ec57b59fe78355ef70ed6", kill_on_drop: false }`
[INFO] running `Command { std: "docker" "inspect" "6d7e2abbcc671a20c445fda4bd095e8015f9f34b4e9ec57b59fe78355ef70ed6", kill_on_drop: false }`
[INFO] running `Command { std: "docker" "rm" "-f" "6d7e2abbcc671a20c445fda4bd095e8015f9f34b4e9ec57b59fe78355ef70ed6", kill_on_drop: false }`
[INFO] [stdout] 6d7e2abbcc671a20c445fda4bd095e8015f9f34b4e9ec57b59fe78355ef70ed6
[INFO] running `Command { std: "docker" "create" "-v" "/var/lib/crater-agent-workspace/builds/worker-4-tc1/target:/opt/rustwide/target:rw,Z" "-v" "/var/lib/crater-agent-workspace/builds/worker-4-tc1/source:/opt/rustwide/workdir:ro,Z" "-v" "/var/lib/crater-agent-workspace/cargo-home:/opt/rustwide/cargo-home:ro,Z" "-v" "/var/lib/crater-agent-workspace/rustup-home:/opt/rustwide/rustup-home:ro,Z" "-e" "SOURCE_DIR=/opt/rustwide/workdir" "-e" "CARGO_TARGET_DIR=/opt/rustwide/target" "-e" "CARGO_INCREMENTAL=0" "-e" "RUST_BACKTRACE=full" "-e" "RUSTFLAGS=--cap-lints=warn" "-e" "RUSTDOCFLAGS=--cap-lints=warn" "-e" "CARGO_HOME=/opt/rustwide/cargo-home" "-e" "RUSTUP_HOME=/opt/rustwide/rustup-home" "-w" "/opt/rustwide/workdir" "-m" "1610612736" "--user" "0:0" "--network" "none" "ghcr.io/rust-lang/crates-build-env/linux@sha256:2788e3201cd34a07e3172128adcd8b3090168a8e3bcc40d7c032b9dda1df7d1c" "/opt/rustwide/cargo-home/bin/cargo" "+1.75.0" "build" "--frozen" "--message-format=json", kill_on_drop: false }`
[INFO] [stdout] ee8d4d8dbcaf65c8695e95476a897f271b501595d992eb016e8ce018219c03b6
[INFO] running `Command { std: "docker" "start" "-a" "ee8d4d8dbcaf65c8695e95476a897f271b501595d992eb016e8ce018219c03b6", kill_on_drop: false }`
[INFO] [stderr]    Compiling autocfg v1.1.0
[INFO] [stderr]    Compiling libc v0.2.140
[INFO] [stderr]    Compiling proc-macro2 v1.0.54
[INFO] [stderr]    Compiling quote v1.0.26
[INFO] [stderr]    Compiling unicode-ident v1.0.6
[INFO] [stderr]    Compiling syn v1.0.109
[INFO] [stderr]    Compiling cfg-if v1.0.0
[INFO] [stderr]    Compiling pkg-config v0.3.26
[INFO] [stderr]    Compiling memchr v2.5.0
[INFO] [stderr]    Compiling log v0.4.17
[INFO] [stderr]    Compiling lock_api v0.4.9
[INFO] [stderr]    Compiling parking_lot_core v0.9.7
[INFO] [stderr]    Compiling smallvec v1.10.0
[INFO] [stderr]    Compiling pin-project-lite v0.2.9
[INFO] [stderr]    Compiling scopeguard v1.1.0
[INFO] [stderr]    Compiling bitflags v1.3.2
[INFO] [stderr]    Compiling once_cell v1.17.1
[INFO] [stderr]    Compiling futures-core v0.3.27
[INFO] [stderr]    Compiling jobserver v0.1.26
[INFO] [stderr]    Compiling slab v0.4.8
[INFO] [stderr]    Compiling bytes v1.4.0
[INFO] [stderr]    Compiling serde_derive v1.0.152
[INFO] [stderr]    Compiling futures-channel v0.3.27
[INFO] [stderr]    Compiling cc v1.0.79
[INFO] [stderr]    Compiling futures-sink v0.3.27
[INFO] [stderr]    Compiling itoa v1.0.5
[INFO] [stderr]    Compiling futures-task v0.3.27
[INFO] [stderr]    Compiling tokio v1.26.0
[INFO] [stderr]    Compiling futures-util v0.3.27
[INFO] [stderr]    Compiling serde v1.0.152
[INFO] [stderr]    Compiling signal-hook-registry v1.4.1
[INFO] [stderr]    Compiling mio v0.8.6
[INFO] [stderr]    Compiling num_cpus v1.15.0
[INFO] [stderr]    Compiling parking_lot v0.12.1
[INFO] [stderr]    Compiling socket2 v0.4.7
[INFO] [stderr]    Compiling indexmap v1.9.2
[INFO] [stderr]    Compiling pin-utils v0.1.0
[INFO] [stderr]    Compiling futures-io v0.3.27
[INFO] [stderr]    Compiling tracing-core v0.1.30
[INFO] [stderr]    Compiling openssl v0.10.45
[INFO] [stderr]    Compiling hashbrown v0.12.3
[INFO] [stderr]    Compiling tinyvec_macros v0.1.1
[INFO] [stderr]    Compiling foreign-types-shared v0.1.1
[INFO] [stderr]    Compiling fnv v1.0.7
[INFO] [stderr]    Compiling tinyvec v1.6.0
[INFO] [stderr]    Compiling foreign-types v0.3.2
[INFO] [stderr]    Compiling http v0.2.9
[INFO] [stderr]    Compiling native-tls v0.2.11
[INFO] [stderr]    Compiling openssl-probe v0.1.5
[INFO] [stderr]    Compiling openssl-sys v0.9.80
[INFO] [stderr]    Compiling libz-sys v1.1.8
[INFO] [stderr]    Compiling tracing v0.1.37
[INFO] [stderr]    Compiling percent-encoding v2.2.0
[INFO] [stderr]    Compiling httparse v1.8.0
[INFO] [stderr]    Compiling unicode-normalization v0.1.22
[INFO] [stderr]    Compiling form_urlencoded v1.1.0
[INFO] [stderr]    Compiling signal-hook v0.3.15
[INFO] [stderr]    Compiling try-lock v0.2.4
[INFO] [stderr]    Compiling unicode-bidi v0.3.10
[INFO] [stderr]    Compiling ryu v1.0.12
[INFO] [stderr]    Compiling want v0.3.0
[INFO] [stderr]    Compiling http-body v0.4.5
[INFO] [stderr]    Compiling idna v0.3.0
[INFO] [stderr]    Compiling libssh2-sys v0.2.23
[INFO] [stderr]    Compiling num-traits v0.2.15
[INFO] [stderr]    Compiling serde_json v1.0.93
[INFO] [stderr]    Compiling io-lifetimes v1.0.5
[INFO] [stderr]    Compiling httpdate v1.0.2
[INFO] [stderr]    Compiling tower-service v0.3.2
[INFO] [stderr]    Compiling url v2.3.1
[INFO] [stderr]    Compiling num-integer v0.1.45
[INFO] [stderr]    Compiling thiserror v1.0.38
[INFO] [stderr]    Compiling base64 v0.21.0
[INFO] [stderr]    Compiling rustix v0.36.8
[INFO] [stderr]    Compiling lazy_static v1.4.0
[INFO] [stderr]    Compiling signal-hook-mio v0.2.3
[INFO] [stderr]    Compiling futures-macro v0.3.27
[INFO] [stderr]    Compiling tokio-macros v1.8.2
[INFO] [stderr]    Compiling openssl-macros v0.1.0
[INFO] [stderr]    Compiling thiserror-impl v1.0.38
[INFO] [stderr]    Compiling libgit2-sys v0.14.2+1.5.1
[INFO] [stderr]    Compiling aho-corasick v0.7.20
[INFO] [stderr]    Compiling encoding_rs v0.8.32
[INFO] [stderr]    Compiling minimal-lexical v0.2.1
[INFO] [stderr]    Compiling mime v0.3.16
[INFO] [stderr]    Compiling linux-raw-sys v0.1.4
[INFO] [stderr]    Compiling anyhow v1.0.69
[INFO] [stderr]    Compiling ipnet v2.7.1
[INFO] [stderr]    Compiling bit-vec v0.6.3
[INFO] [stderr]    Compiling regex-syntax v0.6.28
[INFO] [stderr]    Compiling bit-set v0.5.3
[INFO] [stderr]    Compiling nom v7.1.3
[INFO] [stderr]    Compiling regex v1.7.1
[INFO] [stderr]    Compiling futures-executor v0.3.27
[INFO] [stderr]    Compiling atty v0.2.14
[INFO] [stderr]    Compiling fastrand v1.9.0
[INFO] [stderr]    Compiling either v1.8.1
[INFO] [stderr]    Compiling regex-automata v0.1.10
[INFO] [stderr]    Compiling unicode-segmentation v1.10.1
[INFO] [stderr]    Compiling which v4.4.0
[INFO] [stderr]    Compiling fancy-regex v0.11.0
[INFO] [stderr]    Compiling newline-converter v0.2.2
[INFO] [stderr]    Compiling eventsource-stream v0.2.3
[INFO] [stderr]    Compiling bstr v1.3.0
[INFO] [stderr]    Compiling tempfile v3.4.0
[INFO] [stderr]    Compiling tokio-util v0.7.7
[INFO] [stderr]    Compiling tokio-native-tls v0.3.1
[INFO] [stderr]    Compiling futures v0.3.27
[INFO] [stderr]    Compiling crossterm v0.25.0
[INFO] [stderr]    Compiling h2 v0.3.16
[INFO] [stderr]    Compiling futures-timer v3.0.2
[INFO] [stderr]    Compiling unicode-width v0.1.10
[INFO] [stderr]    Compiling unsafe-libyaml v0.2.7
[INFO] [stderr]    Compiling dyn-clone v1.0.11
[INFO] [stderr]    Compiling rustc-hash v1.1.0
[INFO] [stderr]    Compiling tiktoken-rs v0.2.2
[INFO] [stderr]    Compiling inquire v0.6.0
[INFO] [stderr]    Compiling edit v0.1.4
[INFO] [stderr]    Compiling colored v2.0.0
[INFO] [stderr]    Compiling serde_urlencoded v0.7.1
[INFO] [stderr]    Compiling chrono v0.4.24
[INFO] [stderr]    Compiling serde_path_to_error v0.1.10
[INFO] [stderr]    Compiling serde_yaml v0.9.19
[INFO] [stderr]    Compiling terminal-supports-emoji v0.1.3
[INFO] [stderr]    Compiling crossterm v0.26.1
[INFO] [stderr]    Compiling home v0.5.4
[INFO] [stderr]    Compiling hyper v0.14.24
[INFO] [stderr]    Compiling hyper-tls v0.5.0
[INFO] [stderr]    Compiling reqwest v0.11.14
[INFO] [stderr]    Compiling reqwest-eventsource v0.4.0
[INFO] [stderr]    Compiling crates_io_api v0.8.1
[INFO] [stderr]    Compiling git2 v0.16.1
[INFO] [stderr]    Compiling turbocommit v0.14.1 (/opt/rustwide/workdir)
[INFO] [stderr]     Finished dev [unoptimized + debuginfo] target(s) in 1m 12s
[INFO] running `Command { std: "docker" "inspect" "ee8d4d8dbcaf65c8695e95476a897f271b501595d992eb016e8ce018219c03b6", kill_on_drop: false }`
[INFO] running `Command { std: "docker" "rm" "-f" "ee8d4d8dbcaf65c8695e95476a897f271b501595d992eb016e8ce018219c03b6", kill_on_drop: false }`
[INFO] [stdout] ee8d4d8dbcaf65c8695e95476a897f271b501595d992eb016e8ce018219c03b6
[INFO] running `Command { std: "docker" "create" "-v" "/var/lib/crater-agent-workspace/builds/worker-4-tc1/target:/opt/rustwide/target:rw,Z" "-v" "/var/lib/crater-agent-workspace/builds/worker-4-tc1/source:/opt/rustwide/workdir:ro,Z" "-v" "/var/lib/crater-agent-workspace/cargo-home:/opt/rustwide/cargo-home:ro,Z" "-v" "/var/lib/crater-agent-workspace/rustup-home:/opt/rustwide/rustup-home:ro,Z" "-e" "SOURCE_DIR=/opt/rustwide/workdir" "-e" "CARGO_TARGET_DIR=/opt/rustwide/target" "-e" "CARGO_INCREMENTAL=0" "-e" "RUST_BACKTRACE=full" "-e" "RUSTFLAGS=--cap-lints=warn" "-e" "RUSTDOCFLAGS=--cap-lints=warn" "-e" "CARGO_HOME=/opt/rustwide/cargo-home" "-e" "RUSTUP_HOME=/opt/rustwide/rustup-home" "-w" "/opt/rustwide/workdir" "-m" "1610612736" "--user" "0:0" "--network" "none" "ghcr.io/rust-lang/crates-build-env/linux@sha256:2788e3201cd34a07e3172128adcd8b3090168a8e3bcc40d7c032b9dda1df7d1c" "/opt/rustwide/cargo-home/bin/cargo" "+1.75.0" "test" "--frozen" "--no-run" "--message-format=json", kill_on_drop: false }`
[INFO] [stdout] da36e67e6a8beec77a588ad047cd85af05301bdec8a3d51577c0a23751ef6096
[INFO] running `Command { std: "docker" "start" "-a" "da36e67e6a8beec77a588ad047cd85af05301bdec8a3d51577c0a23751ef6096", kill_on_drop: false }`
[INFO] [stderr]    Compiling turbocommit v0.14.1 (/opt/rustwide/workdir)
[INFO] [stdout] error[E0599]: no variant or associated item named `Gpt35Turbo16k` found for enum `openai::Model` in the current scope
[INFO] [stdout]    --> src/openai.rs:417:37
[INFO] [stdout]     |
[INFO] [stdout] 279 | pub enum Model {
[INFO] [stdout]     | -------------- variant or associated item `Gpt35Turbo16k` not found for this enum
[INFO] [stdout] ...
[INFO] [stdout] 417 |         let gpt35_turbo16k = Model::Gpt35Turbo16k;
[INFO] [stdout]     |                                     ^^^^^^^^^^^^^
[INFO] [stdout]     |                                     |
[INFO] [stdout]     |                                     variant or associated item not found in `Model`
[INFO] [stdout]     |                                     help: there is a variant with a similar name: `Gpt35Turbo`
[INFO] [stdout] 
[INFO] [stdout] 
[INFO] [stdout] error[E0599]: no variant or associated item named `Gpt35Turbo16k` found for enum `openai::Model` in the current scope
[INFO] [stdout]    --> src/openai.rs:430:37
[INFO] [stdout]     |
[INFO] [stdout] 279 | pub enum Model {
[INFO] [stdout]     | -------------- variant or associated item `Gpt35Turbo16k` not found for this enum
[INFO] [stdout] ...
[INFO] [stdout] 430 |         let gpt35_turbo16k = Model::Gpt35Turbo16k;
[INFO] [stdout]     |                                     ^^^^^^^^^^^^^
[INFO] [stdout]     |                                     |
[INFO] [stdout]     |                                     variant or associated item not found in `Model`
[INFO] [stdout]     |                                     help: there is a variant with a similar name: `Gpt35Turbo`
[INFO] [stdout] 
[INFO] [stdout] 
[INFO] [stdout] error: aborting due to 2 previous errors
[INFO] [stdout] 
[INFO] [stdout] 
[INFO] [stdout] For more information about this error, try `rustc --explain E0599`.
[INFO] [stdout] 
[INFO] [stderr] error: could not compile `turbocommit` (bin "turbocommit" test) due to 3 previous errors
[INFO] running `Command { std: "docker" "inspect" "da36e67e6a8beec77a588ad047cd85af05301bdec8a3d51577c0a23751ef6096", kill_on_drop: false }`
[INFO] running `Command { std: "docker" "rm" "-f" "da36e67e6a8beec77a588ad047cd85af05301bdec8a3d51577c0a23751ef6096", kill_on_drop: false }`
[INFO] [stdout] da36e67e6a8beec77a588ad047cd85af05301bdec8a3d51577c0a23751ef6096
[INFO] testing turbocommit-0.14.1 against beta-2023-12-22 for beta-1.76-1
[INFO] extracting crate turbocommit 0.14.1 into /workspace/builds/worker-4-tc2/source
[INFO] validating manifest of crates.io crate turbocommit 0.14.1 on toolchain beta-2023-12-22
[INFO] running `Command { std: CARGO_HOME="/workspace/cargo-home" RUSTUP_HOME="/workspace/rustup-home" "/workspace/cargo-home/bin/cargo" "+beta-2023-12-22" "metadata" "--manifest-path" "Cargo.toml" "--no-deps", kill_on_drop: false }`
[INFO] started tweaking crates.io crate turbocommit 0.14.1
[INFO] finished tweaking crates.io crate turbocommit 0.14.1
[INFO] tweaked toml for crates.io crate turbocommit 0.14.1 written to /workspace/builds/worker-4-tc2/source/Cargo.toml
[INFO] crate crates.io crate turbocommit 0.14.1 already has a lockfile, it will not be regenerated
[INFO] running `Command { std: CARGO_HOME="/workspace/cargo-home" RUSTUP_HOME="/workspace/rustup-home" "/workspace/cargo-home/bin/cargo" "+beta-2023-12-22" "fetch" "--manifest-path" "Cargo.toml", kill_on_drop: false }`
[INFO] running `Command { std: "docker" "create" "-v" "/var/lib/crater-agent-workspace/builds/worker-4-tc2/target:/opt/rustwide/target:rw,Z" "-v" "/var/lib/crater-agent-workspace/builds/worker-4-tc2/source:/opt/rustwide/workdir:ro,Z" "-v" "/var/lib/crater-agent-workspace/cargo-home:/opt/rustwide/cargo-home:ro,Z" "-v" "/var/lib/crater-agent-workspace/rustup-home:/opt/rustwide/rustup-home:ro,Z" "-e" "SOURCE_DIR=/opt/rustwide/workdir" "-e" "CARGO_TARGET_DIR=/opt/rustwide/target" "-e" "CARGO_HOME=/opt/rustwide/cargo-home" "-e" "RUSTUP_HOME=/opt/rustwide/rustup-home" "-w" "/opt/rustwide/workdir" "-m" "1610612736" "--user" "0:0" "--network" "none" "ghcr.io/rust-lang/crates-build-env/linux@sha256:2788e3201cd34a07e3172128adcd8b3090168a8e3bcc40d7c032b9dda1df7d1c" "/opt/rustwide/cargo-home/bin/cargo" "+beta-2023-12-22" "metadata" "--no-deps" "--format-version=1", kill_on_drop: false }`
[INFO] [stdout] b4541a077900abe194e842a06900be47c7d5127b2951823cc16fdca96fc85274
[INFO] running `Command { std: "docker" "start" "-a" "b4541a077900abe194e842a06900be47c7d5127b2951823cc16fdca96fc85274", kill_on_drop: false }`
[INFO] running `Command { std: "docker" "inspect" "b4541a077900abe194e842a06900be47c7d5127b2951823cc16fdca96fc85274", kill_on_drop: false }`
[INFO] running `Command { std: "docker" "rm" "-f" "b4541a077900abe194e842a06900be47c7d5127b2951823cc16fdca96fc85274", kill_on_drop: false }`
[INFO] [stdout] b4541a077900abe194e842a06900be47c7d5127b2951823cc16fdca96fc85274
[INFO] running `Command { std: "docker" "create" "-v" "/var/lib/crater-agent-workspace/builds/worker-4-tc2/target:/opt/rustwide/target:rw,Z" "-v" "/var/lib/crater-agent-workspace/builds/worker-4-tc2/source:/opt/rustwide/workdir:ro,Z" "-v" "/var/lib/crater-agent-workspace/cargo-home:/opt/rustwide/cargo-home:ro,Z" "-v" "/var/lib/crater-agent-workspace/rustup-home:/opt/rustwide/rustup-home:ro,Z" "-e" "SOURCE_DIR=/opt/rustwide/workdir" "-e" "CARGO_TARGET_DIR=/opt/rustwide/target" "-e" "CARGO_INCREMENTAL=0" "-e" "RUST_BACKTRACE=full" "-e" "RUSTFLAGS=--cap-lints=warn" "-e" "RUSTDOCFLAGS=--cap-lints=warn" "-e" "CARGO_HOME=/opt/rustwide/cargo-home" "-e" "RUSTUP_HOME=/opt/rustwide/rustup-home" "-w" "/opt/rustwide/workdir" "-m" "1610612736" "--user" "0:0" "--network" "none" "ghcr.io/rust-lang/crates-build-env/linux@sha256:2788e3201cd34a07e3172128adcd8b3090168a8e3bcc40d7c032b9dda1df7d1c" "/opt/rustwide/cargo-home/bin/cargo" "+beta-2023-12-22" "build" "--frozen" "--message-format=json", kill_on_drop: false }`
[INFO] [stdout] 24d61a678fd612762bd0261a7f7a54b8dc4b05fbd02c326b2e6c025abf47de2e
[INFO] running `Command { std: "docker" "start" "-a" "24d61a678fd612762bd0261a7f7a54b8dc4b05fbd02c326b2e6c025abf47de2e", kill_on_drop: false }`
[INFO] [stderr]    Compiling autocfg v1.1.0
[INFO] [stderr]    Compiling libc v0.2.140
[INFO] [stderr]    Compiling proc-macro2 v1.0.54
[INFO] [stderr]    Compiling unicode-ident v1.0.6
[INFO] [stderr]    Compiling quote v1.0.26
[INFO] [stderr]    Compiling syn v1.0.109
[INFO] [stderr]    Compiling cfg-if v1.0.0
[INFO] [stderr]    Compiling pkg-config v0.3.26
[INFO] [stderr]    Compiling memchr v2.5.0
[INFO] [stderr]    Compiling log v0.4.17
[INFO] [stderr]    Compiling parking_lot_core v0.9.7
[INFO] [stderr]    Compiling lock_api v0.4.9
[INFO] [stderr]    Compiling smallvec v1.10.0
[INFO] [stderr]    Compiling scopeguard v1.1.0
[INFO] [stderr]    Compiling pin-project-lite v0.2.9
[INFO] [stderr]    Compiling once_cell v1.17.1
[INFO] [stderr]    Compiling bitflags v1.3.2
[INFO] [stderr]    Compiling futures-core v0.3.27
[INFO] [stderr]    Compiling slab v0.4.8
[INFO] [stderr]    Compiling bytes v1.4.0
[INFO] [stderr]    Compiling jobserver v0.1.26
[INFO] [stderr]    Compiling itoa v1.0.5
[INFO] [stderr]    Compiling futures-sink v0.3.27
[INFO] [stderr]    Compiling futures-task v0.3.27
[INFO] [stderr]    Compiling futures-channel v0.3.27
[INFO] [stderr]    Compiling cc v1.0.79
[INFO] [stderr]    Compiling serde_derive v1.0.152
[INFO] [stderr]    Compiling tokio v1.26.0
[INFO] [stderr]    Compiling serde v1.0.152
[INFO] [stderr]    Compiling futures-util v0.3.27
[INFO] [stderr]    Compiling indexmap v1.9.2
[INFO] [stderr]    Compiling futures-io v0.3.27
[INFO] [stderr]    Compiling pin-utils v0.1.0
[INFO] [stderr]    Compiling signal-hook-registry v1.4.1
[INFO] [stderr]    Compiling mio v0.8.6
[INFO] [stderr]    Compiling socket2 v0.4.7
[INFO] [stderr]    Compiling num_cpus v1.15.0
[INFO] [stderr]    Compiling parking_lot v0.12.1
[INFO] [stderr]    Compiling tracing-core v0.1.30
[INFO] [stderr]    Compiling tinyvec_macros v0.1.1
[INFO] [stderr]    Compiling foreign-types-shared v0.1.1
[INFO] [stderr]    Compiling hashbrown v0.12.3
[INFO] [stderr]    Compiling openssl v0.10.45
[INFO] [stderr]    Compiling openssl-sys v0.9.80
[INFO] [stderr]    Compiling fnv v1.0.7
[INFO] [stderr]    Compiling http v0.2.9
[INFO] [stderr]    Compiling libz-sys v1.1.8
[INFO] [stderr]    Compiling tinyvec v1.6.0
[INFO] [stderr]    Compiling foreign-types v0.3.2
[INFO] [stderr]    Compiling tracing v0.1.37
[INFO] [stderr]    Compiling openssl-probe v0.1.5
[INFO] [stderr]    Compiling percent-encoding v2.2.0
[INFO] [stderr]    Compiling native-tls v0.2.11
[INFO] [stderr]    Compiling httparse v1.8.0
[INFO] [stderr]    Compiling unicode-normalization v0.1.22
[INFO] [stderr]    Compiling form_urlencoded v1.1.0
[INFO] [stderr]    Compiling ryu v1.0.12
[INFO] [stderr]    Compiling unicode-bidi v0.3.10
[INFO] [stderr]    Compiling signal-hook v0.3.15
[INFO] [stderr]    Compiling try-lock v0.2.4
[INFO] [stderr]    Compiling want v0.3.0
[INFO] [stderr]    Compiling libssh2-sys v0.2.23
[INFO] [stderr]    Compiling num-traits v0.2.15
[INFO] [stderr]    Compiling idna v0.3.0
[INFO] [stderr]    Compiling http-body v0.4.5
[INFO] [stderr]    Compiling io-lifetimes v1.0.5
[INFO] [stderr]    Compiling serde_json v1.0.93
[INFO] [stderr]    Compiling httpdate v1.0.2
[INFO] [stderr]    Compiling tower-service v0.3.2
[INFO] [stderr]    Compiling url v2.3.1
[INFO] [stderr]    Compiling num-integer v0.1.45
[INFO] [stderr]    Compiling lazy_static v1.4.0
[INFO] [stderr]    Compiling base64 v0.21.0
[INFO] [stderr]    Compiling thiserror v1.0.38
[INFO] [stderr]    Compiling rustix v0.36.8
[INFO] [stderr]    Compiling signal-hook-mio v0.2.3
[INFO] [stderr]    Compiling libgit2-sys v0.14.2+1.5.1
[INFO] [stderr]    Compiling aho-corasick v0.7.20
[INFO] [stderr]    Compiling encoding_rs v0.8.32
[INFO] [stderr]    Compiling anyhow v1.0.69
[INFO] [stderr]    Compiling bit-vec v0.6.3
[INFO] [stderr]    Compiling linux-raw-sys v0.1.4
[INFO] [stderr]    Compiling regex-syntax v0.6.28
[INFO] [stderr]    Compiling mime v0.3.16
[INFO] [stderr]    Compiling ipnet v2.7.1
[INFO] [stderr]    Compiling minimal-lexical v0.2.1
[INFO] [stderr]    Compiling nom v7.1.3
[INFO] [stderr]    Compiling bit-set v0.5.3
[INFO] [stderr]    Compiling atty v0.2.14
[INFO] [stderr]    Compiling unicode-segmentation v1.10.1
[INFO] [stderr]    Compiling regex-automata v0.1.10
[INFO] [stderr]    Compiling fastrand v1.9.0
[INFO] [stderr]    Compiling tokio-macros v1.8.2
[INFO] [stderr]    Compiling futures-macro v0.3.27
[INFO] [stderr]    Compiling openssl-macros v0.1.0
[INFO] [stderr]    Compiling thiserror-impl v1.0.38
[INFO] [stderr]    Compiling regex v1.7.1
[INFO] [stderr]    Compiling either v1.8.1
[INFO] [stderr]    Compiling which v4.4.0
[INFO] [stderr]    Compiling eventsource-stream v0.2.3
[INFO] [stderr]    Compiling tempfile v3.4.0
[INFO] [stderr]    Compiling fancy-regex v0.11.0
[INFO] [stderr]    Compiling newline-converter v0.2.2
[INFO] [stderr]    Compiling bstr v1.3.0
[INFO] [stderr]    Compiling crossterm v0.25.0
[INFO] [stderr]    Compiling rustc-hash v1.1.0
[INFO] [stderr]    Compiling dyn-clone v1.0.11
[INFO] [stderr]    Compiling unsafe-libyaml v0.2.7
[INFO] [stderr]    Compiling futures-timer v3.0.2
[INFO] [stderr]    Compiling unicode-width v0.1.10
[INFO] [stderr]    Compiling inquire v0.6.0
[INFO] [stderr]    Compiling tiktoken-rs v0.2.2
[INFO] [stderr]    Compiling edit v0.1.4
[INFO] [stderr]    Compiling futures-executor v0.3.27
[INFO] [stderr]    Compiling futures v0.3.27
[INFO] [stderr]    Compiling colored v2.0.0
[INFO] [stderr]    Compiling terminal-supports-emoji v0.1.3
[INFO] [stderr]    Compiling crossterm v0.26.1
[INFO] [stderr]    Compiling home v0.5.4
[INFO] [stderr]    Compiling tokio-util v0.7.7
[INFO] [stderr]    Compiling tokio-native-tls v0.3.1
[INFO] [stderr]    Compiling h2 v0.3.16
[INFO] [stderr]    Compiling serde_urlencoded v0.7.1
[INFO] [stderr]    Compiling serde_path_to_error v0.1.10
[INFO] [stderr]    Compiling chrono v0.4.24
[INFO] [stderr]    Compiling serde_yaml v0.9.19
[INFO] [stderr]    Compiling hyper v0.14.24
[INFO] [stderr]    Compiling hyper-tls v0.5.0
[INFO] [stderr]    Compiling reqwest v0.11.14
[INFO] [stderr]    Compiling crates_io_api v0.8.1
[INFO] [stderr]    Compiling reqwest-eventsource v0.4.0
[INFO] [stderr]    Compiling git2 v0.16.1
[INFO] [stderr]    Compiling turbocommit v0.14.1 (/opt/rustwide/workdir)
[INFO] [stderr]     Finished dev [unoptimized + debuginfo] target(s) in 1m 17s
[INFO] running `Command { std: "docker" "inspect" "24d61a678fd612762bd0261a7f7a54b8dc4b05fbd02c326b2e6c025abf47de2e", kill_on_drop: false }`
[INFO] running `Command { std: "docker" "rm" "-f" "24d61a678fd612762bd0261a7f7a54b8dc4b05fbd02c326b2e6c025abf47de2e", kill_on_drop: false }`
[INFO] [stdout] 24d61a678fd612762bd0261a7f7a54b8dc4b05fbd02c326b2e6c025abf47de2e
[INFO] running `Command { std: "docker" "create" "-v" "/var/lib/crater-agent-workspace/builds/worker-4-tc2/target:/opt/rustwide/target:rw,Z" "-v" "/var/lib/crater-agent-workspace/builds/worker-4-tc2/source:/opt/rustwide/workdir:ro,Z" "-v" "/var/lib/crater-agent-workspace/cargo-home:/opt/rustwide/cargo-home:ro,Z" "-v" "/var/lib/crater-agent-workspace/rustup-home:/opt/rustwide/rustup-home:ro,Z" "-e" "SOURCE_DIR=/opt/rustwide/workdir" "-e" "CARGO_TARGET_DIR=/opt/rustwide/target" "-e" "CARGO_INCREMENTAL=0" "-e" "RUST_BACKTRACE=full" "-e" "RUSTFLAGS=--cap-lints=warn" "-e" "RUSTDOCFLAGS=--cap-lints=warn" "-e" "CARGO_HOME=/opt/rustwide/cargo-home" "-e" "RUSTUP_HOME=/opt/rustwide/rustup-home" "-w" "/opt/rustwide/workdir" "-m" "1610612736" "--user" "0:0" "--network" "none" "ghcr.io/rust-lang/crates-build-env/linux@sha256:2788e3201cd34a07e3172128adcd8b3090168a8e3bcc40d7c032b9dda1df7d1c" "/opt/rustwide/cargo-home/bin/cargo" "+beta-2023-12-22" "test" "--frozen" "--no-run" "--message-format=json", kill_on_drop: false }`
[INFO] [stdout] a63cb62a04fc7957dd1404a4ecb7b3a646710a2dc070ceed6b40530d6c99a847
[INFO] running `Command { std: "docker" "start" "-a" "a63cb62a04fc7957dd1404a4ecb7b3a646710a2dc070ceed6b40530d6c99a847", kill_on_drop: false }`
[INFO] [stderr]    Compiling turbocommit v0.14.1 (/opt/rustwide/workdir)
[INFO] [stdout] error[E0599]: no variant or associated item named `Gpt35Turbo16k` found for enum `openai::Model` in the current scope
[INFO] [stdout]    --> src/openai.rs:417:37
[INFO] [stdout]     |
[INFO] [stdout] 279 | pub enum Model {
[INFO] [stdout]     | -------------- variant or associated item `Gpt35Turbo16k` not found for this enum
[INFO] [stdout] ...
[INFO] [stdout] 417 |         let gpt35_turbo16k = Model::Gpt35Turbo16k;
[INFO] [stdout]     |                                     ^^^^^^^^^^^^^
[INFO] [stdout]     |                                     |
[INFO] [stdout]     |                                     variant or associated item not found in `Model`
[INFO] [stdout]     |                                     help: there is a variant with a similar name: `Gpt35Turbo`
[INFO] [stdout] 
[INFO] [stdout] 
[INFO] [stdout] error[E0599]: no variant or associated item named `Gpt35Turbo16k` found for enum `openai::Model` in the current scope
[INFO] [stdout]    --> src/openai.rs:430:37
[INFO] [stdout]     |
[INFO] [stdout] 279 | pub enum Model {
[INFO] [stdout]     | -------------- variant or associated item `Gpt35Turbo16k` not found for this enum
[INFO] [stdout] ...
[INFO] [stdout] 430 |         let gpt35_turbo16k = Model::Gpt35Turbo16k;
[INFO] [stdout]     |                                     ^^^^^^^^^^^^^
[INFO] [stdout]     |                                     |
[INFO] [stdout]     |                                     variant or associated item not found in `Model`
[INFO] [stdout]     |                                     help: there is a variant with a similar name: `Gpt35Turbo`
[INFO] [stdout] 
[INFO] [stdout] 
[INFO] [stdout] error: aborting due to 2 previous errors
[INFO] [stdout] 
[INFO] [stdout] 
[INFO] [stdout] For more information about this error, try `rustc --explain E0599`.
[INFO] [stdout] 
[INFO] [stderr] error: could not compile `turbocommit` (bin "turbocommit" test) due to 3 previous errors
[INFO] running `Command { std: "docker" "inspect" "a63cb62a04fc7957dd1404a4ecb7b3a646710a2dc070ceed6b40530d6c99a847", kill_on_drop: false }`
[INFO] running `Command { std: "docker" "rm" "-f" "a63cb62a04fc7957dd1404a4ecb7b3a646710a2dc070ceed6b40530d6c99a847", kill_on_drop: false }`
[INFO] [stdout] a63cb62a04fc7957dd1404a4ecb7b3a646710a2dc070ceed6b40530d6c99a847
