[INFO] fetching crate turbocharger 0.4.0...
[INFO] testing turbocharger-0.4.0 against 1.75.0 for beta-1.76-1
[INFO] extracting crate turbocharger 0.4.0 into /workspace/builds/worker-2-tc1/source
[INFO] validating manifest of crates.io crate turbocharger 0.4.0 on toolchain 1.75.0
[INFO] running `Command { std: CARGO_HOME="/workspace/cargo-home" RUSTUP_HOME="/workspace/rustup-home" "/workspace/cargo-home/bin/cargo" "+1.75.0" "metadata" "--manifest-path" "Cargo.toml" "--no-deps", kill_on_drop: false }`
[INFO] started tweaking crates.io crate turbocharger 0.4.0
[INFO] finished tweaking crates.io crate turbocharger 0.4.0
[INFO] tweaked toml for crates.io crate turbocharger 0.4.0 written to /workspace/builds/worker-2-tc1/source/Cargo.toml
[INFO] running `Command { std: CARGO_HOME="/workspace/cargo-home" RUSTUP_HOME="/workspace/rustup-home" "/workspace/cargo-home/bin/cargo" "+1.75.0" "generate-lockfile" "--manifest-path" "Cargo.toml", kill_on_drop: false }`
[INFO] [stderr]     Updating crates.io index
[INFO] running `Command { std: CARGO_HOME="/workspace/cargo-home" RUSTUP_HOME="/workspace/rustup-home" "/workspace/cargo-home/bin/cargo" "+1.75.0" "fetch" "--manifest-path" "Cargo.toml", kill_on_drop: false }`
[INFO] [stderr]  Downloading crates ...
[INFO] [stderr]   Downloaded dioxus-hooks v0.2.1
[INFO] [stderr]   Downloaded stream-cancel v0.8.2
[INFO] [stderr]   Downloaded dioxus-core-macro v0.2.1
[INFO] [stderr]   Downloaded tracked-impl v0.5.4
[INFO] [stderr]   Downloaded dioxus-html v0.2.1
[INFO] [stderr]   Downloaded longest-increasing-subsequence v0.1.0
[INFO] [stderr]   Downloaded turbosql-impl v0.7.0
[INFO] [stderr]   Downloaded turbocharger-impl v0.4.0
[INFO] [stderr]   Downloaded tracked v0.5.4
[INFO] [stderr]   Downloaded dioxus-core v0.2.1
[INFO] [stderr]   Downloaded dioxus v0.2.4
[INFO] [stderr]   Downloaded turbosql v0.7.0
[INFO] running `Command { std: "docker" "create" "-v" "/var/lib/crater-agent-workspace/builds/worker-2-tc1/target:/opt/rustwide/target:rw,Z" "-v" "/var/lib/crater-agent-workspace/builds/worker-2-tc1/source:/opt/rustwide/workdir:ro,Z" "-v" "/var/lib/crater-agent-workspace/cargo-home:/opt/rustwide/cargo-home:ro,Z" "-v" "/var/lib/crater-agent-workspace/rustup-home:/opt/rustwide/rustup-home:ro,Z" "-e" "SOURCE_DIR=/opt/rustwide/workdir" "-e" "CARGO_TARGET_DIR=/opt/rustwide/target" "-e" "CARGO_HOME=/opt/rustwide/cargo-home" "-e" "RUSTUP_HOME=/opt/rustwide/rustup-home" "-w" "/opt/rustwide/workdir" "-m" "1610612736" "--user" "0:0" "--network" "none" "ghcr.io/rust-lang/crates-build-env/linux@sha256:2788e3201cd34a07e3172128adcd8b3090168a8e3bcc40d7c032b9dda1df7d1c" "/opt/rustwide/cargo-home/bin/cargo" "+1.75.0" "metadata" "--no-deps" "--format-version=1", kill_on_drop: false }`
[INFO] [stdout] d9ac174d4a505eb46cb43753021e59eeaf2fba6549a9b86544e8165bb4a17082
[INFO] running `Command { std: "docker" "start" "-a" "d9ac174d4a505eb46cb43753021e59eeaf2fba6549a9b86544e8165bb4a17082", kill_on_drop: false }`
[INFO] running `Command { std: "docker" "inspect" "d9ac174d4a505eb46cb43753021e59eeaf2fba6549a9b86544e8165bb4a17082", kill_on_drop: false }`
[INFO] running `Command { std: "docker" "rm" "-f" "d9ac174d4a505eb46cb43753021e59eeaf2fba6549a9b86544e8165bb4a17082", kill_on_drop: false }`
[INFO] [stdout] d9ac174d4a505eb46cb43753021e59eeaf2fba6549a9b86544e8165bb4a17082
[INFO] running `Command { std: "docker" "create" "-v" "/var/lib/crater-agent-workspace/builds/worker-2-tc1/target:/opt/rustwide/target:rw,Z" "-v" "/var/lib/crater-agent-workspace/builds/worker-2-tc1/source:/opt/rustwide/workdir:ro,Z" "-v" "/var/lib/crater-agent-workspace/cargo-home:/opt/rustwide/cargo-home:ro,Z" "-v" "/var/lib/crater-agent-workspace/rustup-home:/opt/rustwide/rustup-home:ro,Z" "-e" "SOURCE_DIR=/opt/rustwide/workdir" "-e" "CARGO_TARGET_DIR=/opt/rustwide/target" "-e" "CARGO_INCREMENTAL=0" "-e" "RUST_BACKTRACE=full" "-e" "RUSTFLAGS=--cap-lints=warn" "-e" "RUSTDOCFLAGS=--cap-lints=warn" "-e" "CARGO_HOME=/opt/rustwide/cargo-home" "-e" "RUSTUP_HOME=/opt/rustwide/rustup-home" "-w" "/opt/rustwide/workdir" "-m" "1610612736" "--user" "0:0" "--network" "none" "ghcr.io/rust-lang/crates-build-env/linux@sha256:2788e3201cd34a07e3172128adcd8b3090168a8e3bcc40d7c032b9dda1df7d1c" "/opt/rustwide/cargo-home/bin/cargo" "+1.75.0" "build" "--frozen" "--message-format=json", kill_on_drop: false }`
[INFO] [stdout] 640e90a548d4adb3b8a29fa25fb3fd5e969e18a322509e1101cf2493d590c47a
[INFO] running `Command { std: "docker" "start" "-a" "640e90a548d4adb3b8a29fa25fb3fd5e969e18a322509e1101cf2493d590c47a", kill_on_drop: false }`
[INFO] [stderr]    Compiling proc-macro2 v1.0.75
[INFO] [stderr]    Compiling unicode-ident v1.0.12
[INFO] [stderr]    Compiling libc v0.2.151
[INFO] [stderr]    Compiling version_check v0.9.4
[INFO] [stderr]    Compiling wasm-bindgen-shared v0.2.89
[INFO] [stderr]    Compiling once_cell v1.19.0
[INFO] [stderr]    Compiling serde v1.0.194
[INFO] [stderr]    Compiling pin-project-lite v0.2.13
[INFO] [stderr]    Compiling bumpalo v3.14.0
[INFO] [stderr]    Compiling futures-core v0.3.30
[INFO] [stderr]    Compiling log v0.4.20
[INFO] [stderr]    Compiling syn v1.0.109
[INFO] [stderr]    Compiling autocfg v1.1.0
[INFO] [stderr]    Compiling prettyplease v0.1.25
[INFO] [stderr]    Compiling proc-macro-error-attr v1.0.4
[INFO] [stderr]    Compiling proc-macro-error v1.0.4
[INFO] [stderr]    Compiling wasm-bindgen v0.2.89
[INFO] [stderr]    Compiling cfg-if v1.0.0
[INFO] [stderr]    Compiling async-trait v0.1.77
[INFO] [stderr]    Compiling turbocharger-impl v0.4.0
[INFO] [stderr]    Compiling slab v0.4.9
[INFO] [stderr]    Compiling inventory v0.3.14
[INFO] [stderr]    Compiling pin-utils v0.1.0
[INFO] [stderr]    Compiling futures-task v0.3.30
[INFO] [stderr]    Compiling futures-sink v0.3.30
[INFO] [stderr]    Compiling futures-channel v0.3.30
[INFO] [stderr]    Compiling quote v1.0.35
[INFO] [stderr]    Compiling syn v2.0.48
[INFO] [stderr]    Compiling mio v0.8.10
[INFO] [stderr]    Compiling socket2 v0.5.5
[INFO] [stderr]    Compiling fs2 v0.4.3
[INFO] [stderr]    Compiling tokio v1.35.1
[INFO] [stderr]    Compiling tokio-stream v0.1.14
[INFO] [stderr]    Compiling wasm-bindgen-backend v0.2.89
[INFO] [stderr]    Compiling serde_derive v1.0.194
[INFO] [stderr]    Compiling pin-project-internal v1.1.3
[INFO] [stderr]    Compiling futures-macro v0.3.30
[INFO] [stderr]    Compiling tracked-impl v0.5.4
[INFO] [stderr]    Compiling wasm-bindgen-macro-support v0.2.89
[INFO] [stderr]    Compiling typetag-impl v0.2.15
[INFO] [stderr]    Compiling async-stream-impl v0.3.5
[INFO] [stderr]    Compiling futures-util v0.3.30
[INFO] [stderr]    Compiling pin-project v1.1.3
[INFO] [stderr]    Compiling async-stream v0.3.5
[INFO] [stderr]    Compiling stream-cancel v0.8.2
[INFO] [stderr]    Compiling wasm-bindgen-macro v0.2.89
[INFO] [stderr]    Compiling console_error_panic_hook v0.1.7
[INFO] [stderr]    Compiling erased-serde v0.4.2
[INFO] [stderr]    Compiling bincode v1.3.3
[INFO] [stderr]    Compiling tracked v0.5.4
[INFO] [stderr]    Compiling typetag v0.2.15
[INFO] [stderr]    Compiling turbocharger v0.4.0 (/opt/rustwide/workdir)
[INFO] [stdout] error[E0432]: unresolved import `futures_util::SinkExt`
[INFO] [stdout]    --> src/lib.rs:4:20
[INFO] [stdout]     |
[INFO] [stdout] 4   | use futures_util::{SinkExt, StreamExt};
[INFO] [stdout]     |                    ^^^^^^^ no `SinkExt` in the root
[INFO] [stdout]     |
[INFO] [stdout] note: found an item that was configured out
[INFO] [stdout]    --> /opt/rustwide/cargo-home/registry/src/index.crates.io-6f17d22bba15001f/futures-util-0.3.30/src/lib.rs:307:29
[INFO] [stdout]     |
[INFO] [stdout] 307 | pub use crate::sink::{Sink, SinkExt};
[INFO] [stdout]     |                             ^^^^^^^
[INFO] [stdout]     = note: the item is gated behind the `sink` feature
[INFO] [stdout] 
[INFO] [stdout] 
[INFO] [stdout] error[E0425]: cannot find function `spawn` in crate `tokio`
[INFO] [stdout]    --> src/lib.rs:213:9
[INFO] [stdout]     |
[INFO] [stdout] 213 |  tokio::spawn(async move {
[INFO] [stdout]     |         ^^^^^ not found in `tokio`
[INFO] [stdout]     |
[INFO] [stdout] note: found an item that was configured out
[INFO] [stdout]    --> /opt/rustwide/cargo-home/registry/src/index.crates.io-6f17d22bba15001f/tokio-1.35.1/src/lib.rs:546:19
[INFO] [stdout]     |
[INFO] [stdout] 546 |     pub use task::spawn;
[INFO] [stdout]     |                   ^^^^^
[INFO] [stdout]     = note: the item is gated behind the `rt` feature
[INFO] [stdout] help: consider importing this function
[INFO] [stdout]     |
[INFO] [stdout] 4   + use std::thread::spawn;
[INFO] [stdout]     |
[INFO] [stdout] help: if you import `spawn`, refer to it directly
[INFO] [stdout]     |
[INFO] [stdout] 213 -  tokio::spawn(async move {
[INFO] [stdout] 213 +  spawn(async move {
[INFO] [stdout]     |
[INFO] [stdout] 
[INFO] [stdout] 
[INFO] [stdout] error[E0425]: cannot find function `spawn` in module `tokio::task`
[INFO] [stdout]    --> src/lib.rs:227:19
[INFO] [stdout]     |
[INFO] [stdout] 227 |      tokio::task::spawn(async move {
[INFO] [stdout]     |                   ^^^^^ not found in `tokio::task`
[INFO] [stdout]     |
[INFO] [stdout] note: found an item that was configured out
[INFO] [stdout]    --> /opt/rustwide/cargo-home/registry/src/index.crates.io-6f17d22bba15001f/tokio-1.35.1/src/task/mod.rs:326:9
[INFO] [stdout]     |
[INFO] [stdout] 326 |     mod spawn;
[INFO] [stdout]     |         ^^^^^
[INFO] [stdout]     = note: the item is gated behind the `rt` feature
[INFO] [stdout] note: found an item that was configured out
[INFO] [stdout]    --> /opt/rustwide/cargo-home/registry/src/index.crates.io-6f17d22bba15001f/tokio-1.35.1/src/task/mod.rs:327:20
[INFO] [stdout]     |
[INFO] [stdout] 327 |     pub use spawn::spawn;
[INFO] [stdout]     |                    ^^^^^
[INFO] [stdout]     = note: the item is gated behind the `rt` feature
[INFO] [stdout] help: consider importing this function
[INFO] [stdout]     |
[INFO] [stdout] 4   + use std::thread::spawn;
[INFO] [stdout]     |
[INFO] [stdout] help: if you import `spawn`, refer to it directly
[INFO] [stdout]     |
[INFO] [stdout] 227 -      tokio::task::spawn(async move {
[INFO] [stdout] 227 +      spawn(async move {
[INFO] [stdout]     |
[INFO] [stdout] 
[INFO] [stdout] 
[INFO] [stdout] error[E0425]: cannot find function `spawn` in module `tokio::task`
[INFO] [stdout]    --> src/lib.rs:231:21
[INFO] [stdout]     |
[INFO] [stdout] 231 |        tokio::task::spawn(async move {
[INFO] [stdout]     |                     ^^^^^ not found in `tokio::task`
[INFO] [stdout]     |
[INFO] [stdout] note: found an item that was configured out
[INFO] [stdout]    --> /opt/rustwide/cargo-home/registry/src/index.crates.io-6f17d22bba15001f/tokio-1.35.1/src/task/mod.rs:326:9
[INFO] [stdout]     |
[INFO] [stdout] 326 |     mod spawn;
[INFO] [stdout]     |         ^^^^^
[INFO] [stdout]     = note: the item is gated behind the `rt` feature
[INFO] [stdout] note: found an item that was configured out
[INFO] [stdout]    --> /opt/rustwide/cargo-home/registry/src/index.crates.io-6f17d22bba15001f/tokio-1.35.1/src/task/mod.rs:327:20
[INFO] [stdout]     |
[INFO] [stdout] 327 |     pub use spawn::spawn;
[INFO] [stdout]     |                    ^^^^^
[INFO] [stdout]     = note: the item is gated behind the `rt` feature
[INFO] [stdout] help: consider importing this function
[INFO] [stdout]     |
[INFO] [stdout] 4   + use std::thread::spawn;
[INFO] [stdout]     |
[INFO] [stdout] help: if you import `spawn`, refer to it directly
[INFO] [stdout]     |
[INFO] [stdout] 231 -        tokio::task::spawn(async move {
[INFO] [stdout] 231 +        spawn(async move {
[INFO] [stdout]     |
[INFO] [stdout] 
[INFO] [stdout] 
[INFO] [stdout] error[E0599]: no method named `send` found for struct `futures_channel::mpsc::UnboundedSender` in the current scope
[INFO] [stdout]    --> src/lib.rs:246:13
[INFO] [stdout]     |
[INFO] [stdout] 246 |      sender.send(msg).await.unwrap();
[INFO] [stdout]     |             ^^^^ method not found in `UnboundedSender<Vec<u8>>`
[INFO] [stdout] 
[INFO] [stdout] 
[INFO] [stdout] error: aborting due to 5 previous errors
[INFO] [stdout] 
[INFO] [stdout] 
[INFO] [stdout] Some errors have detailed explanations: E0425, E0432, E0599.
[INFO] [stdout] 
[INFO] [stdout] For more information about an error, try `rustc --explain E0425`.
[INFO] [stdout] 
[INFO] [stderr] error: could not compile `turbocharger` (lib) due to 6 previous errors
[INFO] running `Command { std: "docker" "inspect" "640e90a548d4adb3b8a29fa25fb3fd5e969e18a322509e1101cf2493d590c47a", kill_on_drop: false }`
[INFO] running `Command { std: "docker" "rm" "-f" "640e90a548d4adb3b8a29fa25fb3fd5e969e18a322509e1101cf2493d590c47a", kill_on_drop: false }`
[INFO] [stdout] 640e90a548d4adb3b8a29fa25fb3fd5e969e18a322509e1101cf2493d590c47a
[INFO] testing turbocharger-0.4.0 against beta-2023-12-22 for beta-1.76-1
[INFO] extracting crate turbocharger 0.4.0 into /workspace/builds/worker-2-tc2/source
[INFO] validating manifest of crates.io crate turbocharger 0.4.0 on toolchain beta-2023-12-22
[INFO] running `Command { std: CARGO_HOME="/workspace/cargo-home" RUSTUP_HOME="/workspace/rustup-home" "/workspace/cargo-home/bin/cargo" "+beta-2023-12-22" "metadata" "--manifest-path" "Cargo.toml" "--no-deps", kill_on_drop: false }`
[INFO] started tweaking crates.io crate turbocharger 0.4.0
[INFO] finished tweaking crates.io crate turbocharger 0.4.0
[INFO] tweaked toml for crates.io crate turbocharger 0.4.0 written to /workspace/builds/worker-2-tc2/source/Cargo.toml
[INFO] running `Command { std: CARGO_HOME="/workspace/cargo-home" RUSTUP_HOME="/workspace/rustup-home" "/workspace/cargo-home/bin/cargo" "+beta-2023-12-22" "generate-lockfile" "--manifest-path" "Cargo.toml", kill_on_drop: false }`
[INFO] [stderr]     Updating crates.io index
[INFO] running `Command { std: CARGO_HOME="/workspace/cargo-home" RUSTUP_HOME="/workspace/rustup-home" "/workspace/cargo-home/bin/cargo" "+beta-2023-12-22" "fetch" "--manifest-path" "Cargo.toml", kill_on_drop: false }`
[INFO] running `Command { std: "docker" "create" "-v" "/var/lib/crater-agent-workspace/builds/worker-2-tc2/target:/opt/rustwide/target:rw,Z" "-v" "/var/lib/crater-agent-workspace/builds/worker-2-tc2/source:/opt/rustwide/workdir:ro,Z" "-v" "/var/lib/crater-agent-workspace/cargo-home:/opt/rustwide/cargo-home:ro,Z" "-v" "/var/lib/crater-agent-workspace/rustup-home:/opt/rustwide/rustup-home:ro,Z" "-e" "SOURCE_DIR=/opt/rustwide/workdir" "-e" "CARGO_TARGET_DIR=/opt/rustwide/target" "-e" "CARGO_HOME=/opt/rustwide/cargo-home" "-e" "RUSTUP_HOME=/opt/rustwide/rustup-home" "-w" "/opt/rustwide/workdir" "-m" "1610612736" "--user" "0:0" "--network" "none" "ghcr.io/rust-lang/crates-build-env/linux@sha256:2788e3201cd34a07e3172128adcd8b3090168a8e3bcc40d7c032b9dda1df7d1c" "/opt/rustwide/cargo-home/bin/cargo" "+beta-2023-12-22" "metadata" "--no-deps" "--format-version=1", kill_on_drop: false }`
[INFO] [stdout] 10cd46cbd644fbab2777c8db5c72ae8b758b706b484c50558ff0243a0571159e
[INFO] running `Command { std: "docker" "start" "-a" "10cd46cbd644fbab2777c8db5c72ae8b758b706b484c50558ff0243a0571159e", kill_on_drop: false }`
[INFO] running `Command { std: "docker" "inspect" "10cd46cbd644fbab2777c8db5c72ae8b758b706b484c50558ff0243a0571159e", kill_on_drop: false }`
[INFO] running `Command { std: "docker" "rm" "-f" "10cd46cbd644fbab2777c8db5c72ae8b758b706b484c50558ff0243a0571159e", kill_on_drop: false }`
[INFO] [stdout] 10cd46cbd644fbab2777c8db5c72ae8b758b706b484c50558ff0243a0571159e
[INFO] running `Command { std: "docker" "create" "-v" "/var/lib/crater-agent-workspace/builds/worker-2-tc2/target:/opt/rustwide/target:rw,Z" "-v" "/var/lib/crater-agent-workspace/builds/worker-2-tc2/source:/opt/rustwide/workdir:ro,Z" "-v" "/var/lib/crater-agent-workspace/cargo-home:/opt/rustwide/cargo-home:ro,Z" "-v" "/var/lib/crater-agent-workspace/rustup-home:/opt/rustwide/rustup-home:ro,Z" "-e" "SOURCE_DIR=/opt/rustwide/workdir" "-e" "CARGO_TARGET_DIR=/opt/rustwide/target" "-e" "CARGO_INCREMENTAL=0" "-e" "RUST_BACKTRACE=full" "-e" "RUSTFLAGS=--cap-lints=warn" "-e" "RUSTDOCFLAGS=--cap-lints=warn" "-e" "CARGO_HOME=/opt/rustwide/cargo-home" "-e" "RUSTUP_HOME=/opt/rustwide/rustup-home" "-w" "/opt/rustwide/workdir" "-m" "1610612736" "--user" "0:0" "--network" "none" "ghcr.io/rust-lang/crates-build-env/linux@sha256:2788e3201cd34a07e3172128adcd8b3090168a8e3bcc40d7c032b9dda1df7d1c" "/opt/rustwide/cargo-home/bin/cargo" "+beta-2023-12-22" "build" "--frozen" "--message-format=json", kill_on_drop: false }`
[INFO] [stdout] 981bad3a97ea32adf63c7c496f6ef3112ea81dcd5087bcf08dbbdda4d1405f79
[INFO] running `Command { std: "docker" "start" "-a" "981bad3a97ea32adf63c7c496f6ef3112ea81dcd5087bcf08dbbdda4d1405f79", kill_on_drop: false }`
[INFO] [stderr]    Compiling proc-macro2 v1.0.75
[INFO] [stderr]    Compiling unicode-ident v1.0.12
[INFO] [stderr]    Compiling libc v0.2.151
[INFO] [stderr]    Compiling once_cell v1.19.0
[INFO] [stderr]    Compiling version_check v0.9.4
[INFO] [stderr]    Compiling wasm-bindgen-shared v0.2.89
[INFO] [stderr]    Compiling serde v1.0.194
[INFO] [stderr]    Compiling log v0.4.20
[INFO] [stderr]    Compiling futures-core v0.3.30
[INFO] [stderr]    Compiling bumpalo v3.14.0
[INFO] [stderr]    Compiling syn v1.0.109
[INFO] [stderr]    Compiling pin-project-lite v0.2.13
[INFO] [stderr]    Compiling prettyplease v0.1.25
[INFO] [stderr]    Compiling proc-macro-error-attr v1.0.4
[INFO] [stderr]    Compiling autocfg v1.1.0
[INFO] [stderr]    Compiling proc-macro-error v1.0.4
[INFO] [stderr]    Compiling wasm-bindgen v0.2.89
[INFO] [stderr]    Compiling turbocharger-impl v0.4.0
[INFO] [stderr]    Compiling async-trait v0.1.77
[INFO] [stderr]    Compiling cfg-if v1.0.0
[INFO] [stderr]    Compiling pin-utils v0.1.0
[INFO] [stderr]    Compiling slab v0.4.9
[INFO] [stderr]    Compiling inventory v0.3.14
[INFO] [stderr]    Compiling futures-sink v0.3.30
[INFO] [stderr]    Compiling futures-task v0.3.30
[INFO] [stderr]    Compiling quote v1.0.35
[INFO] [stderr]    Compiling futures-channel v0.3.30
[INFO] [stderr]    Compiling syn v2.0.48
[INFO] [stderr]    Compiling socket2 v0.5.5
[INFO] [stderr]    Compiling mio v0.8.10
[INFO] [stderr]    Compiling fs2 v0.4.3
[INFO] [stderr]    Compiling tokio v1.35.1
[INFO] [stderr]    Compiling tokio-stream v0.1.14
[INFO] [stderr]    Compiling wasm-bindgen-backend v0.2.89
[INFO] [stderr]    Compiling serde_derive v1.0.194
[INFO] [stderr]    Compiling pin-project-internal v1.1.3
[INFO] [stderr]    Compiling wasm-bindgen-macro-support v0.2.89
[INFO] [stderr]    Compiling async-stream-impl v0.3.5
[INFO] [stderr]    Compiling tracked-impl v0.5.4
[INFO] [stderr]    Compiling typetag-impl v0.2.15
[INFO] [stderr]    Compiling futures-macro v0.3.30
[INFO] [stderr]    Compiling async-stream v0.3.5
[INFO] [stderr]    Compiling wasm-bindgen-macro v0.2.89
[INFO] [stderr]    Compiling futures-util v0.3.30
[INFO] [stderr]    Compiling pin-project v1.1.3
[INFO] [stderr]    Compiling stream-cancel v0.8.2
[INFO] [stderr]    Compiling console_error_panic_hook v0.1.7
[INFO] [stderr]    Compiling erased-serde v0.4.2
[INFO] [stderr]    Compiling tracked v0.5.4
[INFO] [stderr]    Compiling bincode v1.3.3
[INFO] [stderr]    Compiling typetag v0.2.15
[INFO] [stderr]    Compiling turbocharger v0.4.0 (/opt/rustwide/workdir)
[INFO] [stdout] error[E0432]: unresolved import `futures_util::SinkExt`
[INFO] [stdout]    --> src/lib.rs:4:20
[INFO] [stdout]     |
[INFO] [stdout] 4   | use futures_util::{SinkExt, StreamExt};
[INFO] [stdout]     |                    ^^^^^^^ no `SinkExt` in the root
[INFO] [stdout]     |
[INFO] [stdout] note: found an item that was configured out
[INFO] [stdout]    --> /opt/rustwide/cargo-home/registry/src/index.crates.io-6f17d22bba15001f/futures-util-0.3.30/src/lib.rs:307:29
[INFO] [stdout]     |
[INFO] [stdout] 307 | pub use crate::sink::{Sink, SinkExt};
[INFO] [stdout]     |                             ^^^^^^^
[INFO] [stdout]     = note: the item is gated behind the `sink` feature
[INFO] [stdout] 
[INFO] [stdout] 
[INFO] [stdout] error[E0425]: cannot find function `spawn` in crate `tokio`
[INFO] [stdout]    --> src/lib.rs:213:9
[INFO] [stdout]     |
[INFO] [stdout] 213 |  tokio::spawn(async move {
[INFO] [stdout]     |         ^^^^^ not found in `tokio`
[INFO] [stdout]     |
[INFO] [stdout] note: found an item that was configured out
[INFO] [stdout]    --> /opt/rustwide/cargo-home/registry/src/index.crates.io-6f17d22bba15001f/tokio-1.35.1/src/lib.rs:546:19
[INFO] [stdout]     |
[INFO] [stdout] 546 |     pub use task::spawn;
[INFO] [stdout]     |                   ^^^^^
[INFO] [stdout]     = note: the item is gated behind the `rt` feature
[INFO] [stdout] help: consider importing this function
[INFO] [stdout]     |
[INFO] [stdout] 4   + use std::thread::spawn;
[INFO] [stdout]     |
[INFO] [stdout] help: if you import `spawn`, refer to it directly
[INFO] [stdout]     |
[INFO] [stdout] 213 -  tokio::spawn(async move {
[INFO] [stdout] 213 +  spawn(async move {
[INFO] [stdout]     |
[INFO] [stdout] 
[INFO] [stdout] 
[INFO] [stdout] error[E0425]: cannot find function `spawn` in module `tokio::task`
[INFO] [stdout]    --> src/lib.rs:227:19
[INFO] [stdout]     |
[INFO] [stdout] 227 |      tokio::task::spawn(async move {
[INFO] [stdout]     |                   ^^^^^ not found in `tokio::task`
[INFO] [stdout]     |
[INFO] [stdout] note: found an item that was configured out
[INFO] [stdout]    --> /opt/rustwide/cargo-home/registry/src/index.crates.io-6f17d22bba15001f/tokio-1.35.1/src/task/mod.rs:326:9
[INFO] [stdout]     |
[INFO] [stdout] 326 |     mod spawn;
[INFO] [stdout]     |         ^^^^^
[INFO] [stdout]     = note: the item is gated behind the `rt` feature
[INFO] [stdout] note: found an item that was configured out
[INFO] [stdout]    --> /opt/rustwide/cargo-home/registry/src/index.crates.io-6f17d22bba15001f/tokio-1.35.1/src/task/mod.rs:327:20
[INFO] [stdout]     |
[INFO] [stdout] 327 |     pub use spawn::spawn;
[INFO] [stdout]     |                    ^^^^^
[INFO] [stdout]     = note: the item is gated behind the `rt` feature
[INFO] [stdout] help: consider importing this function
[INFO] [stdout]     |
[INFO] [stdout] 4   + use std::thread::spawn;
[INFO] [stdout]     |
[INFO] [stdout] help: if you import `spawn`, refer to it directly
[INFO] [stdout]     |
[INFO] [stdout] 227 -      tokio::task::spawn(async move {
[INFO] [stdout] 227 +      spawn(async move {
[INFO] [stdout]     |
[INFO] [stdout] 
[INFO] [stdout] 
[INFO] [stdout] error[E0425]: cannot find function `spawn` in module `tokio::task`
[INFO] [stdout]    --> src/lib.rs:231:21
[INFO] [stdout]     |
[INFO] [stdout] 231 |        tokio::task::spawn(async move {
[INFO] [stdout]     |                     ^^^^^ not found in `tokio::task`
[INFO] [stdout]     |
[INFO] [stdout] note: found an item that was configured out
[INFO] [stdout]    --> /opt/rustwide/cargo-home/registry/src/index.crates.io-6f17d22bba15001f/tokio-1.35.1/src/task/mod.rs:326:9
[INFO] [stdout]     |
[INFO] [stdout] 326 |     mod spawn;
[INFO] [stdout]     |         ^^^^^
[INFO] [stdout]     = note: the item is gated behind the `rt` feature
[INFO] [stdout] note: found an item that was configured out
[INFO] [stdout]    --> /opt/rustwide/cargo-home/registry/src/index.crates.io-6f17d22bba15001f/tokio-1.35.1/src/task/mod.rs:327:20
[INFO] [stdout]     |
[INFO] [stdout] 327 |     pub use spawn::spawn;
[INFO] [stdout]     |                    ^^^^^
[INFO] [stdout]     = note: the item is gated behind the `rt` feature
[INFO] [stdout] help: consider importing this function
[INFO] [stdout]     |
[INFO] [stdout] 4   + use std::thread::spawn;
[INFO] [stdout]     |
[INFO] [stdout] help: if you import `spawn`, refer to it directly
[INFO] [stdout]     |
[INFO] [stdout] 231 -        tokio::task::spawn(async move {
[INFO] [stdout] 231 +        spawn(async move {
[INFO] [stdout]     |
[INFO] [stdout] 
[INFO] [stdout] 
[INFO] [stdout] error[E0599]: no method named `send` found for struct `futures_channel::mpsc::UnboundedSender` in the current scope
[INFO] [stdout]    --> src/lib.rs:246:13
[INFO] [stdout]     |
[INFO] [stdout] 246 |      sender.send(msg).await.unwrap();
[INFO] [stdout]     |             ^^^^ method not found in `UnboundedSender<Vec<u8>>`
[INFO] [stdout] 
[INFO] [stdout] 
[INFO] [stdout] error: aborting due to 5 previous errors
[INFO] [stdout] 
[INFO] [stdout] 
[INFO] [stdout] Some errors have detailed explanations: E0425, E0432, E0599.
[INFO] [stdout] 
[INFO] [stdout] For more information about an error, try `rustc --explain E0425`.
[INFO] [stdout] 
[INFO] [stderr] error: could not compile `turbocharger` (lib) due to 6 previous errors
[INFO] running `Command { std: "docker" "inspect" "981bad3a97ea32adf63c7c496f6ef3112ea81dcd5087bcf08dbbdda4d1405f79", kill_on_drop: false }`
[INFO] running `Command { std: "docker" "rm" "-f" "981bad3a97ea32adf63c7c496f6ef3112ea81dcd5087bcf08dbbdda4d1405f79", kill_on_drop: false }`
[INFO] [stdout] 981bad3a97ea32adf63c7c496f6ef3112ea81dcd5087bcf08dbbdda4d1405f79
