[INFO] fetching crate tulip-derivative 2.2.1...
[INFO] testing tulip-derivative-2.2.1 against 1.75.0 for beta-1.76-1
[INFO] extracting crate tulip-derivative 2.2.1 into /workspace/builds/worker-7-tc1/source
[INFO] validating manifest of crates.io crate tulip-derivative 2.2.1 on toolchain 1.75.0
[INFO] running `Command { std: CARGO_HOME="/workspace/cargo-home" RUSTUP_HOME="/workspace/rustup-home" "/workspace/cargo-home/bin/cargo" "+1.75.0" "metadata" "--manifest-path" "Cargo.toml" "--no-deps", kill_on_drop: false }`
[INFO] started tweaking crates.io crate tulip-derivative 2.2.1
[INFO] finished tweaking crates.io crate tulip-derivative 2.2.1
[INFO] tweaked toml for crates.io crate tulip-derivative 2.2.1 written to /workspace/builds/worker-7-tc1/source/Cargo.toml
[INFO] running `Command { std: CARGO_HOME="/workspace/cargo-home" RUSTUP_HOME="/workspace/rustup-home" "/workspace/cargo-home/bin/cargo" "+1.75.0" "generate-lockfile" "--manifest-path" "Cargo.toml", kill_on_drop: false }`
[INFO] [stderr]     Updating crates.io index
[INFO] running `Command { std: CARGO_HOME="/workspace/cargo-home" RUSTUP_HOME="/workspace/rustup-home" "/workspace/cargo-home/bin/cargo" "+1.75.0" "fetch" "--manifest-path" "Cargo.toml", kill_on_drop: false }`
[INFO] [stderr]     Blocking waiting for file lock on package cache
[INFO] [stderr]  Downloading crates ...
[INFO] [stderr]   Downloaded runtime-macros-derive v0.4.0
[INFO] [stderr]   Downloaded trybuild v1.0.22
[INFO] running `Command { std: "docker" "create" "-v" "/var/lib/crater-agent-workspace/builds/worker-7-tc1/target:/opt/rustwide/target:rw,Z" "-v" "/var/lib/crater-agent-workspace/builds/worker-7-tc1/source:/opt/rustwide/workdir:ro,Z" "-v" "/var/lib/crater-agent-workspace/cargo-home:/opt/rustwide/cargo-home:ro,Z" "-v" "/var/lib/crater-agent-workspace/rustup-home:/opt/rustwide/rustup-home:ro,Z" "-e" "SOURCE_DIR=/opt/rustwide/workdir" "-e" "CARGO_TARGET_DIR=/opt/rustwide/target" "-e" "CARGO_HOME=/opt/rustwide/cargo-home" "-e" "RUSTUP_HOME=/opt/rustwide/rustup-home" "-w" "/opt/rustwide/workdir" "-m" "1610612736" "--user" "0:0" "--network" "none" "ghcr.io/rust-lang/crates-build-env/linux@sha256:2788e3201cd34a07e3172128adcd8b3090168a8e3bcc40d7c032b9dda1df7d1c" "/opt/rustwide/cargo-home/bin/cargo" "+1.75.0" "metadata" "--no-deps" "--format-version=1", kill_on_drop: false }`
[INFO] [stdout] 93d388cd95a9ee9e7204db57a525b983101b76a65ed2b3f474d4da49d9b53c8a
[INFO] running `Command { std: "docker" "start" "-a" "93d388cd95a9ee9e7204db57a525b983101b76a65ed2b3f474d4da49d9b53c8a", kill_on_drop: false }`
[INFO] running `Command { std: "docker" "inspect" "93d388cd95a9ee9e7204db57a525b983101b76a65ed2b3f474d4da49d9b53c8a", kill_on_drop: false }`
[INFO] running `Command { std: "docker" "rm" "-f" "93d388cd95a9ee9e7204db57a525b983101b76a65ed2b3f474d4da49d9b53c8a", kill_on_drop: false }`
[INFO] [stdout] 93d388cd95a9ee9e7204db57a525b983101b76a65ed2b3f474d4da49d9b53c8a
[INFO] running `Command { std: "docker" "create" "-v" "/var/lib/crater-agent-workspace/builds/worker-7-tc1/target:/opt/rustwide/target:rw,Z" "-v" "/var/lib/crater-agent-workspace/builds/worker-7-tc1/source:/opt/rustwide/workdir:ro,Z" "-v" "/var/lib/crater-agent-workspace/cargo-home:/opt/rustwide/cargo-home:ro,Z" "-v" "/var/lib/crater-agent-workspace/rustup-home:/opt/rustwide/rustup-home:ro,Z" "-e" "SOURCE_DIR=/opt/rustwide/workdir" "-e" "CARGO_TARGET_DIR=/opt/rustwide/target" "-e" "CARGO_INCREMENTAL=0" "-e" "RUST_BACKTRACE=full" "-e" "RUSTFLAGS=--cap-lints=warn" "-e" "RUSTDOCFLAGS=--cap-lints=warn" "-e" "CARGO_HOME=/opt/rustwide/cargo-home" "-e" "RUSTUP_HOME=/opt/rustwide/rustup-home" "-w" "/opt/rustwide/workdir" "-m" "1610612736" "--user" "0:0" "--network" "none" "ghcr.io/rust-lang/crates-build-env/linux@sha256:2788e3201cd34a07e3172128adcd8b3090168a8e3bcc40d7c032b9dda1df7d1c" "/opt/rustwide/cargo-home/bin/cargo" "+1.75.0" "build" "--frozen" "--message-format=json", kill_on_drop: false }`
[INFO] [stdout] e50a5149bd14c071f6393235df504320c52816532cde95cd4ca5b25be9a3d916
[INFO] running `Command { std: "docker" "start" "-a" "e50a5149bd14c071f6393235df504320c52816532cde95cd4ca5b25be9a3d916", kill_on_drop: false }`
[INFO] [stderr]    Compiling syn v1.0.109
[INFO] [stderr]    Compiling tulip-derivative v2.2.1 (/opt/rustwide/workdir)
[INFO] [stderr]     Finished dev [unoptimized + debuginfo] target(s) in 5.73s
[INFO] running `Command { std: "docker" "inspect" "e50a5149bd14c071f6393235df504320c52816532cde95cd4ca5b25be9a3d916", kill_on_drop: false }`
[INFO] running `Command { std: "docker" "rm" "-f" "e50a5149bd14c071f6393235df504320c52816532cde95cd4ca5b25be9a3d916", kill_on_drop: false }`
[INFO] [stdout] e50a5149bd14c071f6393235df504320c52816532cde95cd4ca5b25be9a3d916
[INFO] running `Command { std: "docker" "create" "-v" "/var/lib/crater-agent-workspace/builds/worker-7-tc1/target:/opt/rustwide/target:rw,Z" "-v" "/var/lib/crater-agent-workspace/builds/worker-7-tc1/source:/opt/rustwide/workdir:ro,Z" "-v" "/var/lib/crater-agent-workspace/cargo-home:/opt/rustwide/cargo-home:ro,Z" "-v" "/var/lib/crater-agent-workspace/rustup-home:/opt/rustwide/rustup-home:ro,Z" "-e" "SOURCE_DIR=/opt/rustwide/workdir" "-e" "CARGO_TARGET_DIR=/opt/rustwide/target" "-e" "CARGO_INCREMENTAL=0" "-e" "RUST_BACKTRACE=full" "-e" "RUSTFLAGS=--cap-lints=warn" "-e" "RUSTDOCFLAGS=--cap-lints=warn" "-e" "CARGO_HOME=/opt/rustwide/cargo-home" "-e" "RUSTUP_HOME=/opt/rustwide/rustup-home" "-w" "/opt/rustwide/workdir" "-m" "1610612736" "--user" "0:0" "--network" "none" "ghcr.io/rust-lang/crates-build-env/linux@sha256:2788e3201cd34a07e3172128adcd8b3090168a8e3bcc40d7c032b9dda1df7d1c" "/opt/rustwide/cargo-home/bin/cargo" "+1.75.0" "test" "--frozen" "--no-run" "--message-format=json", kill_on_drop: false }`
[INFO] [stdout] 9d5cf61bfee719612d869e74ad8d184a34c350ab2764a7743635842235bc6ad6
[INFO] running `Command { std: "docker" "start" "-a" "9d5cf61bfee719612d869e74ad8d184a34c350ab2764a7743635842235bc6ad6", kill_on_drop: false }`
[INFO] [stderr]    Compiling proc-macro2 v1.0.75
[INFO] [stderr]    Compiling unicode-ident v1.0.12
[INFO] [stderr]    Compiling termcolor v1.4.0
[INFO] [stderr]    Compiling syn v1.0.109
[INFO] [stderr]    Compiling quote v1.0.35
[INFO] [stderr]    Compiling syn v2.0.48
[INFO] [stderr]    Compiling serde_derive v1.0.194
[INFO] [stderr]    Compiling runtime-macros-derive v0.4.0
[INFO] [stderr]    Compiling tulip-derivative v2.2.1 (/opt/rustwide/workdir)
[INFO] [stderr]    Compiling serde v1.0.194
[INFO] [stderr]    Compiling serde_json v1.0.111
[INFO] [stderr]    Compiling toml v0.5.11
[INFO] [stderr]    Compiling trybuild v1.0.22
[INFO] [stdout] error[E0463]: can't find crate for `derivative`
[INFO] [stdout]   --> tests/rustc-issue-13434.rs:15:1
[INFO] [stdout]    |
[INFO] [stdout] 15 | extern crate derivative;
[INFO] [stdout]    | ^^^^^^^^^^^^^^^^^^^^^^^^ can't find crate
[INFO] [stdout] 
[INFO] [stdout] 
[INFO] [stdout] error[E0463]: can't find crate for `derivative`
[INFO] [stdout]   --> tests/rustc-issue-19135.rs:17:1
[INFO] [stdout]    |
[INFO] [stdout] 17 | extern crate derivative;
[INFO] [stdout]    | ^^^^^^^^^^^^^^^^^^^^^^^^ can't find crate
[INFO] [stdout] 
[INFO] [stdout] 
[INFO] [stdout] error[E0463]: can't find crate for `derivative`
[INFO] [stdout]   --> tests/rustc-issue-28561.rs:17:1
[INFO] [stdout]    |
[INFO] [stdout] 17 | extern crate derivative;
[INFO] [stdout]    | ^^^^^^^^^^^^^^^^^^^^^^^^ can't find crate
[INFO] [stdout] 
[INFO] [stdout] 
[INFO] [stdout] error[E0463]: can't find crate for `derivative`
[INFO] [stdout]  --> tests/derive-eq.rs:7:1
[INFO] [stdout]   |
[INFO] [stdout] 7 | extern crate derivative;
[INFO] [stdout]   | ^^^^^^^^^^^^^^^^^^^^^^^^ can't find crate
[INFO] [stdout] 
[INFO] [stdout] 
[INFO] [stdout] error[E0463]: can't find crate for `derivative`
[INFO] [stdout]   --> tests/rustc-issue-32292.rs:17:1
[INFO] [stdout]    |
[INFO] [stdout] 17 | extern crate derivative;
[INFO] [stdout]    | ^^^^^^^^^^^^^^^^^^^^^^^^ can't find crate
[INFO] [stdout] 
[INFO] [stdout] 
[INFO] [stdout] error[E0463]: can't find crate for `derivative`
[INFO] [stdout]   --> tests/rustc-issue-29710.rs:18:1
[INFO] [stdout]    |
[INFO] [stdout] 18 | extern crate derivative;
[INFO] [stdout]    | ^^^^^^^^^^^^^^^^^^^^^^^^ can't find crate
[INFO] [stdout] 
[INFO] [stdout] 
[INFO] [stdout] error[E0463]: can't find crate for `derivative`
[INFO] [stdout]   --> tests/rustc-issue-19358.rs:20:1
[INFO] [stdout]    |
[INFO] [stdout] 20 | extern crate derivative;
[INFO] [stdout]    | ^^^^^^^^^^^^^^^^^^^^^^^^ can't find crate
[INFO] [stdout] 
[INFO] [stdout] 
[INFO] [stdout] error[E0463]: can't find crate for `derivative`
[INFO] [stdout]   --> tests/rustc-deriving-via-extension-hash-struct.rs:17:1
[INFO] [stdout]    |
[INFO] [stdout] 17 | extern crate derivative;
[INFO] [stdout]    | ^^^^^^^^^^^^^^^^^^^^^^^^ can't find crate
[INFO] [stdout] 
[INFO] [stdout] 
[INFO] [stdout] error: cannot find derive macro `Derivative` in this scope
[INFO] [stdout]   --> tests/rustc-issue-29710.rs:20:10
[INFO] [stdout]    |
[INFO] [stdout] 20 | #[derive(Derivative)]
[INFO] [stdout]    |          ^^^^^^^^^^
[INFO] [stdout] 
[INFO] [stdout] 
[INFO] [stdout] error: cannot find derive macro `Derivative` in this scope
[INFO] [stdout]  --> tests/derive-eq.rs:9:10
[INFO] [stdout]   |
[INFO] [stdout] 9 | #[derive(Derivative, PartialEq)]
[INFO] [stdout]   |          ^^^^^^^^^^
[INFO] [stdout] 
[INFO] [stdout] 
[INFO] [stdout] error: cannot find attribute `derivative` in this scope
[INFO] [stdout]   --> tests/rustc-issue-29710.rs:21:3
[INFO] [stdout]    |
[INFO] [stdout] 21 | #[derivative(Debug)]
[INFO] [stdout]    |   ^^^^^^^^^^
[INFO] [stdout]    |
[INFO] [stdout] note: `derivative` is imported here, but it is an unresolved item, not an attribute
[INFO] [stdout]   --> tests/rustc-issue-29710.rs:18:1
[INFO] [stdout]    |
[INFO] [stdout] 18 | extern crate derivative;
[INFO] [stdout]    | ^^^^^^^^^^^^^^^^^^^^^^^^
[INFO] [stdout] 
[INFO] [stdout] 
[INFO] [stdout] error: cannot find derive macro `Derivative` in this scope
[INFO] [stdout]   --> tests/rustc-issue-29710.rs:24:10
[INFO] [stdout]    |
[INFO] [stdout] 24 | #[derive(Derivative)]
[INFO] [stdout]    |          ^^^^^^^^^^
[INFO] [stdout] 
[INFO] [stdout] 
[INFO] [stdout] error: cannot find derive macro `Derivative` in this scope
[INFO] [stdout]   --> tests/rustc-issue-13434.rs:17:10
[INFO] [stdout]    |
[INFO] [stdout] 17 | #[derive(Derivative)]
[INFO] [stdout]    |          ^^^^^^^^^^
[INFO] [stdout] 
[INFO] [stdout] 
[INFO] [stdout] error: cannot find attribute `derivative` in this scope
[INFO] [stdout]   --> tests/derive-eq.rs:10:3
[INFO] [stdout]    |
[INFO] [stdout] 10 | #[derivative(Eq)]
[INFO] [stdout]    |   ^^^^^^^^^^
[INFO] [stdout]    |
[INFO] [stdout] note: `derivative` is imported here, but it is an unresolved item, not an attribute
[INFO] [stdout]   --> tests/derive-eq.rs:7:1
[INFO] [stdout]    |
[INFO] [stdout] 7  | extern crate derivative;
[INFO] [stdout]    | ^^^^^^^^^^^^^^^^^^^^^^^^
[INFO] [stdout] 
[INFO] [stdout] 
[INFO] [stdout] error: cannot find derive macro `Derivative` in this scope
[INFO] [stdout]   --> tests/derive-eq.rs:15:10
[INFO] [stdout]    |
[INFO] [stdout] 15 | #[derive(Derivative)]
[INFO] [stdout]    |          ^^^^^^^^^^
[INFO] [stdout] 
[INFO] [stdout] 
[INFO] [stdout] error: cannot find attribute `derivative` in this scope
[INFO] [stdout]   --> tests/rustc-issue-29710.rs:25:3
[INFO] [stdout]    |
[INFO] [stdout] 25 | #[derivative(Debug)]
[INFO] [stdout]    |   ^^^^^^^^^^
[INFO] [stdout]    |
[INFO] [stdout] note: `derivative` is imported here, but it is an unresolved item, not an attribute
[INFO] [stdout]   --> tests/rustc-issue-29710.rs:18:1
[INFO] [stdout]    |
[INFO] [stdout] 18 | extern crate derivative;
[INFO] [stdout]    | ^^^^^^^^^^^^^^^^^^^^^^^^
[INFO] [stdout] 
[INFO] [stdout] 
[INFO] [stdout] error: cannot find attribute `derivative` in this scope
[INFO] [stdout]   --> tests/derive-eq.rs:16:3
[INFO] [stdout]    |
[INFO] [stdout] 16 | #[derivative(Eq)]
[INFO] [stdout]    |   ^^^^^^^^^^
[INFO] [stdout]    |
[INFO] [stdout] note: `derivative` is imported here, but it is an unresolved item, not an attribute
[INFO] [stdout]   --> tests/derive-eq.rs:7:1
[INFO] [stdout]    |
[INFO] [stdout] 7  | extern crate derivative;
[INFO] [stdout]    | ^^^^^^^^^^^^^^^^^^^^^^^^
[INFO] [stdout] 
[INFO] [stdout] 
[INFO] [stdout] error: cannot find attribute `derivative` in this scope
[INFO] [stdout]   --> tests/derive-eq.rs:18:7
[INFO] [stdout]    |
[INFO] [stdout] 18 |     #[derivative(Eq(bound=""))]
[INFO] [stdout]    |       ^^^^^^^^^^
[INFO] [stdout]    |
[INFO] [stdout] note: `derivative` is imported here, but it is an unresolved item, not an attribute
[INFO] [stdout]   --> tests/derive-eq.rs:7:1
[INFO] [stdout]    |
[INFO] [stdout] 7  | extern crate derivative;
[INFO] [stdout]    | ^^^^^^^^^^^^^^^^^^^^^^^^
[INFO] [stdout] 
[INFO] [stdout] 
[INFO] [stdout] error: cannot find derive macro `Derivative` in this scope
[INFO] [stdout]   --> tests/rustc-issue-28561.rs:19:10
[INFO] [stdout]    |
[INFO] [stdout] 19 | #[derive(Derivative)]
[INFO] [stdout]    |          ^^^^^^^^^^
[INFO] [stdout] 
[INFO] [stdout] 
[INFO] [stdout] error: cannot find attribute `derivative` in this scope
[INFO] [stdout]   --> tests/rustc-issue-28561.rs:20:3
[INFO] [stdout]    |
[INFO] [stdout] 20 | #[derivative(Debug, Default, Eq, Hash, PartialEq)]
[INFO] [stdout]    |   ^^^^^^^^^^
[INFO] [stdout]    |
[INFO] [stdout] note: `derivative` is imported here, but it is an unresolved item, not an attribute
[INFO] [stdout]   --> tests/rustc-issue-28561.rs:17:1
[INFO] [stdout]    |
[INFO] [stdout] 17 | extern crate derivative;
[INFO] [stdout]    | ^^^^^^^^^^^^^^^^^^^^^^^^
[INFO] [stdout] 
[INFO] [stdout] 
[INFO] [stdout] error: cannot find derive macro `Derivative` in this scope
[INFO] [stdout]   --> tests/rustc-issue-28561.rs:59:10
[INFO] [stdout]    |
[INFO] [stdout] 59 | #[derive(Derivative)]
[INFO] [stdout]    |          ^^^^^^^^^^
[INFO] [stdout] 
[INFO] [stdout] 
[INFO] [stdout] error: cannot find attribute `derivative` in this scope
[INFO] [stdout]   --> tests/rustc-issue-28561.rs:60:3
[INFO] [stdout]    |
[INFO] [stdout] 60 | #[derivative(Clone, Copy)]
[INFO] [stdout]    |   ^^^^^^^^^^
[INFO] [stdout]    |
[INFO] [stdout] note: `derivative` is imported here, but it is an unresolved item, not an attribute
[INFO] [stdout]   --> tests/rustc-issue-28561.rs:17:1
[INFO] [stdout]    |
[INFO] [stdout] 17 | extern crate derivative;
[INFO] [stdout]    | ^^^^^^^^^^^^^^^^^^^^^^^^
[INFO] [stdout] 
[INFO] [stdout] 
[INFO] [stdout] error: cannot find derive macro `Derivative` in this scope
[INFO] [stdout]   --> tests/rustc-issue-28561.rs:97:10
[INFO] [stdout]    |
[INFO] [stdout] 97 | #[derive(Derivative)]
[INFO] [stdout]    |          ^^^^^^^^^^
[INFO] [stdout] 
[INFO] [stdout] 
[INFO] [stdout] error: cannot find attribute `derivative` in this scope
[INFO] [stdout]   --> tests/rustc-issue-28561.rs:98:3
[INFO] [stdout]    |
[INFO] [stdout] 98 | #[derivative(Clone, Copy, Debug, Eq, Hash, PartialEq)]
[INFO] [stdout]    |   ^^^^^^^^^^
[INFO] [stdout]    |
[INFO] [stdout] note: `derivative` is imported here, but it is an unresolved item, not an attribute
[INFO] [stdout]   --> tests/rustc-issue-28561.rs:17:1
[INFO] [stdout]    |
[INFO] [stdout] 17 | extern crate derivative;
[INFO] [stdout]    | ^^^^^^^^^^^^^^^^^^^^^^^^
[INFO] [stdout] 
[INFO] [stdout] 
[INFO] [stdout] error: cannot find derive macro `Derivative` in this scope
[INFO] [stdout]    --> tests/rustc-issue-28561.rs:116:10
[INFO] [stdout]     |
[INFO] [stdout] 116 | #[derive(Derivative)]
[INFO] [stdout]     |          ^^^^^^^^^^
[INFO] [stdout] 
[INFO] [stdout] 
[INFO] [stdout] error[E0463]: can't find crate for `derivative`
[INFO] [stdout]   --> tests/rustc-deriving-enum-single-variant.rs:17:1
[INFO] [stdout]    |
[INFO] [stdout] 17 | extern crate derivative;
[INFO] [stdout]    | ^^^^^^^^^^^^^^^^^^^^^^^^ can't find crate
[INFO] [stdout] 
[INFO] [stdout] 
[INFO] [stdout] error: cannot find attribute `derivative` in this scope
[INFO] [stdout]    --> tests/rustc-issue-28561.rs:117:3
[INFO] [stdout]     |
[INFO] [stdout] 117 | #[derivative(Clone, Copy, Debug, Default, Eq, Hash, PartialEq)]
[INFO] [stdout]     |   ^^^^^^^^^^
[INFO] [stdout]     |
[INFO] [stdout] note: `derivative` is imported here, but it is an unresolved item, not an attribute
[INFO] [stdout]    --> tests/rustc-issue-28561.rs:17:1
[INFO] [stdout]     |
[INFO] [stdout] 17  | extern crate derivative;
[INFO] [stdout]     | ^^^^^^^^^^^^^^^^^^^^^^^^
[INFO] [stdout] 
[INFO] [stdout] 
[INFO] [stdout] error: cannot find derive macro `Derivative` in this scope
[INFO] [stdout]   --> tests/rustc-issue-19358.rs:22:10
[INFO] [stdout]    |
[INFO] [stdout] 22 | #[derive(Derivative)]
[INFO] [stdout]    |          ^^^^^^^^^^
[INFO] [stdout] 
[INFO] [stdout] 
[INFO] [stdout] error: cannot find attribute `derivative` in this scope
[INFO] [stdout]   --> tests/rustc-issue-19358.rs:23:3
[INFO] [stdout]    |
[INFO] [stdout] 23 | #[derivative(Debug)]
[INFO] [stdout]    |   ^^^^^^^^^^
[INFO] [stdout]    |
[INFO] [stdout] note: `derivative` is imported here, but it is an unresolved item, not an attribute
[INFO] [stdout]   --> tests/rustc-issue-19358.rs:20:1
[INFO] [stdout]    |
[INFO] [stdout] 20 | extern crate derivative;
[INFO] [stdout]    | ^^^^^^^^^^^^^^^^^^^^^^^^
[INFO] [stdout] 
[INFO] [stdout] 
[INFO] [stdout] error: cannot find derive macro `Derivative` in this scope
[INFO] [stdout]   --> tests/rustc-issue-19358.rs:28:10
[INFO] [stdout]    |
[INFO] [stdout] 28 | #[derive(Derivative)]
[INFO] [stdout]    |          ^^^^^^^^^^
[INFO] [stdout] 
[INFO] [stdout] 
[INFO] [stdout] error: aborting due to 5 previous errors
[INFO] [stdout] 
[INFO] [stdout] 
[INFO] [stdout] For more information about this error, try `rustc --explain E0463`.
[INFO] [stdout] 
[INFO] [stdout] error: cannot find attribute `derivative` in this scope
[INFO] [stdout]   --> tests/rustc-issue-19358.rs:29:3
[INFO] [stdout]    |
[INFO] [stdout] 29 | #[derivative(Debug)]
[INFO] [stdout]    |   ^^^^^^^^^^
[INFO] [stdout]    |
[INFO] [stdout] note: `derivative` is imported here, but it is an unresolved item, not an attribute
[INFO] [stdout]   --> tests/rustc-issue-19358.rs:20:1
[INFO] [stdout]    |
[INFO] [stdout] 20 | extern crate derivative;
[INFO] [stdout]    | ^^^^^^^^^^^^^^^^^^^^^^^^
[INFO] [stdout] 
[INFO] [stdout] 
[INFO] [stdout] error[E0463]: can't find crate for `derivative`
[INFO] [stdout]  --> tests/issue-37-turbofish.rs:5:1
[INFO] [stdout]   |
[INFO] [stdout] 5 | extern crate derivative;
[INFO] [stdout]   | ^^^^^^^^^^^^^^^^^^^^^^^^ can't find crate
[INFO] [stdout] 
[INFO] [stdout] 
[INFO] [stdout] error: aborting due to 9 previous errors
[INFO] [stdout] 
[INFO] [stdout] 
[INFO] [stdout] For more information about this error, try `rustc --explain E0463`.
[INFO] [stdout] 
[INFO] [stdout] error: cannot find attribute `derivative` in this scope
[INFO] [stdout]   --> tests/rustc-issue-13434.rs:18:3
[INFO] [stdout]    |
[INFO] [stdout] 18 | #[derivative(Debug)]
[INFO] [stdout]    |   ^^^^^^^^^^
[INFO] [stdout]    |
[INFO] [stdout] note: `derivative` is imported here, but it is an unresolved item, not an attribute
[INFO] [stdout]   --> tests/rustc-issue-13434.rs:15:1
[INFO] [stdout]    |
[INFO] [stdout] 15 | extern crate derivative;
[INFO] [stdout]    | ^^^^^^^^^^^^^^^^^^^^^^^^
[INFO] [stdout] 
[INFO] [stdout] 
[INFO] [stdout] error[E0463]: can't find crate for `derivative`
[INFO] [stdout]   --> tests/rustc-deriving-cmp-generic-tuple-struct.rs:17:1
[INFO] [stdout]    |
[INFO] [stdout] 17 | extern crate derivative;
[INFO] [stdout]    | ^^^^^^^^^^^^^^^^^^^^^^^^ can't find crate
[INFO] [stdout] 
[INFO] [stdout] 
[INFO] [stdout] error: cannot find derive macro `Derivative` in this scope
[INFO] [stdout]   --> tests/rustc-issue-32292.rs:19:10
[INFO] [stdout]    |
[INFO] [stdout] 19 | #[derive(Derivative)]
[INFO] [stdout]    |          ^^^^^^^^^^
[INFO] [stdout] 
[INFO] [stdout] 
[INFO] [stdout] error: cannot find attribute `derivative` in this scope
[INFO] [stdout]   --> tests/rustc-issue-32292.rs:20:3
[INFO] [stdout]    |
[INFO] [stdout] 20 | #[derivative(Hash, Eq, PartialEq, Debug, Clone, Copy)]
[INFO] [stdout]    |   ^^^^^^^^^^
[INFO] [stdout]    |
[INFO] [stdout] note: `derivative` is imported here, but it is an unresolved item, not an attribute
[INFO] [stdout]   --> tests/rustc-issue-32292.rs:17:1
[INFO] [stdout]    |
[INFO] [stdout] 17 | extern crate derivative;
[INFO] [stdout]    | ^^^^^^^^^^^^^^^^^^^^^^^^
[INFO] [stdout] 
[INFO] [stdout] 
[INFO] [stdout] error[E0463]: can't find crate for `derivative`
[INFO] [stdout]   --> tests/rustc-issue-19102.rs:17:1
[INFO] [stdout]    |
[INFO] [stdout] 17 | extern crate derivative;
[INFO] [stdout]    | ^^^^^^^^^^^^^^^^^^^^^^^^ can't find crate
[INFO] [stdout] 
[INFO] [stdout] 
[INFO] [stderr] error: could not compile `tulip-derivative` (test "rustc-issue-28561") due to 10 previous errors
[INFO] [stderr] warning: build failed, waiting for other jobs to finish...
[INFO] [stdout] error: aborting due to 3 previous errors
[INFO] [stdout] 
[INFO] [stdout] 
[INFO] [stderr] error: could not compile `tulip-derivative` (test "rustc-issue-29710") due to 6 previous errors
[INFO] [stdout] For more information about this error, try `rustc --explain E0463`.
[INFO] [stdout] 
[INFO] [stdout] error: cannot find derive macro `Derivative` in this scope
[INFO] [stdout]   --> tests/rustc-issue-19135.rs:19:10
[INFO] [stdout]    |
[INFO] [stdout] 19 | #[derive(Derivative)]
[INFO] [stdout]    |          ^^^^^^^^^^
[INFO] [stdout] 
[INFO] [stdout] 
[INFO] [stdout] error: cannot find derive macro `Derivative` in this scope
[INFO] [stdout]  --> tests/issue-37-turbofish.rs:7:10
[INFO] [stdout]   |
[INFO] [stdout] 7 | #[derive(Derivative)]
[INFO] [stdout]   |          ^^^^^^^^^^
[INFO] [stdout] 
[INFO] [stdout] 
[INFO] [stdout] error: cannot find attribute `derivative` in this scope
[INFO] [stdout]   --> tests/rustc-issue-19135.rs:20:3
[INFO] [stdout]    |
[INFO] [stdout] 20 | #[derivative(Debug)]
[INFO] [stdout]    |   ^^^^^^^^^^
[INFO] [stdout]    |
[INFO] [stdout] note: `derivative` is imported here, but it is an unresolved item, not an attribute
[INFO] [stdout]   --> tests/rustc-issue-19135.rs:17:1
[INFO] [stdout]    |
[INFO] [stdout] 17 | extern crate derivative;
[INFO] [stdout]    | ^^^^^^^^^^^^^^^^^^^^^^^^
[INFO] [stdout] 
[INFO] [stdout] 
[INFO] [stdout] error: cannot find derive macro `Derivative` in this scope
[INFO] [stdout]   --> tests/rustc-deriving-via-extension-hash-struct.rs:21:10
[INFO] [stdout]    |
[INFO] [stdout] 21 | #[derive(Derivative)]
[INFO] [stdout]    |          ^^^^^^^^^^
[INFO] [stdout] 
[INFO] [stdout] 
[INFO] [stdout] error: cannot find attribute `derivative` in this scope
[INFO] [stdout]  --> tests/issue-37-turbofish.rs:8:3
[INFO] [stdout]   |
[INFO] [stdout] 8 | #[derivative(Debug)]
[INFO] [stdout]   |   ^^^^^^^^^^
[INFO] [stdout]   |
[INFO] [stdout] note: `derivative` is imported here, but it is an unresolved item, not an attribute
[INFO] [stdout]  --> tests/issue-37-turbofish.rs:5:1
[INFO] [stdout]   |
[INFO] [stdout] 5 | extern crate derivative;
[INFO] [stdout]   | ^^^^^^^^^^^^^^^^^^^^^^^^
[INFO] [stdout] 
[INFO] [stdout] 
[INFO] [stdout] error: cannot find attribute `derivative` in this scope
[INFO] [stdout]   --> tests/issue-37-turbofish.rs:10:7
[INFO] [stdout]    |
[INFO] [stdout] 10 |     #[derivative(Debug(format_with = "std::fmt::Debug::fmt"))]
[INFO] [stdout]    |       ^^^^^^^^^^
[INFO] [stdout]    |
[INFO] [stdout] note: `derivative` is imported here, but it is an unresolved item, not an attribute
[INFO] [stdout]   --> tests/issue-37-turbofish.rs:5:1
[INFO] [stdout]    |
[INFO] [stdout] 5  | extern crate derivative;
[INFO] [stdout]    | ^^^^^^^^^^^^^^^^^^^^^^^^
[INFO] [stdout] 
[INFO] [stdout] 
[INFO] [stdout] error: cannot find attribute `derivative` in this scope
[INFO] [stdout]   --> tests/rustc-deriving-via-extension-hash-struct.rs:22:3
[INFO] [stdout]    |
[INFO] [stdout] 22 | #[derivative(Hash)]
[INFO] [stdout]    |   ^^^^^^^^^^
[INFO] [stdout]    |
[INFO] [stdout] note: `derivative` is imported here, but it is an unresolved item, not an attribute
[INFO] [stdout]   --> tests/rustc-deriving-via-extension-hash-struct.rs:17:1
[INFO] [stdout]    |
[INFO] [stdout] 17 | extern crate derivative;
[INFO] [stdout]    | ^^^^^^^^^^^^^^^^^^^^^^^^
[INFO] [stdout] 
[INFO] [stdout] 
[INFO] [stdout] error: aborting due to 4 previous errors
[INFO] [stdout] 
[INFO] [stdout] 
[INFO] [stdout] For more information about this error, try `rustc --explain E0463`.
[INFO] [stdout] 
[INFO] [stderr] error: could not compile `tulip-derivative` (test "rustc-issue-32292") due to 4 previous errors
[INFO] [stdout] error: cannot find derive macro `Derivative` in this scope
[INFO] [stdout]   --> tests/rustc-issue-19102.rs:19:10
[INFO] [stdout]    |
[INFO] [stdout] 19 | #[derive(Derivative)]
[INFO] [stdout]    |          ^^^^^^^^^^
[INFO] [stdout] 
[INFO] [stdout] 
[INFO] [stdout] error: cannot find attribute `derivative` in this scope
[INFO] [stdout]   --> tests/rustc-issue-19102.rs:20:3
[INFO] [stdout]    |
[INFO] [stdout] 20 | #[derivative(PartialEq="feature_allow_slow_enum")]
[INFO] [stdout]    |   ^^^^^^^^^^
[INFO] [stdout]    |
[INFO] [stdout] note: `derivative` is imported here, but it is an unresolved item, not an attribute
[INFO] [stdout]   --> tests/rustc-issue-19102.rs:17:1
[INFO] [stdout]    |
[INFO] [stdout] 17 | extern crate derivative;
[INFO] [stdout]    | ^^^^^^^^^^^^^^^^^^^^^^^^
[INFO] [stdout] 
[INFO] [stdout] 
[INFO] [stderr] error: could not compile `tulip-derivative` (test "issue-37-turbofish") due to 5 previous errors
[INFO] [stdout] error: cannot find derive macro `Derivative` in this scope
[INFO] [stdout]   --> tests/rustc-deriving-cmp-generic-tuple-struct.rs:19:10
[INFO] [stdout]    |
[INFO] [stdout] 19 | #[derive(Derivative)]
[INFO] [stdout]    |          ^^^^^^^^^^
[INFO] [stdout] 
[INFO] [stdout] 
[INFO] [stdout] error: aborting due to 3 previous errors
[INFO] [stdout] 
[INFO] [stdout] 
[INFO] [stdout] For more information about this error, try `rustc --explain E0463`.
[INFO] [stdout] 
[INFO] [stdout] error: cannot find attribute `derivative` in this scope
[INFO] [stdout]   --> tests/rustc-deriving-cmp-generic-tuple-struct.rs:20:3
[INFO] [stdout]    |
[INFO] [stdout] 20 | #[derivative(PartialEq, Eq, PartialOrd, Ord)]
[INFO] [stdout]    |   ^^^^^^^^^^
[INFO] [stdout]    |
[INFO] [stdout] note: `derivative` is imported here, but it is an unresolved item, not an attribute
[INFO] [stdout]   --> tests/rustc-deriving-cmp-generic-tuple-struct.rs:17:1
[INFO] [stdout]    |
[INFO] [stdout] 17 | extern crate derivative;
[INFO] [stdout]    | ^^^^^^^^^^^^^^^^^^^^^^^^
[INFO] [stdout] 
[INFO] [stdout] 
[INFO] [stdout] error: cannot find derive macro `Derivative` in this scope
[INFO] [stdout]   --> tests/rustc-deriving-enum-single-variant.rs:21:10
[INFO] [stdout]    |
[INFO] [stdout] 21 | #[derive(Derivative)]
[INFO] [stdout]    |          ^^^^^^^^^^
[INFO] [stdout] 
[INFO] [stdout] 
[INFO] [stdout] error: cannot find attribute `derivative` in this scope
[INFO] [stdout]   --> tests/rustc-deriving-enum-single-variant.rs:22:3
[INFO] [stdout]    |
[INFO] [stdout] 22 | #[derivative(PartialEq="feature_allow_slow_enum")]
[INFO] [stdout]    |   ^^^^^^^^^^
[INFO] [stdout]    |
[INFO] [stdout] note: `derivative` is imported here, but it is an unresolved item, not an attribute
[INFO] [stdout]   --> tests/rustc-deriving-enum-single-variant.rs:17:1
[INFO] [stdout]    |
[INFO] [stdout] 17 | extern crate derivative;
[INFO] [stdout]    | ^^^^^^^^^^^^^^^^^^^^^^^^
[INFO] [stdout] 
[INFO] [stdout] 
[INFO] [stderr] error: could not compile `tulip-derivative` (test "rustc-issue-19102") due to 4 previous errors
[INFO] [stdout] error[E0463]: can't find crate for `derivative`
[INFO] [stdout]   --> tests/rustc-deriving-clone-struct.rs:19:1
[INFO] [stdout]    |
[INFO] [stdout] 19 | extern crate derivative;
[INFO] [stdout]    | ^^^^^^^^^^^^^^^^^^^^^^^^ can't find crate
[INFO] [stdout] 
[INFO] [stdout] 
[INFO] [stdout] error[E0463]: can't find crate for `derivative`
[INFO] [stdout]  --> tests/derive-partial-eq-packed.rs:7:1
[INFO] [stdout]   |
[INFO] [stdout] 7 | extern crate derivative;
[INFO] [stdout]   | ^^^^^^^^^^^^^^^^^^^^^^^^ can't find crate
[INFO] [stdout] 
[INFO] [stdout] 
[INFO] [stdout] error[E0463]: can't find crate for `derivative`
[INFO] [stdout]  --> tests/clippy-warning-clone-from.rs:7:1
[INFO] [stdout]   |
[INFO] [stdout] 7 | extern crate derivative;
[INFO] [stdout]   | ^^^^^^^^^^^^^^^^^^^^^^^^ can't find crate
[INFO] [stdout] 
[INFO] [stdout] 
[INFO] [stdout] error[E0277]: `Foo<isize>` doesn't implement `Debug`
[INFO] [stdout]   --> tests/rustc-issue-19358.rs:40:27
[INFO] [stdout]    |
[INFO] [stdout] 40 |     println!("{:?} {:?}", a, b);
[INFO] [stdout]    |                           ^ `Foo<isize>` cannot be formatted using `{:?}`
[INFO] [stdout]    |
[INFO] [stdout]    = help: the trait `Debug` is not implemented for `Foo<isize>`
[INFO] [stdout]    = note: add `#[derive(Debug)]` to `Foo<isize>` or manually `impl Debug for Foo<isize>`
[INFO] [stdout]    = note: this error originates in the macro `$crate::format_args_nl` which comes from the expansion of the macro `println` (in Nightly builds, run with -Z macro-backtrace for more info)
[INFO] [stdout] help: consider annotating `Foo<isize>` with `#[derive(Debug)]`
[INFO] [stdout]    |
[INFO] [stdout] 24 + #[derive(Debug)]
[INFO] [stdout] 25 | struct Foo<T: Trait> {
[INFO] [stdout]    |
[INFO] [stdout] 
[INFO] [stdout] 
[INFO] [stdout] error[E0277]: `Bar<isize>` doesn't implement `Debug`
[INFO] [stdout]   --> tests/rustc-issue-19358.rs:40:30
[INFO] [stdout]    |
[INFO] [stdout] 40 |     println!("{:?} {:?}", a, b);
[INFO] [stdout]    |                              ^ `Bar<isize>` cannot be formatted using `{:?}`
[INFO] [stdout]    |
[INFO] [stdout]    = help: the trait `Debug` is not implemented for `Bar<isize>`
[INFO] [stdout]    = note: add `#[derive(Debug)]` to `Bar<isize>` or manually `impl Debug for Bar<isize>`
[INFO] [stdout]    = note: this error originates in the macro `$crate::format_args_nl` which comes from the expansion of the macro `println` (in Nightly builds, run with -Z macro-backtrace for more info)
[INFO] [stdout] help: consider annotating `Bar<isize>` with `#[derive(Debug)]`
[INFO] [stdout]    |
[INFO] [stdout] 30 + #[derive(Debug)]
[INFO] [stdout] 31 | struct Bar<T> where T: Trait {
[INFO] [stdout]    |
[INFO] [stdout] 
[INFO] [stdout] 
[INFO] [stdout] error[E0277]: `LifetimeStruct<'_>` doesn't implement `Debug`
[INFO] [stdout]   --> tests/rustc-issue-19135.rs:25:47
[INFO] [stdout]    |
[INFO] [stdout] 25 |     takes_hrtb_closure(|lts| println!("{:?}", lts));
[INFO] [stdout]    |                                               ^^^ `LifetimeStruct<'_>` cannot be formatted using `{:?}`
[INFO] [stdout]    |
[INFO] [stdout]    = help: the trait `Debug` is not implemented for `LifetimeStruct<'_>`
[INFO] [stdout]    = note: add `#[derive(Debug)]` to `LifetimeStruct<'_>` or manually `impl Debug for LifetimeStruct<'_>`
[INFO] [stdout]    = note: this error originates in the macro `$crate::format_args_nl` which comes from the expansion of the macro `println` (in Nightly builds, run with -Z macro-backtrace for more info)
[INFO] [stdout] help: consider annotating `LifetimeStruct<'_>` with `#[derive(Debug)]`
[INFO] [stdout]    |
[INFO] [stdout] 21 + #[derive(Debug)]
[INFO] [stdout] 22 | struct LifetimeStruct<'a>(PhantomData<&'a ()>);
[INFO] [stdout]    |
[INFO] [stdout] 
[INFO] [stdout] 
[INFO] [stdout] error: aborting due to 4 previous errors
[INFO] [stdout] 
[INFO] [stdout] 
[INFO] [stdout] Some errors have detailed explanations: E0277, E0463.
[INFO] [stdout] 
[INFO] [stdout] For more information about an error, try `rustc --explain E0277`.
[INFO] [stdout] 
[INFO] [stdout] error: aborting due to 7 previous errors
[INFO] [stdout] 
[INFO] [stdout] 
[INFO] [stdout] Some errors have detailed explanations: E0277, E0463.
[INFO] [stdout] 
[INFO] [stdout] For more information about an error, try `rustc --explain E0277`.
[INFO] [stdout] 
[INFO] [stdout] error[E0277]: `MyStruct` doesn't implement `Debug`
[INFO] [stdout]   --> tests/rustc-issue-13434.rs:37:77
[INFO] [stdout]    |
[INFO] [stdout] 37 |   assert_eq!("MyStruct".to_string(), do_stuff(|s: MyStruct| format!("{:?}", s)));
[INFO] [stdout]    |                                                                             ^ `MyStruct` cannot be formatted using `{:?}`
[INFO] [stdout]    |
[INFO] [stdout]    = help: the trait `Debug` is not implemented for `MyStruct`
[INFO] [stdout]    = note: add `#[derive(Debug)]` to `MyStruct` or manually `impl Debug for MyStruct`
[INFO] [stdout]    = note: this error originates in the macro `$crate::__export::format_args` which comes from the expansion of the macro `format` (in Nightly builds, run with -Z macro-backtrace for more info)
[INFO] [stdout] help: consider annotating `MyStruct` with `#[derive(Debug)]`
[INFO] [stdout]    |
[INFO] [stdout] 19 + #[derive(Debug)]
[INFO] [stdout] 20 | struct MyStruct;
[INFO] [stdout]    |
[INFO] [stdout] 
[INFO] [stdout] 
[INFO] [stdout] error: aborting due to 4 previous errors
[INFO] [stdout] 
[INFO] [stdout] 
[INFO] [stdout] Some errors have detailed explanations: E0277, E0463.
[INFO] [stdout] 
[INFO] [stdout] For more information about an error, try `rustc --explain E0277`.
[INFO] [stdout] 
[INFO] [stdout] error[E0463]: can't find crate for `derivative`
[INFO] [stdout]  --> tests/derive-default.rs:5:1
[INFO] [stdout]   |
[INFO] [stdout] 5 | extern crate derivative;
[INFO] [stdout]   | ^^^^^^^^^^^^^^^^^^^^^^^^ can't find crate
[INFO] [stdout] 
[INFO] [stdout] 
[INFO] [stdout] error: aborting due to 3 previous errors
[INFO] [stdout] 
[INFO] [stdout] 
[INFO] [stdout] For more information about this error, try `rustc --explain E0463`.
[INFO] [stdout] 
[INFO] [stdout] error: cannot find derive macro `Derivative` in this scope
[INFO] [stdout]  --> tests/derive-partial-eq-packed.rs:9:10
[INFO] [stdout]   |
[INFO] [stdout] 9 | #[derive(Derivative)]
[INFO] [stdout]   |          ^^^^^^^^^^
[INFO] [stdout] 
[INFO] [stdout] 
[INFO] [stdout] error: cannot find derive macro `Derivative` in this scope
[INFO] [stdout]   --> tests/rustc-deriving-clone-struct.rs:21:19
[INFO] [stdout]    |
[INFO] [stdout] 21 | #[derive(Default, Derivative)]
[INFO] [stdout]    |                   ^^^^^^^^^^
[INFO] [stdout] 
[INFO] [stdout] 
[INFO] [stdout] error: cannot find derive macro `Derivative` in this scope
[INFO] [stdout]  --> tests/clippy-warning-clone-from.rs:9:10
[INFO] [stdout]   |
[INFO] [stdout] 9 | #[derive(Derivative)]
[INFO] [stdout]   |          ^^^^^^^^^^
[INFO] [stdout] 
[INFO] [stdout] 
[INFO] [stdout] error: cannot find attribute `derivative` in this scope
[INFO] [stdout]   --> tests/derive-partial-eq-packed.rs:10:3
[INFO] [stdout]    |
[INFO] [stdout] 10 | #[derivative(PartialEq)]
[INFO] [stdout]    |   ^^^^^^^^^^
[INFO] [stdout]    |
[INFO] [stdout] note: `derivative` is imported here, but it is an unresolved item, not an attribute
[INFO] [stdout]   --> tests/derive-partial-eq-packed.rs:7:1
[INFO] [stdout]    |
[INFO] [stdout] 7  | extern crate derivative;
[INFO] [stdout]    | ^^^^^^^^^^^^^^^^^^^^^^^^
[INFO] [stdout] 
[INFO] [stdout] 
[INFO] [stdout] error: cannot find attribute `derivative` in this scope
[INFO] [stdout]   --> tests/rustc-deriving-clone-struct.rs:22:3
[INFO] [stdout]    |
[INFO] [stdout] 22 | #[derivative(Clone)]
[INFO] [stdout]    |   ^^^^^^^^^^
[INFO] [stdout]    |
[INFO] [stdout] note: `derivative` is imported here, but it is an unresolved item, not an attribute
[INFO] [stdout]   --> tests/rustc-deriving-clone-struct.rs:19:1
[INFO] [stdout]    |
[INFO] [stdout] 19 | extern crate derivative;
[INFO] [stdout]    | ^^^^^^^^^^^^^^^^^^^^^^^^
[INFO] [stdout] 
[INFO] [stdout] 
[INFO] [stdout] error: cannot find derive macro `Derivative` in this scope
[INFO] [stdout]   --> tests/derive-partial-eq-packed.rs:16:10
[INFO] [stdout]    |
[INFO] [stdout] 16 | #[derive(Derivative)]
[INFO] [stdout]    |          ^^^^^^^^^^
[INFO] [stdout] 
[INFO] [stdout] 
[INFO] [stderr] error: could not compile `tulip-derivative` (test "rustc-issue-19358") due to 8 previous errors
[INFO] [stdout] error: cannot find attribute `derivative` in this scope
[INFO] [stdout]   --> tests/clippy-warning-clone-from.rs:10:3
[INFO] [stdout]    |
[INFO] [stdout] 10 | #[derivative(Clone(clone_from = "true"))]
[INFO] [stdout]    |   ^^^^^^^^^^
[INFO] [stdout]    |
[INFO] [stdout] note: `derivative` is imported here, but it is an unresolved item, not an attribute
[INFO] [stdout]   --> tests/clippy-warning-clone-from.rs:7:1
[INFO] [stdout]    |
[INFO] [stdout] 7  | extern crate derivative;
[INFO] [stdout]    | ^^^^^^^^^^^^^^^^^^^^^^^^
[INFO] [stdout] 
[INFO] [stdout] 
[INFO] [stdout] error: cannot find attribute `derivative` in this scope
[INFO] [stdout]   --> tests/derive-partial-eq-packed.rs:17:3
[INFO] [stdout]    |
[INFO] [stdout] 17 | #[derivative(PartialEq)]
[INFO] [stdout]    |   ^^^^^^^^^^
[INFO] [stdout]    |
[INFO] [stdout] note: `derivative` is imported here, but it is an unresolved item, not an attribute
[INFO] [stdout]   --> tests/derive-partial-eq-packed.rs:7:1
[INFO] [stdout]    |
[INFO] [stdout] 7  | extern crate derivative;
[INFO] [stdout]    | ^^^^^^^^^^^^^^^^^^^^^^^^
[INFO] [stdout] 
[INFO] [stdout] 
[INFO] [stderr] error: could not compile `tulip-derivative` (test "rustc-issue-19135") due to 5 previous errors
[INFO] [stdout] error: cannot find attribute `derivative` in this scope
[INFO] [stdout]   --> tests/derive-partial-eq-packed.rs:20:7
[INFO] [stdout]    |
[INFO] [stdout] 20 |     #[derivative(PartialEq(bound = ""))]
[INFO] [stdout]    |       ^^^^^^^^^^
[INFO] [stdout]    |
[INFO] [stdout] note: `derivative` is imported here, but it is an unresolved item, not an attribute
[INFO] [stdout]   --> tests/derive-partial-eq-packed.rs:7:1
[INFO] [stdout]    |
[INFO] [stdout] 7  | extern crate derivative;
[INFO] [stdout]    | ^^^^^^^^^^^^^^^^^^^^^^^^
[INFO] [stdout] 
[INFO] [stdout] 
[INFO] [stdout] error: cannot find derive macro `Derivative` in this scope
[INFO] [stdout]   --> tests/derive-partial-eq-packed.rs:24:10
[INFO] [stdout]    |
[INFO] [stdout] 24 | #[derive(Derivative)]
[INFO] [stdout]    |          ^^^^^^^^^^
[INFO] [stdout] 
[INFO] [stdout] 
[INFO] [stdout] error: cannot find attribute `derivative` in this scope
[INFO] [stdout]   --> tests/derive-partial-eq-packed.rs:25:3
[INFO] [stdout]    |
[INFO] [stdout] 25 | #[derivative(PartialEq)]
[INFO] [stdout]    |   ^^^^^^^^^^
[INFO] [stdout]    |
[INFO] [stdout] note: `derivative` is imported here, but it is an unresolved item, not an attribute
[INFO] [stdout]   --> tests/derive-partial-eq-packed.rs:7:1
[INFO] [stdout]    |
[INFO] [stdout] 7  | extern crate derivative;
[INFO] [stdout]    | ^^^^^^^^^^^^^^^^^^^^^^^^
[INFO] [stdout] 
[INFO] [stdout] 
[INFO] [stdout] error: cannot find derive macro `Derivative` in this scope
[INFO] [stdout]   --> tests/derive-partial-eq-packed.rs:29:10
[INFO] [stdout]    |
[INFO] [stdout] 29 | #[derive(Derivative)]
[INFO] [stdout]    |          ^^^^^^^^^^
[INFO] [stdout] 
[INFO] [stdout] 
[INFO] [stdout] error: cannot find attribute `derivative` in this scope
[INFO] [stdout]   --> tests/derive-partial-eq-packed.rs:30:3
[INFO] [stdout]    |
[INFO] [stdout] 30 | #[derivative(PartialEq)]
[INFO] [stdout]    |   ^^^^^^^^^^
[INFO] [stdout]    |
[INFO] [stdout] note: `derivative` is imported here, but it is an unresolved item, not an attribute
[INFO] [stdout]   --> tests/derive-partial-eq-packed.rs:7:1
[INFO] [stdout]    |
[INFO] [stdout] 7  | extern crate derivative;
[INFO] [stdout]    | ^^^^^^^^^^^^^^^^^^^^^^^^
[INFO] [stdout] 
[INFO] [stdout] 
[INFO] [stdout] error: cannot find attribute `derivative` in this scope
[INFO] [stdout]   --> tests/derive-partial-eq-packed.rs:33:7
[INFO] [stdout]    |
[INFO] [stdout] 33 |     #[derivative(PartialEq = "ignore")]
[INFO] [stdout]    |       ^^^^^^^^^^
[INFO] [stdout]    |
[INFO] [stdout] note: `derivative` is imported here, but it is an unresolved item, not an attribute
[INFO] [stdout]   --> tests/derive-partial-eq-packed.rs:7:1
[INFO] [stdout]    |
[INFO] [stdout] 7  | extern crate derivative;
[INFO] [stdout]    | ^^^^^^^^^^^^^^^^^^^^^^^^
[INFO] [stdout] 
[INFO] [stdout] 
[INFO] [stdout] error: cannot find derive macro `Derivative` in this scope
[INFO] [stdout]   --> tests/derive-partial-eq-packed.rs:37:10
[INFO] [stdout]    |
[INFO] [stdout] 37 | #[derive(Derivative)]
[INFO] [stdout]    |          ^^^^^^^^^^
[INFO] [stdout] 
[INFO] [stdout] 
[INFO] [stdout] error: cannot find attribute `derivative` in this scope
[INFO] [stdout]   --> tests/derive-partial-eq-packed.rs:38:3
[INFO] [stdout]    |
[INFO] [stdout] 38 | #[derivative(PartialEq)]
[INFO] [stdout]    |   ^^^^^^^^^^
[INFO] [stdout]    |
[INFO] [stdout] note: `derivative` is imported here, but it is an unresolved item, not an attribute
[INFO] [stdout]   --> tests/derive-partial-eq-packed.rs:7:1
[INFO] [stdout]    |
[INFO] [stdout] 7  | extern crate derivative;
[INFO] [stdout]    | ^^^^^^^^^^^^^^^^^^^^^^^^
[INFO] [stdout] 
[INFO] [stdout] 
[INFO] [stdout] error: aborting due to 3 previous errors
[INFO] [stdout] 
[INFO] [stdout] 
[INFO] [stdout] For more information about this error, try `rustc --explain E0463`.
[INFO] [stdout] 
[INFO] [stdout] error: cannot find attribute `derivative` in this scope
[INFO] [stdout]   --> tests/derive-partial-eq-packed.rs:41:7
[INFO] [stdout]    |
[INFO] [stdout] 41 |     #[derivative(PartialEq = "ignore")]
[INFO] [stdout]    |       ^^^^^^^^^^
[INFO] [stdout]    |
[INFO] [stdout] note: `derivative` is imported here, but it is an unresolved item, not an attribute
[INFO] [stdout]   --> tests/derive-partial-eq-packed.rs:7:1
[INFO] [stdout]    |
[INFO] [stdout] 7  | extern crate derivative;
[INFO] [stdout]    | ^^^^^^^^^^^^^^^^^^^^^^^^
[INFO] [stdout] 
[INFO] [stdout] 
[INFO] [stdout] error: cannot find derive macro `Derivative` in this scope
[INFO] [stdout]   --> tests/derive-partial-eq-packed.rs:46:10
[INFO] [stdout]    |
[INFO] [stdout] 46 | #[derive(Derivative)]
[INFO] [stdout]    |          ^^^^^^^^^^
[INFO] [stdout] 
[INFO] [stdout] 
[INFO] [stdout] error[E0369]: binary operation `==` cannot be applied to type `TS<{integer}>`
[INFO] [stdout]   --> tests/rustc-deriving-cmp-generic-tuple-struct.rs:42:29
[INFO] [stdout]    |
[INFO] [stdout] 42 |             assert_eq!(*ts1 == *ts2, eq);
[INFO] [stdout]    |                        ---- ^^ ---- TS<{integer}>
[INFO] [stdout]    |                        |
[INFO] [stdout]    |                        TS<{integer}>
[INFO] [stdout]    |
[INFO] [stdout] note: an implementation of `PartialEq` might be missing for `TS<{integer}>`
[INFO] [stdout]   --> tests/rustc-deriving-cmp-generic-tuple-struct.rs:21:1
[INFO] [stdout]    |
[INFO] [stdout] 21 | struct TS<T>(T, T);
[INFO] [stdout]    | ^^^^^^^^^^^^ must implement `PartialEq`
[INFO] [stdout] help: consider annotating `TS<{integer}>` with `#[derive(PartialEq)]`
[INFO] [stdout]    |
[INFO] [stdout] 21 + #[derive(PartialEq)]
[INFO] [stdout] 22 | struct TS<T>(T, T);
[INFO] [stdout]    |
[INFO] [stdout] 
[INFO] [stdout] 
[INFO] [stdout] error: cannot find attribute `derivative` in this scope
[INFO] [stdout]   --> tests/derive-partial-eq-packed.rs:47:3
[INFO] [stdout]    |
[INFO] [stdout] 47 | #[derivative(PartialEq)]
[INFO] [stdout]    |   ^^^^^^^^^^
[INFO] [stdout]    |
[INFO] [stdout] note: `derivative` is imported here, but it is an unresolved item, not an attribute
[INFO] [stdout]   --> tests/derive-partial-eq-packed.rs:7:1
[INFO] [stdout]    |
[INFO] [stdout] 7  | extern crate derivative;
[INFO] [stdout]    | ^^^^^^^^^^^^^^^^^^^^^^^^
[INFO] [stdout] 
[INFO] [stdout] 
[INFO] [stdout] error: cannot find attribute `derivative` in this scope
[INFO] [stdout]   --> tests/derive-partial-eq-packed.rs:49:17
[INFO] [stdout]    |
[INFO] [stdout] 49 | struct Parity(#[derivative(PartialEq(compare_with = "same_parity"))] u8);
[INFO] [stdout]    |                 ^^^^^^^^^^
[INFO] [stdout]    |
[INFO] [stdout] note: `derivative` is imported here, but it is an unresolved item, not an attribute
[INFO] [stdout]   --> tests/derive-partial-eq-packed.rs:7:1
[INFO] [stdout]    |
[INFO] [stdout] 7  | extern crate derivative;
[INFO] [stdout]    | ^^^^^^^^^^^^^^^^^^^^^^^^
[INFO] [stdout] 
[INFO] [stdout] 
[INFO] [stdout] error: cannot find derive macro `Derivative` in this scope
[INFO] [stdout]   --> tests/derive-partial-eq-packed.rs:55:10
[INFO] [stdout]    |
[INFO] [stdout] 55 | #[derive(Derivative)]
[INFO] [stdout]    |          ^^^^^^^^^^
[INFO] [stdout] 
[INFO] [stdout] 
[INFO] [stdout] error: cannot find attribute `derivative` in this scope
[INFO] [stdout]   --> tests/derive-partial-eq-packed.rs:56:3
[INFO] [stdout]    |
[INFO] [stdout] 56 | #[derivative(PartialEq)]
[INFO] [stdout]    |   ^^^^^^^^^^
[INFO] [stdout]    |
[INFO] [stdout] note: `derivative` is imported here, but it is an unresolved item, not an attribute
[INFO] [stdout]   --> tests/derive-partial-eq-packed.rs:7:1
[INFO] [stdout]    |
[INFO] [stdout] 7  | extern crate derivative;
[INFO] [stdout]    | ^^^^^^^^^^^^^^^^^^^^^^^^
[INFO] [stdout] 
[INFO] [stdout] 
[INFO] [stderr] error: could not compile `tulip-derivative` (test "rustc-issue-13434") due to 5 previous errors
[INFO] [stdout] error: cannot find attribute `derivative` in this scope
[INFO] [stdout]   --> tests/derive-partial-eq-packed.rs:58:21
[INFO] [stdout]    |
[INFO] [stdout] 58 | struct Generic<T>(#[derivative(PartialEq(compare_with = "dummy_cmp", bound = ""))] T);
[INFO] [stdout]    |                     ^^^^^^^^^^
[INFO] [stdout]    |
[INFO] [stdout] note: `derivative` is imported here, but it is an unresolved item, not an attribute
[INFO] [stdout]   --> tests/derive-partial-eq-packed.rs:7:1
[INFO] [stdout]    |
[INFO] [stdout] 7  | extern crate derivative;
[INFO] [stdout]    | ^^^^^^^^^^^^^^^^^^^^^^^^
[INFO] [stdout] 
[INFO] [stdout] 
[INFO] [stdout] error[E0277]: the trait bound `Foo: Eq` is not satisfied
[INFO] [stdout]   --> tests/derive-eq.rs:42:15
[INFO] [stdout]    |
[INFO] [stdout] 42 |     assert_eq(Foo { foo: 7 });
[INFO] [stdout]    |     --------- ^^^^^^^^^^^^^^ the trait `Eq` is not implemented for `Foo`
[INFO] [stdout]    |     |
[INFO] [stdout]    |     required by a bound introduced by this call
[INFO] [stdout]    |
[INFO] [stdout] note: required by a bound in `assert_eq`
[INFO] [stdout]   --> tests/derive-eq.rs:35:17
[INFO] [stdout]    |
[INFO] [stdout] 35 | fn assert_eq<T: Eq>(_: T) {}
[INFO] [stdout]    |                 ^^ required by this bound in `assert_eq`
[INFO] [stdout] help: consider annotating `Foo` with `#[derive(Eq)]`
[INFO] [stdout]    |
[INFO] [stdout] 11 + #[derive(Eq)]
[INFO] [stdout] 12 | struct Foo {
[INFO] [stdout]    |
[INFO] [stdout] 
[INFO] [stdout] 
[INFO] [stdout] error: cannot find derive macro `Derivative` in this scope
[INFO] [stdout]   --> tests/derive-partial-eq-packed.rs:66:10
[INFO] [stdout]    |
[INFO] [stdout] 66 | #[derive(Derivative)]
[INFO] [stdout]    |          ^^^^^^^^^^
[INFO] [stdout] 
[INFO] [stdout] 
[INFO] [stdout] error: cannot find attribute `derivative` in this scope
[INFO] [stdout]   --> tests/derive-partial-eq-packed.rs:67:3
[INFO] [stdout]    |
[INFO] [stdout] 67 | #[derivative(PartialEq, Eq)]
[INFO] [stdout]    |   ^^^^^^^^^^
[INFO] [stdout]    |
[INFO] [stdout] note: `derivative` is imported here, but it is an unresolved item, not an attribute
[INFO] [stdout]   --> tests/derive-partial-eq-packed.rs:7:1
[INFO] [stdout]    |
[INFO] [stdout] 7  | extern crate derivative;
[INFO] [stdout]    | ^^^^^^^^^^^^^^^^^^^^^^^^
[INFO] [stdout] 
[INFO] [stdout] 
[INFO] [stdout] error[E0369]: binary operation `!=` cannot be applied to type `TS<{integer}>`
[INFO] [stdout]   --> tests/rustc-deriving-cmp-generic-tuple-struct.rs:43:29
[INFO] [stdout]    |
[INFO] [stdout] 43 |             assert_eq!(*ts1 != *ts2, !eq);
[INFO] [stdout]    |                        ---- ^^ ---- TS<{integer}>
[INFO] [stdout]    |                        |
[INFO] [stdout]    |                        TS<{integer}>
[INFO] [stdout]    |
[INFO] [stdout] note: an implementation of `PartialEq` might be missing for `TS<{integer}>`
[INFO] [stdout]   --> tests/rustc-deriving-cmp-generic-tuple-struct.rs:21:1
[INFO] [stdout]    |
[INFO] [stdout] 21 | struct TS<T>(T, T);
[INFO] [stdout]    | ^^^^^^^^^^^^ must implement `PartialEq`
[INFO] [stdout] help: consider annotating `TS<{integer}>` with `#[derive(PartialEq)]`
[INFO] [stdout]    |
[INFO] [stdout] 21 + #[derive(PartialEq)]
[INFO] [stdout] 22 | struct TS<T>(T, T);
[INFO] [stdout]    |
[INFO] [stdout] 
[INFO] [stdout] 
[INFO] [stdout] error: cannot find attribute `derivative` in this scope
[INFO] [stdout]   --> tests/derive-partial-eq-packed.rs:71:7
[INFO] [stdout]    |
[INFO] [stdout] 71 |     #[derivative(PartialEq = "ignore")]
[INFO] [stdout]    |       ^^^^^^^^^^
[INFO] [stdout]    |
[INFO] [stdout] note: `derivative` is imported here, but it is an unresolved item, not an attribute
[INFO] [stdout]   --> tests/derive-partial-eq-packed.rs:7:1
[INFO] [stdout]    |
[INFO] [stdout] 7  | extern crate derivative;
[INFO] [stdout]    | ^^^^^^^^^^^^^^^^^^^^^^^^
[INFO] [stdout] 
[INFO] [stdout] 
[INFO] [stderr] error: could not compile `tulip-derivative` (test "rustc-deriving-enum-single-variant") due to 4 previous errors
[INFO] [stdout] error: cannot find derive macro `Derivative` in this scope
[INFO] [stdout]  --> tests/derive-default.rs:7:17
[INFO] [stdout]   |
[INFO] [stdout] 7 | #[derive(Debug, Derivative, PartialEq)]
[INFO] [stdout]   |                 ^^^^^^^^^^
[INFO] [stdout] 
[INFO] [stdout] 
[INFO] [stdout] error[E0369]: binary operation `<` cannot be applied to type `TS<{integer}>`
[INFO] [stdout]   --> tests/rustc-deriving-cmp-generic-tuple-struct.rs:46:29
[INFO] [stdout]    |
[INFO] [stdout] 46 |             assert_eq!(*ts1 < *ts2, lt);
[INFO] [stdout]    |                        ---- ^ ---- TS<{integer}>
[INFO] [stdout]    |                        |
[INFO] [stdout]    |                        TS<{integer}>
[INFO] [stdout]    |
[INFO] [stdout] note: an implementation of `PartialOrd` might be missing for `TS<{integer}>`
[INFO] [stdout]   --> tests/rustc-deriving-cmp-generic-tuple-struct.rs:21:1
[INFO] [stdout]    |
[INFO] [stdout] 21 | struct TS<T>(T, T);
[INFO] [stdout]    | ^^^^^^^^^^^^ must implement `PartialOrd`
[INFO] [stdout] help: consider annotating `TS<{integer}>` with `#[derive(PartialEq, PartialOrd)]`
[INFO] [stdout]    |
[INFO] [stdout] 21 + #[derive(PartialEq, PartialOrd)]
[INFO] [stdout] 22 | struct TS<T>(T, T);
[INFO] [stdout]    |
[INFO] [stdout] 
[INFO] [stdout] 
[INFO] [stdout] error[E0277]: the trait bound `WithPtr<dyn SomeTrait>: Eq` is not satisfied
[INFO] [stdout]   --> tests/derive-eq.rs:49:15
[INFO] [stdout]    |
[INFO] [stdout] 49 |     assert_eq(WithPtr { foo: ptr1 });
[INFO] [stdout]    |     --------- ^^^^^^^^^^^^^^^^^^^^^ the trait `Eq` is not implemented for `WithPtr<dyn SomeTrait>`
[INFO] [stdout]    |     |
[INFO] [stdout]    |     required by a bound introduced by this call
[INFO] [stdout]    |
[INFO] [stdout] note: required by a bound in `assert_eq`
[INFO] [stdout]   --> tests/derive-eq.rs:35:17
[INFO] [stdout]    |
[INFO] [stdout] 35 | fn assert_eq<T: Eq>(_: T) {}
[INFO] [stdout]    |                 ^^ required by this bound in `assert_eq`
[INFO] [stdout] help: consider annotating `WithPtr<dyn SomeTrait>` with `#[derive(Eq)]`
[INFO] [stdout]    |
[INFO] [stdout] 17 + #[derive(Eq)]
[INFO] [stdout] 18 | struct WithPtr<T: ?Sized> {
[INFO] [stdout]    |
[INFO] [stdout] 
[INFO] [stdout] 
[INFO] [stdout] error: cannot find attribute `derivative` in this scope
[INFO] [stdout]  --> tests/derive-default.rs:8:3
[INFO] [stdout]   |
[INFO] [stdout] 8 | #[derivative(Default="new")]
[INFO] [stdout]   |   ^^^^^^^^^^
[INFO] [stdout]   |
[INFO] [stdout] note: `derivative` is imported here, but it is an unresolved item, not an attribute
[INFO] [stdout]  --> tests/derive-default.rs:5:1
[INFO] [stdout]   |
[INFO] [stdout] 5 | extern crate derivative;
[INFO] [stdout]   | ^^^^^^^^^^^^^^^^^^^^^^^^
[INFO] [stdout] 
[INFO] [stdout] 
[INFO] [stdout] error[E0369]: binary operation `>` cannot be applied to type `TS<{integer}>`
[INFO] [stdout]   --> tests/rustc-deriving-cmp-generic-tuple-struct.rs:47:29
[INFO] [stdout]    |
[INFO] [stdout] 47 |             assert_eq!(*ts1 > *ts2, gt);
[INFO] [stdout]    |                        ---- ^ ---- TS<{integer}>
[INFO] [stdout]    |                        |
[INFO] [stdout]    |                        TS<{integer}>
[INFO] [stdout]    |
[INFO] [stdout] note: an implementation of `PartialOrd` might be missing for `TS<{integer}>`
[INFO] [stdout]   --> tests/rustc-deriving-cmp-generic-tuple-struct.rs:21:1
[INFO] [stdout]    |
[INFO] [stdout] 21 | struct TS<T>(T, T);
[INFO] [stdout]    | ^^^^^^^^^^^^ must implement `PartialOrd`
[INFO] [stdout] help: consider annotating `TS<{integer}>` with `#[derive(PartialEq, PartialOrd)]`
[INFO] [stdout]    |
[INFO] [stdout] 21 + #[derive(PartialEq, PartialOrd)]
[INFO] [stdout] 22 | struct TS<T>(T, T);
[INFO] [stdout]    |
[INFO] [stdout] 
[INFO] [stdout] 
[INFO] [stdout] error: cannot find attribute `derivative` in this scope
[INFO] [stdout]   --> tests/derive-default.rs:11:7
[INFO] [stdout]    |
[INFO] [stdout] 11 |     #[derivative(Default(value="42"))]
[INFO] [stdout]    |       ^^^^^^^^^^
[INFO] [stdout]    |
[INFO] [stdout] note: `derivative` is imported here, but it is an unresolved item, not an attribute
[INFO] [stdout]   --> tests/derive-default.rs:5:1
[INFO] [stdout]    |
[INFO] [stdout] 5  | extern crate derivative;
[INFO] [stdout]    | ^^^^^^^^^^^^^^^^^^^^^^^^
[INFO] [stdout] 
[INFO] [stdout] 
[INFO] [stdout] error: cannot find derive macro `Derivative` in this scope
[INFO] [stdout]   --> tests/derive-default.rs:15:17
[INFO] [stdout]    |
[INFO] [stdout] 15 | #[derive(Debug, Derivative, PartialEq)]
[INFO] [stdout]    |                 ^^^^^^^^^^
[INFO] [stdout] 
[INFO] [stdout] 
[INFO] [stdout] error[E0369]: binary operation `<=` cannot be applied to type `TS<{integer}>`
[INFO] [stdout]   --> tests/rustc-deriving-cmp-generic-tuple-struct.rs:49:29
[INFO] [stdout]    |
[INFO] [stdout] 49 |             assert_eq!(*ts1 <= *ts2, le);
[INFO] [stdout]    |                        ---- ^^ ---- TS<{integer}>
[INFO] [stdout]    |                        |
[INFO] [stdout]    |                        TS<{integer}>
[INFO] [stdout]    |
[INFO] [stdout] note: an implementation of `PartialOrd` might be missing for `TS<{integer}>`
[INFO] [stdout]   --> tests/rustc-deriving-cmp-generic-tuple-struct.rs:21:1
[INFO] [stdout]    |
[INFO] [stdout] 21 | struct TS<T>(T, T);
[INFO] [stdout]    | ^^^^^^^^^^^^ must implement `PartialOrd`
[INFO] [stdout] help: consider annotating `TS<{integer}>` with `#[derive(PartialEq, PartialOrd)]`
[INFO] [stdout]    |
[INFO] [stdout] 21 + #[derive(PartialEq, PartialOrd)]
[INFO] [stdout] 22 | struct TS<T>(T, T);
[INFO] [stdout]    |
[INFO] [stdout] 
[INFO] [stdout] 
[INFO] [stdout] error[E0369]: binary operation `>=` cannot be applied to type `TS<{integer}>`
[INFO] [stdout]   --> tests/rustc-deriving-cmp-generic-tuple-struct.rs:50:29
[INFO] [stdout]    |
[INFO] [stdout] 50 |             assert_eq!(*ts1 >= *ts2, ge);
[INFO] [stdout]    |                        ---- ^^ ---- TS<{integer}>
[INFO] [stdout]    |                        |
[INFO] [stdout]    |                        TS<{integer}>
[INFO] [stdout]    |
[INFO] [stdout] note: an implementation of `PartialOrd` might be missing for `TS<{integer}>`
[INFO] [stdout]   --> tests/rustc-deriving-cmp-generic-tuple-struct.rs:21:1
[INFO] [stdout]    |
[INFO] [stdout] 21 | struct TS<T>(T, T);
[INFO] [stdout]    | ^^^^^^^^^^^^ must implement `PartialOrd`
[INFO] [stdout] help: consider annotating `TS<{integer}>` with `#[derive(PartialEq, PartialOrd)]`
[INFO] [stdout]    |
[INFO] [stdout] 21 + #[derive(PartialEq, PartialOrd)]
[INFO] [stdout] 22 | struct TS<T>(T, T);
[INFO] [stdout]    |
[INFO] [stdout] 
[INFO] [stdout] 
[INFO] [stdout] error: aborting due to 8 previous errors
[INFO] [stdout] 
[INFO] [stdout] 
[INFO] [stdout] Some errors have detailed explanations: E0277, E0463.
[INFO] [stdout] 
[INFO] [stdout] error: cannot find attribute `derivative` in this scope
[INFO] [stdout]   --> tests/derive-default.rs:16:3
[INFO] [stdout]    |
[INFO] [stdout] 16 | #[derivative(Default(new="true"))]
[INFO] [stdout]    |   ^^^^^^^^^^
[INFO] [stdout]    |
[INFO] [stdout] note: `derivative` is imported here, but it is an unresolved item, not an attribute
[INFO] [stdout]   --> tests/derive-default.rs:5:1
[INFO] [stdout]    |
[INFO] [stdout] 5  | extern crate derivative;
[INFO] [stdout]    | ^^^^^^^^^^^^^^^^^^^^^^^^
[INFO] [stdout] 
[INFO] [stdout] 
[INFO] [stdout] For more information about an error, try `rustc --explain E0277`.
[INFO] [stdout] 
[INFO] [stdout] error: cannot find attribute `derivative` in this scope
[INFO] [stdout]   --> tests/derive-default.rs:19:7
[INFO] [stdout]    |
[INFO] [stdout] 19 |     #[derivative(Default(value="42"))]
[INFO] [stdout]    |       ^^^^^^^^^^
[INFO] [stdout]    |
[INFO] [stdout] note: `derivative` is imported here, but it is an unresolved item, not an attribute
[INFO] [stdout]   --> tests/derive-default.rs:5:1
[INFO] [stdout]    |
[INFO] [stdout] 5  | extern crate derivative;
[INFO] [stdout]    | ^^^^^^^^^^^^^^^^^^^^^^^^
[INFO] [stdout] 
[INFO] [stdout] 
[INFO] [stdout] error: cannot find derive macro `Derivative` in this scope
[INFO] [stdout]   --> tests/derive-default.rs:28:17
[INFO] [stdout]    |
[INFO] [stdout] 28 | #[derive(Debug, Derivative, PartialEq)]
[INFO] [stdout]    |                 ^^^^^^^^^^
[INFO] [stdout] 
[INFO] [stdout] 
[INFO] [stdout] error: cannot find attribute `derivative` in this scope
[INFO] [stdout]   --> tests/derive-default.rs:29:3
[INFO] [stdout]    |
[INFO] [stdout] 29 | #[derivative(Default(new="true"))]
[INFO] [stdout]    |   ^^^^^^^^^^
[INFO] [stdout]    |
[INFO] [stdout] note: `derivative` is imported here, but it is an unresolved item, not an attribute
[INFO] [stdout]   --> tests/derive-default.rs:5:1
[INFO] [stdout]    |
[INFO] [stdout] 5  | extern crate derivative;
[INFO] [stdout]    | ^^^^^^^^^^^^^^^^^^^^^^^^
[INFO] [stdout] 
[INFO] [stdout] 
[INFO] [stdout] error: cannot find attribute `derivative` in this scope
[INFO] [stdout]   --> tests/derive-default.rs:31:7
[INFO] [stdout]    |
[INFO] [stdout] 31 |     #[derivative(Default(value="[1,2]"))]
[INFO] [stdout]    |       ^^^^^^^^^^
[INFO] [stdout]    |
[INFO] [stdout] note: `derivative` is imported here, but it is an unresolved item, not an attribute
[INFO] [stdout]   --> tests/derive-default.rs:5:1
[INFO] [stdout]    |
[INFO] [stdout] 5  | extern crate derivative;
[INFO] [stdout]    | ^^^^^^^^^^^^^^^^^^^^^^^^
[INFO] [stdout] 
[INFO] [stdout] 
[INFO] [stdout] error: cannot find attribute `derivative` in this scope
[INFO] [stdout]   --> tests/derive-default.rs:33:7
[INFO] [stdout]    |
[INFO] [stdout] 33 |     #[derivative(Default(value="[3;2]"))]
[INFO] [stdout]    |       ^^^^^^^^^^
[INFO] [stdout]    |
[INFO] [stdout] note: `derivative` is imported here, but it is an unresolved item, not an attribute
[INFO] [stdout]   --> tests/derive-default.rs:5:1
[INFO] [stdout]    |
[INFO] [stdout] 5  | extern crate derivative;
[INFO] [stdout]    | ^^^^^^^^^^^^^^^^^^^^^^^^
[INFO] [stdout] 
[INFO] [stdout] 
[INFO] [stdout] error: cannot find attribute `derivative` in this scope
[INFO] [stdout]   --> tests/derive-default.rs:35:7
[INFO] [stdout]    |
[INFO] [stdout] 35 |     #[derivative(Default(value="(4,5)"))]
[INFO] [stdout]    |       ^^^^^^^^^^
[INFO] [stdout]    |
[INFO] [stdout] note: `derivative` is imported here, but it is an unresolved item, not an attribute
[INFO] [stdout]   --> tests/derive-default.rs:5:1
[INFO] [stdout]    |
[INFO] [stdout] 5  | extern crate derivative;
[INFO] [stdout]    | ^^^^^^^^^^^^^^^^^^^^^^^^
[INFO] [stdout] 
[INFO] [stdout] 
[INFO] [stdout] error: cannot find attribute `derivative` in this scope
[INFO] [stdout]   --> tests/derive-default.rs:37:7
[INFO] [stdout]    |
[INFO] [stdout] 37 |     #[derivative(Default(value="B1(6,7)"))]
[INFO] [stdout]    |       ^^^^^^^^^^
[INFO] [stdout]    |
[INFO] [stdout] note: `derivative` is imported here, but it is an unresolved item, not an attribute
[INFO] [stdout]   --> tests/derive-default.rs:5:1
[INFO] [stdout]    |
[INFO] [stdout] 5  | extern crate derivative;
[INFO] [stdout]    | ^^^^^^^^^^^^^^^^^^^^^^^^
[INFO] [stdout] 
[INFO] [stdout] 
[INFO] [stdout] error: cannot find attribute `derivative` in this scope
[INFO] [stdout]   --> tests/derive-default.rs:39:7
[INFO] [stdout]    |
[INFO] [stdout] 39 |     #[derivative(Default(value="B2{a:8,b:9}"))]
[INFO] [stdout]    |       ^^^^^^^^^^
[INFO] [stdout]    |
[INFO] [stdout] note: `derivative` is imported here, but it is an unresolved item, not an attribute
[INFO] [stdout]   --> tests/derive-default.rs:5:1
[INFO] [stdout]    |
[INFO] [stdout] 5  | extern crate derivative;
[INFO] [stdout]    | ^^^^^^^^^^^^^^^^^^^^^^^^
[INFO] [stdout] 
[INFO] [stdout] 
[INFO] [stdout] error: cannot find derive macro `Derivative` in this scope
[INFO] [stdout]   --> tests/derive-default.rs:43:17
[INFO] [stdout]    |
[INFO] [stdout] 43 | #[derive(Debug, Derivative, PartialEq)]
[INFO] [stdout]    |                 ^^^^^^^^^^
[INFO] [stdout] 
[INFO] [stdout] 
[INFO] [stdout] error: cannot find attribute `derivative` in this scope
[INFO] [stdout]   --> tests/derive-default.rs:44:3
[INFO] [stdout]    |
[INFO] [stdout] 44 | #[derivative(Default)]
[INFO] [stdout]    |   ^^^^^^^^^^
[INFO] [stdout]    |
[INFO] [stdout] note: `derivative` is imported here, but it is an unresolved item, not an attribute
[INFO] [stdout]   --> tests/derive-default.rs:5:1
[INFO] [stdout]    |
[INFO] [stdout] 5  | extern crate derivative;
[INFO] [stdout]    | ^^^^^^^^^^^^^^^^^^^^^^^^
[INFO] [stdout] 
[INFO] [stdout] 
[INFO] [stdout] error: cannot find attribute `derivative` in this scope
[INFO] [stdout]   --> tests/derive-default.rs:48:7
[INFO] [stdout]    |
[INFO] [stdout] 48 |     #[derivative(Default)]
[INFO] [stdout]    |       ^^^^^^^^^^
[INFO] [stdout]    |
[INFO] [stdout] note: `derivative` is imported here, but it is an unresolved item, not an attribute
[INFO] [stdout]   --> tests/derive-default.rs:5:1
[INFO] [stdout]    |
[INFO] [stdout] 5  | extern crate derivative;
[INFO] [stdout]    | ^^^^^^^^^^^^^^^^^^^^^^^^
[INFO] [stdout] 
[INFO] [stdout] 
[INFO] [stdout] error: cannot find derive macro `Derivative` in this scope
[INFO] [stdout]   --> tests/derive-default.rs:52:17
[INFO] [stdout]    |
[INFO] [stdout] 52 | #[derive(Debug, Derivative, PartialEq)]
[INFO] [stdout]    |                 ^^^^^^^^^^
[INFO] [stdout] 
[INFO] [stdout] 
[INFO] [stdout] error[E0369]: binary operation `==` cannot be applied to type `Foo`
[INFO] [stdout]   --> tests/derive-partial-eq-packed.rs:86:28
[INFO] [stdout]    |
[INFO] [stdout] 86 |     assert!(Foo { foo: 7 } == Foo { foo: 7 });
[INFO] [stdout]    |             -------------- ^^ -------------- Foo
[INFO] [stdout]    |             |
[INFO] [stdout]    |             Foo
[INFO] [stdout]    |
[INFO] [stdout] note: an implementation of `PartialEq` might be missing for `Foo`
[INFO] [stdout]   --> tests/derive-partial-eq-packed.rs:12:1
[INFO] [stdout]    |
[INFO] [stdout] 12 | struct Foo {
[INFO] [stdout]    | ^^^^^^^^^^ must implement `PartialEq`
[INFO] [stdout] help: consider annotating `Foo` with `#[derive(PartialEq)]`
[INFO] [stdout]    |
[INFO] [stdout] 12 + #[derive(PartialEq)]
[INFO] [stdout] 13 | struct Foo {
[INFO] [stdout]    |
[INFO] [stdout] 
[INFO] [stdout] 
[INFO] [stdout] error: cannot find attribute `derivative` in this scope
[INFO] [stdout]   --> tests/derive-default.rs:53:3
[INFO] [stdout]    |
[INFO] [stdout] 53 | #[derivative(Default)]
[INFO] [stdout]    |   ^^^^^^^^^^
[INFO] [stdout]    |
[INFO] [stdout] note: `derivative` is imported here, but it is an unresolved item, not an attribute
[INFO] [stdout]   --> tests/derive-default.rs:5:1
[INFO] [stdout]    |
[INFO] [stdout] 5  | extern crate derivative;
[INFO] [stdout]    | ^^^^^^^^^^^^^^^^^^^^^^^^
[INFO] [stdout] 
[INFO] [stdout] 
[INFO] [stdout] error[E0369]: binary operation `!=` cannot be applied to type `Foo`
[INFO] [stdout]   --> tests/derive-partial-eq-packed.rs:87:28
[INFO] [stdout]    |
[INFO] [stdout] 87 |     assert!(Foo { foo: 7 } != Foo { foo: 42 });
[INFO] [stdout]    |             -------------- ^^ --------------- Foo
[INFO] [stdout]    |             |
[INFO] [stdout]    |             Foo
[INFO] [stdout]    |
[INFO] [stdout] note: an implementation of `PartialEq` might be missing for `Foo`
[INFO] [stdout]   --> tests/derive-partial-eq-packed.rs:12:1
[INFO] [stdout]    |
[INFO] [stdout] 12 | struct Foo {
[INFO] [stdout]    | ^^^^^^^^^^ must implement `PartialEq`
[INFO] [stdout] help: consider annotating `Foo` with `#[derive(PartialEq)]`
[INFO] [stdout]    |
[INFO] [stdout] 12 + #[derive(PartialEq)]
[INFO] [stdout] 13 | struct Foo {
[INFO] [stdout]    |
[INFO] [stdout] 
[INFO] [stdout] 
[INFO] [stdout] error: cannot find attribute `derivative` in this scope
[INFO] [stdout]   --> tests/derive-default.rs:55:7
[INFO] [stdout]    |
[INFO] [stdout] 55 |     #[derivative(Default)]
[INFO] [stdout]    |       ^^^^^^^^^^
[INFO] [stdout]    |
[INFO] [stdout] note: `derivative` is imported here, but it is an unresolved item, not an attribute
[INFO] [stdout]   --> tests/derive-default.rs:5:1
[INFO] [stdout]    |
[INFO] [stdout] 5  | extern crate derivative;
[INFO] [stdout]    | ^^^^^^^^^^^^^^^^^^^^^^^^
[INFO] [stdout] 
[INFO] [stdout] 
[INFO] [stderr] error: could not compile `tulip-derivative` (test "clippy-warning-clone-from") due to 4 previous errors
[INFO] [stdout] error[E0369]: binary operation `==` cannot be applied to type `WithPtr<dyn SomeTrait>`
[INFO] [stdout]   --> tests/derive-partial-eq-packed.rs:91:35
[INFO] [stdout]    |
[INFO] [stdout] 91 |     assert!(WithPtr { foo: ptr1 } == WithPtr { foo: ptr1 });
[INFO] [stdout]    |             --------------------- ^^ --------------------- WithPtr<dyn SomeTrait>
[INFO] [stdout]    |             |
[INFO] [stdout]    |             WithPtr<dyn SomeTrait>
[INFO] [stdout]    |
[INFO] [stdout] note: an implementation of `PartialEq<WithPtr<dyn SomeTrait>>` might be missing for `WithPtr<dyn SomeTrait>`
[INFO] [stdout]   --> tests/derive-partial-eq-packed.rs:19:1
[INFO] [stdout]    |
[INFO] [stdout] 19 | struct WithPtr<T: ?Sized> {
[INFO] [stdout]    | ^^^^^^^^^^^^^^^^^^^^^^^^^ must implement `PartialEq<WithPtr<dyn SomeTrait>>`
[INFO] [stdout] help: consider annotating `WithPtr<dyn SomeTrait>` with `#[derive(PartialEq)]`
[INFO] [stdout]    |
[INFO] [stdout] 19 + #[derive(PartialEq)]
[INFO] [stdout] 20 | struct WithPtr<T: ?Sized> {
[INFO] [stdout]    |
[INFO] [stdout] 
[INFO] [stdout] 
[INFO] [stderr] error: could not compile `tulip-derivative` (test "derive-eq") due to 9 previous errors
[INFO] [stdout] error: cannot find derive macro `Derivative` in this scope
[INFO] [stdout]   --> tests/derive-default.rs:61:17
[INFO] [stdout]    |
[INFO] [stdout] 61 | #[derive(Debug, Derivative, PartialEq)]
[INFO] [stdout]    |                 ^^^^^^^^^^
[INFO] [stdout] 
[INFO] [stdout] 
[INFO] [stdout] error[E0369]: binary operation `!=` cannot be applied to type `WithPtr<dyn SomeTrait>`
[INFO] [stdout]   --> tests/derive-partial-eq-packed.rs:92:35
[INFO] [stdout]    |
[INFO] [stdout] 92 |     assert!(WithPtr { foo: ptr1 } != WithPtr { foo: ptr2 });
[INFO] [stdout]    |             --------------------- ^^ --------------------- WithPtr<dyn SomeTrait>
[INFO] [stdout]    |             |
[INFO] [stdout]    |             WithPtr<dyn SomeTrait>
[INFO] [stdout]    |
[INFO] [stdout] note: an implementation of `PartialEq<WithPtr<dyn SomeTrait>>` might be missing for `WithPtr<dyn SomeTrait>`
[INFO] [stdout]   --> tests/derive-partial-eq-packed.rs:19:1
[INFO] [stdout]    |
[INFO] [stdout] 19 | struct WithPtr<T: ?Sized> {
[INFO] [stdout]    | ^^^^^^^^^^^^^^^^^^^^^^^^^ must implement `PartialEq<WithPtr<dyn SomeTrait>>`
[INFO] [stdout] help: consider annotating `WithPtr<dyn SomeTrait>` with `#[derive(PartialEq)]`
[INFO] [stdout]    |
[INFO] [stdout] 19 + #[derive(PartialEq)]
[INFO] [stdout] 20 | struct WithPtr<T: ?Sized> {
[INFO] [stdout]    |
[INFO] [stdout] 
[INFO] [stdout] 
[INFO] [stdout] error[E0369]: binary operation `==` cannot be applied to type `Empty`
[INFO] [stdout]   --> tests/derive-partial-eq-packed.rs:94:19
[INFO] [stdout]    |
[INFO] [stdout] 94 |     assert!(Empty == Empty);
[INFO] [stdout]    |             ----- ^^ ----- Empty
[INFO] [stdout]    |             |
[INFO] [stdout]    |             Empty
[INFO] [stdout]    |
[INFO] [stdout] note: an implementation of `PartialEq` might be missing for `Empty`
[INFO] [stdout]   --> tests/derive-partial-eq-packed.rs:27:1
[INFO] [stdout]    |
[INFO] [stdout] 27 | struct Empty;
[INFO] [stdout]    | ^^^^^^^^^^^^ must implement `PartialEq`
[INFO] [stdout] help: consider annotating `Empty` with `#[derive(PartialEq)]`
[INFO] [stdout]    |
[INFO] [stdout] 27 + #[derive(PartialEq)]
[INFO] [stdout] 28 | struct Empty;
[INFO] [stdout]    |
[INFO] [stdout] 
[INFO] [stdout] 
[INFO] [stdout] error: cannot find attribute `derivative` in this scope
[INFO] [stdout]   --> tests/derive-default.rs:62:3
[INFO] [stdout]    |
[INFO] [stdout] 62 | #[derivative(Default)]
[INFO] [stdout]    |   ^^^^^^^^^^
[INFO] [stdout]    |
[INFO] [stdout] note: `derivative` is imported here, but it is an unresolved item, not an attribute
[INFO] [stdout]   --> tests/derive-default.rs:5:1
[INFO] [stdout]    |
[INFO] [stdout] 5  | extern crate derivative;
[INFO] [stdout]    | ^^^^^^^^^^^^^^^^^^^^^^^^
[INFO] [stdout] 
[INFO] [stdout] 
[INFO] [stdout] error[E0369]: binary operation `==` cannot be applied to type `AllIgnored`
[INFO] [stdout]   --> tests/derive-partial-eq-packed.rs:95:35
[INFO] [stdout]    |
[INFO] [stdout] 95 |     assert!(AllIgnored { foo: 0 } == AllIgnored { foo: 42 });
[INFO] [stdout]    |             --------------------- ^^ ---------------------- AllIgnored
[INFO] [stdout]    |             |
[INFO] [stdout]    |             AllIgnored
[INFO] [stdout]    |
[INFO] [stdout] note: an implementation of `PartialEq` might be missing for `AllIgnored`
[INFO] [stdout]   --> tests/derive-partial-eq-packed.rs:32:1
[INFO] [stdout]    |
[INFO] [stdout] 32 | struct AllIgnored {
[INFO] [stdout]    | ^^^^^^^^^^^^^^^^^ must implement `PartialEq`
[INFO] [stdout] help: consider annotating `AllIgnored` with `#[derive(PartialEq)]`
[INFO] [stdout]    |
[INFO] [stdout] 32 + #[derive(PartialEq)]
[INFO] [stdout] 33 | struct AllIgnored {
[INFO] [stdout]    |
[INFO] [stdout] 
[INFO] [stdout] 
[INFO] [stdout] error: cannot find attribute `derivative` in this scope
[INFO] [stdout]   --> tests/derive-default.rs:63:12
[INFO] [stdout]    |
[INFO] [stdout] 63 | struct A(#[derivative(Default(value="NoDefault"))] NoDefault);
[INFO] [stdout]    |            ^^^^^^^^^^
[INFO] [stdout]    |
[INFO] [stdout] note: `derivative` is imported here, but it is an unresolved item, not an attribute
[INFO] [stdout]   --> tests/derive-default.rs:5:1
[INFO] [stdout]    |
[INFO] [stdout] 5  | extern crate derivative;
[INFO] [stdout]    | ^^^^^^^^^^^^^^^^^^^^^^^^
[INFO] [stdout] 
[INFO] [stdout] 
[INFO] [stdout] error[E0369]: binary operation `==` cannot be applied to type `OneIgnored`
[INFO] [stdout]   --> tests/derive-partial-eq-packed.rs:96:43
[INFO] [stdout]    |
[INFO] [stdout] 96 |     assert!(OneIgnored { foo: 0, bar: 6 } == OneIgnored { foo: 42, bar: 6 });
[INFO] [stdout]    |             ----------------------------- ^^ ------------------------------ OneIgnored
[INFO] [stdout]    |             |
[INFO] [stdout]    |             OneIgnored
[INFO] [stdout]    |
[INFO] [stdout] note: an implementation of `PartialEq` might be missing for `OneIgnored`
[INFO] [stdout]   --> tests/derive-partial-eq-packed.rs:40:1
[INFO] [stdout]    |
[INFO] [stdout] 40 | struct OneIgnored {
[INFO] [stdout]    | ^^^^^^^^^^^^^^^^^ must implement `PartialEq`
[INFO] [stdout] help: consider annotating `OneIgnored` with `#[derive(PartialEq)]`
[INFO] [stdout]    |
[INFO] [stdout] 40 + #[derive(PartialEq)]
[INFO] [stdout] 41 | struct OneIgnored {
[INFO] [stdout]    |
[INFO] [stdout] 
[INFO] [stdout] 
[INFO] [stdout] error[E0369]: binary operation `!=` cannot be applied to type `OneIgnored`
[INFO] [stdout]   --> tests/derive-partial-eq-packed.rs:97:43
[INFO] [stdout]    |
[INFO] [stdout] 97 |     assert!(OneIgnored { foo: 0, bar: 6 } != OneIgnored { foo: 42, bar: 7 });
[INFO] [stdout]    |             ----------------------------- ^^ ------------------------------ OneIgnored
[INFO] [stdout]    |             |
[INFO] [stdout]    |             OneIgnored
[INFO] [stdout]    |
[INFO] [stdout] note: an implementation of `PartialEq` might be missing for `OneIgnored`
[INFO] [stdout]   --> tests/derive-partial-eq-packed.rs:40:1
[INFO] [stdout]    |
[INFO] [stdout] 40 | struct OneIgnored {
[INFO] [stdout]    | ^^^^^^^^^^^^^^^^^ must implement `PartialEq`
[INFO] [stdout] help: consider annotating `OneIgnored` with `#[derive(PartialEq)]`
[INFO] [stdout]    |
[INFO] [stdout] 40 + #[derive(PartialEq)]
[INFO] [stdout] 41 | struct OneIgnored {
[INFO] [stdout]    |
[INFO] [stdout] 
[INFO] [stdout] 
[INFO] [stdout] error[E0369]: binary operation `==` cannot be applied to type `Parity`
[INFO] [stdout]    --> tests/derive-partial-eq-packed.rs:105:23
[INFO] [stdout]     |
[INFO] [stdout] 105 |     assert!(Parity(3) == Parity(7));
[INFO] [stdout]     |             --------- ^^ --------- Parity
[INFO] [stdout]     |             |
[INFO] [stdout]     |             Parity
[INFO] [stdout]     |
[INFO] [stdout] note: an implementation of `PartialEq` might be missing for `Parity`
[INFO] [stdout]    --> tests/derive-partial-eq-packed.rs:49:1
[INFO] [stdout]     |
[INFO] [stdout] 49  | struct Parity(#[derivative(PartialEq(compare_with = "same_parity"))] u8);
[INFO] [stdout]     | ^^^^^^^^^^^^^ must implement `PartialEq`
[INFO] [stdout] help: consider annotating `Parity` with `#[derive(PartialEq)]`
[INFO] [stdout]     |
[INFO] [stdout] 49  + #[derive(PartialEq)]
[INFO] [stdout] 50  | struct Parity(#[derivative(PartialEq(compare_with = "same_parity"))] u8);
[INFO] [stdout]     |
[INFO] [stdout] 
[INFO] [stdout] 
[INFO] [stdout] error[E0369]: binary operation `==` cannot be applied to type `Parity`
[INFO] [stdout]    --> tests/derive-partial-eq-packed.rs:106:23
[INFO] [stdout]     |
[INFO] [stdout] 106 |     assert!(Parity(2) == Parity(42));
[INFO] [stdout]     |             --------- ^^ ---------- Parity
[INFO] [stdout]     |             |
[INFO] [stdout]     |             Parity
[INFO] [stdout]     |
[INFO] [stdout] note: an implementation of `PartialEq` might be missing for `Parity`
[INFO] [stdout]    --> tests/derive-partial-eq-packed.rs:49:1
[INFO] [stdout]     |
[INFO] [stdout] 49  | struct Parity(#[derivative(PartialEq(compare_with = "same_parity"))] u8);
[INFO] [stdout]     | ^^^^^^^^^^^^^ must implement `PartialEq`
[INFO] [stdout] help: consider annotating `Parity` with `#[derive(PartialEq)]`
[INFO] [stdout]     |
[INFO] [stdout] 49  + #[derive(PartialEq)]
[INFO] [stdout] 50  | struct Parity(#[derivative(PartialEq(compare_with = "same_parity"))] u8);
[INFO] [stdout]     |
[INFO] [stdout] 
[INFO] [stdout] 
[INFO] [stdout] error[E0369]: binary operation `!=` cannot be applied to type `Parity`
[INFO] [stdout]    --> tests/derive-partial-eq-packed.rs:107:23
[INFO] [stdout]     |
[INFO] [stdout] 107 |     assert!(Parity(3) != Parity(42));
[INFO] [stdout]     |             --------- ^^ ---------- Parity
[INFO] [stdout]     |             |
[INFO] [stdout]     |             Parity
[INFO] [stdout]     |
[INFO] [stdout] note: an implementation of `PartialEq` might be missing for `Parity`
[INFO] [stdout]    --> tests/derive-partial-eq-packed.rs:49:1
[INFO] [stdout]     |
[INFO] [stdout] 49  | struct Parity(#[derivative(PartialEq(compare_with = "same_parity"))] u8);
[INFO] [stdout]     | ^^^^^^^^^^^^^ must implement `PartialEq`
[INFO] [stdout] help: consider annotating `Parity` with `#[derive(PartialEq)]`
[INFO] [stdout]     |
[INFO] [stdout] 49  + #[derive(PartialEq)]
[INFO] [stdout] 50  | struct Parity(#[derivative(PartialEq(compare_with = "same_parity"))] u8);
[INFO] [stdout]     |
[INFO] [stdout] 
[INFO] [stdout] 
[INFO] [stdout] error[E0369]: binary operation `!=` cannot be applied to type `Parity`
[INFO] [stdout]    --> tests/derive-partial-eq-packed.rs:108:23
[INFO] [stdout]     |
[INFO] [stdout] 108 |     assert!(Parity(2) != Parity(7));
[INFO] [stdout]     |             --------- ^^ --------- Parity
[INFO] [stdout]     |             |
[INFO] [stdout]     |             Parity
[INFO] [stdout]     |
[INFO] [stdout] note: an implementation of `PartialEq` might be missing for `Parity`
[INFO] [stdout]    --> tests/derive-partial-eq-packed.rs:49:1
[INFO] [stdout]     |
[INFO] [stdout] 49  | struct Parity(#[derivative(PartialEq(compare_with = "same_parity"))] u8);
[INFO] [stdout]     | ^^^^^^^^^^^^^ must implement `PartialEq`
[INFO] [stdout] help: consider annotating `Parity` with `#[derive(PartialEq)]`
[INFO] [stdout]     |
[INFO] [stdout] 49  + #[derive(PartialEq)]
[INFO] [stdout] 50  | struct Parity(#[derivative(PartialEq(compare_with = "same_parity"))] u8);
[INFO] [stdout]     |
[INFO] [stdout] 
[INFO] [stdout] 
[INFO] [stdout] error[E0369]: binary operation `==` cannot be applied to type `Generic<SomeType>`
[INFO] [stdout]    --> tests/derive-partial-eq-packed.rs:110:42
[INFO] [stdout]     |
[INFO] [stdout] 110 |     assert!(Generic(SomeType { foo: 0 }) == Generic(SomeType { foo: 0 }));
[INFO] [stdout]     |             ---------------------------- ^^ ---------------------------- Generic<SomeType>
[INFO] [stdout]     |             |
[INFO] [stdout]     |             Generic<SomeType>
[INFO] [stdout]     |
[INFO] [stdout] note: an implementation of `PartialEq` might be missing for `Generic<SomeType>`
[INFO] [stdout]    --> tests/derive-partial-eq-packed.rs:58:1
[INFO] [stdout]     |
[INFO] [stdout] 58  | struct Generic<T>(#[derivative(PartialEq(compare_with = "dummy_cmp", bound = ""))] T);
[INFO] [stdout]     | ^^^^^^^^^^^^^^^^^ must implement `PartialEq`
[INFO] [stdout] help: consider annotating `Generic<SomeType>` with `#[derive(PartialEq)]`
[INFO] [stdout]     |
[INFO] [stdout] 58  + #[derive(PartialEq)]
[INFO] [stdout] 59  | struct Generic<T>(#[derivative(PartialEq(compare_with = "dummy_cmp", bound = ""))] T);
[INFO] [stdout]     |
[INFO] [stdout] 
[INFO] [stdout] 
[INFO] [stdout] error[E0369]: binary operation `==` cannot be applied to type `GenericIgnore<NonPartialEq>`
[INFO] [stdout]    --> tests/derive-partial-eq-packed.rs:115:11
[INFO] [stdout]     |
[INFO] [stdout] 112 | /          GenericIgnore {
[INFO] [stdout] 113 | |              f: 123,
[INFO] [stdout] 114 | |              t: NonPartialEq
[INFO] [stdout] 115 | |          } == GenericIgnore {
[INFO] [stdout]     | | _________-_^^_-
[INFO] [stdout]     | ||_________|
[INFO] [stdout]     |  |         GenericIgnore<NonPartialEq>
[INFO] [stdout] 116 |  |             f: 123,
[INFO] [stdout] 117 |  |             t: NonPartialEq
[INFO] [stdout] 118 |  |         }
[INFO] [stdout]     |  |_________- GenericIgnore<NonPartialEq>
[INFO] [stdout]     |
[INFO] [stdout] note: an implementation of `PartialEq` might be missing for `GenericIgnore<NonPartialEq>`
[INFO] [stdout]    --> tests/derive-partial-eq-packed.rs:69:1
[INFO] [stdout]     |
[INFO] [stdout] 69  | struct GenericIgnore<T> {
[INFO] [stdout]     | ^^^^^^^^^^^^^^^^^^^^^^^ must implement `PartialEq`
[INFO] [stdout] help: consider annotating `GenericIgnore<NonPartialEq>` with `#[derive(PartialEq)]`
[INFO] [stdout]     |
[INFO] [stdout] 69  + #[derive(PartialEq)]
[INFO] [stdout] 70  | struct GenericIgnore<T> {
[INFO] [stdout]     |
[INFO] [stdout] 
[INFO] [stdout] 
[INFO] [stdout] error[E0599]: the method `cmp` exists for reference `&TS<{integer}>`, but its trait bounds were not satisfied
[INFO] [stdout]   --> tests/rustc-deriving-cmp-generic-tuple-struct.rs:53:28
[INFO] [stdout]    |
[INFO] [stdout] 21 | struct TS<T>(T, T);
[INFO] [stdout]    | ------------
[INFO] [stdout]    | |
[INFO] [stdout]    | doesn't satisfy `TS<{integer}>: Iterator`
[INFO] [stdout]    | doesn't satisfy `TS<{integer}>: Ord`
[INFO] [stdout] ...
[INFO] [stdout] 53 |             assert_eq!(ts1.cmp(ts2), ord);
[INFO] [stdout]    |                            ^^^ method cannot be called on `&TS<{integer}>` due to unsatisfied trait bounds
[INFO] [stdout]    |
[INFO] [stdout]    = note: the following trait bounds were not satisfied:
[INFO] [stdout]            `TS<{integer}>: Ord`
[INFO] [stdout]            which is required by `&TS<{integer}>: Ord`
[INFO] [stdout]            `&TS<{integer}>: Iterator`
[INFO] [stdout]            which is required by `&mut &TS<{integer}>: Iterator`
[INFO] [stdout]            `TS<{integer}>: Iterator`
[INFO] [stdout]            which is required by `&mut TS<{integer}>: Iterator`
[INFO] [stdout] note: the trait `Iterator` must be implemented
[INFO] [stdout]   --> /rustc/82e1608dfa6e0b5569232559e3d385fea5a93112/library/core/src/iter/traits/iterator.rs:75:1
[INFO] [stdout] help: consider annotating `TS<{integer}>` with `#[derive(Eq, Ord, PartialEq, PartialOrd)]`
[INFO] [stdout]    |
[INFO] [stdout] 21 + #[derive(Eq, Ord, PartialEq, PartialOrd)]
[INFO] [stdout] 22 | struct TS<T>(T, T);
[INFO] [stdout]    |
[INFO] [stdout] 
[INFO] [stdout] 
[INFO] [stdout] error: aborting due to 37 previous errors
[INFO] [stdout] 
[INFO] [stdout] 
[INFO] [stdout] Some errors have detailed explanations: E0369, E0463.
[INFO] [stdout] 
[INFO] [stdout] For more information about an error, try `rustc --explain E0369`.
[INFO] [stdout] 
[INFO] [stdout] error: aborting due to 10 previous errors
[INFO] [stdout] 
[INFO] [stdout] 
[INFO] [stdout] Some errors have detailed explanations: E0369, E0463, E0599.
[INFO] [stdout] 
[INFO] [stdout] For more information about an error, try `rustc --explain E0369`.
[INFO] [stdout] 
[INFO] [stdout] error[E0599]: no method named `clone` found for struct `S` in the current scope
[INFO] [stdout]   --> tests/rustc-deriving-clone-struct.rs:46:26
[INFO] [stdout]    |
[INFO] [stdout] 23 | struct S {
[INFO] [stdout]    | -------- method `clone` not found for this struct
[INFO] [stdout] ...
[INFO] [stdout] 46 |     let _ = S::default().clone();
[INFO] [stdout]    |                          ^^^^^ method not found in `S`
[INFO] [stdout]    |
[INFO] [stdout]    = help: items from traits can only be used if the trait is implemented and in scope
[INFO] [stdout]    = note: the following trait defines an item `clone`, perhaps you need to implement it:
[INFO] [stdout]            candidate #1: `Clone`
[INFO] [stdout] 
[INFO] [stdout] 
[INFO] [stdout] error[E0599]: no method named `hash` found for struct `Foo` in the current scope
[INFO] [stdout]   --> tests/rustc-deriving-via-extension-hash-struct.rs:33:30
[INFO] [stdout]    |
[INFO] [stdout] 23 | struct Foo {
[INFO] [stdout]    | ---------- method `hash` not found for this struct
[INFO] [stdout] ...
[INFO] [stdout] 33 |     Foo { x: 0, y: 0, z: 0 }.hash(&mut hasher);
[INFO] [stdout]    |                              ^^^^ method not found in `Foo`
[INFO] [stdout]    |
[INFO] [stdout]    = help: items from traits can only be used if the trait is implemented and in scope
[INFO] [stdout]    = note: the following trait defines an item `hash`, perhaps you need to implement it:
[INFO] [stdout]            candidate #1: `Hash`
[INFO] [stdout] help: some of the expressions' fields have a method of the same name
[INFO] [stdout]    |
[INFO] [stdout] 33 |     Foo { x: 0, y: 0, z: 0 }.x.hash(&mut hasher);
[INFO] [stdout]    |                              ++
[INFO] [stdout] 33 |     Foo { x: 0, y: 0, z: 0 }.y.hash(&mut hasher);
[INFO] [stdout]    |                              ++
[INFO] [stdout] 33 |     Foo { x: 0, y: 0, z: 0 }.z.hash(&mut hasher);
[INFO] [stdout]    |                              ++
[INFO] [stdout] 
[INFO] [stdout] 
[INFO] [stdout] warning: unused import: `std::hash::Hash`
[INFO] [stdout]   --> tests/rustc-deriving-via-extension-hash-struct.rs:31:9
[INFO] [stdout]    |
[INFO] [stdout] 31 |     use std::hash::Hash;
[INFO] [stdout]    |         ^^^^^^^^^^^^^^^
[INFO] [stdout]    |
[INFO] [stdout]    = note: `#[warn(unused_imports)]` on by default
[INFO] [stdout] 
[INFO] [stdout] 
[INFO] [stderr] error: could not compile `tulip-derivative` (test "derive-partial-eq-packed") due to 38 previous errors
[INFO] [stdout] error: aborting due to 4 previous errors
[INFO] [stdout] 
[INFO] [stdout] 
[INFO] [stdout] Some errors have detailed explanations: E0463, E0599.
[INFO] [stdout] 
[INFO] [stdout] For more information about an error, try `rustc --explain E0463`.
[INFO] [stdout] 
[INFO] [stdout] error: aborting due to 4 previous errors; 1 warning emitted
[INFO] [stdout] 
[INFO] [stdout] 
[INFO] [stdout] Some errors have detailed explanations: E0463, E0599.
[INFO] [stdout] 
[INFO] [stdout] For more information about an error, try `rustc --explain E0463`.
[INFO] [stdout] 
[INFO] [stderr] error: could not compile `tulip-derivative` (test "rustc-deriving-cmp-generic-tuple-struct") due to 11 previous errors
[INFO] [stdout] error[E0599]: no function or associated item named `default` found for struct `Foo` in the current scope
[INFO] [stdout]   --> tests/derive-default.rs:70:21
[INFO] [stdout]    |
[INFO] [stdout] 9  | struct Foo {
[INFO] [stdout]    | ---------- function or associated item `default` not found for this struct
[INFO] [stdout] ...
[INFO] [stdout] 70 |     assert_eq!(Foo::default(), Foo { foo: 0, bar: 42 });
[INFO] [stdout]    |                     ^^^^^^^ function or associated item not found in `Foo`
[INFO] [stdout]    |
[INFO] [stdout]    = help: items from traits can only be used if the trait is implemented and in scope
[INFO] [stdout]    = note: the following trait defines an item `default`, perhaps you need to implement it:
[INFO] [stdout]            candidate #1: `Default`
[INFO] [stdout] 
[INFO] [stdout] 
[INFO] [stderr] error: could not compile `tulip-derivative` (test "rustc-deriving-clone-struct") due to 5 previous errors
[INFO] [stdout] error[E0599]: no function or associated item named `new` found for struct `Foo` in the current scope
[INFO] [stdout]   --> tests/derive-default.rs:71:21
[INFO] [stdout]    |
[INFO] [stdout] 9  | struct Foo {
[INFO] [stdout]    | ---------- function or associated item `new` not found for this struct
[INFO] [stdout] ...
[INFO] [stdout] 71 |     assert_eq!(Foo::new(), Foo { foo: 0, bar: 42 });
[INFO] [stdout]    |                     ^^^ function or associated item not found in `Foo`
[INFO] [stdout] 
[INFO] [stdout] 
[INFO] [stderr] error: could not compile `tulip-derivative` (test "rustc-deriving-via-extension-hash-struct") due to 5 previous errors; 1 warning emitted
[INFO] [stdout] error[E0599]: no function or associated item named `default` found for struct `Bar` in the current scope
[INFO] [stdout]   --> tests/derive-default.rs:72:21
[INFO] [stdout]    |
[INFO] [stdout] 17 | struct Bar (
[INFO] [stdout]    | ---------- function or associated item `default` not found for this struct
[INFO] [stdout] ...
[INFO] [stdout] 72 |     assert_eq!(Bar::default(), Bar(0, 42));
[INFO] [stdout]    |                     ^^^^^^^ function or associated item not found in `Bar`
[INFO] [stdout]    |
[INFO] [stdout]    = help: items from traits can only be used if the trait is implemented and in scope
[INFO] [stdout]    = note: the following trait defines an item `default`, perhaps you need to implement it:
[INFO] [stdout]            candidate #1: `Default`
[INFO] [stdout] 
[INFO] [stdout] 
[INFO] [stdout] error[E0599]: no function or associated item named `new` found for struct `Bar` in the current scope
[INFO] [stdout]   --> tests/derive-default.rs:73:21
[INFO] [stdout]    |
[INFO] [stdout] 17 | struct Bar (
[INFO] [stdout]    | ---------- function or associated item `new` not found for this struct
[INFO] [stdout] ...
[INFO] [stdout] 73 |     assert_eq!(Bar::new(), Bar(0, 42));
[INFO] [stdout]    |                     ^^^ function or associated item not found in `Bar`
[INFO] [stdout] 
[INFO] [stdout] 
[INFO] [stdout] error[E0599]: no function or associated item named `new` found for struct `Baz` in the current scope
[INFO] [stdout]   --> tests/derive-default.rs:74:21
[INFO] [stdout]    |
[INFO] [stdout] 30 | struct Baz (
[INFO] [stdout]    | ---------- function or associated item `new` not found for this struct
[INFO] [stdout] ...
[INFO] [stdout] 74 |     assert_eq!(Baz::new(), Baz([1,2], [3,3], (4,5), B1(6,7), B2{a:8,b:9}));
[INFO] [stdout]    |                     ^^^ function or associated item not found in `Baz`
[INFO] [stdout] 
[INFO] [stdout] 
[INFO] [stdout] error[E0599]: no function or associated item named `default` found for struct `A` in the current scope
[INFO] [stdout]   --> tests/derive-default.rs:75:19
[INFO] [stdout]    |
[INFO] [stdout] 63 | struct A(#[derivative(Default(value="NoDefault"))] NoDefault);
[INFO] [stdout]    | -------- function or associated item `default` not found for this struct
[INFO] [stdout] ...
[INFO] [stdout] 75 |     assert_eq!(A::default(), A(NoDefault));
[INFO] [stdout]    |                   ^^^^^^^ function or associated item not found in `A`
[INFO] [stdout]    |
[INFO] [stdout]    = help: items from traits can only be used if the trait is implemented and in scope
[INFO] [stdout]    = note: the following trait defines an item `default`, perhaps you need to implement it:
[INFO] [stdout]            candidate #1: `Default`
[INFO] [stdout] 
[INFO] [stdout] 
[INFO] [stdout] error[E0599]: no variant or associated item named `default` found for enum `Enum1` in the current scope
[INFO] [stdout]   --> tests/derive-default.rs:76:23
[INFO] [stdout]    |
[INFO] [stdout] 45 | enum Enum1 {
[INFO] [stdout]    | ---------- variant or associated item `default` not found for this enum
[INFO] [stdout] ...
[INFO] [stdout] 76 |     assert_eq!(Enum1::default(), Enum1::B);
[INFO] [stdout]    |                       ^^^^^^^ variant or associated item not found in `Enum1`
[INFO] [stdout]    |
[INFO] [stdout]    = help: items from traits can only be used if the trait is implemented and in scope
[INFO] [stdout]    = note: the following trait defines an item `default`, perhaps you need to implement it:
[INFO] [stdout]            candidate #1: `Default`
[INFO] [stdout] 
[INFO] [stdout] 
[INFO] [stdout] error[E0599]: no variant or associated item named `default` found for enum `Enum2` in the current scope
[INFO] [stdout]   --> tests/derive-default.rs:77:23
[INFO] [stdout]    |
[INFO] [stdout] 54 | enum Enum2 {
[INFO] [stdout]    | ---------- variant or associated item `default` not found for this enum
[INFO] [stdout] ...
[INFO] [stdout] 77 |     assert_eq!(Enum2::default(), Enum2::A);
[INFO] [stdout]    |                       ^^^^^^^ variant or associated item not found in `Enum2`
[INFO] [stdout]    |
[INFO] [stdout]    = help: items from traits can only be used if the trait is implemented and in scope
[INFO] [stdout]    = note: the following trait defines an item `default`, perhaps you need to implement it:
[INFO] [stdout]            candidate #1: `Default`
[INFO] [stdout] 
[INFO] [stdout] 
[INFO] [stdout] error: aborting due to 31 previous errors
[INFO] [stdout] 
[INFO] [stdout] 
[INFO] [stdout] Some errors have detailed explanations: E0463, E0599.
[INFO] [stdout] 
[INFO] [stdout] For more information about an error, try `rustc --explain E0463`.
[INFO] [stdout] 
[INFO] [stderr] error: could not compile `tulip-derivative` (test "derive-default") due to 32 previous errors
[INFO] running `Command { std: "docker" "inspect" "9d5cf61bfee719612d869e74ad8d184a34c350ab2764a7743635842235bc6ad6", kill_on_drop: false }`
[INFO] running `Command { std: "docker" "rm" "-f" "9d5cf61bfee719612d869e74ad8d184a34c350ab2764a7743635842235bc6ad6", kill_on_drop: false }`
[INFO] [stdout] 9d5cf61bfee719612d869e74ad8d184a34c350ab2764a7743635842235bc6ad6
[INFO] testing tulip-derivative-2.2.1 against beta-2023-12-22 for beta-1.76-1
[INFO] extracting crate tulip-derivative 2.2.1 into /workspace/builds/worker-7-tc2/source
[INFO] validating manifest of crates.io crate tulip-derivative 2.2.1 on toolchain beta-2023-12-22
[INFO] running `Command { std: CARGO_HOME="/workspace/cargo-home" RUSTUP_HOME="/workspace/rustup-home" "/workspace/cargo-home/bin/cargo" "+beta-2023-12-22" "metadata" "--manifest-path" "Cargo.toml" "--no-deps", kill_on_drop: false }`
[INFO] started tweaking crates.io crate tulip-derivative 2.2.1
[INFO] finished tweaking crates.io crate tulip-derivative 2.2.1
[INFO] tweaked toml for crates.io crate tulip-derivative 2.2.1 written to /workspace/builds/worker-7-tc2/source/Cargo.toml
[INFO] running `Command { std: CARGO_HOME="/workspace/cargo-home" RUSTUP_HOME="/workspace/rustup-home" "/workspace/cargo-home/bin/cargo" "+beta-2023-12-22" "generate-lockfile" "--manifest-path" "Cargo.toml", kill_on_drop: false }`
[INFO] [stderr]     Updating crates.io index
[INFO] running `Command { std: CARGO_HOME="/workspace/cargo-home" RUSTUP_HOME="/workspace/rustup-home" "/workspace/cargo-home/bin/cargo" "+beta-2023-12-22" "fetch" "--manifest-path" "Cargo.toml", kill_on_drop: false }`
[INFO] running `Command { std: "docker" "create" "-v" "/var/lib/crater-agent-workspace/builds/worker-7-tc2/target:/opt/rustwide/target:rw,Z" "-v" "/var/lib/crater-agent-workspace/builds/worker-7-tc2/source:/opt/rustwide/workdir:ro,Z" "-v" "/var/lib/crater-agent-workspace/cargo-home:/opt/rustwide/cargo-home:ro,Z" "-v" "/var/lib/crater-agent-workspace/rustup-home:/opt/rustwide/rustup-home:ro,Z" "-e" "SOURCE_DIR=/opt/rustwide/workdir" "-e" "CARGO_TARGET_DIR=/opt/rustwide/target" "-e" "CARGO_HOME=/opt/rustwide/cargo-home" "-e" "RUSTUP_HOME=/opt/rustwide/rustup-home" "-w" "/opt/rustwide/workdir" "-m" "1610612736" "--user" "0:0" "--network" "none" "ghcr.io/rust-lang/crates-build-env/linux@sha256:2788e3201cd34a07e3172128adcd8b3090168a8e3bcc40d7c032b9dda1df7d1c" "/opt/rustwide/cargo-home/bin/cargo" "+beta-2023-12-22" "metadata" "--no-deps" "--format-version=1", kill_on_drop: false }`
[INFO] [stdout] af30f3e69799e0ae663e01cc7ae32c7fc233f2bfaf0bbfdde5f95419d248c0de
[INFO] running `Command { std: "docker" "start" "-a" "af30f3e69799e0ae663e01cc7ae32c7fc233f2bfaf0bbfdde5f95419d248c0de", kill_on_drop: false }`
[INFO] running `Command { std: "docker" "inspect" "af30f3e69799e0ae663e01cc7ae32c7fc233f2bfaf0bbfdde5f95419d248c0de", kill_on_drop: false }`
[INFO] running `Command { std: "docker" "rm" "-f" "af30f3e69799e0ae663e01cc7ae32c7fc233f2bfaf0bbfdde5f95419d248c0de", kill_on_drop: false }`
[INFO] [stdout] af30f3e69799e0ae663e01cc7ae32c7fc233f2bfaf0bbfdde5f95419d248c0de
[INFO] running `Command { std: "docker" "create" "-v" "/var/lib/crater-agent-workspace/builds/worker-7-tc2/target:/opt/rustwide/target:rw,Z" "-v" "/var/lib/crater-agent-workspace/builds/worker-7-tc2/source:/opt/rustwide/workdir:ro,Z" "-v" "/var/lib/crater-agent-workspace/cargo-home:/opt/rustwide/cargo-home:ro,Z" "-v" "/var/lib/crater-agent-workspace/rustup-home:/opt/rustwide/rustup-home:ro,Z" "-e" "SOURCE_DIR=/opt/rustwide/workdir" "-e" "CARGO_TARGET_DIR=/opt/rustwide/target" "-e" "CARGO_INCREMENTAL=0" "-e" "RUST_BACKTRACE=full" "-e" "RUSTFLAGS=--cap-lints=warn" "-e" "RUSTDOCFLAGS=--cap-lints=warn" "-e" "CARGO_HOME=/opt/rustwide/cargo-home" "-e" "RUSTUP_HOME=/opt/rustwide/rustup-home" "-w" "/opt/rustwide/workdir" "-m" "1610612736" "--user" "0:0" "--network" "none" "ghcr.io/rust-lang/crates-build-env/linux@sha256:2788e3201cd34a07e3172128adcd8b3090168a8e3bcc40d7c032b9dda1df7d1c" "/opt/rustwide/cargo-home/bin/cargo" "+beta-2023-12-22" "build" "--frozen" "--message-format=json", kill_on_drop: false }`
[INFO] [stdout] adf68b5966aa4a07d3ba7d02a6563aa5948f6f8dffa39ca36a4d008ad52b2467
[INFO] running `Command { std: "docker" "start" "-a" "adf68b5966aa4a07d3ba7d02a6563aa5948f6f8dffa39ca36a4d008ad52b2467", kill_on_drop: false }`
[INFO] [stderr]    Compiling syn v1.0.109
[INFO] [stderr]    Compiling tulip-derivative v2.2.1 (/opt/rustwide/workdir)
[INFO] [stderr]     Finished dev [unoptimized + debuginfo] target(s) in 5.39s
[INFO] running `Command { std: "docker" "inspect" "adf68b5966aa4a07d3ba7d02a6563aa5948f6f8dffa39ca36a4d008ad52b2467", kill_on_drop: false }`
[INFO] running `Command { std: "docker" "rm" "-f" "adf68b5966aa4a07d3ba7d02a6563aa5948f6f8dffa39ca36a4d008ad52b2467", kill_on_drop: false }`
[INFO] [stdout] adf68b5966aa4a07d3ba7d02a6563aa5948f6f8dffa39ca36a4d008ad52b2467
[INFO] running `Command { std: "docker" "create" "-v" "/var/lib/crater-agent-workspace/builds/worker-7-tc2/target:/opt/rustwide/target:rw,Z" "-v" "/var/lib/crater-agent-workspace/builds/worker-7-tc2/source:/opt/rustwide/workdir:ro,Z" "-v" "/var/lib/crater-agent-workspace/cargo-home:/opt/rustwide/cargo-home:ro,Z" "-v" "/var/lib/crater-agent-workspace/rustup-home:/opt/rustwide/rustup-home:ro,Z" "-e" "SOURCE_DIR=/opt/rustwide/workdir" "-e" "CARGO_TARGET_DIR=/opt/rustwide/target" "-e" "CARGO_INCREMENTAL=0" "-e" "RUST_BACKTRACE=full" "-e" "RUSTFLAGS=--cap-lints=warn" "-e" "RUSTDOCFLAGS=--cap-lints=warn" "-e" "CARGO_HOME=/opt/rustwide/cargo-home" "-e" "RUSTUP_HOME=/opt/rustwide/rustup-home" "-w" "/opt/rustwide/workdir" "-m" "1610612736" "--user" "0:0" "--network" "none" "ghcr.io/rust-lang/crates-build-env/linux@sha256:2788e3201cd34a07e3172128adcd8b3090168a8e3bcc40d7c032b9dda1df7d1c" "/opt/rustwide/cargo-home/bin/cargo" "+beta-2023-12-22" "test" "--frozen" "--no-run" "--message-format=json", kill_on_drop: false }`
[INFO] [stdout] 636abe74b4ca463d04e6c5a146fc24be32d3a008a0b43ea1379d3d1061f93161
[INFO] running `Command { std: "docker" "start" "-a" "636abe74b4ca463d04e6c5a146fc24be32d3a008a0b43ea1379d3d1061f93161", kill_on_drop: false }`
[INFO] [stderr]    Compiling proc-macro2 v1.0.75
[INFO] [stderr]    Compiling unicode-ident v1.0.12
[INFO] [stderr]    Compiling termcolor v1.4.0
[INFO] [stderr]    Compiling syn v1.0.109
[INFO] [stderr]    Compiling quote v1.0.35
[INFO] [stderr]    Compiling syn v2.0.48
[INFO] [stderr]    Compiling serde_derive v1.0.194
[INFO] [stderr]    Compiling runtime-macros-derive v0.4.0
[INFO] [stderr]    Compiling serde v1.0.194
[INFO] [stderr]    Compiling tulip-derivative v2.2.1 (/opt/rustwide/workdir)
[INFO] [stderr]    Compiling serde_json v1.0.111
[INFO] [stderr]    Compiling toml v0.5.11
[INFO] [stderr]    Compiling trybuild v1.0.22
[INFO] [stdout] error[E0463]: can't find crate for `derivative`
[INFO] [stdout]  --> tests/clippy-warning-clone-from.rs:7:1
[INFO] [stdout]   |
[INFO] [stdout] 7 | extern crate derivative;
[INFO] [stdout]   | ^^^^^^^^^^^^^^^^^^^^^^^^ can't find crate
[INFO] [stdout] 
[INFO] [stdout] 
[INFO] [stdout] error[E0463]: can't find crate for `derivative`
[INFO] [stdout]   --> tests/rustc-issue-32292.rs:17:1
[INFO] [stdout]    |
[INFO] [stdout] 17 | extern crate derivative;
[INFO] [stdout]    | ^^^^^^^^^^^^^^^^^^^^^^^^ can't find crate
[INFO] [stdout] 
[INFO] [stdout] 
[INFO] [stdout] error[E0463]: can't find crate for `derivative`
[INFO] [stdout]   --> tests/rustc-issue-19102.rs:17:1
[INFO] [stdout]    |
[INFO] [stdout] 17 | extern crate derivative;
[INFO] [stdout]    | ^^^^^^^^^^^^^^^^^^^^^^^^ can't find crate
[INFO] [stdout] 
[INFO] [stdout] 
[INFO] [stdout] error[E0463]: can't find crate for `derivative`
[INFO] [stdout]   --> tests/rustc-deriving-cmp-generic-struct.rs:17:1
[INFO] [stdout]    |
[INFO] [stdout] 17 | extern crate derivative;
[INFO] [stdout]    | ^^^^^^^^^^^^^^^^^^^^^^^^ can't find crate
[INFO] [stdout] 
[INFO] [stdout] 
[INFO] [stdout] error[E0463]: can't find crate for `derivative`
[INFO] [stdout]   --> tests/rustc-deriving-default-box.rs:15:1
[INFO] [stdout]    |
[INFO] [stdout] 15 | extern crate derivative;
[INFO] [stdout]    | ^^^^^^^^^^^^^^^^^^^^^^^^ can't find crate
[INFO] [stdout] 
[INFO] [stdout] 
[INFO] [stdout] error[E0463]: can't find crate for `derivative`
[INFO] [stdout]  --> tests/derive-eq-packed.rs:7:1
[INFO] [stdout]   |
[INFO] [stdout] 7 | extern crate derivative;
[INFO] [stdout]   | ^^^^^^^^^^^^^^^^^^^^^^^^ can't find crate
[INFO] [stdout] 
[INFO] [stdout] 
[INFO] [stdout] error[E0463]: can't find crate for `derivative`
[INFO] [stdout]   --> tests/rustc-deriving-clone-array.rs:17:1
[INFO] [stdout]    |
[INFO] [stdout] 17 | extern crate derivative;
[INFO] [stdout]    | ^^^^^^^^^^^^^^^^^^^^^^^^ can't find crate
[INFO] [stdout] 
[INFO] [stdout] 
[INFO] [stdout] error[E0463]: can't find crate for `derivative`
[INFO] [stdout]   --> tests/rustc-issue-42453.rs:20:1
[INFO] [stdout]    |
[INFO] [stdout] 20 | extern crate derivative;
[INFO] [stdout]    | ^^^^^^^^^^^^^^^^^^^^^^^^ can't find crate
[INFO] [stdout] 
[INFO] [stdout] 
[INFO] [stdout] error[E0463]: can't find crate for `derivative`
[INFO] [stdout]   --> tests/rustc-deriving-clone-generic-tuple-struct.rs:17:1
[INFO] [stdout]    |
[INFO] [stdout] 17 | extern crate derivative;
[INFO] [stdout]    | ^^^^^^^^^^^^^^^^^^^^^^^^ can't find crate
[INFO] [stdout] 
[INFO] [stdout] 
[INFO] [stdout] error[E0463]: can't find crate for `derivative`
[INFO] [stdout]  --> tests/derive-default-bounds.rs:5:1
[INFO] [stdout]   |
[INFO] [stdout] 5 | extern crate derivative;
[INFO] [stdout]   | ^^^^^^^^^^^^^^^^^^^^^^^^ can't find crate
[INFO] [stdout] 
[INFO] [stdout] 
[INFO] [stdout] error[E0463]: can't find crate for `derivative`
[INFO] [stdout]   --> tests/rustc-deriving-bounds.rs:15:1
[INFO] [stdout]    |
[INFO] [stdout] 15 | extern crate derivative;
[INFO] [stdout]    | ^^^^^^^^^^^^^^^^^^^^^^^^ can't find crate
[INFO] [stdout] 
[INFO] [stdout] 
[INFO] [stdout] error[E0463]: can't find crate for `derivative`
[INFO] [stdout]  --> tests/derive-clone-generics.rs:5:1
[INFO] [stdout]   |
[INFO] [stdout] 5 | extern crate derivative;
[INFO] [stdout]   | ^^^^^^^^^^^^^^^^^^^^^^^^ can't find crate
[INFO] [stdout] 
[INFO] [stdout] 
[INFO] [stdout] error[E0463]: can't find crate for `derivative`
[INFO] [stdout]   --> tests/rustc-issue-25394.rs:15:1
[INFO] [stdout]    |
[INFO] [stdout] 15 | extern crate derivative;
[INFO] [stdout]    | ^^^^^^^^^^^^^^^^^^^^^^^^ can't find crate
[INFO] [stdout] 
[INFO] [stdout] 
[INFO] [stdout] error[E0463]: can't find crate for `derivative`
[INFO] [stdout]  --> tests/derive-default.rs:5:1
[INFO] [stdout]   |
[INFO] [stdout] 5 | extern crate derivative;
[INFO] [stdout]   | ^^^^^^^^^^^^^^^^^^^^^^^^ can't find crate
[INFO] [stdout] 
[INFO] [stdout] 
[INFO] [stdout] error[E0463]: can't find crate for `derivative`
[INFO] [stdout]   --> tests/rustc-deriving-via-extension-hash-enum.rs:15:1
[INFO] [stdout]    |
[INFO] [stdout] 15 | extern crate derivative;
[INFO] [stdout]    | ^^^^^^^^^^^^^^^^^^^^^^^^ can't find crate
[INFO] [stdout] 
[INFO] [stdout] 
[INFO] [stdout] error[E0463]: can't find crate for `derivative`
[INFO] [stdout]   --> tests/rustc-deriving-clone-tuple-struct.rs:17:1
[INFO] [stdout]    |
[INFO] [stdout] 17 | extern crate derivative;
[INFO] [stdout]    | ^^^^^^^^^^^^^^^^^^^^^^^^ can't find crate
[INFO] [stdout] 
[INFO] [stdout] 
[INFO] [stdout] error: cannot find derive macro `Derivative` in this scope
[INFO] [stdout]   --> tests/rustc-issue-19102.rs:19:10
[INFO] [stdout]    |
[INFO] [stdout] 19 | #[derive(Derivative)]
[INFO] [stdout]    |          ^^^^^^^^^^
[INFO] [stdout] 
[INFO] [stdout] 
[INFO] [stdout] error: cannot find derive macro `Derivative` in this scope
[INFO] [stdout]  --> tests/derive-default-bounds.rs:7:17
[INFO] [stdout]   |
[INFO] [stdout] 7 | #[derive(Debug, Derivative, PartialEq)]
[INFO] [stdout]   |                 ^^^^^^^^^^
[INFO] [stdout] 
[INFO] [stdout] 
[INFO] [stdout] error: cannot find derive macro `Derivative` in this scope
[INFO] [stdout]  --> tests/derive-eq-packed.rs:9:10
[INFO] [stdout]   |
[INFO] [stdout] 9 | #[derive(Derivative, PartialEq)]
[INFO] [stdout]   |          ^^^^^^^^^^
[INFO] [stdout] 
[INFO] [stdout] 
[INFO] [stdout] error: cannot find derive macro `Derivative` in this scope
[INFO] [stdout]   --> tests/rustc-deriving-bounds.rs:17:10
[INFO] [stdout]    |
[INFO] [stdout] 17 | #[derive(Derivative)]
[INFO] [stdout]    |          ^^^^^^^^^^
[INFO] [stdout] 
[INFO] [stdout] 
[INFO] [stdout] error: cannot find derive macro `Derivative` in this scope
[INFO] [stdout]   --> tests/rustc-deriving-clone-array.rs:19:10
[INFO] [stdout]    |
[INFO] [stdout] 19 | #[derive(Derivative)]
[INFO] [stdout]    |          ^^^^^^^^^^
[INFO] [stdout] 
[INFO] [stdout] 
[INFO] [stdout] error: cannot find derive macro `Derivative` in this scope
[INFO] [stdout]  --> tests/clippy-warning-clone-from.rs:9:10
[INFO] [stdout]   |
[INFO] [stdout] 9 | #[derive(Derivative)]
[INFO] [stdout]   |          ^^^^^^^^^^
[INFO] [stdout] 
[INFO] [stdout] 
[INFO] [stdout] error: cannot find derive macro `Derivative` in this scope
[INFO] [stdout]   --> tests/rustc-issue-32292.rs:19:10
[INFO] [stdout]    |
[INFO] [stdout] 19 | #[derive(Derivative)]
[INFO] [stdout]    |          ^^^^^^^^^^
[INFO] [stdout] 
[INFO] [stdout] 
[INFO] [stdout] error: cannot find derive macro `Derivative` in this scope
[INFO] [stdout]   --> tests/derive-clone-generics.rs:11:10
[INFO] [stdout]    |
[INFO] [stdout] 11 | #[derive(Derivative)]
[INFO] [stdout]    |          ^^^^^^^^^^
[INFO] [stdout] 
[INFO] [stdout] 
[INFO] [stdout] error: cannot find attribute `derivative` in this scope
[INFO] [stdout]  --> tests/derive-default-bounds.rs:8:3
[INFO] [stdout]   |
[INFO] [stdout] 8 | #[derivative(Default="new")]
[INFO] [stdout]   |   ^^^^^^^^^^
[INFO] [stdout]   |
[INFO] [stdout] note: `derivative` is imported here, but it is an unresolved item, not an attribute
[INFO] [stdout]  --> tests/derive-default-bounds.rs:5:1
[INFO] [stdout]   |
[INFO] [stdout] 5 | extern crate derivative;
[INFO] [stdout]   | ^^^^^^^^^^^^^^^^^^^^^^^^
[INFO] [stdout] 
[INFO] [stdout] 
[INFO] [stdout] error: cannot find attribute `derivative` in this scope
[INFO] [stdout]   --> tests/rustc-deriving-bounds.rs:18:3
[INFO] [stdout]    |
[INFO] [stdout] 18 | #[derivative(Copy, Clone)]
[INFO] [stdout]    |   ^^^^^^^^^^
[INFO] [stdout]    |
[INFO] [stdout] note: `derivative` is imported here, but it is an unresolved item, not an attribute
[INFO] [stdout]   --> tests/rustc-deriving-bounds.rs:15:1
[INFO] [stdout]    |
[INFO] [stdout] 15 | extern crate derivative;
[INFO] [stdout]    | ^^^^^^^^^^^^^^^^^^^^^^^^
[INFO] [stdout] 
[INFO] [stdout] 
[INFO] [stdout] error: cannot find attribute `derivative` in this scope
[INFO] [stdout]   --> tests/derive-eq-packed.rs:10:3
[INFO] [stdout]    |
[INFO] [stdout] 10 | #[derivative(Eq)]
[INFO] [stdout]    |   ^^^^^^^^^^
[INFO] [stdout]    |
[INFO] [stdout] note: `derivative` is imported here, but it is an unresolved item, not an attribute
[INFO] [stdout]   --> tests/derive-eq-packed.rs:7:1
[INFO] [stdout]    |
[INFO] [stdout] 7  | extern crate derivative;
[INFO] [stdout]    | ^^^^^^^^^^^^^^^^^^^^^^^^
[INFO] [stdout] 
[INFO] [stdout] 
[INFO] [stdout] error: cannot find derive macro `Derivative` in this scope
[INFO] [stdout]   --> tests/rustc-deriving-default-box.rs:19:10
[INFO] [stdout]    |
[INFO] [stdout] 19 | #[derive(Derivative)]
[INFO] [stdout]    |          ^^^^^^^^^^
[INFO] [stdout] 
[INFO] [stdout] 
[INFO] [stdout] error: cannot find attribute `derivative` in this scope
[INFO] [stdout]   --> tests/clippy-warning-clone-from.rs:10:3
[INFO] [stdout]    |
[INFO] [stdout] 10 | #[derivative(Clone(clone_from = "true"))]
[INFO] [stdout]    |   ^^^^^^^^^^
[INFO] [stdout]    |
[INFO] [stdout] note: `derivative` is imported here, but it is an unresolved item, not an attribute
[INFO] [stdout]   --> tests/clippy-warning-clone-from.rs:7:1
[INFO] [stdout]    |
[INFO] [stdout] 7  | extern crate derivative;
[INFO] [stdout]    | ^^^^^^^^^^^^^^^^^^^^^^^^
[INFO] [stdout] 
[INFO] [stdout] 
[INFO] [stdout] error: cannot find attribute `derivative` in this scope
[INFO] [stdout]   --> tests/rustc-issue-32292.rs:20:3
[INFO] [stdout]    |
[INFO] [stdout] 20 | #[derivative(Hash, Eq, PartialEq, Debug, Clone, Copy)]
[INFO] [stdout]    |   ^^^^^^^^^^
[INFO] [stdout]    |
[INFO] [stdout] note: `derivative` is imported here, but it is an unresolved item, not an attribute
[INFO] [stdout]   --> tests/rustc-issue-32292.rs:17:1
[INFO] [stdout]    |
[INFO] [stdout] 17 | extern crate derivative;
[INFO] [stdout]    | ^^^^^^^^^^^^^^^^^^^^^^^^
[INFO] [stdout] 
[INFO] [stdout] 
[INFO] [stdout] error: cannot find derive macro `Derivative` in this scope
[INFO] [stdout]   --> tests/derive-eq-packed.rs:16:10
[INFO] [stdout]    |
[INFO] [stdout] 16 | #[derive(Derivative)]
[INFO] [stdout]    |          ^^^^^^^^^^
[INFO] [stdout] 
[INFO] [stdout] 
[INFO] [stdout] error: cannot find attribute `derivative` in this scope
[INFO] [stdout]   --> tests/derive-default-bounds.rs:11:7
[INFO] [stdout]    |
[INFO] [stdout] 11 |     #[derivative(Default(value="min()", bound="U: std::ops::Not<Output=U>, U: Default"))]
[INFO] [stdout]    |       ^^^^^^^^^^
[INFO] [stdout]    |
[INFO] [stdout] note: `derivative` is imported here, but it is an unresolved item, not an attribute
[INFO] [stdout]   --> tests/derive-default-bounds.rs:5:1
[INFO] [stdout]    |
[INFO] [stdout] 5  | extern crate derivative;
[INFO] [stdout]    | ^^^^^^^^^^^^^^^^^^^^^^^^
[INFO] [stdout] 
[INFO] [stdout] 
[INFO] [stdout] error: cannot find derive macro `Derivative` in this scope
[INFO] [stdout]   --> tests/derive-default-bounds.rs:15:17
[INFO] [stdout]    |
[INFO] [stdout] 15 | #[derive(Debug, Derivative, PartialEq)]
[INFO] [stdout]    |                 ^^^^^^^^^^
[INFO] [stdout] 
[INFO] [stdout] 
[INFO] [stdout] error: cannot find attribute `derivative` in this scope
[INFO] [stdout]   --> tests/rustc-issue-19102.rs:20:3
[INFO] [stdout]    |
[INFO] [stdout] 20 | #[derivative(PartialEq="feature_allow_slow_enum")]
[INFO] [stdout]    |   ^^^^^^^^^^
[INFO] [stdout]    |
[INFO] [stdout] note: `derivative` is imported here, but it is an unresolved item, not an attribute
[INFO] [stdout]   --> tests/rustc-issue-19102.rs:17:1
[INFO] [stdout]    |
[INFO] [stdout] 17 | extern crate derivative;
[INFO] [stdout]    | ^^^^^^^^^^^^^^^^^^^^^^^^
[INFO] [stdout] 
[INFO] [stdout] 
[INFO] [stdout] error: cannot find attribute `derivative` in this scope
[INFO] [stdout]   --> tests/rustc-deriving-default-box.rs:20:3
[INFO] [stdout]    |
[INFO] [stdout] 20 | #[derivative(Default)]
[INFO] [stdout]    |   ^^^^^^^^^^
[INFO] [stdout]    |
[INFO] [stdout] note: `derivative` is imported here, but it is an unresolved item, not an attribute
[INFO] [stdout]   --> tests/rustc-deriving-default-box.rs:15:1
[INFO] [stdout]    |
[INFO] [stdout] 15 | extern crate derivative;
[INFO] [stdout]    | ^^^^^^^^^^^^^^^^^^^^^^^^
[INFO] [stdout] 
[INFO] [stdout] 
[INFO] [stdout] error: cannot find attribute `derivative` in this scope
[INFO] [stdout]   --> tests/derive-eq-packed.rs:17:3
[INFO] [stdout]    |
[INFO] [stdout] 17 | #[derivative(Eq)]
[INFO] [stdout]    |   ^^^^^^^^^^
[INFO] [stdout]    |
[INFO] [stdout] note: `derivative` is imported here, but it is an unresolved item, not an attribute
[INFO] [stdout]   --> tests/derive-eq-packed.rs:7:1
[INFO] [stdout]    |
[INFO] [stdout] 7  | extern crate derivative;
[INFO] [stdout]    | ^^^^^^^^^^^^^^^^^^^^^^^^
[INFO] [stdout] 
[INFO] [stdout] 
[INFO] [stdout] error: cannot find attribute `derivative` in this scope
[INFO] [stdout]   --> tests/derive-default-bounds.rs:16:3
[INFO] [stdout]    |
[INFO] [stdout] 16 | #[derivative(Default(bound="T: Default, U: std::ops::Not<Output=U>, U: Default", new="true"))]
[INFO] [stdout]    |   ^^^^^^^^^^
[INFO] [stdout]    |
[INFO] [stdout] note: `derivative` is imported here, but it is an unresolved item, not an attribute
[INFO] [stdout]   --> tests/derive-default-bounds.rs:5:1
[INFO] [stdout]    |
[INFO] [stdout] 5  | extern crate derivative;
[INFO] [stdout]    | ^^^^^^^^^^^^^^^^^^^^^^^^
[INFO] [stdout] 
[INFO] [stdout] 
[INFO] [stdout] error: cannot find derive macro `Derivative` in this scope
[INFO] [stdout]   --> tests/rustc-deriving-cmp-generic-struct.rs:19:10
[INFO] [stdout]    |
[INFO] [stdout] 19 | #[derive(Derivative)]
[INFO] [stdout]    |          ^^^^^^^^^^
[INFO] [stdout] 
[INFO] [stdout] 
[INFO] [stdout] error: cannot find attribute `derivative` in this scope
[INFO] [stdout]   --> tests/derive-default-bounds.rs:19:7
[INFO] [stdout]    |
[INFO] [stdout] 19 |     #[derivative(Default(value="min()"))]
[INFO] [stdout]    |       ^^^^^^^^^^
[INFO] [stdout]    |
[INFO] [stdout] note: `derivative` is imported here, but it is an unresolved item, not an attribute
[INFO] [stdout]   --> tests/derive-default-bounds.rs:5:1
[INFO] [stdout]    |
[INFO] [stdout] 5  | extern crate derivative;
[INFO] [stdout]    | ^^^^^^^^^^^^^^^^^^^^^^^^
[INFO] [stdout] 
[INFO] [stdout] 
[INFO] [stdout] error: cannot find attribute `derivative` in this scope
[INFO] [stdout]   --> tests/derive-eq-packed.rs:20:7
[INFO] [stdout]    |
[INFO] [stdout] 20 |     #[derivative(Eq(bound=""))]
[INFO] [stdout]    |       ^^^^^^^^^^
[INFO] [stdout]    |
[INFO] [stdout] note: `derivative` is imported here, but it is an unresolved item, not an attribute
[INFO] [stdout]   --> tests/derive-eq-packed.rs:7:1
[INFO] [stdout]    |
[INFO] [stdout] 7  | extern crate derivative;
[INFO] [stdout]    | ^^^^^^^^^^^^^^^^^^^^^^^^
[INFO] [stdout] 
[INFO] [stdout] 
[INFO] [stdout] error: cannot find derive macro `Derivative` in this scope
[INFO] [stdout]   --> tests/derive-default-bounds.rs:27:17
[INFO] [stdout]    |
[INFO] [stdout] 27 | #[derive(Debug, Derivative, PartialEq)]
[INFO] [stdout]    |                 ^^^^^^^^^^
[INFO] [stdout] 
[INFO] [stdout] 
[INFO] [stdout] error: cannot find derive macro `Derivative` in this scope
[INFO] [stdout]   --> tests/derive-eq-packed.rs:30:10
[INFO] [stdout]    |
[INFO] [stdout] 30 | #[derive(Derivative)]
[INFO] [stdout]    |          ^^^^^^^^^^
[INFO] [stdout] 
[INFO] [stdout] 
[INFO] [stdout] error: cannot find attribute `derivative` in this scope
[INFO] [stdout]   --> tests/rustc-deriving-cmp-generic-struct.rs:20:3
[INFO] [stdout]    |
[INFO] [stdout] 20 | #[derivative(PartialEq, Eq, PartialOrd, Ord)]
[INFO] [stdout]    |   ^^^^^^^^^^
[INFO] [stdout]    |
[INFO] [stdout] note: `derivative` is imported here, but it is an unresolved item, not an attribute
[INFO] [stdout]   --> tests/rustc-deriving-cmp-generic-struct.rs:17:1
[INFO] [stdout]    |
[INFO] [stdout] 17 | extern crate derivative;
[INFO] [stdout]    | ^^^^^^^^^^^^^^^^^^^^^^^^
[INFO] [stdout] 
[INFO] [stdout] 
[INFO] [stdout] error: cannot find derive macro `Derivative` in this scope
[INFO] [stdout]   --> tests/rustc-issue-25394.rs:17:10
[INFO] [stdout]    |
[INFO] [stdout] 17 | #[derive(Derivative)]
[INFO] [stdout]    |          ^^^^^^^^^^
[INFO] [stdout] 
[INFO] [stdout] 
[INFO] [stdout] error: cannot find attribute `derivative` in this scope
[INFO] [stdout]   --> tests/derive-default-bounds.rs:28:3
[INFO] [stdout]    |
[INFO] [stdout] 28 | #[derivative(Default(bound=""))]
[INFO] [stdout]    |   ^^^^^^^^^^
[INFO] [stdout]    |
[INFO] [stdout] note: `derivative` is imported here, but it is an unresolved item, not an attribute
[INFO] [stdout]   --> tests/derive-default-bounds.rs:5:1
[INFO] [stdout]    |
[INFO] [stdout] 5  | extern crate derivative;
[INFO] [stdout]    | ^^^^^^^^^^^^^^^^^^^^^^^^
[INFO] [stdout] 
[INFO] [stdout] 
[INFO] [stdout] error: cannot find derive macro `Derivative` in this scope
[INFO] [stdout]   --> tests/rustc-issue-42453.rs:22:10
[INFO] [stdout]    |
[INFO] [stdout] 22 | #[derive(Derivative)]
[INFO] [stdout]    |          ^^^^^^^^^^
[INFO] [stdout] 
[INFO] [stdout] 
[INFO] [stdout] error: cannot find attribute `derivative` in this scope
[INFO] [stdout]   --> tests/derive-eq-packed.rs:31:3
[INFO] [stdout]    |
[INFO] [stdout] 31 | #[derivative(PartialEq, Eq)]
[INFO] [stdout]    |   ^^^^^^^^^^
[INFO] [stdout]    |
[INFO] [stdout] note: `derivative` is imported here, but it is an unresolved item, not an attribute
[INFO] [stdout]   --> tests/derive-eq-packed.rs:7:1
[INFO] [stdout]    |
[INFO] [stdout] 7  | extern crate derivative;
[INFO] [stdout]    | ^^^^^^^^^^^^^^^^^^^^^^^^
[INFO] [stdout] 
[INFO] [stdout] 
[INFO] [stdout] error: cannot find attribute `derivative` in this scope
[INFO] [stdout]   --> tests/rustc-issue-25394.rs:18:3
[INFO] [stdout]    |
[INFO] [stdout] 18 | #[derivative(Debug)]
[INFO] [stdout]    |   ^^^^^^^^^^
[INFO] [stdout]    |
[INFO] [stdout] note: `derivative` is imported here, but it is an unresolved item, not an attribute
[INFO] [stdout]   --> tests/rustc-issue-25394.rs:15:1
[INFO] [stdout]    |
[INFO] [stdout] 15 | extern crate derivative;
[INFO] [stdout]    | ^^^^^^^^^^^^^^^^^^^^^^^^
[INFO] [stdout] 
[INFO] [stdout] 
[INFO] [stdout] error: cannot find attribute `derivative` in this scope
[INFO] [stdout]   --> tests/rustc-issue-42453.rs:23:3
[INFO] [stdout]    |
[INFO] [stdout] 23 | #[derivative(Debug)]
[INFO] [stdout]    |   ^^^^^^^^^^
[INFO] [stdout]    |
[INFO] [stdout] note: `derivative` is imported here, but it is an unresolved item, not an attribute
[INFO] [stdout]   --> tests/rustc-issue-42453.rs:20:1
[INFO] [stdout]    |
[INFO] [stdout] 20 | extern crate derivative;
[INFO] [stdout]    | ^^^^^^^^^^^^^^^^^^^^^^^^
[INFO] [stdout] 
[INFO] [stdout] 
[INFO] [stdout] error: aborting due to 3 previous errors
[INFO] [stdout] 
[INFO] [stdout] 
[INFO] [stdout] For more information about this error, try `rustc --explain E0463`.
[INFO] [stdout] 
[INFO] [stdout] error: aborting due to 3 previous errors
[INFO] [stdout] 
[INFO] [stdout] 
[INFO] [stdout] error: aborting due to 3 previous errors
[INFO] [stdout] 
[INFO] [stdout] 
[INFO] [stdout] For more information about this error, try `rustc --explain E0463`.
[INFO] [stdout] 
[INFO] [stdout] For more information about this error, try `rustc --explain E0463`.
[INFO] [stdout] 
[INFO] [stdout] error: aborting due to 3 previous errors
[INFO] [stdout] 
[INFO] [stdout] 
[INFO] [stdout] For more information about this error, try `rustc --explain E0463`.
[INFO] [stdout] 
[INFO] [stdout] error: cannot find derive macro `Derivative` in this scope
[INFO] [stdout]   --> tests/rustc-deriving-via-extension-hash-enum.rs:17:10
[INFO] [stdout]    |
[INFO] [stdout] 17 | #[derive(Derivative)]
[INFO] [stdout]    |          ^^^^^^^^^^
[INFO] [stdout] 
[INFO] [stdout] 
[INFO] [stdout] error: aborting due to 3 previous errors
[INFO] [stdout] 
[INFO] [stdout] 
[INFO] [stdout] For more information about this error, try `rustc --explain E0463`.
[INFO] [stdout] 
[INFO] [stdout] error: cannot find attribute `derivative` in this scope
[INFO] [stdout]   --> tests/derive-clone-generics.rs:12:3
[INFO] [stdout]    |
[INFO] [stdout] 12 | #[derivative(Clone, PartialEq)]
[INFO] [stdout]    |   ^^^^^^^^^^
[INFO] [stdout]    |
[INFO] [stdout] note: `derivative` is imported here, but it is an unresolved item, not an attribute
[INFO] [stdout]   --> tests/derive-clone-generics.rs:5:1
[INFO] [stdout]    |
[INFO] [stdout] 5  | extern crate derivative;
[INFO] [stdout]    | ^^^^^^^^^^^^^^^^^^^^^^^^
[INFO] [stdout] 
[INFO] [stdout] 
[INFO] [stdout] error: cannot find attribute `derivative` in this scope
[INFO] [stdout]   --> tests/rustc-deriving-clone-array.rs:20:3
[INFO] [stdout]    |
[INFO] [stdout] 20 | #[derivative(Copy, Clone)]
[INFO] [stdout]    |   ^^^^^^^^^^
[INFO] [stdout]    |
[INFO] [stdout] note: `derivative` is imported here, but it is an unresolved item, not an attribute
[INFO] [stdout]   --> tests/rustc-deriving-clone-array.rs:17:1
[INFO] [stdout]    |
[INFO] [stdout] 17 | extern crate derivative;
[INFO] [stdout]    | ^^^^^^^^^^^^^^^^^^^^^^^^
[INFO] [stdout] 
[INFO] [stdout] 
[INFO] [stdout] error: aborting due to 3 previous errors
[INFO] [stdout] 
[INFO] [stdout] 
[INFO] [stdout] error: cannot find derive macro `Derivative` in this scope
[INFO] [stdout]   --> tests/derive-clone-generics.rs:17:10
[INFO] [stdout]    |
[INFO] [stdout] 17 | #[derive(Derivative)]
[INFO] [stdout]    |          ^^^^^^^^^^
[INFO] [stdout] 
[INFO] [stdout] 
[INFO] [stdout] For more information about this error, try `rustc --explain E0463`.
[INFO] [stdout] 
[INFO] [stdout] error: cannot find attribute `derivative` in this scope
[INFO] [stdout]   --> tests/rustc-deriving-via-extension-hash-enum.rs:18:3
[INFO] [stdout]    |
[INFO] [stdout] 18 | #[derivative(Hash)]
[INFO] [stdout]    |   ^^^^^^^^^^
[INFO] [stdout]    |
[INFO] [stdout] note: `derivative` is imported here, but it is an unresolved item, not an attribute
[INFO] [stdout]   --> tests/rustc-deriving-via-extension-hash-enum.rs:15:1
[INFO] [stdout]    |
[INFO] [stdout] 15 | extern crate derivative;
[INFO] [stdout]    | ^^^^^^^^^^^^^^^^^^^^^^^^
[INFO] [stdout] 
[INFO] [stdout] 
[INFO] [stdout] error: cannot find derive macro `Derivative` in this scope
[INFO] [stdout]   --> tests/rustc-deriving-via-extension-hash-enum.rs:25:10
[INFO] [stdout]    |
[INFO] [stdout] 25 | #[derive(Derivative)]
[INFO] [stdout]    |          ^^^^^^^^^^
[INFO] [stdout] 
[INFO] [stdout] 
[INFO] [stdout] error: cannot find attribute `derivative` in this scope
[INFO] [stdout]   --> tests/rustc-deriving-via-extension-hash-enum.rs:26:3
[INFO] [stdout]    |
[INFO] [stdout] 26 | #[derivative(Hash)]
[INFO] [stdout]    |   ^^^^^^^^^^
[INFO] [stdout]    |
[INFO] [stdout] note: `derivative` is imported here, but it is an unresolved item, not an attribute
[INFO] [stdout]   --> tests/rustc-deriving-via-extension-hash-enum.rs:15:1
[INFO] [stdout]    |
[INFO] [stdout] 15 | extern crate derivative;
[INFO] [stdout]    | ^^^^^^^^^^^^^^^^^^^^^^^^
[INFO] [stdout] 
[INFO] [stdout] 
[INFO] [stdout] error: cannot find attribute `derivative` in this scope
[INFO] [stdout]   --> tests/derive-clone-generics.rs:18:3
[INFO] [stdout]    |
[INFO] [stdout] 18 | #[derivative(Clone, PartialEq)]
[INFO] [stdout]    |   ^^^^^^^^^^
[INFO] [stdout]    |
[INFO] [stdout] note: `derivative` is imported here, but it is an unresolved item, not an attribute
[INFO] [stdout]   --> tests/derive-clone-generics.rs:5:1
[INFO] [stdout]    |
[INFO] [stdout] 5  | extern crate derivative;
[INFO] [stdout]    | ^^^^^^^^^^^^^^^^^^^^^^^^
[INFO] [stdout] 
[INFO] [stdout] 
[INFO] [stdout] error: cannot find derive macro `Derivative` in this scope
[INFO] [stdout]   --> tests/rustc-deriving-clone-tuple-struct.rs:19:10
[INFO] [stdout]    |
[INFO] [stdout] 19 | #[derive(Derivative)]
[INFO] [stdout]    |          ^^^^^^^^^^
[INFO] [stdout] 
[INFO] [stdout] 
[INFO] [stderr] error: could not compile `tulip-derivative` (test "rustc-issue-32292") due to 4 previous errors
[INFO] [stdout] error: aborting due to 3 previous errors
[INFO] [stdout] 
[INFO] [stdout] 
[INFO] [stderr] warning: build failed, waiting for other jobs to finish...
[INFO] [stdout] For more information about this error, try `rustc --explain E0463`.
[INFO] [stdout] 
[INFO] [stdout] error: cannot find attribute `derivative` in this scope
[INFO] [stdout]   --> tests/rustc-deriving-clone-tuple-struct.rs:20:3
[INFO] [stdout]    |
[INFO] [stdout] 20 | #[derivative(Clone)]
[INFO] [stdout]    |   ^^^^^^^^^^
[INFO] [stdout]    |
[INFO] [stdout] note: `derivative` is imported here, but it is an unresolved item, not an attribute
[INFO] [stdout]   --> tests/rustc-deriving-clone-tuple-struct.rs:17:1
[INFO] [stdout]    |
[INFO] [stdout] 17 | extern crate derivative;
[INFO] [stdout]    | ^^^^^^^^^^^^^^^^^^^^^^^^
[INFO] [stdout] 
[INFO] [stdout] 
[INFO] [stderr] error: could not compile `tulip-derivative` (test "rustc-deriving-bounds") due to 4 previous errors
[INFO] [stderr] error: could not compile `tulip-derivative` (test "rustc-deriving-clone-array") due to 4 previous errors
[INFO] [stdout] error: cannot find derive macro `Derivative` in this scope
[INFO] [stdout]   --> tests/rustc-deriving-clone-generic-tuple-struct.rs:19:10
[INFO] [stdout]    |
[INFO] [stdout] 19 | #[derive(Derivative)]
[INFO] [stdout]    |          ^^^^^^^^^^
[INFO] [stdout] 
[INFO] [stdout] 
[INFO] [stderr] error: could not compile `tulip-derivative` (test "clippy-warning-clone-from") due to 4 previous errors
[INFO] [stdout] error: cannot find attribute `derivative` in this scope
[INFO] [stdout]   --> tests/rustc-deriving-clone-generic-tuple-struct.rs:20:3
[INFO] [stdout]    |
[INFO] [stdout] 20 | #[derivative(Clone)]
[INFO] [stdout]    |   ^^^^^^^^^^
[INFO] [stdout]    |
[INFO] [stdout] note: `derivative` is imported here, but it is an unresolved item, not an attribute
[INFO] [stdout]   --> tests/rustc-deriving-clone-generic-tuple-struct.rs:17:1
[INFO] [stdout]    |
[INFO] [stdout] 17 | extern crate derivative;
[INFO] [stdout]    | ^^^^^^^^^^^^^^^^^^^^^^^^
[INFO] [stdout] 
[INFO] [stdout] 
[INFO] [stdout] error: aborting due to 5 previous errors
[INFO] [stdout] 
[INFO] [stdout] 
[INFO] [stdout] For more information about this error, try `rustc --explain E0463`.
[INFO] [stdout] 
[INFO] [stderr] error: could not compile `tulip-derivative` (test "rustc-issue-42453") due to 4 previous errors
[INFO] [stderr] error: could not compile `tulip-derivative` (test "rustc-issue-19102") due to 4 previous errors
[INFO] [stdout] error: aborting due to 3 previous errors
[INFO] [stdout] 
[INFO] [stdout] 
[INFO] [stdout] For more information about this error, try `rustc --explain E0463`.
[INFO] [stdout] 
[INFO] [stdout] error: cannot find derive macro `Derivative` in this scope
[INFO] [stdout]  --> tests/derive-default.rs:7:17
[INFO] [stdout]   |
[INFO] [stdout] 7 | #[derive(Debug, Derivative, PartialEq)]
[INFO] [stdout]   |                 ^^^^^^^^^^
[INFO] [stdout] 
[INFO] [stdout] 
[INFO] [stderr] error: could not compile `tulip-derivative` (test "rustc-issue-25394") due to 4 previous errors
[INFO] [stdout] error: cannot find attribute `derivative` in this scope
[INFO] [stdout]  --> tests/derive-default.rs:8:3
[INFO] [stdout]   |
[INFO] [stdout] 8 | #[derivative(Default="new")]
[INFO] [stdout]   |   ^^^^^^^^^^
[INFO] [stdout]   |
[INFO] [stdout] note: `derivative` is imported here, but it is an unresolved item, not an attribute
[INFO] [stdout]  --> tests/derive-default.rs:5:1
[INFO] [stdout]   |
[INFO] [stdout] 5 | extern crate derivative;
[INFO] [stdout]   | ^^^^^^^^^^^^^^^^^^^^^^^^
[INFO] [stdout] 
[INFO] [stdout] 
[INFO] [stdout] error: cannot find attribute `derivative` in this scope
[INFO] [stdout]   --> tests/derive-default.rs:11:7
[INFO] [stdout]    |
[INFO] [stdout] 11 |     #[derivative(Default(value="42"))]
[INFO] [stdout]    |       ^^^^^^^^^^
[INFO] [stdout]    |
[INFO] [stdout] note: `derivative` is imported here, but it is an unresolved item, not an attribute
[INFO] [stdout]   --> tests/derive-default.rs:5:1
[INFO] [stdout]    |
[INFO] [stdout] 5  | extern crate derivative;
[INFO] [stdout]    | ^^^^^^^^^^^^^^^^^^^^^^^^
[INFO] [stdout] 
[INFO] [stdout] 
[INFO] [stdout] error: cannot find derive macro `Derivative` in this scope
[INFO] [stdout]   --> tests/derive-default.rs:15:17
[INFO] [stdout]    |
[INFO] [stdout] 15 | #[derive(Debug, Derivative, PartialEq)]
[INFO] [stdout]    |                 ^^^^^^^^^^
[INFO] [stdout] 
[INFO] [stdout] 
[INFO] [stderr] error: could not compile `tulip-derivative` (test "rustc-deriving-via-extension-hash-enum") due to 6 previous errors
[INFO] [stdout] error: cannot find attribute `derivative` in this scope
[INFO] [stdout]   --> tests/derive-default.rs:16:3
[INFO] [stdout]    |
[INFO] [stdout] 16 | #[derivative(Default(new="true"))]
[INFO] [stdout]    |   ^^^^^^^^^^
[INFO] [stdout]    |
[INFO] [stdout] note: `derivative` is imported here, but it is an unresolved item, not an attribute
[INFO] [stdout]   --> tests/derive-default.rs:5:1
[INFO] [stdout]    |
[INFO] [stdout] 5  | extern crate derivative;
[INFO] [stdout]    | ^^^^^^^^^^^^^^^^^^^^^^^^
[INFO] [stdout] 
[INFO] [stdout] 
[INFO] [stdout] error: cannot find attribute `derivative` in this scope
[INFO] [stdout]   --> tests/derive-default.rs:19:7
[INFO] [stdout]    |
[INFO] [stdout] 19 |     #[derivative(Default(value="42"))]
[INFO] [stdout]    |       ^^^^^^^^^^
[INFO] [stdout]    |
[INFO] [stdout] note: `derivative` is imported here, but it is an unresolved item, not an attribute
[INFO] [stdout]   --> tests/derive-default.rs:5:1
[INFO] [stdout]    |
[INFO] [stdout] 5  | extern crate derivative;
[INFO] [stdout]    | ^^^^^^^^^^^^^^^^^^^^^^^^
[INFO] [stdout] 
[INFO] [stdout] 
[INFO] [stdout] error: cannot find derive macro `Derivative` in this scope
[INFO] [stdout]   --> tests/derive-default.rs:28:17
[INFO] [stdout]    |
[INFO] [stdout] 28 | #[derive(Debug, Derivative, PartialEq)]
[INFO] [stdout]    |                 ^^^^^^^^^^
[INFO] [stdout] 
[INFO] [stdout] 
[INFO] [stdout] error: cannot find attribute `derivative` in this scope
[INFO] [stdout]   --> tests/derive-default.rs:29:3
[INFO] [stdout]    |
[INFO] [stdout] 29 | #[derivative(Default(new="true"))]
[INFO] [stdout]    |   ^^^^^^^^^^
[INFO] [stdout]    |
[INFO] [stdout] note: `derivative` is imported here, but it is an unresolved item, not an attribute
[INFO] [stdout]   --> tests/derive-default.rs:5:1
[INFO] [stdout]    |
[INFO] [stdout] 5  | extern crate derivative;
[INFO] [stdout]    | ^^^^^^^^^^^^^^^^^^^^^^^^
[INFO] [stdout] 
[INFO] [stdout] 
[INFO] [stdout] error: cannot find attribute `derivative` in this scope
[INFO] [stdout]   --> tests/derive-default.rs:31:7
[INFO] [stdout]    |
[INFO] [stdout] 31 |     #[derivative(Default(value="[1,2]"))]
[INFO] [stdout]    |       ^^^^^^^^^^
[INFO] [stdout]    |
[INFO] [stdout] note: `derivative` is imported here, but it is an unresolved item, not an attribute
[INFO] [stdout]   --> tests/derive-default.rs:5:1
[INFO] [stdout]    |
[INFO] [stdout] 5  | extern crate derivative;
[INFO] [stdout]    | ^^^^^^^^^^^^^^^^^^^^^^^^
[INFO] [stdout] 
[INFO] [stdout] 
[INFO] [stderr] error: could not compile `tulip-derivative` (test "rustc-deriving-clone-tuple-struct") due to 4 previous errors
[INFO] [stdout] error: cannot find attribute `derivative` in this scope
[INFO] [stdout]   --> tests/derive-default.rs:33:7
[INFO] [stdout]    |
[INFO] [stdout] 33 |     #[derivative(Default(value="[3;2]"))]
[INFO] [stdout]    |       ^^^^^^^^^^
[INFO] [stdout]    |
[INFO] [stdout] note: `derivative` is imported here, but it is an unresolved item, not an attribute
[INFO] [stdout]   --> tests/derive-default.rs:5:1
[INFO] [stdout]    |
[INFO] [stdout] 5  | extern crate derivative;
[INFO] [stdout]    | ^^^^^^^^^^^^^^^^^^^^^^^^
[INFO] [stdout] 
[INFO] [stdout] 
[INFO] [stdout] error: cannot find attribute `derivative` in this scope
[INFO] [stdout]   --> tests/derive-default.rs:35:7
[INFO] [stdout]    |
[INFO] [stdout] 35 |     #[derivative(Default(value="(4,5)"))]
[INFO] [stdout]    |       ^^^^^^^^^^
[INFO] [stdout]    |
[INFO] [stdout] note: `derivative` is imported here, but it is an unresolved item, not an attribute
[INFO] [stdout]   --> tests/derive-default.rs:5:1
[INFO] [stdout]    |
[INFO] [stdout] 5  | extern crate derivative;
[INFO] [stdout]    | ^^^^^^^^^^^^^^^^^^^^^^^^
[INFO] [stdout] 
[INFO] [stdout] 
[INFO] [stdout] error: cannot find attribute `derivative` in this scope
[INFO] [stdout]   --> tests/derive-default.rs:37:7
[INFO] [stdout]    |
[INFO] [stdout] 37 |     #[derivative(Default(value="B1(6,7)"))]
[INFO] [stdout]    |       ^^^^^^^^^^
[INFO] [stdout]    |
[INFO] [stdout] note: `derivative` is imported here, but it is an unresolved item, not an attribute
[INFO] [stdout]   --> tests/derive-default.rs:5:1
[INFO] [stdout]    |
[INFO] [stdout] 5  | extern crate derivative;
[INFO] [stdout]    | ^^^^^^^^^^^^^^^^^^^^^^^^
[INFO] [stdout] 
[INFO] [stdout] 
[INFO] [stdout] error: cannot find attribute `derivative` in this scope
[INFO] [stdout]   --> tests/derive-default.rs:39:7
[INFO] [stdout]    |
[INFO] [stdout] 39 |     #[derivative(Default(value="B2{a:8,b:9}"))]
[INFO] [stdout]    |       ^^^^^^^^^^
[INFO] [stdout]    |
[INFO] [stdout] note: `derivative` is imported here, but it is an unresolved item, not an attribute
[INFO] [stdout]   --> tests/derive-default.rs:5:1
[INFO] [stdout]    |
[INFO] [stdout] 5  | extern crate derivative;
[INFO] [stdout]    | ^^^^^^^^^^^^^^^^^^^^^^^^
[INFO] [stdout] 
[INFO] [stdout] 
[INFO] [stdout] error: cannot find derive macro `Derivative` in this scope
[INFO] [stdout]   --> tests/derive-default.rs:43:17
[INFO] [stdout]    |
[INFO] [stdout] 43 | #[derive(Debug, Derivative, PartialEq)]
[INFO] [stdout]    |                 ^^^^^^^^^^
[INFO] [stdout] 
[INFO] [stdout] 
[INFO] [stdout] error: cannot find attribute `derivative` in this scope
[INFO] [stdout]   --> tests/derive-default.rs:44:3
[INFO] [stdout]    |
[INFO] [stdout] 44 | #[derivative(Default)]
[INFO] [stdout]    |   ^^^^^^^^^^
[INFO] [stdout]    |
[INFO] [stdout] note: `derivative` is imported here, but it is an unresolved item, not an attribute
[INFO] [stdout]   --> tests/derive-default.rs:5:1
[INFO] [stdout]    |
[INFO] [stdout] 5  | extern crate derivative;
[INFO] [stdout]    | ^^^^^^^^^^^^^^^^^^^^^^^^
[INFO] [stdout] 
[INFO] [stdout] 
[INFO] [stdout] error[E0369]: binary operation `==` cannot be applied to type `S<{integer}>`
[INFO] [stdout]   --> tests/rustc-deriving-cmp-generic-struct.rs:45:28
[INFO] [stdout]    |
[INFO] [stdout] 45 |             assert_eq!(*s1 == *s2, eq);
[INFO] [stdout]    |                        --- ^^ --- S<{integer}>
[INFO] [stdout]    |                        |
[INFO] [stdout]    |                        S<{integer}>
[INFO] [stdout]    |
[INFO] [stdout] note: an implementation of `PartialEq` might be missing for `S<{integer}>`
[INFO] [stdout]   --> tests/rustc-deriving-cmp-generic-struct.rs:21:1
[INFO] [stdout]    |
[INFO] [stdout] 21 | struct S<T> {
[INFO] [stdout]    | ^^^^^^^^^^^ must implement `PartialEq`
[INFO] [stdout] help: consider annotating `S<{integer}>` with `#[derive(PartialEq)]`
[INFO] [stdout]    |
[INFO] [stdout] 21 + #[derive(PartialEq)]
[INFO] [stdout] 22 | struct S<T> {
[INFO] [stdout]    |
[INFO] [stdout] 
[INFO] [stdout] 
[INFO] [stdout] error: cannot find attribute `derivative` in this scope
[INFO] [stdout]   --> tests/derive-default.rs:48:7
[INFO] [stdout]    |
[INFO] [stdout] 48 |     #[derivative(Default)]
[INFO] [stdout]    |       ^^^^^^^^^^
[INFO] [stdout]    |
[INFO] [stdout] note: `derivative` is imported here, but it is an unresolved item, not an attribute
[INFO] [stdout]   --> tests/derive-default.rs:5:1
[INFO] [stdout]    |
[INFO] [stdout] 5  | extern crate derivative;
[INFO] [stdout]    | ^^^^^^^^^^^^^^^^^^^^^^^^
[INFO] [stdout] 
[INFO] [stdout] 
[INFO] [stdout] error: cannot find derive macro `Derivative` in this scope
[INFO] [stdout]   --> tests/derive-default.rs:52:17
[INFO] [stdout]    |
[INFO] [stdout] 52 | #[derive(Debug, Derivative, PartialEq)]
[INFO] [stdout]    |                 ^^^^^^^^^^
[INFO] [stdout] 
[INFO] [stdout] 
[INFO] [stdout] error: cannot find attribute `derivative` in this scope
[INFO] [stdout]   --> tests/derive-default.rs:53:3
[INFO] [stdout]    |
[INFO] [stdout] 53 | #[derivative(Default)]
[INFO] [stdout]    |   ^^^^^^^^^^
[INFO] [stdout]    |
[INFO] [stdout] note: `derivative` is imported here, but it is an unresolved item, not an attribute
[INFO] [stdout]   --> tests/derive-default.rs:5:1
[INFO] [stdout]    |
[INFO] [stdout] 5  | extern crate derivative;
[INFO] [stdout]    | ^^^^^^^^^^^^^^^^^^^^^^^^
[INFO] [stdout] 
[INFO] [stdout] 
[INFO] [stdout] error: cannot find attribute `derivative` in this scope
[INFO] [stdout]   --> tests/derive-default.rs:55:7
[INFO] [stdout]    |
[INFO] [stdout] 55 |     #[derivative(Default)]
[INFO] [stdout]    |       ^^^^^^^^^^
[INFO] [stdout]    |
[INFO] [stdout] note: `derivative` is imported here, but it is an unresolved item, not an attribute
[INFO] [stdout]   --> tests/derive-default.rs:5:1
[INFO] [stdout]    |
[INFO] [stdout] 5  | extern crate derivative;
[INFO] [stdout]    | ^^^^^^^^^^^^^^^^^^^^^^^^
[INFO] [stdout] 
[INFO] [stdout] 
[INFO] [stdout] error: cannot find derive macro `Derivative` in this scope
[INFO] [stdout]   --> tests/derive-default.rs:61:17
[INFO] [stdout]    |
[INFO] [stdout] 61 | #[derive(Debug, Derivative, PartialEq)]
[INFO] [stdout]    |                 ^^^^^^^^^^
[INFO] [stdout] 
[INFO] [stdout] 
[INFO] [stdout] error: cannot find attribute `derivative` in this scope
[INFO] [stdout]   --> tests/derive-default.rs:62:3
[INFO] [stdout]    |
[INFO] [stdout] 62 | #[derivative(Default)]
[INFO] [stdout]    |   ^^^^^^^^^^
[INFO] [stdout]    |
[INFO] [stdout] note: `derivative` is imported here, but it is an unresolved item, not an attribute
[INFO] [stdout]   --> tests/derive-default.rs:5:1
[INFO] [stdout]    |
[INFO] [stdout] 5  | extern crate derivative;
[INFO] [stdout]    | ^^^^^^^^^^^^^^^^^^^^^^^^
[INFO] [stdout] 
[INFO] [stdout] 
[INFO] [stdout] error: cannot find attribute `derivative` in this scope
[INFO] [stdout]   --> tests/derive-default.rs:63:12
[INFO] [stdout]    |
[INFO] [stdout] 63 | struct A(#[derivative(Default(value="NoDefault"))] NoDefault);
[INFO] [stdout]    |            ^^^^^^^^^^
[INFO] [stdout]    |
[INFO] [stdout] note: `derivative` is imported here, but it is an unresolved item, not an attribute
[INFO] [stdout]   --> tests/derive-default.rs:5:1
[INFO] [stdout]    |
[INFO] [stdout] 5  | extern crate derivative;
[INFO] [stdout]    | ^^^^^^^^^^^^^^^^^^^^^^^^
[INFO] [stdout] 
[INFO] [stdout] 
[INFO] [stdout] error[E0369]: binary operation `!=` cannot be applied to type `S<{integer}>`
[INFO] [stdout]   --> tests/rustc-deriving-cmp-generic-struct.rs:46:28
[INFO] [stdout]    |
[INFO] [stdout] 46 |             assert_eq!(*s1 != *s2, !eq);
[INFO] [stdout]    |                        --- ^^ --- S<{integer}>
[INFO] [stdout]    |                        |
[INFO] [stdout]    |                        S<{integer}>
[INFO] [stdout]    |
[INFO] [stdout] note: an implementation of `PartialEq` might be missing for `S<{integer}>`
[INFO] [stdout]   --> tests/rustc-deriving-cmp-generic-struct.rs:21:1
[INFO] [stdout]    |
[INFO] [stdout] 21 | struct S<T> {
[INFO] [stdout]    | ^^^^^^^^^^^ must implement `PartialEq`
[INFO] [stdout] help: consider annotating `S<{integer}>` with `#[derive(PartialEq)]`
[INFO] [stdout]    |
[INFO] [stdout] 21 + #[derive(PartialEq)]
[INFO] [stdout] 22 | struct S<T> {
[INFO] [stdout]    |
[INFO] [stdout] 
[INFO] [stdout] 
[INFO] [stdout] error[E0369]: binary operation `<` cannot be applied to type `S<{integer}>`
[INFO] [stdout]   --> tests/rustc-deriving-cmp-generic-struct.rs:49:28
[INFO] [stdout]    |
[INFO] [stdout] 49 |             assert_eq!(*s1 < *s2, lt);
[INFO] [stdout]    |                        --- ^ --- S<{integer}>
[INFO] [stdout]    |                        |
[INFO] [stdout]    |                        S<{integer}>
[INFO] [stdout]    |
[INFO] [stdout] note: an implementation of `PartialOrd` might be missing for `S<{integer}>`
[INFO] [stdout]   --> tests/rustc-deriving-cmp-generic-struct.rs:21:1
[INFO] [stdout]    |
[INFO] [stdout] 21 | struct S<T> {
[INFO] [stdout]    | ^^^^^^^^^^^ must implement `PartialOrd`
[INFO] [stdout] help: consider annotating `S<{integer}>` with `#[derive(PartialEq, PartialOrd)]`
[INFO] [stdout]    |
[INFO] [stdout] 21 + #[derive(PartialEq, PartialOrd)]
[INFO] [stdout] 22 | struct S<T> {
[INFO] [stdout]    |
[INFO] [stdout] 
[INFO] [stdout] 
[INFO] [stdout] error[E0369]: binary operation `>` cannot be applied to type `S<{integer}>`
[INFO] [stdout]   --> tests/rustc-deriving-cmp-generic-struct.rs:50:28
[INFO] [stdout]    |
[INFO] [stdout] 50 |             assert_eq!(*s1 > *s2, gt);
[INFO] [stdout]    |                        --- ^ --- S<{integer}>
[INFO] [stdout]    |                        |
[INFO] [stdout]    |                        S<{integer}>
[INFO] [stdout]    |
[INFO] [stdout] note: an implementation of `PartialOrd` might be missing for `S<{integer}>`
[INFO] [stdout]   --> tests/rustc-deriving-cmp-generic-struct.rs:21:1
[INFO] [stdout]    |
[INFO] [stdout] 21 | struct S<T> {
[INFO] [stdout]    | ^^^^^^^^^^^ must implement `PartialOrd`
[INFO] [stdout] help: consider annotating `S<{integer}>` with `#[derive(PartialEq, PartialOrd)]`
[INFO] [stdout]    |
[INFO] [stdout] 21 + #[derive(PartialEq, PartialOrd)]
[INFO] [stdout] 22 | struct S<T> {
[INFO] [stdout]    |
[INFO] [stdout] 
[INFO] [stdout] 
[INFO] [stdout] error[E0369]: binary operation `<=` cannot be applied to type `S<{integer}>`
[INFO] [stdout]   --> tests/rustc-deriving-cmp-generic-struct.rs:52:28
[INFO] [stdout]    |
[INFO] [stdout] 52 |             assert_eq!(*s1 <= *s2, le);
[INFO] [stdout]    |                        --- ^^ --- S<{integer}>
[INFO] [stdout]    |                        |
[INFO] [stdout]    |                        S<{integer}>
[INFO] [stdout]    |
[INFO] [stdout] note: an implementation of `PartialOrd` might be missing for `S<{integer}>`
[INFO] [stdout]   --> tests/rustc-deriving-cmp-generic-struct.rs:21:1
[INFO] [stdout]    |
[INFO] [stdout] 21 | struct S<T> {
[INFO] [stdout]    | ^^^^^^^^^^^ must implement `PartialOrd`
[INFO] [stdout] help: consider annotating `S<{integer}>` with `#[derive(PartialEq, PartialOrd)]`
[INFO] [stdout]    |
[INFO] [stdout] 21 + #[derive(PartialEq, PartialOrd)]
[INFO] [stdout] 22 | struct S<T> {
[INFO] [stdout]    |
[INFO] [stdout] 
[INFO] [stdout] 
[INFO] [stdout] error[E0277]: the trait bound `A: Default` is not satisfied
[INFO] [stdout]   --> tests/rustc-deriving-default-box.rs:27:16
[INFO] [stdout]    |
[INFO] [stdout] 27 |     let a: A = Default::default();
[INFO] [stdout]    |                ^^^^^^^^^^^^^^^^ the trait `Default` is not implemented for `A`
[INFO] [stdout]    |
[INFO] [stdout] help: consider annotating `A` with `#[derive(Default)]`
[INFO] [stdout]    |
[INFO] [stdout] 21 + #[derive(Default)]
[INFO] [stdout] 22 | struct A {
[INFO] [stdout]    |
[INFO] [stdout] 
[INFO] [stdout] 
[INFO] [stdout] error[E0369]: binary operation `>=` cannot be applied to type `S<{integer}>`
[INFO] [stdout]   --> tests/rustc-deriving-cmp-generic-struct.rs:53:28
[INFO] [stdout]    |
[INFO] [stdout] 53 |             assert_eq!(*s1 >= *s2, ge);
[INFO] [stdout]    |                        --- ^^ --- S<{integer}>
[INFO] [stdout]    |                        |
[INFO] [stdout]    |                        S<{integer}>
[INFO] [stdout]    |
[INFO] [stdout] note: an implementation of `PartialOrd` might be missing for `S<{integer}>`
[INFO] [stdout]   --> tests/rustc-deriving-cmp-generic-struct.rs:21:1
[INFO] [stdout]    |
[INFO] [stdout] 21 | struct S<T> {
[INFO] [stdout]    | ^^^^^^^^^^^ must implement `PartialOrd`
[INFO] [stdout] help: consider annotating `S<{integer}>` with `#[derive(PartialEq, PartialOrd)]`
[INFO] [stdout]    |
[INFO] [stdout] 21 + #[derive(PartialEq, PartialOrd)]
[INFO] [stdout] 22 | struct S<T> {
[INFO] [stdout]    |
[INFO] [stdout] 
[INFO] [stdout] 
[INFO] [stdout] error[E0277]: the trait bound `Foo: Eq` is not satisfied
[INFO] [stdout]   --> tests/derive-eq-packed.rs:50:15
[INFO] [stdout]    |
[INFO] [stdout] 50 |     assert_eq(Foo { foo: 7 });
[INFO] [stdout]    |     --------- ^^^^^^^^^^^^^^ the trait `Eq` is not implemented for `Foo`
[INFO] [stdout]    |     |
[INFO] [stdout]    |     required by a bound introduced by this call
[INFO] [stdout]    |
[INFO] [stdout] note: required by a bound in `assert_eq`
[INFO] [stdout]   --> tests/derive-eq-packed.rs:43:17
[INFO] [stdout]    |
[INFO] [stdout] 43 | fn assert_eq<T: Eq>(_: T) {}
[INFO] [stdout]    |                 ^^ required by this bound in `assert_eq`
[INFO] [stdout] help: consider annotating `Foo` with `#[derive(Eq)]`
[INFO] [stdout]    |
[INFO] [stdout] 12 + #[derive(Eq)]
[INFO] [stdout] 13 | struct Foo {
[INFO] [stdout]    |
[INFO] [stdout] 
[INFO] [stdout] 
[INFO] [stdout] error[E0277]: the trait bound `WithPtr<dyn SomeTrait>: Eq` is not satisfied
[INFO] [stdout]   --> tests/derive-eq-packed.rs:57:15
[INFO] [stdout]    |
[INFO] [stdout] 57 |     assert_eq(WithPtr { foo: ptr1 });
[INFO] [stdout]    |     --------- ^^^^^^^^^^^^^^^^^^^^^ the trait `Eq` is not implemented for `WithPtr<dyn SomeTrait>`
[INFO] [stdout]    |     |
[INFO] [stdout]    |     required by a bound introduced by this call
[INFO] [stdout]    |
[INFO] [stdout] note: required by a bound in `assert_eq`
[INFO] [stdout]   --> tests/derive-eq-packed.rs:43:17
[INFO] [stdout]    |
[INFO] [stdout] 43 | fn assert_eq<T: Eq>(_: T) {}
[INFO] [stdout]    |                 ^^ required by this bound in `assert_eq`
[INFO] [stdout] help: consider annotating `WithPtr<dyn SomeTrait>` with `#[derive(Eq)]`
[INFO] [stdout]    |
[INFO] [stdout] 19 + #[derive(Eq)]
[INFO] [stdout] 20 | struct WithPtr<T: ?Sized> {
[INFO] [stdout]    |
[INFO] [stdout] 
[INFO] [stdout] 
[INFO] [stdout] error[E0369]: binary operation `==` cannot be applied to type `Generic<SomeType>`
[INFO] [stdout]   --> tests/derive-eq-packed.rs:59:42
[INFO] [stdout]    |
[INFO] [stdout] 59 |     assert!(Generic(SomeType { foo: 0 }) == Generic(SomeType { foo: 0 }));
[INFO] [stdout]    |             ---------------------------- ^^ ---------------------------- Generic<SomeType>
[INFO] [stdout]    |             |
[INFO] [stdout]    |             Generic<SomeType>
[INFO] [stdout]    |
[INFO] [stdout] note: an implementation of `PartialEq` might be missing for `Generic<SomeType>`
[INFO] [stdout]   --> tests/derive-eq-packed.rs:33:1
[INFO] [stdout]    |
[INFO] [stdout] 33 | struct Generic<T>(T);
[INFO] [stdout]    | ^^^^^^^^^^^^^^^^^ must implement `PartialEq`
[INFO] [stdout] help: consider annotating `Generic<SomeType>` with `#[derive(PartialEq)]`
[INFO] [stdout]    |
[INFO] [stdout] 33 + #[derive(PartialEq)]
[INFO] [stdout] 34 | struct Generic<T>(T);
[INFO] [stdout]    |
[INFO] [stdout] 
[INFO] [stdout] 
[INFO] [stdout] error[E0277]: the trait bound `Generic<SomeType>: Eq` is not satisfied
[INFO] [stdout]   --> tests/derive-eq-packed.rs:60:15
[INFO] [stdout]    |
[INFO] [stdout] 60 |     assert_eq(Generic(SomeType { foo: 0 }));
[INFO] [stdout]    |     --------- ^^^^^^^^^^^^^^^^^^^^^^^^^^^^ the trait `Eq` is not implemented for `Generic<SomeType>`
[INFO] [stdout]    |     |
[INFO] [stdout]    |     required by a bound introduced by this call
[INFO] [stdout]    |
[INFO] [stdout] note: required by a bound in `assert_eq`
[INFO] [stdout]   --> tests/derive-eq-packed.rs:43:17
[INFO] [stdout]    |
[INFO] [stdout] 43 | fn assert_eq<T: Eq>(_: T) {}
[INFO] [stdout]    |                 ^^ required by this bound in `assert_eq`
[INFO] [stdout] help: consider annotating `Generic<SomeType>` with `#[derive(Eq)]`
[INFO] [stdout]    |
[INFO] [stdout] 33 + #[derive(Eq)]
[INFO] [stdout] 34 | struct Generic<T>(T);
[INFO] [stdout]    |
[INFO] [stdout] 
[INFO] [stdout] 
[INFO] [stdout] error: aborting due to 4 previous errors
[INFO] [stdout] 
[INFO] [stdout] 
[INFO] [stdout] Some errors have detailed explanations: E0277, E0463.
[INFO] [stdout] 
[INFO] [stdout] For more information about an error, try `rustc --explain E0277`.
[INFO] [stdout] 
[INFO] [stdout] error: aborting due to 12 previous errors
[INFO] [stdout] 
[INFO] [stdout] 
[INFO] [stdout] Some errors have detailed explanations: E0277, E0369, E0463.
[INFO] [stdout] 
[INFO] [stdout] For more information about an error, try `rustc --explain E0277`.
[INFO] [stdout] 
[INFO] [stderr] error: could not compile `tulip-derivative` (test "derive-eq-packed") due to 13 previous errors
[INFO] [stderr] error: could not compile `tulip-derivative` (test "rustc-deriving-default-box") due to 5 previous errors
[INFO] [stdout] error[E0599]: the method `cmp` exists for reference `&S<{integer}>`, but its trait bounds were not satisfied
[INFO] [stdout]   --> tests/rustc-deriving-cmp-generic-struct.rs:56:27
[INFO] [stdout]    |
[INFO] [stdout] 21 | struct S<T> {
[INFO] [stdout]    | -----------
[INFO] [stdout]    | |
[INFO] [stdout]    | doesn't satisfy `S<{integer}>: Iterator`
[INFO] [stdout]    | doesn't satisfy `S<{integer}>: Ord`
[INFO] [stdout] ...
[INFO] [stdout] 56 |             assert_eq!(s1.cmp(s2), ord);
[INFO] [stdout]    |                           ^^^ method cannot be called on `&S<{integer}>` due to unsatisfied trait bounds
[INFO] [stdout]    |
[INFO] [stdout]    = note: the following trait bounds were not satisfied:
[INFO] [stdout]            `S<{integer}>: Ord`
[INFO] [stdout]            which is required by `&S<{integer}>: Ord`
[INFO] [stdout]            `&S<{integer}>: Iterator`
[INFO] [stdout]            which is required by `&mut &S<{integer}>: Iterator`
[INFO] [stdout]            `S<{integer}>: Iterator`
[INFO] [stdout]            which is required by `&mut S<{integer}>: Iterator`
[INFO] [stdout] note: the trait `Iterator` must be implemented
[INFO] [stdout]   --> /rustc/0e09125c6c3c2fd70d7de961bcf0e51575235fad/library/core/src/iter/traits/iterator.rs:75:1
[INFO] [stdout] help: consider annotating `S<{integer}>` with `#[derive(Eq, Ord, PartialEq, PartialOrd)]`
[INFO] [stdout]    |
[INFO] [stdout] 21 + #[derive(Eq, Ord, PartialEq, PartialOrd)]
[INFO] [stdout] 22 | struct S<T> {
[INFO] [stdout]    |
[INFO] [stdout] 
[INFO] [stdout] 
[INFO] [stdout] error[E0599]: no function or associated item named `default` found for struct `Foo` in the current scope
[INFO] [stdout]   --> tests/derive-default-bounds.rs:37:21
[INFO] [stdout]    |
[INFO] [stdout] 9  | struct Foo<T, U> {
[INFO] [stdout]    | ---------------- function or associated item `default` not found for this struct
[INFO] [stdout] ...
[INFO] [stdout] 37 |     assert_eq!(Foo::default(), Foo { foo: 0u8, bar: 0xffu8 });
[INFO] [stdout]    |                     ^^^^^^^ function or associated item not found in `Foo<_, _>`
[INFO] [stdout]    |
[INFO] [stdout]    = help: items from traits can only be used if the trait is implemented and in scope
[INFO] [stdout]    = note: the following trait defines an item `default`, perhaps you need to implement it:
[INFO] [stdout]            candidate #1: `Default`
[INFO] [stdout] 
[INFO] [stdout] 
[INFO] [stdout] error[E0599]: no function or associated item named `default` found for struct `Foo` in the current scope
[INFO] [stdout]   --> tests/derive-default.rs:70:21
[INFO] [stdout]    |
[INFO] [stdout] 9  | struct Foo {
[INFO] [stdout]    | ---------- function or associated item `default` not found for this struct
[INFO] [stdout] ...
[INFO] [stdout] 70 |     assert_eq!(Foo::default(), Foo { foo: 0, bar: 42 });
[INFO] [stdout]    |                     ^^^^^^^ function or associated item not found in `Foo`
[INFO] [stdout]    |
[INFO] [stdout]    = help: items from traits can only be used if the trait is implemented and in scope
[INFO] [stdout]    = note: the following trait defines an item `default`, perhaps you need to implement it:
[INFO] [stdout]            candidate #1: `Default`
[INFO] [stdout] 
[INFO] [stdout] 
[INFO] [stdout] error[E0599]: no method named `clone` found for struct `PhantomField` in the current scope
[INFO] [stdout]   --> tests/derive-clone-generics.rs:27:44
[INFO] [stdout]    |
[INFO] [stdout] 13 | struct PhantomField<T> {
[INFO] [stdout]    | ---------------------- method `clone` not found for this struct
[INFO] [stdout] ...
[INFO] [stdout] 27 |     assert!(phantom_field == phantom_field.clone());
[INFO] [stdout]    |                                            ^^^^^ method not found in `PhantomField<NoClone>`
[INFO] [stdout]    |
[INFO] [stdout]    = help: items from traits can only be used if the trait is implemented and in scope
[INFO] [stdout]    = note: the following trait defines an item `clone`, perhaps you need to implement it:
[INFO] [stdout]            candidate #1: `Clone`
[INFO] [stdout] 
[INFO] [stdout] 
[INFO] [stdout] error[E0599]: no function or associated item named `new` found for struct `Foo` in the current scope
[INFO] [stdout]   --> tests/derive-default.rs:71:21
[INFO] [stdout]    |
[INFO] [stdout] 9  | struct Foo {
[INFO] [stdout]    | ---------- function or associated item `new` not found for this struct
[INFO] [stdout] ...
[INFO] [stdout] 71 |     assert_eq!(Foo::new(), Foo { foo: 0, bar: 42 });
[INFO] [stdout]    |                     ^^^ function or associated item not found in `Foo`
[INFO] [stdout] 
[INFO] [stdout] 
[INFO] [stdout] error[E0599]: no function or associated item named `default` found for struct `Bar` in the current scope
[INFO] [stdout]   --> tests/derive-default-bounds.rs:38:21
[INFO] [stdout]    |
[INFO] [stdout] 17 | struct Bar<T, U> {
[INFO] [stdout]    | ---------------- function or associated item `default` not found for this struct
[INFO] [stdout] ...
[INFO] [stdout] 38 |     assert_eq!(Bar::default(), Bar { foo: 0u8, bar: 0xffu8 });
[INFO] [stdout]    |                     ^^^^^^^ function or associated item not found in `Bar<_, _>`
[INFO] [stdout]    |
[INFO] [stdout]    = help: items from traits can only be used if the trait is implemented and in scope
[INFO] [stdout]    = note: the following trait defines an item `default`, perhaps you need to implement it:
[INFO] [stdout]            candidate #1: `Default`
[INFO] [stdout] 
[INFO] [stdout] 
[INFO] [stdout] error: aborting due to 10 previous errors
[INFO] [stdout] 
[INFO] [stdout] 
[INFO] [stdout] Some errors have detailed explanations: E0369, E0463, E0599.
[INFO] [stdout] 
[INFO] [stdout] For more information about an error, try `rustc --explain E0369`.
[INFO] [stdout] 
[INFO] [stdout] error[E0599]: no function or associated item named `default` found for struct `Bar` in the current scope
[INFO] [stdout]   --> tests/derive-default.rs:72:21
[INFO] [stdout]    |
[INFO] [stdout] 17 | struct Bar (
[INFO] [stdout]    | ---------- function or associated item `default` not found for this struct
[INFO] [stdout] ...
[INFO] [stdout] 72 |     assert_eq!(Bar::default(), Bar(0, 42));
[INFO] [stdout]    |                     ^^^^^^^ function or associated item not found in `Bar`
[INFO] [stdout]    |
[INFO] [stdout]    = help: items from traits can only be used if the trait is implemented and in scope
[INFO] [stdout]    = note: the following trait defines an item `default`, perhaps you need to implement it:
[INFO] [stdout]            candidate #1: `Default`
[INFO] [stdout] 
[INFO] [stdout] 
[INFO] [stdout] error[E0599]: no function or associated item named `new` found for struct `Foo` in the current scope
[INFO] [stdout]   --> tests/derive-default-bounds.rs:39:21
[INFO] [stdout]    |
[INFO] [stdout] 9  | struct Foo<T, U> {
[INFO] [stdout]    | ---------------- function or associated item `new` not found for this struct
[INFO] [stdout] ...
[INFO] [stdout] 39 |     assert_eq!(Foo::new(), Foo { foo: 0u8, bar: 0xffu8 });
[INFO] [stdout]    |                     ^^^ function or associated item not found in `Foo<_, _>`
[INFO] [stdout] 
[INFO] [stdout] 
[INFO] [stdout] error[E0599]: no function or associated item named `new` found for struct `Bar` in the current scope
[INFO] [stdout]   --> tests/derive-default.rs:73:21
[INFO] [stdout]    |
[INFO] [stdout] 17 | struct Bar (
[INFO] [stdout]    | ---------- function or associated item `new` not found for this struct
[INFO] [stdout] ...
[INFO] [stdout] 73 |     assert_eq!(Bar::new(), Bar(0, 42));
[INFO] [stdout]    |                     ^^^ function or associated item not found in `Bar`
[INFO] [stdout] 
[INFO] [stdout] 
[INFO] [stdout] error[E0599]: no function or associated item named `new` found for struct `Bar` in the current scope
[INFO] [stdout]   --> tests/derive-default-bounds.rs:40:21
[INFO] [stdout]    |
[INFO] [stdout] 17 | struct Bar<T, U> {
[INFO] [stdout]    | ---------------- function or associated item `new` not found for this struct
[INFO] [stdout] ...
[INFO] [stdout] 40 |     assert_eq!(Bar::new(), Bar { foo: 0u8, bar: 0xffu8 });
[INFO] [stdout]    |                     ^^^ function or associated item not found in `Bar<_, _>`
[INFO] [stdout] 
[INFO] [stdout] 
[INFO] [stdout] error[E0599]: no function or associated item named `new` found for struct `Baz` in the current scope
[INFO] [stdout]   --> tests/derive-default.rs:74:21
[INFO] [stdout]    |
[INFO] [stdout] 30 | struct Baz (
[INFO] [stdout]    | ---------- function or associated item `new` not found for this struct
[INFO] [stdout] ...
[INFO] [stdout] 74 |     assert_eq!(Baz::new(), Baz([1,2], [3,3], (4,5), B1(6,7), B2{a:8,b:9}));
[INFO] [stdout]    |                     ^^^ function or associated item not found in `Baz`
[INFO] [stdout] 
[INFO] [stdout] 
[INFO] [stdout] error[E0599]: no function or associated item named `default` found for struct `WithOption` in the current scope
[INFO] [stdout]   --> tests/derive-default-bounds.rs:41:31
[INFO] [stdout]    |
[INFO] [stdout] 29 | struct WithOption<T> {
[INFO] [stdout]    | -------------------- function or associated item `default` not found for this struct
[INFO] [stdout] ...
[INFO] [stdout] 41 |     WithOption::<NonDefault>::default();
[INFO] [stdout]    |                               ^^^^^^^ function or associated item not found in `WithOption<NonDefault>`
[INFO] [stdout]    |
[INFO] [stdout]    = help: items from traits can only be used if the trait is implemented and in scope
[INFO] [stdout]    = note: the following trait defines an item `default`, perhaps you need to implement it:
[INFO] [stdout]            candidate #1: `Default`
[INFO] [stdout] 
[INFO] [stdout] 
[INFO] [stdout] error[E0599]: no function or associated item named `default` found for struct `A` in the current scope
[INFO] [stdout]   --> tests/derive-default.rs:75:19
[INFO] [stdout]    |
[INFO] [stdout] 63 | struct A(#[derivative(Default(value="NoDefault"))] NoDefault);
[INFO] [stdout]    | -------- function or associated item `default` not found for this struct
[INFO] [stdout] ...
[INFO] [stdout] 75 |     assert_eq!(A::default(), A(NoDefault));
[INFO] [stdout]    |                   ^^^^^^^ function or associated item not found in `A`
[INFO] [stdout]    |
[INFO] [stdout]    = help: items from traits can only be used if the trait is implemented and in scope
[INFO] [stdout]    = note: the following trait defines an item `default`, perhaps you need to implement it:
[INFO] [stdout]            candidate #1: `Default`
[INFO] [stdout] 
[INFO] [stdout] 
[INFO] [stdout] error[E0599]: no method named `clone` found for struct `S` in the current scope
[INFO] [stdout]   --> tests/rustc-deriving-clone-generic-tuple-struct.rs:25:22
[INFO] [stdout]    |
[INFO] [stdout] 21 | struct S<T>(T, ());
[INFO] [stdout]    | ----------- method `clone` not found for this struct
[INFO] [stdout] ...
[INFO] [stdout] 25 |     let _ = S(1, ()).clone();
[INFO] [stdout]    |                      ^^^^^ method not found in `S<{integer}>`
[INFO] [stdout]    |
[INFO] [stdout]    = help: items from traits can only be used if the trait is implemented and in scope
[INFO] [stdout]    = note: the following trait defines an item `clone`, perhaps you need to implement it:
[INFO] [stdout]            candidate #1: `Clone`
[INFO] [stdout] 
[INFO] [stdout] 
[INFO] [stdout] error[E0599]: no variant or associated item named `default` found for enum `Enum1` in the current scope
[INFO] [stdout]   --> tests/derive-default.rs:76:23
[INFO] [stdout]    |
[INFO] [stdout] 45 | enum Enum1 {
[INFO] [stdout]    | ---------- variant or associated item `default` not found for this enum
[INFO] [stdout] ...
[INFO] [stdout] 76 |     assert_eq!(Enum1::default(), Enum1::B);
[INFO] [stdout]    |                       ^^^^^^^ variant or associated item not found in `Enum1`
[INFO] [stdout]    |
[INFO] [stdout]    = help: items from traits can only be used if the trait is implemented and in scope
[INFO] [stdout]    = note: the following trait defines an item `default`, perhaps you need to implement it:
[INFO] [stdout]            candidate #1: `Default`
[INFO] [stdout] 
[INFO] [stdout] 
[INFO] [stdout] error[E0599]: no variant or associated item named `default` found for enum `Enum2` in the current scope
[INFO] [stdout]   --> tests/derive-default.rs:77:23
[INFO] [stdout]    |
[INFO] [stdout] 54 | enum Enum2 {
[INFO] [stdout]    | ---------- variant or associated item `default` not found for this enum
[INFO] [stdout] ...
[INFO] [stdout] 77 |     assert_eq!(Enum2::default(), Enum2::A);
[INFO] [stdout]    |                       ^^^^^^^ variant or associated item not found in `Enum2`
[INFO] [stdout]    |
[INFO] [stdout]    = help: items from traits can only be used if the trait is implemented and in scope
[INFO] [stdout]    = note: the following trait defines an item `default`, perhaps you need to implement it:
[INFO] [stdout]            candidate #1: `Default`
[INFO] [stdout] 
[INFO] [stdout] 
[INFO] [stdout] error: aborting due to 14 previous errors
[INFO] [stdout] 
[INFO] [stdout] 
[INFO] [stdout] Some errors have detailed explanations: E0463, E0599.
[INFO] [stdout] 
[INFO] [stdout] For more information about an error, try `rustc --explain E0463`.
[INFO] [stdout] 
[INFO] [stdout] error: aborting due to 4 previous errors
[INFO] [stdout] 
[INFO] [stdout] 
[INFO] [stdout] Some errors have detailed explanations: E0463, E0599.
[INFO] [stdout] 
[INFO] [stdout] For more information about an error, try `rustc --explain E0463`.
[INFO] [stdout] 
[INFO] [stdout] error: aborting due to 31 previous errors
[INFO] [stdout] 
[INFO] [stdout] 
[INFO] [stdout] Some errors have detailed explanations: E0463, E0599.
[INFO] [stdout] 
[INFO] [stdout] For more information about an error, try `rustc --explain E0463`.
[INFO] [stdout] 
[INFO] [stdout] error[E0599]: no method named `clone` found for struct `PhantomTuple` in the current scope
[INFO] [stdout]   --> tests/derive-clone-generics.rs:28:44
[INFO] [stdout]    |
[INFO] [stdout] 19 | struct PhantomTuple<T> {
[INFO] [stdout]    | ---------------------- method `clone` not found for this struct
[INFO] [stdout] ...
[INFO] [stdout] 28 |     assert!(phantom_tuple == phantom_tuple.clone());
[INFO] [stdout]    |                                            ^^^^^ method not found in `PhantomTuple<NoClone>`
[INFO] [stdout]    |
[INFO] [stdout]    = help: items from traits can only be used if the trait is implemented and in scope
[INFO] [stdout]    = note: the following trait defines an item `clone`, perhaps you need to implement it:
[INFO] [stdout]            candidate #1: `Clone`
[INFO] [stdout] 
[INFO] [stdout] 
[INFO] [stderr] error: could not compile `tulip-derivative` (test "rustc-deriving-cmp-generic-struct") due to 11 previous errors
[INFO] [stderr] error: could not compile `tulip-derivative` (test "derive-default-bounds") due to 15 previous errors
[INFO] [stderr] error: could not compile `tulip-derivative` (test "rustc-deriving-clone-generic-tuple-struct") due to 5 previous errors
[INFO] [stdout] error: aborting due to 7 previous errors
[INFO] [stdout] 
[INFO] [stdout] 
[INFO] [stdout] Some errors have detailed explanations: E0463, E0599.
[INFO] [stdout] 
[INFO] [stdout] For more information about an error, try `rustc --explain E0463`.
[INFO] [stdout] 
[INFO] [stderr] error: could not compile `tulip-derivative` (test "derive-default") due to 32 previous errors
[INFO] [stderr] error: could not compile `tulip-derivative` (test "derive-clone-generics") due to 8 previous errors
[INFO] running `Command { std: "docker" "inspect" "636abe74b4ca463d04e6c5a146fc24be32d3a008a0b43ea1379d3d1061f93161", kill_on_drop: false }`
[INFO] running `Command { std: "docker" "rm" "-f" "636abe74b4ca463d04e6c5a146fc24be32d3a008a0b43ea1379d3d1061f93161", kill_on_drop: false }`
[INFO] [stdout] 636abe74b4ca463d04e6c5a146fc24be32d3a008a0b43ea1379d3d1061f93161
