[INFO] fetching crate tui-tools 0.1.2...
[INFO] testing tui-tools-0.1.2 against 1.75.0 for beta-1.76-1
[INFO] extracting crate tui-tools 0.1.2 into /workspace/builds/worker-0-tc1/source
[INFO] validating manifest of crates.io crate tui-tools 0.1.2 on toolchain 1.75.0
[INFO] running `Command { std: CARGO_HOME="/workspace/cargo-home" RUSTUP_HOME="/workspace/rustup-home" "/workspace/cargo-home/bin/cargo" "+1.75.0" "metadata" "--manifest-path" "Cargo.toml" "--no-deps", kill_on_drop: false }`
[INFO] started tweaking crates.io crate tui-tools 0.1.2
[INFO] finished tweaking crates.io crate tui-tools 0.1.2
[INFO] tweaked toml for crates.io crate tui-tools 0.1.2 written to /workspace/builds/worker-0-tc1/source/Cargo.toml
[INFO] running `Command { std: CARGO_HOME="/workspace/cargo-home" RUSTUP_HOME="/workspace/rustup-home" "/workspace/cargo-home/bin/cargo" "+1.75.0" "generate-lockfile" "--manifest-path" "Cargo.toml", kill_on_drop: false }`
[INFO] [stderr]     Updating crates.io index
[INFO] running `Command { std: CARGO_HOME="/workspace/cargo-home" RUSTUP_HOME="/workspace/rustup-home" "/workspace/cargo-home/bin/cargo" "+1.75.0" "fetch" "--manifest-path" "Cargo.toml", kill_on_drop: false }`
[INFO] running `Command { std: "docker" "create" "-v" "/var/lib/crater-agent-workspace/builds/worker-0-tc1/target:/opt/rustwide/target:rw,Z" "-v" "/var/lib/crater-agent-workspace/builds/worker-0-tc1/source:/opt/rustwide/workdir:ro,Z" "-v" "/var/lib/crater-agent-workspace/cargo-home:/opt/rustwide/cargo-home:ro,Z" "-v" "/var/lib/crater-agent-workspace/rustup-home:/opt/rustwide/rustup-home:ro,Z" "-e" "SOURCE_DIR=/opt/rustwide/workdir" "-e" "CARGO_TARGET_DIR=/opt/rustwide/target" "-e" "CARGO_HOME=/opt/rustwide/cargo-home" "-e" "RUSTUP_HOME=/opt/rustwide/rustup-home" "-w" "/opt/rustwide/workdir" "-m" "1610612736" "--user" "0:0" "--network" "none" "ghcr.io/rust-lang/crates-build-env/linux@sha256:2788e3201cd34a07e3172128adcd8b3090168a8e3bcc40d7c032b9dda1df7d1c" "/opt/rustwide/cargo-home/bin/cargo" "+1.75.0" "metadata" "--no-deps" "--format-version=1", kill_on_drop: false }`
[INFO] [stdout] 2a805cf64bf9e0ebfd62e3336703a06bf8c624d5f914995140e02480607646c0
[INFO] running `Command { std: "docker" "start" "-a" "2a805cf64bf9e0ebfd62e3336703a06bf8c624d5f914995140e02480607646c0", kill_on_drop: false }`
[INFO] running `Command { std: "docker" "inspect" "2a805cf64bf9e0ebfd62e3336703a06bf8c624d5f914995140e02480607646c0", kill_on_drop: false }`
[INFO] running `Command { std: "docker" "rm" "-f" "2a805cf64bf9e0ebfd62e3336703a06bf8c624d5f914995140e02480607646c0", kill_on_drop: false }`
[INFO] [stdout] 2a805cf64bf9e0ebfd62e3336703a06bf8c624d5f914995140e02480607646c0
[INFO] running `Command { std: "docker" "create" "-v" "/var/lib/crater-agent-workspace/builds/worker-0-tc1/target:/opt/rustwide/target:rw,Z" "-v" "/var/lib/crater-agent-workspace/builds/worker-0-tc1/source:/opt/rustwide/workdir:ro,Z" "-v" "/var/lib/crater-agent-workspace/cargo-home:/opt/rustwide/cargo-home:ro,Z" "-v" "/var/lib/crater-agent-workspace/rustup-home:/opt/rustwide/rustup-home:ro,Z" "-e" "SOURCE_DIR=/opt/rustwide/workdir" "-e" "CARGO_TARGET_DIR=/opt/rustwide/target" "-e" "CARGO_INCREMENTAL=0" "-e" "RUST_BACKTRACE=full" "-e" "RUSTFLAGS=--cap-lints=warn" "-e" "RUSTDOCFLAGS=--cap-lints=warn" "-e" "CARGO_HOME=/opt/rustwide/cargo-home" "-e" "RUSTUP_HOME=/opt/rustwide/rustup-home" "-w" "/opt/rustwide/workdir" "-m" "1610612736" "--user" "0:0" "--network" "none" "ghcr.io/rust-lang/crates-build-env/linux@sha256:2788e3201cd34a07e3172128adcd8b3090168a8e3bcc40d7c032b9dda1df7d1c" "/opt/rustwide/cargo-home/bin/cargo" "+1.75.0" "build" "--frozen" "--message-format=json", kill_on_drop: false }`
[INFO] [stdout] 58d9527acfacf46dcebf41dfbbc6eac9ef09a8e1f06565e246bdce266f690eba
[INFO] running `Command { std: "docker" "start" "-a" "58d9527acfacf46dcebf41dfbbc6eac9ef09a8e1f06565e246bdce266f690eba", kill_on_drop: false }`
[INFO] [stderr]    Compiling enable-ansi-support v0.2.1
[INFO] [stderr]    Compiling tui-tools v0.1.2 (/opt/rustwide/workdir)
[INFO] [stdout] error[E0425]: cannot find value `ANSI_SUPPORT_ENABLED` in this scope
[INFO] [stdout]   --> src/colors.rs:88:17
[INFO] [stdout]    |
[INFO] [stdout] 88 |     if unsafe { ANSI_SUPPORT_ENABLED } {
[INFO] [stdout]    |                 ^^^^^^^^^^^^^^^^^^^^ not found in this scope
[INFO] [stdout] 
[INFO] [stdout] 
[INFO] [stdout] error[E0425]: cannot find value `ANSI_SUPPORT_ENABLED` in this scope
[INFO] [stdout]   --> src/colors.rs:91:18
[INFO] [stdout]    |
[INFO] [stdout] 91 |         unsafe { ANSI_SUPPORT_ENABLED = true };
[INFO] [stdout]    |                  ^^^^^^^^^^^^^^^^^^^^
[INFO] [stdout]    |
[INFO] [stdout] help: you might have meant to introduce a new binding
[INFO] [stdout]    |
[INFO] [stdout] 91 |         unsafe { let ANSI_SUPPORT_ENABLED = true };
[INFO] [stdout]    |                  +++
[INFO] [stdout] 
[INFO] [stdout] 
[INFO] [stdout] error: aborting due to 2 previous errors
[INFO] [stdout] 
[INFO] [stdout] 
[INFO] [stdout] For more information about this error, try `rustc --explain E0425`.
[INFO] [stdout] 
[INFO] [stderr] error: could not compile `tui-tools` (lib) due to 3 previous errors
[INFO] running `Command { std: "docker" "inspect" "58d9527acfacf46dcebf41dfbbc6eac9ef09a8e1f06565e246bdce266f690eba", kill_on_drop: false }`
[INFO] running `Command { std: "docker" "rm" "-f" "58d9527acfacf46dcebf41dfbbc6eac9ef09a8e1f06565e246bdce266f690eba", kill_on_drop: false }`
[INFO] [stdout] 58d9527acfacf46dcebf41dfbbc6eac9ef09a8e1f06565e246bdce266f690eba
[INFO] testing tui-tools-0.1.2 against beta-2023-12-22 for beta-1.76-1
[INFO] extracting crate tui-tools 0.1.2 into /workspace/builds/worker-0-tc2/source
[INFO] validating manifest of crates.io crate tui-tools 0.1.2 on toolchain beta-2023-12-22
[INFO] running `Command { std: CARGO_HOME="/workspace/cargo-home" RUSTUP_HOME="/workspace/rustup-home" "/workspace/cargo-home/bin/cargo" "+beta-2023-12-22" "metadata" "--manifest-path" "Cargo.toml" "--no-deps", kill_on_drop: false }`
[INFO] started tweaking crates.io crate tui-tools 0.1.2
[INFO] finished tweaking crates.io crate tui-tools 0.1.2
[INFO] tweaked toml for crates.io crate tui-tools 0.1.2 written to /workspace/builds/worker-0-tc2/source/Cargo.toml
[INFO] running `Command { std: CARGO_HOME="/workspace/cargo-home" RUSTUP_HOME="/workspace/rustup-home" "/workspace/cargo-home/bin/cargo" "+beta-2023-12-22" "generate-lockfile" "--manifest-path" "Cargo.toml", kill_on_drop: false }`
[INFO] [stderr]     Updating crates.io index
[INFO] running `Command { std: CARGO_HOME="/workspace/cargo-home" RUSTUP_HOME="/workspace/rustup-home" "/workspace/cargo-home/bin/cargo" "+beta-2023-12-22" "fetch" "--manifest-path" "Cargo.toml", kill_on_drop: false }`
[INFO] running `Command { std: "docker" "create" "-v" "/var/lib/crater-agent-workspace/builds/worker-0-tc2/target:/opt/rustwide/target:rw,Z" "-v" "/var/lib/crater-agent-workspace/builds/worker-0-tc2/source:/opt/rustwide/workdir:ro,Z" "-v" "/var/lib/crater-agent-workspace/cargo-home:/opt/rustwide/cargo-home:ro,Z" "-v" "/var/lib/crater-agent-workspace/rustup-home:/opt/rustwide/rustup-home:ro,Z" "-e" "SOURCE_DIR=/opt/rustwide/workdir" "-e" "CARGO_TARGET_DIR=/opt/rustwide/target" "-e" "CARGO_HOME=/opt/rustwide/cargo-home" "-e" "RUSTUP_HOME=/opt/rustwide/rustup-home" "-w" "/opt/rustwide/workdir" "-m" "1610612736" "--user" "0:0" "--network" "none" "ghcr.io/rust-lang/crates-build-env/linux@sha256:2788e3201cd34a07e3172128adcd8b3090168a8e3bcc40d7c032b9dda1df7d1c" "/opt/rustwide/cargo-home/bin/cargo" "+beta-2023-12-22" "metadata" "--no-deps" "--format-version=1", kill_on_drop: false }`
[INFO] [stdout] 74a8a72e4b87eb93ff36e232699379907ef3ade6e0224798bdb7c78dcb75c125
[INFO] running `Command { std: "docker" "start" "-a" "74a8a72e4b87eb93ff36e232699379907ef3ade6e0224798bdb7c78dcb75c125", kill_on_drop: false }`
[INFO] running `Command { std: "docker" "inspect" "74a8a72e4b87eb93ff36e232699379907ef3ade6e0224798bdb7c78dcb75c125", kill_on_drop: false }`
[INFO] running `Command { std: "docker" "rm" "-f" "74a8a72e4b87eb93ff36e232699379907ef3ade6e0224798bdb7c78dcb75c125", kill_on_drop: false }`
[INFO] [stdout] 74a8a72e4b87eb93ff36e232699379907ef3ade6e0224798bdb7c78dcb75c125
[INFO] running `Command { std: "docker" "create" "-v" "/var/lib/crater-agent-workspace/builds/worker-0-tc2/target:/opt/rustwide/target:rw,Z" "-v" "/var/lib/crater-agent-workspace/builds/worker-0-tc2/source:/opt/rustwide/workdir:ro,Z" "-v" "/var/lib/crater-agent-workspace/cargo-home:/opt/rustwide/cargo-home:ro,Z" "-v" "/var/lib/crater-agent-workspace/rustup-home:/opt/rustwide/rustup-home:ro,Z" "-e" "SOURCE_DIR=/opt/rustwide/workdir" "-e" "CARGO_TARGET_DIR=/opt/rustwide/target" "-e" "CARGO_INCREMENTAL=0" "-e" "RUST_BACKTRACE=full" "-e" "RUSTFLAGS=--cap-lints=warn" "-e" "RUSTDOCFLAGS=--cap-lints=warn" "-e" "CARGO_HOME=/opt/rustwide/cargo-home" "-e" "RUSTUP_HOME=/opt/rustwide/rustup-home" "-w" "/opt/rustwide/workdir" "-m" "1610612736" "--user" "0:0" "--network" "none" "ghcr.io/rust-lang/crates-build-env/linux@sha256:2788e3201cd34a07e3172128adcd8b3090168a8e3bcc40d7c032b9dda1df7d1c" "/opt/rustwide/cargo-home/bin/cargo" "+beta-2023-12-22" "build" "--frozen" "--message-format=json", kill_on_drop: false }`
[INFO] [stdout] 294d1e024aefd1efe89932fea7e99552f2e34eabd037f3b318d09e729eec61b6
[INFO] running `Command { std: "docker" "start" "-a" "294d1e024aefd1efe89932fea7e99552f2e34eabd037f3b318d09e729eec61b6", kill_on_drop: false }`
[INFO] [stderr]    Compiling enable-ansi-support v0.2.1
[INFO] [stderr]    Compiling tui-tools v0.1.2 (/opt/rustwide/workdir)
[INFO] [stdout] error[E0425]: cannot find value `ANSI_SUPPORT_ENABLED` in this scope
[INFO] [stdout]   --> src/colors.rs:88:17
[INFO] [stdout]    |
[INFO] [stdout] 88 |     if unsafe { ANSI_SUPPORT_ENABLED } {
[INFO] [stdout]    |                 ^^^^^^^^^^^^^^^^^^^^ not found in this scope
[INFO] [stdout] 
[INFO] [stdout] 
[INFO] [stdout] error[E0425]: cannot find value `ANSI_SUPPORT_ENABLED` in this scope
[INFO] [stdout]   --> src/colors.rs:91:18
[INFO] [stdout]    |
[INFO] [stdout] 91 |         unsafe { ANSI_SUPPORT_ENABLED = true };
[INFO] [stdout]    |                  ^^^^^^^^^^^^^^^^^^^^
[INFO] [stdout]    |
[INFO] [stdout] help: you might have meant to introduce a new binding
[INFO] [stdout]    |
[INFO] [stdout] 91 |         unsafe { let ANSI_SUPPORT_ENABLED = true };
[INFO] [stdout]    |                  +++
[INFO] [stdout] 
[INFO] [stdout] 
[INFO] [stdout] error: aborting due to 2 previous errors
[INFO] [stdout] 
[INFO] [stdout] 
[INFO] [stdout] For more information about this error, try `rustc --explain E0425`.
[INFO] [stdout] 
[INFO] [stderr] error: could not compile `tui-tools` (lib) due to 3 previous errors
[INFO] running `Command { std: "docker" "inspect" "294d1e024aefd1efe89932fea7e99552f2e34eabd037f3b318d09e729eec61b6", kill_on_drop: false }`
[INFO] running `Command { std: "docker" "rm" "-f" "294d1e024aefd1efe89932fea7e99552f2e34eabd037f3b318d09e729eec61b6", kill_on_drop: false }`
[INFO] [stdout] 294d1e024aefd1efe89932fea7e99552f2e34eabd037f3b318d09e729eec61b6
